000
CDUS43 KDDC 072326
CLIGCK


CLIMATE REPORT
NATIONAL WEATHER SERVICE DODGE CITY KS
626 PM CDT TUE JUL 7 2015


...................................

...THE GARDEN CITY REGIONAL ARPT KS CLIMATE SUMMARY FOR JULY 7 2015...
VALID TODAY AS OF 0500 PM LOCAL TIME.

CLIMATE NORMAL PERIOD 1981 TO 2010
CLIMATE RECORD PERIOD 1948 TO 2015


WEATHER ITEM   OBSERVED TIME   RECORD YEAR NORMAL DEPARTURE LAST
                VALUE   (LST)  VALUE       VALUE  FROM      YEAR
                                                  NORMAL
..................................................................
TEMPERATURE (F)
 TODAY
  MAXIMUM         78    355 PM 106    1991  92    -14       99
  MINIMUM         58    609 AM  54    1952  64     -6       62
  AVERAGE         68                        78    -10       81

PRECIPITATION (IN)
  TODAY            0.00          1.03 1988   0.10  -0.10     0.00
  MONTH TO DATE    1.15                      0.68   0.47     0.04
  SINCE JUN 1      3.70                      4.16  -0.46    10.92
  SINCE JAN 1     12.52                     11.10   1.42    12.28

DEGREE DAYS
 HEATING
  TODAY            0                         0      0        0
  MONTH TO DATE    0                         0      0        0
  SINCE JUN 1      0                        16    -16       11
  SINCE JUL 1      0                         0      0        0

 COOLING
  TODAY            3                        13    -10       16
  MONTH TO DATE   77                        88    -11       75
  SINCE JUN 1    423                       340     83      349
  SINCE JAN 1    453                       429     24      492
..................................................................


WIND (MPH)
  HIGHEST WIND SPEED    21   HIGHEST WIND DIRECTION    NE (50)
  HIGHEST GUST SPEED    25   HIGHEST GUST DIRECTION    NE (50)
  AVERAGE WIND SPEED    14.0



WEATHER CONDITIONS
 THE FOLLOWING WEATHER WAS RECORDED TODAY.
  FOG
  HAZE


RELATIVE HUMIDITY (PERCENT)
 HIGHEST    86           600 AM
 LOWEST     32           400 PM
 AVERAGE    59

..........................................................


THE GARDEN CITY REGIONAL ARPT KS CLIMATE NORMALS FOR TOMORROW
                         NORMAL    RECORD    YEAR
 MAXIMUM TEMPERATURE (F)   92       105      1978
 MINIMUM TEMPERATURE (F)   64        49      1994


SUNRISE AND SUNSET
JULY  7 2015..........SUNRISE   627 AM CDT   SUNSET   908 PM CDT
JULY  8 2015..........SUNRISE   628 AM CDT   SUNSET   908 PM CDT


-  INDICATES NEGATIVE NUMBERS.
R  INDICATES RECORD WAS SET OR TIED.
MM INDICATES DATA IS MISSING.
T  INDICATES TRACE AMOUNT.




$$
