000
CDUS43 KDDC 102327
CLIGCK


CLIMATE REPORT
NATIONAL WEATHER SERVICE DODGE CITY KS
625 PM CDT THU JUL 10 2014


...................................

...THE GARDEN CITY REGIONAL ARPT KS CLIMATE SUMMARY FOR JULY 10 2014...
VALID TODAY AS OF 0500 PM LOCAL TIME.

CLIMATE NORMAL PERIOD 1981 TO 2010
CLIMATE RECORD PERIOD 1948 TO 2014


WEATHER ITEM   OBSERVED TIME   RECORD YEAR NORMAL DEPARTURE LAST
                VALUE   (LST)  VALUE       VALUE  FROM      YEAR
                                                  NORMAL
..................................................................
TEMPERATURE (F)
 TODAY
  MAXIMUM         93    359 PM 106    2011  92      1       99
  MINIMUM         64    559 AM  56    1999  64      0       67
  AVERAGE         79                        78      1       83

PRECIPITATION (IN)
  TODAY            0.00          0.68 1977   0.08  -0.08      T
  MONTH TO DATE    0.05                      0.94  -0.89     0.01
  SINCE JUN 1     10.93                      4.42   6.51     2.15
  SINCE JAN 1     12.29                     11.36   0.93     3.72

DEGREE DAYS
 HEATING
  TODAY            0                         0      0        0
  MONTH TO DATE    0                         0      0        0
  SINCE JUN 1     11                        16     -5       12
  SINCE JUL 1      0                         0      0        0

 COOLING
  TODAY           14                        13      1       18
  MONTH TO DATE  109                       127    -18      154
  SINCE JUN 1    383                       379      4      545
  SINCE JAN 1    526                       468     58      692
..................................................................


WIND (MPH)
  HIGHEST WIND SPEED    26   HIGHEST WIND DIRECTION    SE (140)
  HIGHEST GUST SPEED    37   HIGHEST GUST DIRECTION    SE (150)
  AVERAGE WIND SPEED    17.1



WEATHER CONDITIONS
 THE FOLLOWING WEATHER WAS RECORDED TODAY.
  NO SIGNIFICANT WEATHER WAS OBSERVED.


RELATIVE HUMIDITY (PERCENT)
 HIGHEST    87           500 AM
 LOWEST     39           500 PM
 AVERAGE    63

..........................................................


THE GARDEN CITY REGIONAL ARPT KS CLIMATE NORMALS FOR TOMORROW
                         NORMAL    RECORD    YEAR
 MAXIMUM TEMPERATURE (F)   92       110      1954
 MINIMUM TEMPERATURE (F)   65        51      1999


SUNRISE AND SUNSET
JULY 10 2014..........SUNRISE   629 AM CDT   SUNSET   907 PM CDT
JULY 11 2014..........SUNRISE   630 AM CDT   SUNSET   907 PM CDT


-  INDICATES NEGATIVE NUMBERS.
R  INDICATES RECORD WAS SET OR TIED.
MM INDICATES DATA IS MISSING.
T  INDICATES TRACE AMOUNT.




$$
