000
CDUS43 KDDC 140707
CLIGCK


CLIMATE REPORT
NATIONAL WEATHER SERVICE DODGE CITY KS
106 AM CST THU DEC 14 2017


...................................

...THE GARDEN CITY REGIONAL ARPT KS CLIMATE SUMMARY FOR DECEMBER 13 2017...

CLIMATE NORMAL PERIOD 1981 TO 2010
CLIMATE RECORD PERIOD 1948 TO 2017


WEATHER ITEM   OBSERVED TIME   RECORD YEAR NORMAL DEPARTURE LAST
                VALUE   (LST)  VALUE       VALUE  FROM      YEAR
                                                  NORMAL
..................................................................
TEMPERATURE (F)
 YESTERDAY
  MAXIMUM         60    251 PM  75    1988  44     16       30
  MINIMUM         31    340 AM  -8    1961  19     12        9
  AVERAGE         46                        32     14       20

PRECIPITATION (IN)
  YESTERDAY        0.00          0.71 1984   0.02  -0.02     0.00
  MONTH TO DATE    0.00                      0.23  -0.23     0.03
  SINCE DEC 1      0.00                      0.23  -0.23     0.03
  SINCE JAN 1     20.57                     19.18   1.39    20.12

DEGREE DAYS
 HEATING
  YESTERDAY       19                        33    -14
  MONTH TO DATE  328                       416    -88
  SINCE DEC 1    328                       416    -88
  SINCE JUL 1   1284                      1505   -221

 COOLING
  YESTERDAY        0                         0      0
  MONTH TO DATE    0                         0      0
  SINCE DEC 1      0                         0      0
  SINCE JAN 1   1373                      1298     75
..................................................................


WIND (MPH)
  HIGHEST WIND SPEED    31   HIGHEST WIND DIRECTION     N (350)
  HIGHEST GUST SPEED    40   HIGHEST GUST DIRECTION     N (360)
  AVERAGE WIND SPEED    14.0



WEATHER CONDITIONS
 THE FOLLOWING WEATHER WAS RECORDED YESTERDAY.
  HAZE


RELATIVE HUMIDITY (PERCENT)
 HIGHEST    47           300 AM
 LOWEST     17           200 PM
 AVERAGE    32

..........................................................


THE GARDEN CITY REGIONAL ARPT KS CLIMATE NORMALS FOR TODAY
                         NORMAL    RECORD    YEAR
 MAXIMUM TEMPERATURE (F)   44        70      1977
 MINIMUM TEMPERATURE (F)   19        -5      1963


SUNRISE AND SUNSET
DECEMBER 14 2017......SUNRISE   751 AM CST   SUNSET   524 PM CST
DECEMBER 15 2017......SUNRISE   752 AM CST   SUNSET   525 PM CST


-  INDICATES NEGATIVE NUMBERS.
R  INDICATES RECORD WAS SET OR TIED.
MM INDICATES DATA IS MISSING.
T  INDICATES TRACE AMOUNT.




$$
