000
CDUS43 KDDC 301435
CLIGCK


CLIMATE REPORT
NATIONAL WEATHER SERVICE DODGE CITY KS
933 AM CDT TUE SEP 30 2014


...................................

...THE GARDEN CITY REGIONAL ARPT KS CLIMATE SUMMARY FOR SEPTEMBER 30 2014...
VALID AS OF 0800 AM LOCAL TIME.

CLIMATE NORMAL PERIOD 1981 TO 2010
CLIMATE RECORD PERIOD 1948 TO 2014


WEATHER ITEM   OBSERVED TIME   RECORD YEAR NORMAL DEPARTURE LAST
                VALUE   (LST)  VALUE       VALUE  FROM      YEAR
                                                  NORMAL
..................................................................
TEMPERATURE (F)
 TODAY
  MAXIMUM         63    650 AM  96    2009  76    -13       83
  MINIMUM         62    759 AM  26    1985  48     14       46
  AVERAGE         63                        62      1       65

PRECIPITATION (IN)
  TODAY            0.48R         0.09 1988   0.04   0.44     0.00
  MONTH TO DATE    1.99                      1.47   0.52     2.42
  SINCE SEP 1      1.99                      1.47   0.52     2.42
  SINCE JAN 1     19.64                     17.12   2.52    12.59

..................................................................


WIND (MPH)
  HIGHEST WIND SPEED    16   HIGHEST WIND DIRECTION     S (180)
  HIGHEST GUST SPEED    24   HIGHEST GUST DIRECTION     S (190)



WEATHER CONDITIONS
 THE FOLLOWING WEATHER WAS RECORDED TODAY.
  THUNDERSTORM
  HEAVY RAIN
  RAIN
  LIGHT RAIN
  FOG


RELATIVE HUMIDITY (PERCENT)
 HIGHEST    93

..........................................................


THE GARDEN CITY REGIONAL ARPT KS CLIMATE NORMALS FOR TOMORROW
                         NORMAL    RECORD    YEAR
 MAXIMUM TEMPERATURE (F)   76        95      2000
                                             1963
 MINIMUM TEMPERATURE (F)   47        28      1985


SUNRISE AND SUNSET
SEPTEMBER 30 2014.....SUNRISE   738 AM CDT   SUNSET   727 PM CDT
OCTOBER  1 2014.......SUNRISE   738 AM CDT   SUNSET   726 PM CDT


-  INDICATES NEGATIVE NUMBERS.
R  INDICATES RECORD WAS SET OR TIED.
MM INDICATES DATA IS MISSING.
T  INDICATES TRACE AMOUNT.




$$
