000
CDUS43 KDDC 212330
CLIGCK


CLIMATE REPORT
NATIONAL WEATHER SERVICE DODGE CITY KS
529 PM CST FRI NOV 21 2014


...................................

...THE GARDEN CITY REGIONAL ARPT KS CLIMATE SUMMARY FOR NOVEMBER 21 2014...
VALID TODAY AS OF 0500 PM LOCAL TIME.

CLIMATE NORMAL PERIOD 1981 TO 2010
CLIMATE RECORD PERIOD 1948 TO 2014


WEATHER ITEM   OBSERVED TIME   RECORD YEAR NORMAL DEPARTURE LAST
                VALUE   (LST)  VALUE       VALUE  FROM      YEAR
                                                  NORMAL
..................................................................
TEMPERATURE (F)
 TODAY
  MAXIMUM         52    357 PM  77    1974  53     -1       48
  MINIMUM         20    635 AM   8    1977  25     -5       19
  AVERAGE         36                        39     -3       34

PRECIPITATION (IN)
  TODAY            0.00          0.19 1963   0.01  -0.01     0.11
  MONTH TO DATE    0.01                      0.40  -0.39     0.96
  SINCE SEP 1      3.74                      3.15   0.59     4.65
  SINCE JAN 1     21.39                     18.80   2.59    14.82

DEGREE DAYS
 HEATING
  TODAY           29                        26      3       31
  MONTH TO DATE  565                       446    119      389
  SINCE SEP 1    844                       832     12      753
  SINCE JUL 1    854                       836     18      753

 COOLING
  TODAY            0                         0      0        0
  MONTH TO DATE    0                         0      0        0
  SINCE SEP 1    182                       182      0      249
  SINCE JAN 1   1342                      1298     44     1591
..................................................................


WIND (MPH)
  HIGHEST WIND SPEED    12   HIGHEST WIND DIRECTION     S (180)
  HIGHEST GUST SPEED    13   HIGHEST GUST DIRECTION     S (180)
  AVERAGE WIND SPEED     5.5



WEATHER CONDITIONS
 THE FOLLOWING WEATHER WAS RECORDED TODAY.
  NO SIGNIFICANT WEATHER WAS OBSERVED.


RELATIVE HUMIDITY (PERCENT)
 HIGHEST    92           400 AM
 LOWEST     54           300 PM
 AVERAGE    73

..........................................................


THE GARDEN CITY REGIONAL ARPT KS CLIMATE NORMALS FOR TOMORROW
                         NORMAL    RECORD    YEAR
 MAXIMUM TEMPERATURE (F)   52        74      1974
 MINIMUM TEMPERATURE (F)   25         7      1975


SUNRISE AND SUNSET
NOVEMBER 21 2014......SUNRISE   730 AM CST   SUNSET   527 PM CST
NOVEMBER 22 2014......SUNRISE   731 AM CST   SUNSET   527 PM CST


-  INDICATES NEGATIVE NUMBERS.
R  INDICATES RECORD WAS SET OR TIED.
MM INDICATES DATA IS MISSING.
T  INDICATES TRACE AMOUNT.




$$
