000
CDUS43 KDDC 120715
CLIGCK


CLIMATE REPORT
NATIONAL WEATHER SERVICE DODGE CITY KS
113 AM CST FRI FEB 12 2016


...................................

...THE GARDEN CITY REGIONAL ARPT KS CLIMATE SUMMARY FOR FEBRUARY 11 2016...

CLIMATE NORMAL PERIOD 1981 TO 2010
CLIMATE RECORD PERIOD 1948 TO 2016


WEATHER ITEM   OBSERVED TIME   RECORD YEAR NORMAL DEPARTURE LAST
                VALUE   (LST)  VALUE       VALUE  FROM      YEAR
                                                  NORMAL
..................................................................
TEMPERATURE (F)
 YESTERDAY
  MAXIMUM         65    440 PM  80    1962  47     18       49
  MINIMUM         23    725 AM -17    1981  20      3       26
  AVERAGE         44                        34     10       38

PRECIPITATION (IN)
  YESTERDAY        0.00          0.28 1982   0.01  -0.01      T
  MONTH TO DATE    0.07                      0.18  -0.11      T
  SINCE DEC 1      1.20                      1.04   0.16     0.43
  SINCE JAN 1      0.10                      0.52  -0.42     0.38

DEGREE DAYS
 HEATING
  YESTERDAY       21                        31    -10
  MONTH TO DATE  330                       356    -26
  SINCE DEC 1   2219                      2447   -228
  SINCE JUL 1   3056                      3536   -480

 COOLING
  YESTERDAY        0                         0      0
  MONTH TO DATE    0                         0      0
  SINCE DEC 1      0                         0      0
  SINCE JAN 1      0                         0      0
..................................................................


WIND (MPH)
  HIGHEST WIND SPEED    23   HIGHEST WIND DIRECTION     N (350)
  HIGHEST GUST SPEED    26   HIGHEST GUST DIRECTION     S (200)
  AVERAGE WIND SPEED    10.3



WEATHER CONDITIONS
 THE FOLLOWING WEATHER WAS RECORDED YESTERDAY.
  NO SIGNIFICANT WEATHER WAS OBSERVED.


RELATIVE HUMIDITY (PERCENT)
 HIGHEST    92           800 AM
 LOWEST     26           500 PM
 AVERAGE    59

..........................................................


THE GARDEN CITY REGIONAL ARPT KS CLIMATE NORMALS FOR TODAY
                         NORMAL    RECORD    YEAR
 MAXIMUM TEMPERATURE (F)   47        82      1962
 MINIMUM TEMPERATURE (F)   21        -7      1965


SUNRISE AND SUNSET
FEBRUARY 12 2016......SUNRISE   737 AM CST   SUNSET   618 PM CST
FEBRUARY 13 2016......SUNRISE   736 AM CST   SUNSET   619 PM CST


-  INDICATES NEGATIVE NUMBERS.
R  INDICATES RECORD WAS SET OR TIED.
MM INDICATES DATA IS MISSING.
T  INDICATES TRACE AMOUNT.




$$
