000
CDUS43 KDDC 292325
CLIGCK


CLIMATE REPORT
NATIONAL WEATHER SERVICE DODGE CITY KS
625 PM CDT SUN MAY 29 2016


...................................

...THE GARDEN CITY REGIONAL ARPT KS CLIMATE SUMMARY FOR MAY 29 2016...
VALID TODAY AS OF 0500 PM LOCAL TIME.

CLIMATE NORMAL PERIOD 1981 TO 2010
CLIMATE RECORD PERIOD 1948 TO 2016


WEATHER ITEM   OBSERVED TIME   RECORD YEAR NORMAL DEPARTURE LAST
                VALUE   (LST)  VALUE       VALUE  FROM      YEAR
                                                  NORMAL
..................................................................
TEMPERATURE (F)
 TODAY
  MAXIMUM         83    103 PM 104    2011  80      3       76
  MINIMUM         55    522 AM  36    1992  55      0       52
  AVERAGE         69                        67      2       64

PRECIPITATION (IN)
  TODAY            0.00          2.00 2001   0.11  -0.11      T
  MONTH TO DATE    0.38                      2.66  -2.28     7.37
  SINCE MAR 1      4.92                      5.84  -0.92     8.05
  SINCE JAN 1      5.14                      6.72  -1.58     8.82

DEGREE DAYS
 HEATING
  TODAY            0                         2     -2        1
  MONTH TO DATE  169                       126     43      162
  SINCE MAR 1   1018                      1164   -146     1042
  SINCE JUL 1   4431                      5188   -757     4950

 COOLING
  TODAY            4                         4      0        0
  MONTH TO DATE   51                        67    -16       23
  SINCE MAR 1     56                        79    -23       30
  SINCE JAN 1     57                        79    -22       30
..................................................................


WIND (MPH)
  HIGHEST WIND SPEED    28   HIGHEST WIND DIRECTION    SE (150)
  HIGHEST GUST SPEED    35   HIGHEST GUST DIRECTION     S (170)
  AVERAGE WIND SPEED    12.6



WEATHER CONDITIONS
 THE FOLLOWING WEATHER WAS RECORDED TODAY.
  NO SIGNIFICANT WEATHER WAS OBSERVED.


RELATIVE HUMIDITY (PERCENT)
 HIGHEST    77           100 AM
 LOWEST     36           400 PM
 AVERAGE    57

..........................................................


THE GARDEN CITY REGIONAL ARPT KS CLIMATE NORMALS FOR TOMORROW
                         NORMAL    RECORD    YEAR
 MAXIMUM TEMPERATURE (F)   81       101      2011
 MINIMUM TEMPERATURE (F)   55        44      1980


SUNRISE AND SUNSET
MAY 29 2016...........SUNRISE   623 AM CDT   SUNSET   858 PM CDT
MAY 30 2016...........SUNRISE   623 AM CDT   SUNSET   859 PM CDT


-  INDICATES NEGATIVE NUMBERS.
R  INDICATES RECORD WAS SET OR TIED.
MM INDICATES DATA IS MISSING.
T  INDICATES TRACE AMOUNT.




$$
