000
CDUS43 KDDC 242325
CLIGCK


CLIMATE REPORT
NATIONAL WEATHER SERVICE DODGE CITY KS
625 PM CDT SUN JUL 24 2016


...................................

...THE GARDEN CITY REGIONAL ARPT KS CLIMATE SUMMARY FOR JULY 24 2016...
VALID TODAY AS OF 0500 PM LOCAL TIME.

CLIMATE NORMAL PERIOD 1981 TO 2010
CLIMATE RECORD PERIOD 1948 TO 2016


WEATHER ITEM   OBSERVED TIME   RECORD YEAR NORMAL DEPARTURE LAST
                VALUE   (LST)  VALUE       VALUE  FROM      YEAR
                                                  NORMAL
..................................................................
TEMPERATURE (F)
 TODAY
  MAXIMUM         94    357 PM 105    1977  92      2       96
  MINIMUM         68    621 AM  57    1991  65      3       69
  AVERAGE         81                        78      3       83

PRECIPITATION (IN)
  TODAY            0.02          0.88 1970   0.09  -0.07     0.00
  MONTH TO DATE    6.14                      2.16   3.98     4.81
  SINCE JUN 1     11.22                      5.64   5.58     7.36
  SINCE JAN 1     16.68                     12.58   4.10    16.18

DEGREE DAYS
 HEATING
  TODAY            0                         0      0        0
  MONTH TO DATE    0                         0      0        0
  SINCE JUN 1      2                        16    -14        0
  SINCE JUL 1      0                         0      0        0

 COOLING
  TODAY           16                        14      2       18
  MONTH TO DATE  344                       319     25      317
  SINCE JUN 1    690                       571    119      663
  SINCE JAN 1    749                       660     89      693
..................................................................


WIND (MPH)
  HIGHEST WIND SPEED    26   HIGHEST WIND DIRECTION     W (260)
  HIGHEST GUST SPEED    37   HIGHEST GUST DIRECTION    SW (240)
  AVERAGE WIND SPEED     6.8



WEATHER CONDITIONS
 THE FOLLOWING WEATHER WAS RECORDED TODAY.
  THUNDERSTORM
  RAIN
  LIGHT RAIN


RELATIVE HUMIDITY (PERCENT)
 HIGHEST    81           600 AM
 LOWEST     41           400 PM
 AVERAGE    61

..........................................................


THE GARDEN CITY REGIONAL ARPT KS CLIMATE NORMALS FOR TOMORROW
                         NORMAL    RECORD    YEAR
 MAXIMUM TEMPERATURE (F)   92       106      2006
 MINIMUM TEMPERATURE (F)   65        55      2004


SUNRISE AND SUNSET
JULY 24 2016..........SUNRISE   640 AM CDT   SUNSET   858 PM CDT
JULY 25 2016..........SUNRISE   641 AM CDT   SUNSET   858 PM CDT


-  INDICATES NEGATIVE NUMBERS.
R  INDICATES RECORD WAS SET OR TIED.
MM INDICATES DATA IS MISSING.
T  INDICATES TRACE AMOUNT.




$$
