000
CDUS43 KDDC 232338
CLIGCK


CLIMATE REPORT
NATIONAL WEATHER SERVICE DODGE CITY KS
636 PM CDT WED JUL 23 2014


...................................

...THE GARDEN CITY REGIONAL ARPT KS CLIMATE SUMMARY FOR JULY 23 2014...
VALID TODAY AS OF 0500 PM LOCAL TIME.

CLIMATE NORMAL PERIOD 1981 TO 2010
CLIMATE RECORD PERIOD 1948 TO 2014


WEATHER ITEM   OBSERVED TIME   RECORD YEAR NORMAL DEPARTURE LAST
                VALUE   (LST)  VALUE       VALUE  FROM      YEAR
                                                  NORMAL
..................................................................
TEMPERATURE (F)
 TODAY
  MAXIMUM         92   1238 PM 106    1983  92      0      104
  MINIMUM         69    550 AM  54    1989  65      4       71
  AVERAGE         81                        79      2       88

PRECIPITATION (IN)
  TODAY            0.00          3.41 1979   0.08  -0.08     0.00
  MONTH TO DATE    1.18                      2.07  -0.89     0.42
  SINCE JUN 1     12.06                      5.55   6.51     2.56
  SINCE JAN 1     13.42                     12.49   0.93     4.13

DEGREE DAYS
 HEATING
  TODAY            0                         0      0        0
  MONTH TO DATE   10                         0     10        0
  SINCE JUN 1     21                        16      5       12
  SINCE JUL 1     10                         0     10        0

 COOLING
  TODAY           16                        14      2       23
  MONTH TO DATE  248                       305    -57      346
  SINCE JUN 1    522                       557    -35      737
  SINCE JAN 1    665                       646     19      884
..................................................................


WIND (MPH)
  HIGHEST WIND SPEED    32   HIGHEST WIND DIRECTION    NE (40)
  HIGHEST GUST SPEED    39   HIGHEST GUST DIRECTION    NE (60)
  AVERAGE WIND SPEED     8.8



WEATHER CONDITIONS
 THE FOLLOWING WEATHER WAS RECORDED TODAY.
  HAZE


RELATIVE HUMIDITY (PERCENT)
 HIGHEST    84           400 AM
 LOWEST     47          1200 PM
 AVERAGE    66

..........................................................


THE GARDEN CITY REGIONAL ARPT KS CLIMATE NORMALS FOR TOMORROW
                         NORMAL    RECORD    YEAR
 MAXIMUM TEMPERATURE (F)   92       105      1977
 MINIMUM TEMPERATURE (F)   65        57      1991


SUNRISE AND SUNSET
JULY 23 2014..........SUNRISE   639 AM CDT   SUNSET   900 PM CDT
JULY 24 2014..........SUNRISE   639 AM CDT   SUNSET   859 PM CDT


-  INDICATES NEGATIVE NUMBERS.
R  INDICATES RECORD WAS SET OR TIED.
MM INDICATES DATA IS MISSING.
T  INDICATES TRACE AMOUNT.




$$
