000
CDUS43 KDDC 022353
CLIGCK


CLIMATE REPORT
NATIONAL WEATHER SERVICE DODGE CITY KS
653 PM CDT MON MAY 2 2016


...................................

...THE GARDEN CITY REGIONAL ARPT KS CLIMATE SUMMARY FOR MAY 2 2016...
VALID TODAY AS OF 0500 PM LOCAL TIME.

CLIMATE NORMAL PERIOD 1981 TO 2010
CLIMATE RECORD PERIOD 1948 TO 2016


WEATHER ITEM   OBSERVED TIME   RECORD YEAR NORMAL DEPARTURE LAST
                VALUE   (LST)  VALUE       VALUE  FROM      YEAR
                                                  NORMAL
..................................................................
TEMPERATURE (F)
 TODAY
  MAXIMUM         60    359 PM  99    1965  73    -13       89
  MINIMUM         32    626 AM  28    1967  45    -13       51
  AVERAGE         46                        59    -13       70

PRECIPITATION (IN)
  TODAY            0.00          0.73 1990   0.08  -0.08     0.00
  MONTH TO DATE    0.00                      0.15  -0.15     0.00
  SINCE MAR 1      4.54                      3.33   1.21     0.68
  SINCE JAN 1      4.76                      4.21   0.55     1.45

DEGREE DAYS
 HEATING
  TODAY           19                         7     12        0
  MONTH TO DATE   41                        15     26        0
  SINCE MAR 1    890                      1053   -163      880
  SINCE JUL 1   4303                      5077   -774     4788

 COOLING
  TODAY            0                         1     -1        5
  MONTH TO DATE    0                         2     -2        6
  SINCE MAR 1      5                        14     -9       13
  SINCE JAN 1      6                        14     -8       13
..................................................................


WIND (MPH)
  HIGHEST WIND SPEED    16   HIGHEST WIND DIRECTION     N (340)
  HIGHEST GUST SPEED    21   HIGHEST GUST DIRECTION    NW (320)
  AVERAGE WIND SPEED     8.4



WEATHER CONDITIONS
 THE FOLLOWING WEATHER WAS RECORDED TODAY.
  NO SIGNIFICANT WEATHER WAS OBSERVED.


RELATIVE HUMIDITY (PERCENT)
 HIGHEST    96           500 AM
 LOWEST     32           500 PM
 AVERAGE    64

..........................................................


THE GARDEN CITY REGIONAL ARPT KS CLIMATE NORMALS FOR TOMORROW
                         NORMAL    RECORD    YEAR
 MAXIMUM TEMPERATURE (F)   73        94      1996
 MINIMUM TEMPERATURE (F)   45        26      2013


SUNRISE AND SUNSET
MAY  2 2016...........SUNRISE   645 AM CDT   SUNSET   835 PM CDT
MAY  3 2016...........SUNRISE   644 AM CDT   SUNSET   836 PM CDT


-  INDICATES NEGATIVE NUMBERS.
R  INDICATES RECORD WAS SET OR TIED.
MM INDICATES DATA IS MISSING.
T  INDICATES TRACE AMOUNT.




$$
