000
CDUS43 KDDC 231021
CLIGCK


CLIMATE REPORT
NATIONAL WEATHER SERVICE DODGE CITY KS
518 AM CDT SAT AUG 23 2014


...................................

...THE GARDEN CITY REGIONAL ARPT KS CLIMATE SUMMARY FOR AUGUST 22 2014...

CLIMATE NORMAL PERIOD 1981 TO 2010
CLIMATE RECORD PERIOD 1948 TO 2014


WEATHER ITEM   OBSERVED TIME   RECORD YEAR NORMAL DEPARTURE LAST
                VALUE   (LST)  VALUE       VALUE  FROM      YEAR
                                                  NORMAL
..................................................................
TEMPERATURE (F)
 YESTERDAY
  MAXIMUM         98    249 PM 103    1973  89      9       93
  MINIMUM         69    614 AM  53    1966  63      6       66
  AVERAGE         84                        76      8       80

PRECIPITATION (IN)
  YESTERDAY        0.21          0.80 1950   0.07   0.14     0.00
  MONTH TO DATE    0.92                      1.88  -0.96     4.92
  SINCE JUN 1     15.36                      8.14   7.22     8.59
  SINCE JAN 1     16.72                     15.08   1.64    10.16

DEGREE DAYS
 HEATING
  YESTERDAY        0                         0      0
  MONTH TO DATE    0                         0      0
  SINCE JUN 1     21                        17      4
  SINCE JUL 1     10                         1      9

 COOLING
  YESTERDAY       19                        11      8
  MONTH TO DATE  294                       273     21
  SINCE JUN 1    910                       935    -25
  SINCE JAN 1   1053                      1024     29
..................................................................


WIND (MPH)
  HIGHEST WIND SPEED    46   HIGHEST WIND DIRECTION     S (200)
  HIGHEST GUST SPEED    61   HIGHEST GUST DIRECTION    SW (210)
  AVERAGE WIND SPEED     8.3



WEATHER CONDITIONS
 THE FOLLOWING WEATHER WAS RECORDED YESTERDAY.
  THUNDERSTORM
  HEAVY RAIN
  LIGHT RAIN


RELATIVE HUMIDITY (PERCENT)
 HIGHEST    79           700 AM
 LOWEST     24          1000 AM
 AVERAGE    52

..........................................................


THE GARDEN CITY REGIONAL ARPT KS CLIMATE NORMALS FOR TODAY
                         NORMAL    RECORD    YEAR
 MAXIMUM TEMPERATURE (F)   89       105      2011
 MINIMUM TEMPERATURE (F)   63        50      1964


SUNRISE AND SUNSET
AUGUST 23 2014........SUNRISE   705 AM CDT   SUNSET   825 PM CDT
AUGUST 24 2014........SUNRISE   706 AM CDT   SUNSET   824 PM CDT


-  INDICATES NEGATIVE NUMBERS.
R  INDICATES RECORD WAS SET OR TIED.
MM INDICATES DATA IS MISSING.
T  INDICATES TRACE AMOUNT.




$$
