000
CDUS41 KPHI 160552
CLIGED


CLIMATE REPORT
NATIONAL WEATHER SERVICE MOUNT HOLLY NJ
151 AM EDT WED AUG 16 2017


...................................

...THE GEORGETOWN DE CLIMATE SUMMARY FOR AUGUST 15 2017...

CLIMATE NORMAL PERIOD 1981 TO 2010
CLIMATE RECORD PERIOD 1948 TO 2017


WEATHER ITEM   OBSERVED TIME   RECORD YEAR NORMAL DEPARTURE LAST
                VALUE   (LST)  VALUE       VALUE  FROM      YEAR
                                                  NORMAL
..................................................................
TEMPERATURE (F)
 YESTERDAY
  MAXIMUM         82    100 PM  96    2016  85     -3       96
  MINIMUM         74   1159 PM  45    1964  67      7       75
  AVERAGE         78                        76      2       86

PRECIPITATION (IN)
  YESTERDAY        0.25          1.60 1973   0.10   0.15     0.02
  MONTH TO DATE    4.63                      1.54   3.09     2.19
  SINCE JUN 1     15.05                     10.34   4.71     9.44
  SINCE JAN 1     31.23                     27.28   3.95    27.67

DEGREE DAYS
 HEATING
  YESTERDAY        0                         0      0        0
  MONTH TO DATE    0                         0      0        0
  SINCE JUN 1     12                        13     -1        1
  SINCE JUL 1      0                         0      0        0

 COOLING
  YESTERDAY       13                        11      2       21
  MONTH TO DATE  157                       173    -16      224
  SINCE JUN 1    924                       779    145      919
  SINCE JAN 1   1070                       873    197     1009
..................................................................


WIND (MPH)
  HIGHEST WIND SPEED     9   HIGHEST WIND DIRECTION    SE (150)
  HIGHEST GUST SPEED    12   HIGHEST GUST DIRECTION    SE (130)
  AVERAGE WIND SPEED     2.2


SKY COVER
  POSSIBLE SUNSHINE  MM
  AVERAGE SKY COVER 0.9


WEATHER CONDITIONS
 THE FOLLOWING WEATHER WAS RECORDED YESTERDAY.
  HEAVY RAIN
  RAIN
  LIGHT RAIN
  FOG


RELATIVE HUMIDITY (PERCENT)
 HIGHEST   100           500 AM
 LOWEST     79          1100 AM
 AVERAGE    90

..........................................................


THE GEORGETOWN DE CLIMATE NORMALS FOR TODAY
                         NORMAL    RECORD    YEAR
 MAXIMUM TEMPERATURE (F)   85        97      1954
 MINIMUM TEMPERATURE (F)   67        48      1963


SUNRISE AND SUNSET
AUGUST 16 2017........SUNRISE   617 AM EDT   SUNSET   754 PM EDT
AUGUST 17 2017........SUNRISE   617 AM EDT   SUNSET   753 PM EDT


-  INDICATES NEGATIVE NUMBERS.
R  INDICATES RECORD WAS SET OR TIED.
MM INDICATES DATA IS MISSING.
T  INDICATES TRACE AMOUNT.




$$
