000
CDUS41 KPHI 290628
CLIGED


CLIMATE REPORT
NATIONAL WEATHER SERVICE MOUNT HOLLY NJ
228 AM EDT THU JUN 29 2017


...................................

...THE GEORGETOWN DE CLIMATE SUMMARY FOR JUNE 28 2017...

CLIMATE NORMAL PERIOD 1981 TO 2010
CLIMATE RECORD PERIOD 1948 TO 2017


WEATHER ITEM   OBSERVED TIME   RECORD YEAR NORMAL DEPARTURE LAST
                VALUE   (LST)  VALUE       VALUE  FROM      YEAR
                                                  NORMAL
..................................................................
TEMPERATURE (F)
 YESTERDAY
  MAXIMUM         81    412 PM  97    1959  85     -4       79
  MINIMUM         56    516 AM  51    1988  66    -10       72
  AVERAGE         69                        76     -7       76

PRECIPITATION (IN)
  YESTERDAY        0.00          0.75 2006   0.15  -0.15     0.26
  MONTH TO DATE    1.81                      4.28  -2.47     2.99
  SINCE JUN 1      1.81                      4.28  -2.47     2.99
  SINCE JAN 1     17.99                     21.22  -3.23    21.22

DEGREE DAYS
 HEATING
  YESTERDAY        0                         0      0        0
  MONTH TO DATE   12                        10      2        1
  SINCE JUN 1     12                        10      2        1
  SINCE JUL 1   3590                      4403   -813     3660

 COOLING
  YESTERDAY        4                        11     -7       11
  MONTH TO DATE  280                       218     62      199
  SINCE JUN 1    280                       218     62      199
  SINCE JAN 1    426                       312    114      289
..................................................................


WIND (MPH)
  HIGHEST WIND SPEED    18   HIGHEST WIND DIRECTION    SE (150)
  HIGHEST GUST SPEED    22   HIGHEST GUST DIRECTION    SE (150)
  AVERAGE WIND SPEED     4.8


SKY COVER
  POSSIBLE SUNSHINE  MM
  AVERAGE SKY COVER 0.0


WEATHER CONDITIONS
 THE FOLLOWING WEATHER WAS RECORDED YESTERDAY.
  NO SIGNIFICANT WEATHER WAS OBSERVED.


RELATIVE HUMIDITY (PERCENT)
 HIGHEST    80           500 AM
 LOWEST     28           200 PM
 AVERAGE    54

..........................................................


THE GEORGETOWN DE CLIMATE NORMALS FOR TODAY
                         NORMAL    RECORD    YEAR
 MAXIMUM TEMPERATURE (F)   85       101      2012
 MINIMUM TEMPERATURE (F)   66        49      1981


SUNRISE AND SUNSET
JUNE 29 2017..........SUNRISE   540 AM EDT   SUNSET   830 PM EDT
JUNE 30 2017..........SUNRISE   540 AM EDT   SUNSET   830 PM EDT


-  INDICATES NEGATIVE NUMBERS.
R  INDICATES RECORD WAS SET OR TIED.
MM INDICATES DATA IS MISSING.
T  INDICATES TRACE AMOUNT.




$$
