126
CDUS41 KPHI 240630
CLIGED


CLIMATE REPORT
NATIONAL WEATHER SERVICE MOUNT HOLLY NJ
229 AM EDT TUE MAY 24 2016


...................................

...THE GEORGETOWN DE CLIMATE SUMMARY FOR MAY 23 2016...

CLIMATE NORMAL PERIOD 1981 TO 2010
CLIMATE RECORD PERIOD 1948 TO 2016


WEATHER ITEM   OBSERVED TIME   RECORD YEAR NORMAL DEPARTURE LAST
                VALUE   (LST)  VALUE       VALUE  FROM      YEAR
                                                  NORMAL
..................................................................
TEMPERATURE (F)
 YESTERDAY
  MAXIMUM         69    119 PM  93    1964  76     -7       70
  MINIMUM         56    539 AM  39    2006  55      1       49
  AVERAGE         63                        65     -2       60

PRECIPITATION (IN)
  YESTERDAY        0.01          2.22 1951   0.14  -0.13     0.00
  MONTH TO DATE    4.95                      2.50   2.45     1.19
  SINCE MAR 1     10.31                     10.18   0.13     7.91
  SINCE JAN 1     16.78                     15.89   0.89    14.74

SNOWFALL (IN)
  YESTERDAY       MM            MM      MM  MM     MM       MM
  MONTH TO DATE   MM                        MM     MM       MM
  SINCE MAR 1     MM                        MM     MM       MM
  SINCE JUL 1     MM                        MM     MM       MM
  SNOW DEPTH      MM

DEGREE DAYS
 HEATING
  YESTERDAY        2                         3     -1        5
  MONTH TO DATE  159                       118     41       61
  SINCE MAR 1    981                      1098   -117     1126
  SINCE JUL 1   3659                      4378   -719     4614

 COOLING
  YESTERDAY        0                         3     -3        0
  MONTH TO DATE    0                        44    -44       91
  SINCE MAR 1     21                        64    -43       96
  SINCE JAN 1     21                        64    -43       96
..................................................................


WIND (MPH)
  HIGHEST WIND SPEED    17   HIGHEST WIND DIRECTION    NE (40)
  HIGHEST GUST SPEED    20   HIGHEST GUST DIRECTION    NE (40)
  AVERAGE WIND SPEED     5.4


SKY COVER
  POSSIBLE SUNSHINE  MM
  AVERAGE SKY COVER 0.7


WEATHER CONDITIONS
 THE FOLLOWING WEATHER WAS RECORDED YESTERDAY.
  LIGHT RAIN


RELATIVE HUMIDITY (PERCENT)
 HIGHEST    93          1200 AM
 LOWEST     55           100 PM
 AVERAGE    74

..........................................................


THE GEORGETOWN DE CLIMATE NORMALS FOR TODAY
                         NORMAL    RECORD    YEAR
 MAXIMUM TEMPERATURE (F)   76        93      1964
 MINIMUM TEMPERATURE (F)   55        37      1963


SUNRISE AND SUNSET
MAY 24 2016...........SUNRISE   542 AM EDT   SUNSET   815 PM EDT
MAY 25 2016...........SUNRISE   542 AM EDT   SUNSET   816 PM EDT


-  INDICATES NEGATIVE NUMBERS.
R  INDICATES RECORD WAS SET OR TIED.
MM INDICATES DATA IS MISSING.
T  INDICATES TRACE AMOUNT.




$$
