000
CDUS41 KPHI 010634
CLIGED


CLIMATE REPORT
NATIONAL WEATHER SERVICE MOUNT HOLLY NJ
234 AM EDT MON SEP 1 2014


...................................

...THE GEORGETOWN DE CLIMATE SUMMARY FOR AUGUST 31 2014...

CLIMATE NORMAL PERIOD 1981 TO 2010
CLIMATE RECORD PERIOD 1948 TO 2014


WEATHER ITEM   OBSERVED TIME   RECORD YEAR NORMAL DEPARTURE LAST
                VALUE   (LST)  VALUE       VALUE  FROM      YEAR
                                                  NORMAL
..................................................................
TEMPERATURE (F)
 YESTERDAY
  MAXIMUM         93    113 PM 100    1953  83     10       89
  MINIMUM         71    118 AM  42    1976  64      7       68
  AVERAGE         82                        73      9       79

PRECIPITATION (IN)
  YESTERDAY        0.01          2.27 1954   0.11  -0.10     0.00
  MONTH TO DATE    4.32                      3.53   0.79     8.27
  SINCE JUN 1     13.11                     12.33   0.78    27.14
  SINCE JAN 1     30.30                     29.27   1.03    41.99

SNOWFALL (IN)
  YESTERDAY       MM            MM      MM  MM     MM       MM
  MONTH TO DATE   MM                        MM     MM       MM
  SINCE JUN 1     MM                        MM     MM       MM
  SINCE JUL 1     MM                        MM     MM       MM
  SNOW DEPTH      MM

DEGREE DAYS
 HEATING
  YESTERDAY        0                         0      0        0
  MONTH TO DATE    0                         0      0        0
  SINCE JUN 1      5                        14     -9        0
  SINCE JUL 1      0                         1     -1        0

 COOLING
  YESTERDAY       17                         8      9       14
  MONTH TO DATE  252                       329    -77      280
  SINCE JUN 1    850                       935    -85     1030
  SINCE JAN 1    951                      1029    -78     1187
..................................................................


WIND (MPH)
  HIGHEST WIND SPEED    22   HIGHEST WIND DIRECTION     S (190)
  HIGHEST GUST SPEED    30   HIGHEST GUST DIRECTION     S (190)
  AVERAGE WIND SPEED    13.8


SKY COVER
  POSSIBLE SUNSHINE  MM
  AVERAGE SKY COVER 0.2


WEATHER CONDITIONS
 THE FOLLOWING WEATHER WAS RECORDED YESTERDAY.
  LIGHT RAIN
  FOG


RELATIVE HUMIDITY (PERCENT)
 HIGHEST    94           700 AM
 LOWEST     49           100 PM
 AVERAGE    72

..........................................................


THE GEORGETOWN DE CLIMATE NORMALS FOR TODAY
                         NORMAL    RECORD    YEAR
 MAXIMUM TEMPERATURE (F)   82        96      2010
 MINIMUM TEMPERATURE (F)   64        50      1986


SUNRISE AND SUNSET
SEPTEMBER  1 2014.....SUNRISE   631 AM EDT   SUNSET   732 PM EDT
SEPTEMBER  2 2014.....SUNRISE   631 AM EDT   SUNSET   730 PM EDT


-  INDICATES NEGATIVE NUMBERS.
R  INDICATES RECORD WAS SET OR TIED.
MM INDICATES DATA IS MISSING.
T  INDICATES TRACE AMOUNT.




$$
