000
CDUS41 KPHI 300628
CLIGED


CLIMATE REPORT
NATIONAL WEATHER SERVICE MOUNT HOLLY NJ
227 AM EDT SAT MAY 30 2015


...................................

...THE GEORGETOWN DE CLIMATE SUMMARY FOR MAY 29 2015...

CLIMATE NORMAL PERIOD 1981 TO 2010
CLIMATE RECORD PERIOD 1948 TO 2015


WEATHER ITEM   OBSERVED TIME   RECORD YEAR NORMAL DEPARTURE LAST
                VALUE   (LST)  VALUE       VALUE  FROM      YEAR
                                                  NORMAL
..................................................................
TEMPERATURE (F)
 YESTERDAY
  MAXIMUM         83    321 PM  92    1955  78      5       57
  MINIMUM         66    357 AM  39    1997  57      9       55
  AVERAGE         75                        67      8       56

PRECIPITATION (IN)
  YESTERDAY        0.00          1.62 1990   0.13  -0.13     0.01
  MONTH TO DATE    1.19                      3.29  -2.10     3.08
  SINCE MAR 1      7.91                     10.97  -3.06     9.95
  SINCE JAN 1     14.74                     16.68  -1.94    17.13

SNOWFALL (IN)
  YESTERDAY       MM            MM      MM  MM     MM       MM
  MONTH TO DATE   MM                        MM     MM       MM
  SINCE MAR 1     MM                        MM     MM       MM
  SINCE JUL 1     MM                        MM     MM       MM
  SNOW DEPTH      MM

DEGREE DAYS
 HEATING
  YESTERDAY        0                         2     -2        9
  MONTH TO DATE   63                       131    -68       64
  SINCE MAR 1   1128                      1111     17     1142
  SINCE JUL 1   4616                      4391    225     4497

 COOLING
  YESTERDAY       10                         4      6        0
  MONTH TO DATE  144                        66     78       89
  SINCE MAR 1    149                        86     63      101
  SINCE JAN 1    149                        86     63      101
..................................................................


WIND (MPH)
  HIGHEST WIND SPEED    15   HIGHEST WIND DIRECTION    NE (30)
  HIGHEST GUST SPEED    18   HIGHEST GUST DIRECTION    NE (30)
  AVERAGE WIND SPEED     6.7


SKY COVER
  POSSIBLE SUNSHINE  MM
  AVERAGE SKY COVER 0.3


WEATHER CONDITIONS
 THE FOLLOWING WEATHER WAS RECORDED YESTERDAY.
  THUNDERSTORM


RELATIVE HUMIDITY (PERCENT)
 HIGHEST    93          1100 PM
 LOWEST     58          1100 AM
 AVERAGE    76

..........................................................


THE GEORGETOWN DE CLIMATE NORMALS FOR TODAY
                         NORMAL    RECORD    YEAR
 MAXIMUM TEMPERATURE (F)   78        95      2011
 MINIMUM TEMPERATURE (F)   58        40      1949


SUNRISE AND SUNSET
MAY 30 2015...........SUNRISE   540 AM EDT   SUNSET   819 PM EDT
MAY 31 2015...........SUNRISE   539 AM EDT   SUNSET   819 PM EDT


-  INDICATES NEGATIVE NUMBERS.
R  INDICATES RECORD WAS SET OR TIED.
MM INDICATES DATA IS MISSING.
T  INDICATES TRACE AMOUNT.




$$
