000
CDUS41 KPHI 200623
CLIGED


CLIMATE REPORT
NATIONAL WEATHER SERVICE MOUNT HOLLY NJ
123 AM EST MON NOV 20 2017


...................................

...THE GEORGETOWN DE CLIMATE SUMMARY FOR NOVEMBER 19 2017...

CLIMATE NORMAL PERIOD 1981 TO 2010
CLIMATE RECORD PERIOD 1948 TO 2017


WEATHER ITEM   OBSERVED TIME   RECORD YEAR NORMAL DEPARTURE LAST
                VALUE   (LST)  VALUE       VALUE  FROM      YEAR
                                                  NORMAL
..................................................................
TEMPERATURE (F)
 YESTERDAY
  MAXIMUM         67    315 AM  74    2016  57     10       74
  MINIMUM         41   1159 PM  19    2014  38      3       39
  AVERAGE         54                        47      7       57

PRECIPITATION (IN)
  YESTERDAY        0.04          1.51 2003   0.11  -0.07     0.03
  MONTH TO DATE    1.47                      2.15  -0.68     0.23
  SINCE SEP 1      7.09                     10.00  -2.91    15.79
  SINCE JAN 1     41.10                     39.27   1.83    45.15

DEGREE DAYS
 HEATING
  YESTERDAY       11                        18     -7        8
  MONTH TO DATE  267                       283    -16      252
  SINCE SEP 1    407                       568   -161      429
  SINCE JUL 1    407                       569   -162      429

 COOLING
  YESTERDAY        0                         0      0        0
  MONTH TO DATE    6                         0      6        5
  SINCE SEP 1    284                       165    119      290
  SINCE JAN 1   1517                      1194    323     1504
..................................................................


WIND (MPH)
  HIGHEST WIND SPEED    32   HIGHEST WIND DIRECTION    SW (210)
  HIGHEST GUST SPEED    44   HIGHEST GUST DIRECTION    SW (210)
  AVERAGE WIND SPEED    16.1


SKY COVER
  POSSIBLE SUNSHINE  MM
  AVERAGE SKY COVER 0.5


WEATHER CONDITIONS
 THE FOLLOWING WEATHER WAS RECORDED YESTERDAY.
  LIGHT RAIN


RELATIVE HUMIDITY (PERCENT)
 HIGHEST    84           600 AM
 LOWEST     38           300 PM
 AVERAGE    61

..........................................................


THE GEORGETOWN DE CLIMATE NORMALS FOR TODAY
                         NORMAL    RECORD    YEAR
 MAXIMUM TEMPERATURE (F)   57        75      1985
 MINIMUM TEMPERATURE (F)   37        20      1959


SUNRISE AND SUNSET
NOVEMBER 20 2017......SUNRISE   649 AM EST   SUNSET   445 PM EST
NOVEMBER 21 2017......SUNRISE   650 AM EST   SUNSET   444 PM EST


-  INDICATES NEGATIVE NUMBERS.
R  INDICATES RECORD WAS SET OR TIED.
MM INDICATES DATA IS MISSING.
T  INDICATES TRACE AMOUNT.




$$
