000
CDUS41 KPHI 300633
CLIGED


CLIMATE REPORT
NATIONAL WEATHER SERVICE MOUNT HOLLY NJ
232 AM EDT THU JUL 30 2015


...................................

...THE GEORGETOWN DE CLIMATE SUMMARY FOR JULY 29 2015...

CLIMATE NORMAL PERIOD 1981 TO 2010
CLIMATE RECORD PERIOD 1948 TO 2015


WEATHER ITEM   OBSERVED TIME   RECORD YEAR NORMAL DEPARTURE LAST
                VALUE   (LST)  VALUE       VALUE  FROM      YEAR
                                                  NORMAL
..................................................................
TEMPERATURE (F)
 YESTERDAY
  MAXIMUM         88    213 PM  99    2011  86      2       78
                                      1954
  MINIMUM         70    524 AM  54    1977  68      2       59
  AVERAGE         79                        77      2       69

PRECIPITATION (IN)
  YESTERDAY        T             1.07 1969   0.13  -0.13     0.00
  MONTH TO DATE    3.30                      3.90  -0.60     7.02
  SINCE JUN 1      8.13                      8.51  -0.38     8.79
  SINCE JAN 1     22.87                     25.45  -2.58    25.98

SNOWFALL (IN)
  YESTERDAY       MM            MM      MM  MM     MM       MM
  MONTH TO DATE   MM                        MM     MM       MM
  SINCE JUN 1     MM                        MM     MM       MM
  SINCE JUL 1     MM                        MM     MM       MM
  SNOW DEPTH      MM

DEGREE DAYS
 HEATING
  YESTERDAY        0                         0      0        0
  MONTH TO DATE    0                         0      0        0
  SINCE JUN 1     21                        13      8        5
  SINCE JUL 1      0                         0      0        0

 COOLING
  YESTERDAY       14                        12      2        4
  MONTH TO DATE  348                       343      5      332
  SINCE JUN 1    641                       582     59      586
  SINCE JAN 1    816                       676    140      687
..................................................................


WIND (MPH)
  HIGHEST WIND SPEED    14   HIGHEST WIND DIRECTION    SW (220)
  HIGHEST GUST SPEED    16   HIGHEST GUST DIRECTION    SW (220)
  AVERAGE WIND SPEED     5.5


SKY COVER
  POSSIBLE SUNSHINE  MM
  AVERAGE SKY COVER 0.2


WEATHER CONDITIONS
 THE FOLLOWING WEATHER WAS RECORDED YESTERDAY.
  LIGHT RAIN
  FOG


RELATIVE HUMIDITY (PERCENT)
 HIGHEST   100           600 AM
 LOWEST     59           200 PM
 AVERAGE    80

..........................................................


THE GEORGETOWN DE CLIMATE NORMALS FOR TODAY
                         NORMAL    RECORD    YEAR
 MAXIMUM TEMPERATURE (F)   86        99      1949
 MINIMUM TEMPERATURE (F)   68        54      1981


SUNRISE AND SUNSET
JULY 30 2015..........SUNRISE   601 AM EDT   SUNSET   814 PM EDT
JULY 31 2015..........SUNRISE   602 AM EDT   SUNSET   813 PM EDT


-  INDICATES NEGATIVE NUMBERS.
R  INDICATES RECORD WAS SET OR TIED.
MM INDICATES DATA IS MISSING.
T  INDICATES TRACE AMOUNT.




$$
