000
CDUS41 KPHI 200548
CLIGED


CLIMATE REPORT
NATIONAL WEATHER SERVICE MOUNT HOLLY NJ
1245 AM EST SAT JAN 20 2018


...................................

...THE GEORGETOWN DE CLIMATE SUMMARY FOR JANUARY 19 2018...

CLIMATE NORMAL PERIOD 1981 TO 2010
CLIMATE RECORD PERIOD 1948 TO 2018


WEATHER ITEM   OBSERVED TIME   RECORD YEAR NORMAL DEPARTURE LAST
                VALUE   (LST)  VALUE       VALUE  FROM      YEAR
                                                  NORMAL
..................................................................
TEMPERATURE (F)
 YESTERDAY
  MAXIMUM         51    354 PM  69    1951  43      8       51
  MINIMUM         20    713 AM  -4    1957  26     -6       34
  AVERAGE         36                        35      1       43

PRECIPITATION (IN)
  YESTERDAY        0.00          1.32 2001   0.09  -0.09     0.00
  MONTH TO DATE    1.19                      1.80  -0.61     2.17
  SINCE DEC 1      2.15                      5.09  -2.94     4.97
  SINCE JAN 1      1.19                      1.80  -0.61     2.17

DEGREE DAYS
 HEATING
  YESTERDAY       29                        30     -1       22
  MONTH TO DATE  678                       567    111      486
  SINCE DEC 1   1532                      1365    167     1250
  SINCE JUL 1   2149                      2149      0     1884

 COOLING
  YESTERDAY        0                         0      0        0
  MONTH TO DATE    0                         0      0        0
  SINCE DEC 1      0                         0      0        0
  SINCE JAN 1      0                         0      0        0
..................................................................


WIND (MPH)
  HIGHEST WIND SPEED    14   HIGHEST WIND DIRECTION    NW (300)
  HIGHEST GUST SPEED    19   HIGHEST GUST DIRECTION     W (290)
  AVERAGE WIND SPEED     3.5


SKY COVER
  POSSIBLE SUNSHINE  MM
  AVERAGE SKY COVER 0.0


WEATHER CONDITIONS
 THE FOLLOWING WEATHER WAS RECORDED YESTERDAY.
  NO SIGNIFICANT WEATHER WAS OBSERVED.


RELATIVE HUMIDITY (PERCENT)
 HIGHEST    84           700 AM
 LOWEST     22           200 PM
 AVERAGE    53

..........................................................


THE GEORGETOWN DE CLIMATE NORMALS FOR TODAY
                         NORMAL    RECORD    YEAR
 MAXIMUM TEMPERATURE (F)   43        69      1951
 MINIMUM TEMPERATURE (F)   26        -2      1994


SUNRISE AND SUNSET
JANUARY 20 2018.......SUNRISE   716 AM EST   SUNSET   510 PM EST
JANUARY 21 2018.......SUNRISE   715 AM EST   SUNSET   511 PM EST


-  INDICATES NEGATIVE NUMBERS.
R  INDICATES RECORD WAS SET OR TIED.
MM INDICATES DATA IS MISSING.
T  INDICATES TRACE AMOUNT.




$$
