000
CDUS41 KPHI 300627
CLIGED


CLIMATE REPORT
NATIONAL WEATHER SERVICE MOUNT HOLLY NJ
227 AM EDT SUN APR 30 2017


...................................

...THE GEORGETOWN DE CLIMATE SUMMARY FOR APRIL 29 2017...

CLIMATE NORMAL PERIOD 1981 TO 2010
CLIMATE RECORD PERIOD 1948 TO 2017


WEATHER ITEM   OBSERVED TIME   RECORD YEAR NORMAL DEPARTURE LAST
                VALUE   (LST)  VALUE       VALUE  FROM      YEAR
                                                  NORMAL
..................................................................
TEMPERATURE (F)
 YESTERDAY
  MAXIMUM         91R   141 PM  88    1990  69     22       52
  MINIMUM         71   1250 AM  28    1949  47     24       48
  AVERAGE         81                        58     23       50

PRECIPITATION (IN)
  YESTERDAY        T             1.16 2013   0.10  -0.10      T
  MONTH TO DATE    2.48                      3.55  -1.07     3.82
  SINCE MAR 1      6.85                      7.60  -0.75     5.36
  SINCE JAN 1     11.09                     13.31  -2.22    11.83

DEGREE DAYS
 HEATING
  YESTERDAY        0                         8     -8       15
  MONTH TO DATE  165                       340   -175      360
  SINCE MAR 1    781                       972   -191      810
  SINCE JUL 1   3466                      4252   -786     3488

 COOLING
  YESTERDAY       16                         1     15        0
  MONTH TO DATE   61                        19     42       19
  SINCE MAR 1     64                        21     43       21
  SINCE JAN 1     64                        21     43       21
..................................................................


WIND (MPH)
  HIGHEST WIND SPEED    22   HIGHEST WIND DIRECTION    SW (220)
  HIGHEST GUST SPEED    27   HIGHEST GUST DIRECTION    SW (220)
  AVERAGE WIND SPEED     9.7


SKY COVER
  POSSIBLE SUNSHINE  MM
  AVERAGE SKY COVER 0.1


WEATHER CONDITIONS
 THE FOLLOWING WEATHER WAS RECORDED YESTERDAY.
  THUNDERSTORM
  LIGHT RAIN
  FOG
  HAZE


RELATIVE HUMIDITY (PERCENT)
 HIGHEST    90          1200 AM
 LOWEST     38           100 PM
 AVERAGE    64

..........................................................


THE GEORGETOWN DE CLIMATE NORMALS FOR TODAY
                         NORMAL    RECORD    YEAR
 MAXIMUM TEMPERATURE (F)   69        90      1974
 MINIMUM TEMPERATURE (F)   48        32      1992


SUNRISE AND SUNSET
APRIL 30 2017.........SUNRISE   605 AM EDT   SUNSET   753 PM EDT
MAY  1 2017...........SUNRISE   604 AM EDT   SUNSET   754 PM EDT


-  INDICATES NEGATIVE NUMBERS.
R  INDICATES RECORD WAS SET OR TIED.
MM INDICATES DATA IS MISSING.
T  INDICATES TRACE AMOUNT.




$$
