000
CDUS46 KOTX 200830
CLIGEG


CLIMATE REPORT
NATIONAL WEATHER SERVICE SPOKANE, WA
1224 AM PST TUE FEB 20 2018


...................................

...THE SPOKANE WA AIRPORT CLIMATE SUMMARY FOR FEBRUARY 19 2018...

CLIMATE NORMAL PERIOD 1981 TO 2010
CLIMATE RECORD PERIOD 1881 TO 2018


WEATHER ITEM   OBSERVED TIME   RECORD YEAR NORMAL DEPARTURE LAST
                VALUE   (LST)  VALUE       VALUE  FROM      YEAR
                                                  NORMAL
..................................................................
TEMPERATURE (F)
 YESTERDAY
  MAXIMUM         20    406 PM  61    1958  41    -21       38
  MINIMUM          6   1024 PM -13    1882  26    -20       32
  AVERAGE         13                        34    -21       35

PRECIPITATION (IN)
  YESTERDAY        0.00          0.78 1884   0.05  -0.05     0.17
  MONTH TO DATE    1.48                      0.89   0.59     3.51
  SINCE OCT 1     11.19                      8.46   2.73    14.65
  SINCE JAN 1      4.03                      2.68   1.35     5.36

SNOWFALL (IN)
  YESTERDAY        0.0          11.0  1993   0.3   -0.3      0.2
  MONTH TO DATE   10.7                       5.0    5.7     14.0
  SINCE DEC 1     35.9                      31.0    4.9     46.5
  SINCE JUL 1     43.1                      38.5    4.6     49.8
  SNOW DEPTH       3

DEGREE DAYS
 HEATING
  YESTERDAY       52                        32     20       30
  MONTH TO DATE  597                       622    -25      661
  SINCE DEC 1   2736                      2888   -152     3329
  SINCE JUL 1   4276                      4555   -279     4662

 COOLING
  YESTERDAY        0                         0      0        0
  MONTH TO DATE    0                         0      0        0
  SINCE DEC 1      0                         0      0        0
  SINCE JAN 1      0                         0      0        0
..................................................................


WIND (MPH)
  HIGHEST WIND SPEED    17   HIGHEST WIND DIRECTION    NE (30)
  HIGHEST GUST SPEED    22   HIGHEST GUST DIRECTION    NE (30)
  AVERAGE WIND SPEED     8.8


SKY COVER
  POSSIBLE SUNSHINE  MM
  AVERAGE SKY COVER 0.4


WEATHER CONDITIONS
 THE FOLLOWING WEATHER WAS RECORDED YESTERDAY.
  NO SIGNIFICANT WEATHER WAS OBSERVED.


RELATIVE HUMIDITY (PERCENT)
 HIGHEST    69          1000 PM
 LOWEST     43           100 PM
 AVERAGE    56

..........................................................


THE SPOKANE WA AIRPORT CLIMATE NORMALS FOR TODAY
                         NORMAL    RECORD    YEAR
 MAXIMUM TEMPERATURE (F)   41        63      1995
 MINIMUM TEMPERATURE (F)   27         2      1890


SUNRISE AND SUNSET
FEBRUARY 20 2018......SUNRISE   647 AM PST   SUNSET   521 PM PST
FEBRUARY 21 2018......SUNRISE   645 AM PST   SUNSET   523 PM PST


-  INDICATES NEGATIVE NUMBERS.
R  INDICATES RECORD WAS SET OR TIED.
MM INDICATES DATA IS MISSING.
T  INDICATES TRACE AMOUNT.




$$
