000
CDUS46 KOTX 230833
CLIGEG


CLIMATE REPORT
NATIONAL WEATHER SERVICE SPOKANE, WA
132 AM PDT TUE SEP 23 2014


...................................

...THE SPOKANE WA AIRPORT CLIMATE SUMMARY FOR SEPTEMBER 22 2014...

CLIMATE NORMAL PERIOD 1981 TO 2010
CLIMATE RECORD PERIOD 1881 TO 2014


WEATHER ITEM   OBSERVED TIME   RECORD YEAR NORMAL DEPARTURE LAST
                VALUE   (LST)  VALUE       VALUE  FROM      YEAR
                                                  NORMAL
..................................................................
TEMPERATURE (F)
 YESTERDAY
  MAXIMUM         85    101 PM  93    1966  70     15       62
  MINIMUM         58    520 AM  31    1991  45     13       48
  AVERAGE         72                        58     14       55

PRECIPITATION (IN)
  YESTERDAY        0.01          0.60 1934   0.02  -0.01     0.05
  MONTH TO DATE    0.23                      0.48  -0.25     0.55
  SINCE OCT 1     12.56                     16.37  -3.81    15.38
  SINCE JAN 1     10.23                     10.59  -0.36     8.02

SNOWFALL (IN)
  YESTERDAY        0.0           0.0  2002   0.0    0.0      0.0
                                      2001
                                      1999
  MONTH TO DATE    0.0                       0.0    0.0      0.0
  SINCE SEP 1      0.0                       0.0    0.0      0.0
  SINCE JUL 1      0.0                       0.0    0.0      0.0
  SNOW DEPTH       0

DEGREE DAYS
 HEATING
  YESTERDAY        0                         8     -8       10
  MONTH TO DATE   68                       109    -41       47
  SINCE SEP 1     68                       109    -41       47
  SINCE JUL 1     80                       174    -94       54

 COOLING
  YESTERDAY        7                         1      6        0
  MONTH TO DATE   42                        35      7      108
  SINCE SEP 1     42                        35      7      108
  SINCE JAN 1    648                       446    202      709
..................................................................


WIND (MPH)
  HIGHEST WIND SPEED    20   HIGHEST WIND DIRECTION    SW (210)
  HIGHEST GUST SPEED    28   HIGHEST GUST DIRECTION    SW (210)
  AVERAGE WIND SPEED     7.3


SKY COVER
  POSSIBLE SUNSHINE  MM
  AVERAGE SKY COVER 0.6


WEATHER CONDITIONS
 THE FOLLOWING WEATHER WAS RECORDED YESTERDAY.
  LIGHT RAIN
  HAZE


RELATIVE HUMIDITY (PERCENT)
 HIGHEST    67           500 AM
 LOWEST     26          1200 PM
 AVERAGE    47

..........................................................


THE SPOKANE WA AIRPORT CLIMATE NORMALS FOR TODAY
                         NORMAL    RECORD    YEAR
 MAXIMUM TEMPERATURE (F)   70        91      1905
 MINIMUM TEMPERATURE (F)   45        22      2000


SUNRISE AND SUNSET
SEPTEMBER 23 2014.....SUNRISE   638 AM PDT   SUNSET   646 PM PDT
SEPTEMBER 24 2014.....SUNRISE   640 AM PDT   SUNSET   644 PM PDT


-  INDICATES NEGATIVE NUMBERS.
R  INDICATES RECORD WAS SET OR TIED.
MM INDICATES DATA IS MISSING.
T  INDICATES TRACE AMOUNT.




$$
