000
CDUS46 KOTX 290833
CLIGEG


CLIMATE REPORT
NATIONAL WEATHER SERVICE SPOKANE, WA
132 AM PDT TUE JUL 29 2014


...................................

...THE SPOKANE WA AIRPORT CLIMATE SUMMARY FOR JULY 28 2014...

CLIMATE NORMAL PERIOD 1981 TO 2010
CLIMATE RECORD PERIOD 1881 TO 2014


WEATHER ITEM   OBSERVED TIME   RECORD YEAR NORMAL DEPARTURE LAST
                VALUE   (LST)  VALUE       VALUE  FROM      YEAR
                                                  NORMAL
..................................................................
TEMPERATURE (F)
 YESTERDAY
  MAXIMUM         98    341 PM 102    1939  86     12       84
  MINIMUM         69    455 AM  44    1959  58     11       55
  AVERAGE         84                        72     12       70

PRECIPITATION (IN)
  YESTERDAY        T             0.33 1948   0.01  -0.01     0.00
  MONTH TO DATE    0.18                      0.59  -0.41      T
  SINCE OCT 1     11.75                     15.25  -3.50    14.15
  SINCE JAN 1      9.42                      9.47  -0.05     6.79

SNOWFALL (IN)
  YESTERDAY        0.0           0.0  2002   0.0    0.0      0.0
                                      2001
                                      2000
  MONTH TO DATE    0.0                       0.0    0.0      0.0
  SINCE JUN 1      0.0                       0.0    0.0      0.0
  SINCE JUL 1      0.0                       0.0    0.0      0.0
  SNOW DEPTH       0

DEGREE DAYS
 HEATING
  YESTERDAY        0                         0      0        0
  MONTH TO DATE    7                        31    -24        0
  SINCE JUN 1    113                       167    -54      140
  SINCE JUL 1      7                        31    -24        0

 COOLING
  YESTERDAY       19                         7     12        5
  MONTH TO DATE  291                       157    134      259
  SINCE JUN 1    305                       206     99      307
  SINCE JAN 1    311                       220     91      337
..................................................................


WIND (MPH)
  HIGHEST WIND SPEED    15   HIGHEST WIND DIRECTION     E (70)
  HIGHEST GUST SPEED    18   HIGHEST GUST DIRECTION     E (70)
  AVERAGE WIND SPEED     5.4


SKY COVER
  POSSIBLE SUNSHINE  MM
  AVERAGE SKY COVER 0.5


WEATHER CONDITIONS
 THE FOLLOWING WEATHER WAS RECORDED YESTERDAY.
  NO SIGNIFICANT WEATHER WAS OBSERVED.


RELATIVE HUMIDITY (PERCENT)
 HIGHEST    41           700 AM
 LOWEST     12           400 PM
 AVERAGE    27

..........................................................


THE SPOKANE WA AIRPORT CLIMATE NORMALS FOR TODAY
                         NORMAL    RECORD    YEAR
 MAXIMUM TEMPERATURE (F)   86        99      2003
                                             1929
 MINIMUM TEMPERATURE (F)   58        45      1917


SUNRISE AND SUNSET
JULY 29 2014..........SUNRISE   524 AM PDT   SUNSET   829 PM PDT
JULY 30 2014..........SUNRISE   525 AM PDT   SUNSET   827 PM PDT


-  INDICATES NEGATIVE NUMBERS.
R  INDICATES RECORD WAS SET OR TIED.
MM INDICATES DATA IS MISSING.
T  INDICATES TRACE AMOUNT.




$$
