000
CDUS46 KOTX 220827
CLIGEG


CLIMATE REPORT
NATIONAL WEATHER SERVICE SPOKANE, WA
1223 AM PST MON DEC 22 2014


...................................

...THE SPOKANE WA AIRPORT CLIMATE SUMMARY FOR DECEMBER 21 2014...

CLIMATE NORMAL PERIOD 1981 TO 2010
CLIMATE RECORD PERIOD 1881 TO 2014


WEATHER ITEM   OBSERVED TIME   RECORD YEAR NORMAL DEPARTURE LAST
                VALUE   (LST)  VALUE       VALUE  FROM      YEAR
                                                  NORMAL
..................................................................
TEMPERATURE (F)
 YESTERDAY
  MAXIMUM         49    229 PM  59    1933  31     18       29
  MINIMUM         38   1128 PM -10    1983  22     16       19
  AVERAGE         44                        26     18       24

PRECIPITATION (IN)
  YESTERDAY        T           0.84   1951  0.07  -0.07      T
  MONTH TO DATE    1.48                     1.62  -0.14     0.54
  SINCE OCT 1      4.24                     5.10  -0.86     2.19
  SINCE JAN 1     14.50                    15.88  -1.38    11.22

SNOWFALL (IN)
  YESTERDAY        0.0        11.1    1951  0.5   -0.5      0.0
  MONTH TO DATE    0.6                      9.3   -8.7      3.4
  SINCE DEC 1      0.6                      9.3   -8.7      3.4
  SINCE JUL 1      1.1                     16.8  -15.7      6.5
  SNOW DEPTH       0

DEGREE DAYS
 HEATING
  YESTERDAY       21                        39    -18       41
  MONTH TO DATE  609                       784   -175      851
  SINCE DEC 1    609                       784   -175      851
  SINCE JUL 1   1978                      2451   -473     2506

 COOLING
  YESTERDAY        0                         0      0        0
  MONTH TO DATE    0                         0      0        0
  SINCE DEC 1      0                         0      0        0
  SINCE JAN 1    654                       450    204      709
..................................................................


WIND (MPH)
  HIGHEST WIND SPEED    31   HIGHEST WIND DIRECTION    SW (230)
  HIGHEST GUST SPEED    40   HIGHEST GUST DIRECTION    SW (220)
  AVERAGE WIND SPEED    17.3


SKY COVER
  POSSIBLE SUNSHINE  MM
  AVERAGE SKY COVER 0.7


WEATHER CONDITIONS
 THE FOLLOWING WEATHER WAS RECORDED YESTERDAY.
  LIGHT RAIN


RELATIVE HUMIDITY (PERCENT)
 HIGHEST    93           100 AM
 LOWEST     70          1000 AM
 AVERAGE    82

..........................................................


THE SPOKANE WA AIRPORT CLIMATE NORMALS FOR TODAY
                         NORMAL    RECORD    YEAR
 MAXIMUM TEMPERATURE (F)   31        54      1933
 MINIMUM TEMPERATURE (F)   22       -15      1983


SUNRISE AND SUNSET
DECEMBER 22 2014......SUNRISE   736 AM PST   SUNSET   402 PM PST
DECEMBER 23 2014......SUNRISE   737 AM PST   SUNSET   402 PM PST


-  INDICATES NEGATIVE NUMBERS.
R  INDICATES RECORD WAS SET OR TIED.
MM INDICATES DATA IS MISSING.
T  INDICATES TRACE AMOUNT.

$$
