000
CDUS46 KOTX 040821
CLIGEG


CLIMATE REPORT
NATIONAL WEATHER SERVICE SPOKANE, WA
1221 AM PST SUN DEC 4 2016


...................................

...THE SPOKANE WA AIRPORT CLIMATE SUMMARY FOR DECEMBER 3 2016...

CLIMATE NORMAL PERIOD 1981 TO 2010
CLIMATE RECORD PERIOD 1881 TO 2016


WEATHER ITEM   OBSERVED TIME   RECORD YEAR NORMAL DEPARTURE LAST
                VALUE   (LST)  VALUE       VALUE  FROM      YEAR
                                                  NORMAL
..................................................................
TEMPERATURE (F)
 YESTERDAY
  MAXIMUM         41    126 PM  55    1918  34      7       43
  MINIMUM         32    749 AM  -4    1919  25      7       30
  AVERAGE         37                        29      8       37

PRECIPITATION (IN)
  YESTERDAY        0.00          1.18 2007   0.09  -0.09     0.14
  MONTH TO DATE    0.04                      0.26  -0.22     0.22
  SINCE OCT 1      7.84                      3.74   4.10     2.13
  SINCE JAN 1     16.85                     14.52   2.33     9.85

SNOWFALL (IN)
  YESTERDAY        0.0           3.7  1947   0.4   -0.4       T
  MONTH TO DATE    0.2                       1.2   -1.0      0.8
  SINCE DEC 1      0.2                       1.2   -1.0      0.8
  SINCE JUL 1      3.5                       8.7   -5.2      2.3
  SNOW DEPTH       0

DEGREE DAYS
 HEATING
  YESTERDAY       28                        36     -8       28
  MONTH TO DATE   93                       106    -13      107
  SINCE DEC 1     93                       106    -13      107
  SINCE JUL 1   1426                      1773   -347     1541

 COOLING
  YESTERDAY        0                         0      0        0
  MONTH TO DATE    0                         0      0        0
  SINCE DEC 1      0                         0      0        0
  SINCE JAN 1    494                       450     44      828
..................................................................


WIND (MPH)
  HIGHEST WIND SPEED    22   HIGHEST WIND DIRECTION    SW (210)
  HIGHEST GUST SPEED    28   HIGHEST GUST DIRECTION    SW (210)
  AVERAGE WIND SPEED    14.7


SKY COVER
  POSSIBLE SUNSHINE  MM
  AVERAGE SKY COVER 0.7


WEATHER CONDITIONS
 THE FOLLOWING WEATHER WAS RECORDED YESTERDAY.
  FOG


RELATIVE HUMIDITY (PERCENT)
 HIGHEST   100           500 AM
 LOWEST     70           100 PM
 AVERAGE    85

..........................................................


THE SPOKANE WA AIRPORT CLIMATE NORMALS FOR TODAY
                         NORMAL    RECORD    YEAR
 MAXIMUM TEMPERATURE (F)   34        55      1946
 MINIMUM TEMPERATURE (F)   24         4      1983
                                             1972
                                             1919


SUNRISE AND SUNSET
DECEMBER  4 2016......SUNRISE   722 AM PST   SUNSET   359 PM PST
DECEMBER  5 2016......SUNRISE   723 AM PST   SUNSET   359 PM PST


-  INDICATES NEGATIVE NUMBERS.
R  INDICATES RECORD WAS SET OR TIED.
MM INDICATES DATA IS MISSING.
T  INDICATES TRACE AMOUNT.




$$
