000
CDUS46 KOTX 080824
CLIGEG


CLIMATE REPORT
NATIONAL WEATHER SERVICE SPOKANE, WA
1223 AM PST MON FEB 8 2016


...................................

...THE SPOKANE WA AIRPORT CLIMATE SUMMARY FOR FEBRUARY 7 2016...

CLIMATE NORMAL PERIOD 1981 TO 2010
CLIMATE RECORD PERIOD 1881 TO 2016


WEATHER ITEM   OBSERVED TIME   RECORD YEAR NORMAL DEPARTURE LAST
                VALUE   (LST)  VALUE       VALUE  FROM      YEAR
                                                  NORMAL
..................................................................
TEMPERATURE (F)
 YESTERDAY
  MAXIMUM         40    432 PM  54    2015  38      2       54
  MINIMUM         26    844 AM -15    1883  26      0       42
  AVERAGE         33                        32      1       48

PRECIPITATION (IN)
  YESTERDAY        0.00          0.58 1894   0.05  -0.05     0.22
  MONTH TO DATE    0.14                      0.33  -0.19     0.95
  SINCE OCT 1      9.24                      7.90   1.34     7.59
  SINCE JAN 1      2.88                      2.12   0.76     2.86

SNOWFALL (IN)
  YESTERDAY        0.0           7.2  1975   0.3   -0.3      0.0
  MONTH TO DATE    1.3                       2.0   -0.7      1.1
  SINCE DEC 1     32.1                      28.0    4.1     15.2
  SINCE JUL 1     33.6                      35.5   -1.9     15.7
  SNOW DEPTH       0

DEGREE DAYS
 HEATING
  YESTERDAY       32                        33     -1       17
  MONTH TO DATE  228                       233     -5      171
  SINCE DEC 1   2330                      2499   -169     2211
  SINCE JUL 1   3764                      4166   -402     3580

 COOLING
  YESTERDAY        0                         0      0        0
  MONTH TO DATE    0                         0      0        0
  SINCE DEC 1      0                         0      0        0
  SINCE JAN 1      0                         0      0        0
..................................................................


WIND (MPH)
  HIGHEST WIND SPEED     9   HIGHEST WIND DIRECTION    NE (50)
  HIGHEST GUST SPEED    11   HIGHEST GUST DIRECTION    SE (150)
  AVERAGE WIND SPEED     4.5


SKY COVER
  POSSIBLE SUNSHINE  MM
  AVERAGE SKY COVER 0.6


WEATHER CONDITIONS
 THE FOLLOWING WEATHER WAS RECORDED YESTERDAY.
  FOG
  FOG W/VISIBILITY <= 1/4 MILE


RELATIVE HUMIDITY (PERCENT)
 HIGHEST   100           600 AM
 LOWEST     70           200 PM
 AVERAGE    85

..........................................................


THE SPOKANE WA AIRPORT CLIMATE NORMALS FOR TODAY
                         NORMAL    RECORD    YEAR
 MAXIMUM TEMPERATURE (F)   38        54      2015
 MINIMUM TEMPERATURE (F)   26       -12      1929


SUNRISE AND SUNSET
FEBRUARY  8 2016......SUNRISE   707 AM PST   SUNSET   502 PM PST
FEBRUARY  9 2016......SUNRISE   706 AM PST   SUNSET   503 PM PST


-  INDICATES NEGATIVE NUMBERS.
R  INDICATES RECORD WAS SET OR TIED.
MM INDICATES DATA IS MISSING.
T  INDICATES TRACE AMOUNT.




$$
