000
CDUS46 KOTX 012338
CLIGEG


CLIMATE REPORT
NATIONAL WEATHER SERVICE SPOKANE, WA
438 PM PDT WED JUL 1 2015


...................................

...THE SPOKANE WA AIRPORT CLIMATE SUMMARY FOR JULY 1 2015...
VALID AS OF 0400 PM LOCAL TIME.

CLIMATE NORMAL PERIOD 1981 TO 2010
CLIMATE RECORD PERIOD 1881 TO 2015


WEATHER ITEM   OBSERVED TIME   RECORD YEAR NORMAL DEPARTURE LAST
                VALUE   (LST)  VALUE       VALUE  FROM      YEAR
                                                  NORMAL
..................................................................
TEMPERATURE (F)
 TODAY
  MAXIMUM         95    259 PM 102    1924  79     16       88
  MINIMUM         66    501 AM  40    1979  53     13       55
                                      1955
  AVERAGE         81                        66     15       72

PRECIPITATION (IN)
  TODAY            0.00          1.08 1892   0.03  -0.03     0.00
  MONTH TO DATE    0.00                      0.03  -0.03     0.00
  SINCE OCT 1     11.56                     14.69  -3.13    11.57
  SINCE JAN 1      6.83                      8.91  -2.08     9.24

SNOWFALL (IN)
  TODAY            0.0           0.0  2002   0.0    0.0      0.0
                                      2000
  MONTH TO DATE    0.0                       0.0    0.0      0.0
  SINCE JUN 1      0.0                       0.0    0.0      0.0
  SINCE JUL 1      0.0                       0.0    0.0      0.0
  SNOW DEPTH      MM

DEGREE DAYS
 HEATING
  TODAY            0                         2     -2        0
  MONTH TO DATE    0                         2     -2        0
  SINCE JUN 1     25                       138   -113      106
  SINCE JUL 1      0                         2     -2        0

 COOLING
  TODAY           16                         3     13        7
  MONTH TO DATE   16                         3     13        7
  SINCE JUN 1    241                        52    189       21
  SINCE JAN 1    273                        66    207       27
..................................................................


WIND (MPH)
  HIGHEST WIND SPEED    18   HIGHEST WIND DIRECTION    NW (300)
  HIGHEST GUST SPEED    22   HIGHEST GUST DIRECTION     W (280)
  AVERAGE WIND SPEED     5.8


SKY COVER
  POSSIBLE SUNSHINE  MM
  AVERAGE SKY COVER 0.1


WEATHER CONDITIONS
 THE FOLLOWING WEATHER WAS RECORDED TODAY.
  NO SIGNIFICANT WEATHER WAS OBSERVED.


RELATIVE HUMIDITY (PERCENT)
 HIGHEST    48           400 AM
 LOWEST     17           200 PM
 AVERAGE    33

..........................................................


THE SPOKANE WA AIRPORT CLIMATE NORMALS FOR TOMORROW
                         NORMAL    RECORD    YEAR
 MAXIMUM TEMPERATURE (F)   79       102      1924
 MINIMUM TEMPERATURE (F)   54        39      1962


SUNRISE AND SUNSET
JULY  1 2015..........SUNRISE   456 AM PDT   SUNSET   851 PM PDT
JULY  2 2015..........SUNRISE   457 AM PDT   SUNSET   851 PM PDT


-  INDICATES NEGATIVE NUMBERS.
R  INDICATES RECORD WAS SET OR TIED.
MM INDICATES DATA IS MISSING.
T  INDICATES TRACE AMOUNT.




$$
