000
CDUS46 KOTX 270829
CLIGEG


CLIMATE REPORT
NATIONAL WEATHER SERVICE SPOKANE, WA
130 AM PDT FRI MAR 27 2015


...................................

...THE SPOKANE WA AIRPORT CLIMATE SUMMARY FOR MARCH 26 2015...

CLIMATE NORMAL PERIOD 1981 TO 2010
CLIMATE RECORD PERIOD 1881 TO 2015


WEATHER ITEM   OBSERVED TIME   RECORD YEAR NORMAL DEPARTURE LAST
                VALUE   (LST)  VALUE       VALUE  FROM      YEAR
                                                  NORMAL
..................................................................
TEMPERATURE (F)
 YESTERDAY
  MAXIMUM         62    319 PM  67    1946  52     10       52
                                      1889
  MINIMUM         44    532 AM  16    1904  34     10       33
  AVERAGE         53                        43     10       43

PRECIPITATION (IN)
  YESTERDAY        0.01          0.62 2012   0.05  -0.04      T
  MONTH TO DATE    2.17                      1.35   0.82     2.58
  SINCE OCT 1      9.85                     10.25  -0.40     7.73
  SINCE JAN 1      5.12                      4.47   0.65     5.40

SNOWFALL (IN)
  YESTERDAY        0.0           0.8  2008   0.1   -0.1      0.0
  MONTH TO DATE    0.9                       3.0   -2.1      5.8
  SINCE MAR 1      0.9                       3.0   -2.1      5.8
  SINCE JUL 1     16.6                      43.3  -26.7     37.6
  SNOW DEPTH       0

DEGREE DAYS
 HEATING
  YESTERDAY       12                        22    -10       22
  MONTH TO DATE  527                       660   -133      671
  SINCE MAR 1    527                       660   -133      671
  SINCE JUL 1   4649                      5489   -840     5714

 COOLING
  YESTERDAY        0                         0      0        0
  MONTH TO DATE    0                         0      0        0
  SINCE MAR 1      0                         0      0        0
  SINCE JAN 1      0                         0      0        0
..................................................................


WIND (MPH)
  HIGHEST WIND SPEED    13   HIGHEST WIND DIRECTION    SW (220)
  HIGHEST GUST SPEED    18   HIGHEST GUST DIRECTION    SW (220)
  AVERAGE WIND SPEED     6.5


SKY COVER
  POSSIBLE SUNSHINE  MM
  AVERAGE SKY COVER 0.7


WEATHER CONDITIONS
 THE FOLLOWING WEATHER WAS RECORDED YESTERDAY.
  LIGHT RAIN


RELATIVE HUMIDITY (PERCENT)
 HIGHEST    93          1200 AM
 LOWEST     55           300 PM
 AVERAGE    74

..........................................................


THE SPOKANE WA AIRPORT CLIMATE NORMALS FOR TODAY
                         NORMAL    RECORD    YEAR
 MAXIMUM TEMPERATURE (F)   52        72      1889
 MINIMUM TEMPERATURE (F)   34        16      1944


SUNRISE AND SUNSET
MARCH 27 2015.........SUNRISE   639 AM PDT   SUNSET   713 PM PDT
MARCH 28 2015.........SUNRISE   637 AM PDT   SUNSET   714 PM PDT


-  INDICATES NEGATIVE NUMBERS.
R  INDICATES RECORD WAS SET OR TIED.
MM INDICATES DATA IS MISSING.
T  INDICATES TRACE AMOUNT.




$$
