000
CDUS46 KOTX 220822
CLIGEG


CLIMATE REPORT
NATIONAL WEATHER SERVICE SPOKANE, WA
1222 AM PST WED NOV 22 2017


...................................

...THE SPOKANE WA AIRPORT CLIMATE SUMMARY FOR NOVEMBER 21 2017...

CLIMATE NORMAL PERIOD 1981 TO 2010
CLIMATE RECORD PERIOD 1881 TO 2017


WEATHER ITEM   OBSERVED TIME   RECORD YEAR NORMAL DEPARTURE LAST
                VALUE   (LST)  VALUE       VALUE  FROM      YEAR
                                                  NORMAL
..................................................................
TEMPERATURE (F)
 YESTERDAY
  MAXIMUM         48   1159 PM  56    2002  39      9       46
  MINIMUM         31    506 AM -10    1900  28      3       38
  AVERAGE         40                        34      6       42

PRECIPITATION (IN)
  YESTERDAY        0.44          0.67 1992   0.09   0.35     0.00
  MONTH TO DATE    2.36                      1.56   0.80     0.97
  SINCE OCT 1      3.76                      2.74   1.02     7.20
  SINCE JAN 1     18.94                     13.52   5.42    16.21

SNOWFALL (IN)
  YESTERDAY       MM             5.1  1896   0.3   MM        0.0
  MONTH TO DATE    7.2                       4.0    3.2      0.7
  SINCE SEP 1      7.2                       4.1    3.1      0.7
  SINCE JUL 1      7.2                       4.1    3.1      0.7
  SNOW DEPTH       0

DEGREE DAYS
 HEATING
  YESTERDAY       25                        31     -6       23
  MONTH TO DATE  591                       579     12      397
  SINCE SEP 1   1317                      1302     15     1063
  SINCE JUL 1   1320                      1367    -47     1093

 COOLING
  YESTERDAY        0                         0      0        0
  MONTH TO DATE    0                         0      0        0
  SINCE SEP 1     89                        39     50        7
  SINCE JAN 1    794                       450    344      494
..................................................................


WIND (MPH)
  HIGHEST WIND SPEED    12   HIGHEST WIND DIRECTION    SE (150)
  HIGHEST GUST SPEED    16   HIGHEST GUST DIRECTION     S (160)
  AVERAGE WIND SPEED     5.5


SKY COVER
  POSSIBLE SUNSHINE  MM
  AVERAGE SKY COVER 0.9


WEATHER CONDITIONS
 THE FOLLOWING WEATHER WAS RECORDED YESTERDAY.
  RAIN
  LIGHT RAIN
  FOG
  FOG W/VISIBILITY <= 1/4 MILE


RELATIVE HUMIDITY (PERCENT)
 HIGHEST   100          1200 AM
 LOWEST    100          1200 AM
 AVERAGE   100

..........................................................


THE SPOKANE WA AIRPORT CLIMATE NORMALS FOR TODAY
                         NORMAL    RECORD    YEAR
 MAXIMUM TEMPERATURE (F)   38        57      1933
                                             1909
 MINIMUM TEMPERATURE (F)   28        -5      2003


SUNRISE AND SUNSET
NOVEMBER 22 2017......SUNRISE   706 AM PST   SUNSET   406 PM PST
NOVEMBER 23 2017......SUNRISE   707 AM PST   SUNSET   406 PM PST


-  INDICATES NEGATIVE NUMBERS.
R  INDICATES RECORD WAS SET OR TIED.
MM INDICATES DATA IS MISSING.
T  INDICATES TRACE AMOUNT.




$$
