000
CDUS46 KOTX 010433
CLIGEG


CLIMATE REPORT
NATIONAL WEATHER SERVICE SPOKANE, WA
933 PM PDT FRI SEP 30 2016


...................................

...THE SPOKANE WA AIRPORT CLIMATE SUMMARY FOR SEPTEMBER 30 2016...
VALID TODAY AS OF 0800 PM LOCAL TIME.

CLIMATE NORMAL PERIOD 1981 TO 2010
CLIMATE RECORD PERIOD 1881 TO 2016


WEATHER ITEM   OBSERVED TIME   RECORD YEAR NORMAL DEPARTURE LAST
                VALUE   (LST)  VALUE       VALUE  FROM      YEAR
                                                  NORMAL
..................................................................
TEMPERATURE (F)
 TODAY
  MAXIMUM         75    415 PM  89    1992  67      8       79
  MINIMUM         55    543 AM  29    1903  42     13       46
  AVERAGE         65                        54     11       63

PRECIPITATION (IN)
  TODAY            T             0.59 2005   0.02  -0.02     0.00
  MONTH TO DATE    0.20                      0.67  -0.47     0.52
  SINCE OCT 1     15.36                     16.56  -1.20    12.45
  SINCE JAN 1      9.00                     10.78  -1.78     7.72

DEGREE DAYS
 HEATING
  TODAY            0                        11    -11        2
  MONTH TO DATE  158                       185    -27      197
  SINCE SEP 1    158                       183    -25      197
  SINCE JUL 1    188                       248    -60      213

 COOLING
  TODAY            0                         0      0        0
  MONTH TO DATE    7                        38    -31       20
  SINCE SEP 1      7                        38    -31       20
  SINCE JAN 1    494                       449     45      828
..................................................................


WIND (MPH)
  HIGHEST WIND SPEED    15   HIGHEST WIND DIRECTION     W (260)
  HIGHEST GUST SPEED    17   HIGHEST GUST DIRECTION     W (260)
  AVERAGE WIND SPEED     3.8


SKY COVER
  POSSIBLE SUNSHINE  MM
  AVERAGE SKY COVER 0.7


WEATHER CONDITIONS
 THE FOLLOWING WEATHER WAS RECORDED TODAY.
  THUNDERSTORM
  LIGHT RAIN


RELATIVE HUMIDITY (PERCENT)
 HIGHEST    72           700 AM
 LOWEST     25           500 PM
 AVERAGE    49

..........................................................


THE SPOKANE WA AIRPORT CLIMATE NORMALS FOR TOMORROW
                         NORMAL    RECORD    YEAR
 MAXIMUM TEMPERATURE (F)   66        86      1997
 MINIMUM TEMPERATURE (F)   42        25      1950


SUNRISE AND SUNSET
SEPTEMBER 30 2016.....SUNRISE   649 AM PDT   SUNSET   630 PM PDT
OCTOBER  1 2016.......SUNRISE   650 AM PDT   SUNSET   628 PM PDT


-  INDICATES NEGATIVE NUMBERS.
R  INDICATES RECORD WAS SET OR TIED.
MM INDICATES DATA IS MISSING.
T  INDICATES TRACE AMOUNT.




$$
