000
CDUS46 KOTX 222336
CLIGEG


CLIMATE REPORT
NATIONAL WEATHER SERVICE SPOKANE, WA
436 PM PDT FRI AUG 22 2014


...................................

...THE SPOKANE WA AIRPORT CLIMATE SUMMARY FOR AUGUST 22 2014...
VALID AS OF 0400 PM LOCAL TIME.

CLIMATE NORMAL PERIOD 1981 TO 2010
CLIMATE RECORD PERIOD 1881 TO 2014


WEATHER ITEM   OBSERVED TIME   RECORD YEAR NORMAL DEPARTURE LAST
                VALUE   (LST)  VALUE       VALUE  FROM      YEAR
                                                  NORMAL
..................................................................
TEMPERATURE (F)
 TODAY
  MAXIMUM         74    212 PM 102    1888  82     -8       91
  MINIMUM         54    610 AM  40    1992  55     -1       56
                                      1883
  AVERAGE         64                        68     -4       74

PRECIPITATION (IN)
  TODAY            0.41          1.06 2002   0.02   0.39     0.00
  MONTH TO DATE    0.58                      0.41   0.17     0.64
  SINCE OCT 1     12.33                     15.71  -3.38    14.79
  SINCE JAN 1     10.00                      9.93   0.07     7.43

SNOWFALL (IN)
  TODAY            0.0           0.0  2002   0.0    0.0      0.0
                                      2001
                                      1999
  MONTH TO DATE    0.0                       0.0    0.0      0.0
  SINCE JUN 1      0.0                       0.0    0.0      0.0
  SINCE JUL 1      0.0                       0.0    0.0      0.0
  SNOW DEPTH       0

DEGREE DAYS
 HEATING
  TODAY            1                         1      0        0
  MONTH TO DATE    1                        17    -16        7
  SINCE JUN 1    114                       185    -71      147
  SINCE JUL 1      8                        49    -41        7

 COOLING
  TODAY            0                         4     -4        9
  MONTH TO DATE  206                       135     71      187
  SINCE JUN 1    568                       364    204      519
  SINCE JAN 1    574                       378    196      549
..................................................................


WIND (MPH)
  HIGHEST WIND SPEED    21   HIGHEST WIND DIRECTION    NE (50)
  HIGHEST GUST SPEED    35   HIGHEST GUST DIRECTION     N (20)
  AVERAGE WIND SPEED     7.6


SKY COVER
  POSSIBLE SUNSHINE  MM
  AVERAGE SKY COVER 0.6


WEATHER CONDITIONS
 THE FOLLOWING WEATHER WAS RECORDED TODAY.
  THUNDERSTORM
  FOG


RELATIVE HUMIDITY (PERCENT)
 HIGHEST    86           700 AM
 LOWEST     41           300 PM
 AVERAGE    64

..........................................................


THE SPOKANE WA AIRPORT CLIMATE NORMALS FOR TOMORROW
                         NORMAL    RECORD    YEAR
 MAXIMUM TEMPERATURE (F)   81        99      1970
                                             1969
 MINIMUM TEMPERATURE (F)   55        37      1992


SUNRISE AND SUNSET
AUGUST 22 2014........SUNRISE   555 AM PDT   SUNSET   750 PM PDT
AUGUST 23 2014........SUNRISE   557 AM PDT   SUNSET   748 PM PDT


-  INDICATES NEGATIVE NUMBERS.
R  INDICATES RECORD WAS SET OR TIED.
MM INDICATES DATA IS MISSING.
T  INDICATES TRACE AMOUNT.




$$
