000
CDUS46 KOTX 190822
CLIGEG


CLIMATE REPORT
NATIONAL WEATHER SERVICE SPOKANE, WA
122 AM PDT TUE SEP 19 2017


...................................

...THE SPOKANE WA AIRPORT CLIMATE SUMMARY FOR SEPTEMBER 18 2017...

CLIMATE NORMAL PERIOD 1981 TO 2010
CLIMATE RECORD PERIOD 1881 TO 2017


WEATHER ITEM   OBSERVED TIME   RECORD YEAR NORMAL DEPARTURE LAST
                VALUE   (LST)  VALUE       VALUE  FROM      YEAR
                                                  NORMAL
..................................................................
TEMPERATURE (F)
 YESTERDAY
  MAXIMUM         61    232 PM  98    1938  72    -11       68
  MINIMUM         46   1159 PM  32    1978  47     -1       48
                                      1965
                                      1942
  AVERAGE         54                        59     -5       58

PRECIPITATION (IN)
  YESTERDAY        0.21          0.33 1983   0.02   0.19     0.00
  MONTH TO DATE    0.22                      0.38  -0.16     0.19
  SINCE OCT 1     23.48                     16.27   7.21    15.35
  SINCE JAN 1     14.19                     10.49   3.70     8.99

SNOWFALL (IN)
  YESTERDAY        0.0           0.0  2002   0.0    0.0      0.0
                                      2001
                                      1999
  MONTH TO DATE    0.0                       0.0    0.0      0.0
  SINCE SEP 1      0.0                       0.0    0.0      0.0
  SINCE JUL 1      0.0                       0.0    0.0      0.0
  SNOW DEPTH       0

DEGREE DAYS
 HEATING
  YESTERDAY       11                         7      4        7
  MONTH TO DATE   45                        79    -34       99
  SINCE SEP 1     45                        79    -34       99
  SINCE JUL 1     48                       144    -96      129

 COOLING
  YESTERDAY        0                         1     -1        0
  MONTH TO DATE   89                        31     58        2
  SINCE SEP 1     89                        31     58        2
  SINCE JAN 1    794                       442    352      489
..................................................................


WIND (MPH)
  HIGHEST WIND SPEED    24   HIGHEST WIND DIRECTION    SW (230)
  HIGHEST GUST SPEED    28   HIGHEST GUST DIRECTION    SW (230)
  AVERAGE WIND SPEED    12.1


SKY COVER
  POSSIBLE SUNSHINE  MM
  AVERAGE SKY COVER 0.7


WEATHER CONDITIONS
 THE FOLLOWING WEATHER WAS RECORDED YESTERDAY.
  HEAVY RAIN
  RAIN
  LIGHT RAIN
  HAIL
  FOG


RELATIVE HUMIDITY (PERCENT)
 HIGHEST   100           500 AM
 LOWEST     37           300 PM
 AVERAGE    69

..........................................................


THE SPOKANE WA AIRPORT CLIMATE NORMALS FOR TODAY
                         NORMAL    RECORD    YEAR
 MAXIMUM TEMPERATURE (F)   72        92      1922
                                             1906
 MINIMUM TEMPERATURE (F)   46        32      1983


SUNRISE AND SUNSET
SEPTEMBER 19 2017.....SUNRISE   633 AM PDT   SUNSET   653 PM PDT
SEPTEMBER 20 2017.....SUNRISE   635 AM PDT   SUNSET   651 PM PDT


-  INDICATES NEGATIVE NUMBERS.
R  INDICATES RECORD WAS SET OR TIED.
MM INDICATES DATA IS MISSING.
T  INDICATES TRACE AMOUNT.




$$
