000
CDUS45 KRIW 270742
CLIGEY


CLIMATE REPORT
NATIONAL WEATHER SERVICE RIVERTON WY
128 AM MDT THU AUG 27 2015


...................................

...THE GREYBULL WY CLIMATE SUMMARY FOR AUGUST 26 2015...

CLIMATE NORMAL PERIOD 1981 TO 2010
CLIMATE RECORD PERIOD 1998 TO 2015


WEATHER ITEM   OBSERVED TIME   RECORD YEAR NORMAL DEPARTURE LAST
                VALUE   (LST)  VALUE       VALUE  FROM      YEAR
                                                  NORMAL
..................................................................
TEMPERATURE (F)
 YESTERDAY
  MAXIMUM         89    313 PM 100    2007  86      3       81
  MINIMUM         58    639 AM  41    2005  52      6       48
                                      2004
  AVERAGE         74                        69      5       65

PRECIPITATION (IN)
  YESTERDAY        T             0.08 2011   0.02  -0.02     0.00
  MONTH TO DATE    0.08                      0.31  -0.23     0.98
  SINCE JUN 1      0.33                      2.17  -1.84     2.13
  SINCE JAN 1      1.91                      5.34  -3.43     3.83

DEGREE DAYS
 HEATING
  YESTERDAY        0                         1     -1        0
  MONTH TO DATE   25                         4     21       24
  SINCE JUN 1     28                        80    -52       80
  SINCE JUL 1     28                        10     18       24

 COOLING
  YESTERDAY        9                         5      4        0
  MONTH TO DATE  194                       207    -13      204
  SINCE JUN 1    701                       590    111      597
  SINCE JAN 1    706                       610     96      639
..................................................................


WIND (MPH)
  HIGHEST WIND SPEED    30   HIGHEST WIND DIRECTION     W (270)
  HIGHEST GUST SPEED    38   HIGHEST GUST DIRECTION     W (270)
  AVERAGE WIND SPEED     7.4


SKY COVER
  POSSIBLE SUNSHINE  MM
  AVERAGE SKY COVER 0.3


WEATHER CONDITIONS
 THE FOLLOWING WEATHER WAS RECORDED YESTERDAY.
  LIGHT RAIN


RELATIVE HUMIDITY (PERCENT)
 HIGHEST    55           700 AM
 LOWEST     16           300 PM
 AVERAGE    36

..........................................................


THE GREYBULL WY CLIMATE NORMALS FOR TODAY
                         NORMAL    RECORD    YEAR
 MAXIMUM TEMPERATURE (F)   86        99      2011
 MINIMUM TEMPERATURE (F)   52        42      2005


SUNRISE AND SUNSET
AUGUST 27 2015........SUNRISE   629 AM MDT   SUNSET   758 PM MDT
AUGUST 28 2015........SUNRISE   630 AM MDT   SUNSET   756 PM MDT


-  INDICATES NEGATIVE NUMBERS.
R  INDICATES RECORD WAS SET OR TIED.
MM INDICATES DATA IS MISSING.
T  INDICATES TRACE AMOUNT.




$$
