000
CDUS45 KRIW 210030
CLIGEY


CLIMATE REPORT
NATIONAL WEATHER SERVICE RIVERTON WY
627 PM MDT MON OCT 20 2014


...................................

...THE GREYBULL WY CLIMATE SUMMARY FOR OCTOBER 20 2014...
VALID TODAY AS OF 0500 PM LOCAL TIME.

CLIMATE NORMAL PERIOD 1981 TO 2010
CLIMATE RECORD PERIOD 1998 TO 2014


WEATHER ITEM   OBSERVED TIME   RECORD YEAR NORMAL DEPARTURE LAST
                VALUE   (LST)  VALUE       VALUE  FROM      YEAR
                                                  NORMAL
..................................................................
TEMPERATURE (F)
 TODAY
  MAXIMUM         77R       MM  76    2003  58     19       54
  MINIMUM         33        MM  21    1999  31      2       36
  AVERAGE         55

PRECIPITATION (IN)
  TODAY            0.00          0.47 2007   0.01  -0.01     0.03
  MONTH TO DATE    0.01                      0.47  -0.46     1.04
  SINCE SEP 1      0.87                      1.35  -0.48     2.15
  SINCE JAN 1      4.73                      6.80  -2.07     4.77

DEGREE DAYS
 HEATING
  TODAY           10                        20    -10       20
  MONTH TO DATE  223                       337   -114      440
  SINCE SEP 1    375                       547   -172      562
  SINCE JUL 1    402                       568   -166      562

 COOLING
  TODAY            0                         0      0        0
  MONTH TO DATE    0                         0      0        0
  SINCE SEP 1     43                        36      7       96
  SINCE JAN 1    698                       669     29     1005
..................................................................


WIND (MPH)
  HIGHEST WIND SPEED     8   HIGHEST WIND DIRECTION    SE (150)
  HIGHEST GUST SPEED    MM   HIGHEST GUST DIRECTION    MM
  AVERAGE WIND SPEED     2.7


SKY COVER
  POSSIBLE SUNSHINE  MM
  AVERAGE SKY COVER 0.0


WEATHER CONDITIONS
 THE FOLLOWING WEATHER WAS RECORDED TODAY.
  NO SIGNIFICANT WEATHER WAS OBSERVED.


RELATIVE HUMIDITY (PERCENT)
 HIGHEST    75           700 AM
 LOWEST     15           300 PM
 AVERAGE    45

..........................................................


THE GREYBULL WY CLIMATE NORMALS FOR TOMORROW
                         NORMAL    RECORD    YEAR
 MAXIMUM TEMPERATURE (F)   58        83      2003
 MINIMUM TEMPERATURE (F)   30        23      1998


SUNRISE AND SUNSET
OCTOBER 20 2014.......SUNRISE   734 AM MDT   SUNSET   619 PM MDT
OCTOBER 21 2014.......SUNRISE   735 AM MDT   SUNSET   618 PM MDT


-  INDICATES NEGATIVE NUMBERS.
R  INDICATES RECORD WAS SET OR TIED.
MM INDICATES DATA IS MISSING.
T  INDICATES TRACE AMOUNT.




$$
