000
CDUS45 KRIW 250734
CLIGEY


CLIMATE REPORT
NATIONAL WEATHER SERVICE RIVERTON WY
1234 AM MST SUN FEB 25 2018


...................................

...THE GREYBULL WY CLIMATE SUMMARY FOR FEBRUARY 24 2018...

CLIMATE NORMAL PERIOD 1981 TO 2010
CLIMATE RECORD PERIOD 1998 TO 2018


WEATHER ITEM   OBSERVED TIME   RECORD YEAR NORMAL DEPARTURE LAST
                VALUE   (LST)  VALUE       VALUE  FROM      YEAR
                                                  NORMAL
..................................................................
TEMPERATURE (F)
 YESTERDAY
  MAXIMUM         24    206 PM  58    1999  41    -17       30
  MINIMUM        -15    350 AM -17    2003  15    -30       21
  AVERAGE          5                        28    -23       26

PRECIPITATION (IN)
  YESTERDAY        0.00          0.04 2001   0.01  -0.01     0.01
  MONTH TO DATE    0.26                      0.15   0.11     0.10
  SINCE DEC 1      0.49                      0.66  -0.17     0.24
  SINCE JAN 1      0.27                      0.38  -0.11     0.21

DEGREE DAYS
 HEATING
  YESTERDAY       60                        37     23       39
  MONTH TO DATE 1323                      1016    307      974
  SINCE DEC 1   4221                      3973    248     4517
  SINCE JUL 1   5998                      5830    168     5892

 COOLING
  YESTERDAY        0                         0      0        0
  MONTH TO DATE    0                         0      0        0
  SINCE DEC 1      0                         0      0        0
  SINCE JAN 1      0                         0      0        0
..................................................................


WIND (MPH)
  HIGHEST WIND SPEED     9   HIGHEST WIND DIRECTION    SE (120)
  HIGHEST GUST SPEED    12   HIGHEST GUST DIRECTION     E (90)
  AVERAGE WIND SPEED     2.8


SKY COVER
  POSSIBLE SUNSHINE  MM
  AVERAGE SKY COVER 0.4


WEATHER CONDITIONS
 THE FOLLOWING WEATHER WAS RECORDED YESTERDAY.
  FOG


RELATIVE HUMIDITY (PERCENT)
 HIGHEST    92          1200 AM
 LOWEST     62           200 PM
 AVERAGE    77

..........................................................


THE GREYBULL WY CLIMATE NORMALS FOR TODAY
                         NORMAL    RECORD    YEAR
 MAXIMUM TEMPERATURE (F)   41        64      1999
 MINIMUM TEMPERATURE (F)   16       -18      2003


SUNRISE AND SUNSET
FEBRUARY 25 2018......SUNRISE   656 AM MST   SUNSET   555 PM MST
FEBRUARY 26 2018......SUNRISE   655 AM MST   SUNSET   556 PM MST


-  INDICATES NEGATIVE NUMBERS.
R  INDICATES RECORD WAS SET OR TIED.
MM INDICATES DATA IS MISSING.
T  INDICATES TRACE AMOUNT.




$$
