000
CDUS45 KRIW 290755
CLIGEY


CLIMATE REPORT
NATIONAL WEATHER SERVICE RIVERTON WY
128 AM MDT SUN MAR 29 2015


...................................

...THE GREYBULL WY CLIMATE SUMMARY FOR MARCH 28 2015...

CLIMATE NORMAL PERIOD 1981 TO 2010
CLIMATE RECORD PERIOD 1998 TO 2015


WEATHER ITEM   OBSERVED TIME   RECORD YEAR NORMAL DEPARTURE LAST
                VALUE   (LST)  VALUE       VALUE  FROM      YEAR
                                                  NORMAL
..................................................................
TEMPERATURE (F)
 YESTERDAY
  MAXIMUM         80R  1259 PM  71    2012  55     25       53
  MINIMUM         35    616 AM  15    2008  27      8       28
  AVERAGE         58                        41     17       41

PRECIPITATION (IN)
  YESTERDAY        0.00          0.19 2007   0.02  -0.02     0.00
  MONTH TO DATE    0.14                      0.34  -0.20     0.17
  SINCE MAR 1      0.14                      0.34  -0.20     0.17
  SINCE JAN 1      0.40                      0.75  -0.35     0.43

DEGREE DAYS
 HEATING
  YESTERDAY        7                        24    -17       24
  MONTH TO DATE  666                       801   -135      839
  SINCE MAR 1    666                       801   -135      839
  SINCE JUL 1   6310                      6772   -462     6726

 COOLING
  YESTERDAY        0                         0      0        0
  MONTH TO DATE    0                         0      0        0
  SINCE MAR 1      0                         0      0        0
  SINCE JAN 1      0                         0      0        0
..................................................................


WIND (MPH)
  HIGHEST WIND SPEED    47   HIGHEST WIND DIRECTION     W (280)
  HIGHEST GUST SPEED    56   HIGHEST GUST DIRECTION     W (280)
  AVERAGE WIND SPEED    18.6


SKY COVER
  POSSIBLE SUNSHINE  MM
  AVERAGE SKY COVER 0.1


WEATHER CONDITIONS
 THE FOLLOWING WEATHER WAS RECORDED YESTERDAY.
  NO SIGNIFICANT WEATHER WAS OBSERVED.


RELATIVE HUMIDITY (PERCENT)
 HIGHEST    70           500 AM
 LOWEST     11           200 PM
 AVERAGE    41

..........................................................


THE GREYBULL WY CLIMATE NORMALS FOR TODAY
                         NORMAL    RECORD    YEAR
 MAXIMUM TEMPERATURE (F)   56        67      2014
                                             2010
 MINIMUM TEMPERATURE (F)   27        20      1999


SUNRISE AND SUNSET
MARCH 29 2015.........SUNRISE   659 AM MDT   SUNSET   736 PM MDT
MARCH 30 2015.........SUNRISE   657 AM MDT   SUNSET   737 PM MDT


-  INDICATES NEGATIVE NUMBERS.
R  INDICATES RECORD WAS SET OR TIED.
MM INDICATES DATA IS MISSING.
T  INDICATES TRACE AMOUNT.




$$
