000
CDUS45 KRIW 240744
CLIGEY


CLIMATE REPORT
NATIONAL WEATHER SERVICE RIVERTON WY
1242 AM MST FRI FEB 24 2017


...................................

...THE GREYBULL WY CLIMATE SUMMARY FOR FEBRUARY 23 2017...

CLIMATE NORMAL PERIOD 1981 TO 2010
CLIMATE RECORD PERIOD 1998 TO 2017


WEATHER ITEM   OBSERVED TIME   RECORD YEAR NORMAL DEPARTURE LAST
                VALUE   (LST)  VALUE       VALUE  FROM      YEAR
                                                  NORMAL
..................................................................
TEMPERATURE (F)
 YESTERDAY
  MAXIMUM         32   1245 PM  54    2009  40     -8       44
  MINIMUM         26   1159 PM -11    2003  15     11       18
  AVERAGE         29                        27      2       31

PRECIPITATION (IN)
  YESTERDAY        T             0.03 2007   0.01  -0.01     0.00
  MONTH TO DATE    0.09                      0.14  -0.05      T
  SINCE DEC 1      0.23                      0.65  -0.42     0.12
  SINCE JAN 1      0.20                      0.37  -0.17     0.11

DEGREE DAYS
 HEATING
  YESTERDAY       36                        38     -2       34
  MONTH TO DATE  935                       979    -44      702
  SINCE DEC 1   4478                      3936    542     3472
  SINCE JUL 1   5853                      5793     60     4989

 COOLING
  YESTERDAY        0                         0      0        0
  MONTH TO DATE    0                         0      0        0
  SINCE DEC 1      0                         0      0        0
  SINCE JAN 1      0                         0      0        0
..................................................................


WIND (MPH)
  HIGHEST WIND SPEED    23   HIGHEST WIND DIRECTION    NW (330)
  HIGHEST GUST SPEED    28   HIGHEST GUST DIRECTION    NW (330)
  AVERAGE WIND SPEED    13.9


SKY COVER
  POSSIBLE SUNSHINE  MM
  AVERAGE SKY COVER 0.6


WEATHER CONDITIONS
 THE FOLLOWING WEATHER WAS RECORDED YESTERDAY.
  LIGHT SNOW
  FOG


RELATIVE HUMIDITY (PERCENT)
 HIGHEST    92          1000 PM
 LOWEST     59          1100 AM
 AVERAGE    76

..........................................................


THE GREYBULL WY CLIMATE NORMALS FOR TODAY
                         NORMAL    RECORD    YEAR
 MAXIMUM TEMPERATURE (F)   41        58      1999
 MINIMUM TEMPERATURE (F)   15       -17      2003


SUNRISE AND SUNSET
FEBRUARY 24 2017......SUNRISE   657 AM MST   SUNSET   554 PM MST
FEBRUARY 25 2017......SUNRISE   656 AM MST   SUNSET   555 PM MST


-  INDICATES NEGATIVE NUMBERS.
R  INDICATES RECORD WAS SET OR TIED.
MM INDICATES DATA IS MISSING.
T  INDICATES TRACE AMOUNT.




$$
