000
CDUS45 KRIW 300729
CLIGEY


CLIMATE REPORT
NATIONAL WEATHER SERVICE RIVERTON WY
128 AM MDT THU MAR 30 2017


...................................

...THE GREYBULL WY CLIMATE SUMMARY FOR MARCH 29 2017...

CLIMATE NORMAL PERIOD 1981 TO 2010
CLIMATE RECORD PERIOD 1998 TO 2017


WEATHER ITEM   OBSERVED TIME   RECORD YEAR NORMAL DEPARTURE LAST
                VALUE   (LST)  VALUE       VALUE  FROM      YEAR
                                                  NORMAL
..................................................................
TEMPERATURE (F)
 YESTERDAY
  MAXIMUM         60    512 PM  67    2014  56      4       44
                                      2010
  MINIMUM         31    615 AM  20    1999  27      4       33
  AVERAGE         46                        41      5       39

PRECIPITATION (IN)
  YESTERDAY        0.00          0.23 2016   0.02  -0.02     0.23
  MONTH TO DATE    0.30                      0.36  -0.06     0.34
  SINCE MAR 1      0.30                      0.36  -0.06     0.34
  SINCE JAN 1      0.51                      0.77  -0.26     0.45

DEGREE DAYS
 HEATING
  YESTERDAY       19                        24     -5       26
  MONTH TO DATE  608                       825   -217      704
  SINCE MAR 1    608                       825   -217      704
  SINCE JUL 1   6649                      6796   -147     5857

 COOLING
  YESTERDAY        0                         0      0        0
  MONTH TO DATE    0                         0      0        0
  SINCE MAR 1      0                         0      0        0
  SINCE JAN 1      0                         0      0        0
..................................................................


WIND (MPH)
  HIGHEST WIND SPEED    14   HIGHEST WIND DIRECTION     S (180)
  HIGHEST GUST SPEED    18   HIGHEST GUST DIRECTION    SE (150)
  AVERAGE WIND SPEED     5.0


SKY COVER
  POSSIBLE SUNSHINE  MM
  AVERAGE SKY COVER 0.0


WEATHER CONDITIONS
 THE FOLLOWING WEATHER WAS RECORDED YESTERDAY.
  NO SIGNIFICANT WEATHER WAS OBSERVED.


RELATIVE HUMIDITY (PERCENT)
 HIGHEST    92           200 AM
 LOWEST     27           400 PM
 AVERAGE    60

..........................................................


THE GREYBULL WY CLIMATE NORMALS FOR TODAY
                         NORMAL    RECORD    YEAR
 MAXIMUM TEMPERATURE (F)   56        77      2004
 MINIMUM TEMPERATURE (F)   28        18      2008


SUNRISE AND SUNSET
MARCH 30 2017.........SUNRISE   656 AM MDT   SUNSET   738 PM MDT
MARCH 31 2017.........SUNRISE   655 AM MDT   SUNSET   739 PM MDT


-  INDICATES NEGATIVE NUMBERS.
R  INDICATES RECORD WAS SET OR TIED.
MM INDICATES DATA IS MISSING.
T  INDICATES TRACE AMOUNT.




$$
