000
CDUS45 KRIW 010738
CLIGEY


CLIMATE REPORT
NATIONAL WEATHER SERVICE RIVERTON WY
127 AM MDT SUN MAY 1 2016


...................................

...THE GREYBULL WY CLIMATE SUMMARY FOR APRIL 30 2016...

CLIMATE NORMAL PERIOD 1981 TO 2010
CLIMATE RECORD PERIOD 1998 TO 2016


WEATHER ITEM   OBSERVED TIME   RECORD YEAR NORMAL DEPARTURE LAST
                VALUE   (LST)  VALUE       VALUE  FROM      YEAR
                                                  NORMAL
..................................................................
TEMPERATURE (F)
 YESTERDAY
  MAXIMUM         57    423 PM  77    2007  65     -8       63
  MINIMUM         38   1159 PM  22    2004  37      1       44
  AVERAGE         48                        51     -3       54

PRECIPITATION (IN)
  YESTERDAY        T             0.23 2010   0.03  -0.03     0.03
  MONTH TO DATE    0.46                      0.71  -0.25     0.11
  SINCE MAR 1      0.82                      1.11  -0.29     0.25
  SINCE JAN 1      0.93                      1.52  -0.59     0.51

DEGREE DAYS
 HEATING
  YESTERDAY       17                        14      3       11
  MONTH TO DATE  447                       557   -110      498
  SINCE MAR 1   1195                      1428   -233     1201
  SINCE JUL 1   6348                      7399  -1051     6845

 COOLING
  YESTERDAY        0                         0      0        0
  MONTH TO DATE    0                         1     -1        0
  SINCE MAR 1      0                         1     -1        0
  SINCE JAN 1      0                         1     -1        0
..................................................................


WIND (MPH)
  HIGHEST WIND SPEED    23   HIGHEST WIND DIRECTION     E (80)
  HIGHEST GUST SPEED    32   HIGHEST GUST DIRECTION     E (90)
  AVERAGE WIND SPEED     9.1


SKY COVER
  POSSIBLE SUNSHINE  MM
  AVERAGE SKY COVER 0.8


WEATHER CONDITIONS
 THE FOLLOWING WEATHER WAS RECORDED YESTERDAY.
  NO SIGNIFICANT WEATHER WAS OBSERVED.


RELATIVE HUMIDITY (PERCENT)
 HIGHEST    76           600 AM
 LOWEST     30           400 PM
 AVERAGE    53

..........................................................


THE GREYBULL WY CLIMATE NORMALS FOR TODAY
                         NORMAL    RECORD    YEAR
 MAXIMUM TEMPERATURE (F)   66        83      2007
 MINIMUM TEMPERATURE (F)   38        27      2005


SUNRISE AND SUNSET
MAY  1 2016...........SUNRISE   602 AM MDT   SUNSET   817 PM MDT
MAY  2 2016...........SUNRISE   600 AM MDT   SUNSET   819 PM MDT


-  INDICATES NEGATIVE NUMBERS.
R  INDICATES RECORD WAS SET OR TIED.
MM INDICATES DATA IS MISSING.
T  INDICATES TRACE AMOUNT.




$$
