214
CDUS45 KRIW 110742
CLIGEY


CLIMATE REPORT
NATIONAL WEATHER SERVICE RIVERTON WY
1231 AM MST THU FEB 11 2016


...................................

...THE GREYBULL WY CLIMATE SUMMARY FOR FEBRUARY 10 2016...

CLIMATE NORMAL PERIOD 1981 TO 2010
CLIMATE RECORD PERIOD 1998 TO 2016


WEATHER ITEM   OBSERVED TIME   RECORD YEAR NORMAL DEPARTURE LAST
                VALUE   (LST)  VALUE       VALUE  FROM      YEAR
                                                  NORMAL
..................................................................
TEMPERATURE (F)
 YESTERDAY
  MAXIMUM         50    449 PM  52    2015  33     17       52
  MINIMUM         17    753 AM -17    2001   9      8       34
  AVERAGE         34                        21     13       43

PRECIPITATION (IN)
  YESTERDAY        0.00          0.06 2003   0.01  -0.01      T
  MONTH TO DATE    T                         0.06  -0.06      T
  SINCE DEC 1      0.12                      0.57  -0.45     0.43
  SINCE JAN 1      0.11                      0.29  -0.18     0.22

DEGREE DAYS
 HEATING
  YESTERDAY       31                        44    -13       22
  MONTH TO DATE  371                       451    -80      300
  SINCE DEC 1   3141                      3408   -267     3213
  SINCE JUL 1   4658                      5265   -607     5046

 COOLING
  YESTERDAY        0                         0      0        0
  MONTH TO DATE    0                         0      0        0
  SINCE DEC 1      0                         0      0        0
  SINCE JAN 1      0                         0      0        0
..................................................................


WIND (MPH)
  HIGHEST WIND SPEED     9   HIGHEST WIND DIRECTION    SE (130)
  HIGHEST GUST SPEED    12   HIGHEST GUST DIRECTION     W (260)
  AVERAGE WIND SPEED     2.6


SKY COVER
  POSSIBLE SUNSHINE  MM
  AVERAGE SKY COVER 0.1


WEATHER CONDITIONS
 THE FOLLOWING WEATHER WAS RECORDED YESTERDAY.
  NO SIGNIFICANT WEATHER WAS OBSERVED.


RELATIVE HUMIDITY (PERCENT)
 HIGHEST    92           200 AM
 LOWEST     39           300 PM
 AVERAGE    66

..........................................................


THE GREYBULL WY CLIMATE NORMALS FOR TODAY
                         NORMAL    RECORD    YEAR
 MAXIMUM TEMPERATURE (F)   34        51      2015
 MINIMUM TEMPERATURE (F)   10       -10      2001


SUNRISE AND SUNSET
FEBRUARY 11 2016......SUNRISE   719 AM MST   SUNSET   535 PM MST
FEBRUARY 12 2016......SUNRISE   717 AM MST   SUNSET   536 PM MST


-  INDICATES NEGATIVE NUMBERS.
R  INDICATES RECORD WAS SET OR TIED.
MM INDICATES DATA IS MISSING.
T  INDICATES TRACE AMOUNT.




$$
