000
CDUS45 KRIW 170102
CLIGEY


CLIMATE REPORT
NATIONAL WEATHER SERVICE RIVERTON WY
702 PM MDT WED APR 16 2014


...................................

...THE GREYBULL WY CLIMATE SUMMARY FOR APRIL 16 2014...
VALID TODAY AS OF 0500 PM LOCAL TIME.

CLIMATE NORMAL PERIOD 1981 TO 2010
CLIMATE RECORD PERIOD 1998 TO 2014


WEATHER ITEM   OBSERVED TIME   RECORD YEAR NORMAL DEPARTURE LAST
                VALUE   (LST)  VALUE       VALUE  FROM      YEAR
                                                  NORMAL
..................................................................
TEMPERATURE (F)
 TODAY
  MAXIMUM         52        MM  77    2006  61     -9       37
  MINIMUM         35        MM  22    1999  32      3       24
  AVERAGE         44

PRECIPITATION (IN)
  TODAY            T             0.07 2002   0.03  -0.03     0.00
  MONTH TO DATE    0.46                      0.30   0.16     0.16
  SINCE MAR 1      0.64                      0.70  -0.06     0.25
  SINCE JAN 1      0.90                      1.11  -0.21     0.67

DEGREE DAYS
 HEATING
  TODAY           21                        19      2       34
  MONTH TO DATE  355                       331     24      374
  SINCE MAR 1   1260                      1202     58     1232
  SINCE JUL 1   7147                      7173    -26     7106

 COOLING
  TODAY            0                         0      0        0
  MONTH TO DATE    0                         0      0        0
  SINCE MAR 1      0                         0      0        0
  SINCE JAN 1      0                         0      0        0
..................................................................


WIND (MPH)
  HIGHEST WIND SPEED    25   HIGHEST WIND DIRECTION    NW (320)
  HIGHEST GUST SPEED    33   HIGHEST GUST DIRECTION    NW (330)
  AVERAGE WIND SPEED    14.5


SKY COVER
  POSSIBLE SUNSHINE  MM
  AVERAGE SKY COVER 0.4


WEATHER CONDITIONS
 THE FOLLOWING WEATHER WAS RECORDED TODAY.
  LIGHT RAIN


RELATIVE HUMIDITY (PERCENT)
 HIGHEST    82           500 AM
 LOWEST     35           200 PM
 AVERAGE    59

..........................................................


THE GREYBULL WY CLIMATE NORMALS FOR TOMORROW
                         NORMAL    RECORD    YEAR
 MAXIMUM TEMPERATURE (F)   61        81      2005
 MINIMUM TEMPERATURE (F)   33        20      1999


SUNRISE AND SUNSET
APRIL 16 2014.........SUNRISE   627 AM MDT   SUNSET   758 PM MDT
APRIL 17 2014.........SUNRISE   625 AM MDT   SUNSET   800 PM MDT


-  INDICATES NEGATIVE NUMBERS.
R  INDICATES RECORD WAS SET OR TIED.
MM INDICATES DATA IS MISSING.
T  INDICATES TRACE AMOUNT.




$$
