000
CDUS45 KRIW 030734
CLIGEY


CLIMATE REPORT
NATIONAL WEATHER SERVICE RIVERTON WY
132 AM MDT WED SEP 3 2014


...................................

...THE GREYBULL WY CLIMATE SUMMARY FOR SEPTEMBER 2 2014...

CLIMATE NORMAL PERIOD 1981 TO 2010
CLIMATE RECORD PERIOD 1998 TO 2014


WEATHER ITEM   OBSERVED TIME   RECORD YEAR NORMAL DEPARTURE LAST
                VALUE   (LST)  VALUE       VALUE  FROM      YEAR
                                                  NORMAL
..................................................................
TEMPERATURE (F)
 YESTERDAY
  MAXIMUM         84    445 PM  96    2007  83      1       93
  MINIMUM         46    601 AM  37    2006  49     -3       53
  AVERAGE         65                        66     -1       73

PRECIPITATION (IN)
  YESTERDAY        0.00          0.15 1999   0.03  -0.03      T
  MONTH TO DATE    0.00                      0.06  -0.06      T
  SINCE SEP 1      0.00                      0.06  -0.06      T
  SINCE JAN 1      3.86                      5.51  -1.65     2.62

DEGREE DAYS
 HEATING
  YESTERDAY        0                         2     -2        0
  MONTH TO DATE    3                         4     -1        0
  SINCE SEP 1      3                         4     -1        0
  SINCE JUL 1     30                        25      5        0

 COOLING
  YESTERDAY        0                         3     -3        8
  MONTH TO DATE    0                         7     -7       15
  SINCE SEP 1      0                         7     -7       15
  SINCE JAN 1    655                       640     15      924
..................................................................


WIND (MPH)
  HIGHEST WIND SPEED    13   HIGHEST WIND DIRECTION     S (190)
  HIGHEST GUST SPEED    15   HIGHEST GUST DIRECTION     S (180)
  AVERAGE WIND SPEED     4.8


SKY COVER
  POSSIBLE SUNSHINE  MM
  AVERAGE SKY COVER 0.0


WEATHER CONDITIONS
 THE FOLLOWING WEATHER WAS RECORDED YESTERDAY.
  NO SIGNIFICANT WEATHER WAS OBSERVED.


RELATIVE HUMIDITY (PERCENT)
 HIGHEST    80           400 AM
 LOWEST     12           400 PM
 AVERAGE    46

..........................................................


THE GREYBULL WY CLIMATE NORMALS FOR TODAY
                         NORMAL    RECORD    YEAR
 MAXIMUM TEMPERATURE (F)   83        98      2007
 MINIMUM TEMPERATURE (F)   49        35      2006


SUNRISE AND SUNSET
SEPTEMBER  3 2014.....SUNRISE   637 AM MDT   SUNSET   745 PM MDT
SEPTEMBER  4 2014.....SUNRISE   638 AM MDT   SUNSET   743 PM MDT


-  INDICATES NEGATIVE NUMBERS.
R  INDICATES RECORD WAS SET OR TIED.
MM INDICATES DATA IS MISSING.
T  INDICATES TRACE AMOUNT.




$$
