000
CDUS43 KIND 260532
CLIGEZ


CLIMATE REPORT
NATIONAL WEATHER SERVICE INDIANAPOLIS IN
131 AM EDT TUE SEP 26 2017


...................................

...THE SHELBYVILLE IN CLIMATE SUMMARY FOR SEPTEMBER 25 2017...

CLIMATE NORMAL PERIOD 1981 TO 2010
CLIMATE RECORD PERIOD 9999 TO 9999


WEATHER ITEM   OBSERVED TIME   NORMAL DEPARTURE LAST
                VALUE   (LST)  VALUE  FROM      YEAR
                                      NORMAL
......................................................
TEMPERATURE (F)
 YESTERDAY
  MAXIMUM         91    500 PM  74     17       88
  MINIMUM         59    651 AM  49     10       62
  AVERAGE         75            62     13       75

PRECIPITATION (IN)
  YESTERDAY        0.00          0.10  -0.10     0.00
  MONTH TO DATE    1.76          2.62  -0.86     2.51
  SINCE SEP 1      1.76          2.62  -0.86     2.51
  SINCE JAN 1     34.65         32.90   1.75    35.70

DEGREE DAYS
 HEATING
  YESTERDAY        0             5     -5        0
  MONTH TO DATE   41            49     -8        0
  SINCE SEP 1     41            49     -8        0
  SINCE JUL 1     41            55    -14        2

 COOLING
  YESTERDAY       10             2      8       10
  MONTH TO DATE  127            87     40      218
  SINCE SEP 1    127            87     40      218
  SINCE JAN 1   1063           893    170     1397
......................................................


WIND (MPH)
  HIGHEST WIND SPEED     8   HIGHEST WIND DIRECTION    SE (150)
  HIGHEST GUST SPEED    10   HIGHEST GUST DIRECTION    SE (150)
  AVERAGE WIND SPEED     2.7


SKY COVER
  AVERAGE SKY COVER 0.0


WEATHER CONDITIONS
 THE FOLLOWING WEATHER WAS RECORDED YESTERDAY.
  NO SIGNIFICANT WEATHER WAS OBSERVED.


RELATIVE HUMIDITY (PERCENT)
 HIGHEST    84          1200 AM
 LOWEST     32           400 PM
 AVERAGE    58

..........................................................


THE SHELBYVILLE IN CLIMATE NORMALS FOR TODAY
                         NORMAL
 MAXIMUM TEMPERATURE (F)   74
 MINIMUM TEMPERATURE (F)   49


SUNRISE AND SUNSET
SEPTEMBER 26 2017.....SUNRISE   735 AM EDT   SUNSET   733 PM EDT
SEPTEMBER 27 2017.....SUNRISE   736 AM EDT   SUNSET   732 PM EDT


-  INDICATES NEGATIVE NUMBERS.
R  INDICATES RECORD WAS SET OR TIED.
MM INDICATES DATA IS MISSING.
T  INDICATES TRACE AMOUNT.




$$
