000
CDUS43 KIND 290531
CLIGEZ


CLIMATE REPORT
NATIONAL WEATHER SERVICE INDIANAPOLIS IN
131 AM EDT FRI APR 29 2016


...................................

...THE SHELBYVILLE IN CLIMATE SUMMARY FOR APRIL 28 2016...

CLIMATE NORMAL PERIOD 1981 TO 2010
CLIMATE RECORD PERIOD 9999 TO 9999


WEATHER ITEM   OBSERVED TIME   NORMAL DEPARTURE LAST
                VALUE   (LST)  VALUE  FROM      YEAR
                                      NORMAL
......................................................
TEMPERATURE (F)
 YESTERDAY
  MAXIMUM         75    422 PM  68      7       65
  MINIMUM         56    725 AM  46     10       36
  AVERAGE         66            57      9       51

PRECIPITATION (IN)
  YESTERDAY        0.56          0.18   0.38     0.00
  MONTH TO DATE    4.35          3.92   0.43     4.67
  SINCE MAR 1      9.10          7.35   1.75     8.53
  SINCE JAN 1     13.74         12.10   1.64    11.55

DEGREE DAYS
 HEATING
  YESTERDAY        0             9     -9       14
  MONTH TO DATE  308           361    -53      261
  SINCE MAR 1    755          1081   -326     1031
  SINCE JUL 1   3924          5244  -1320     5472

 COOLING
  YESTERDAY        1             0      1        0
  MONTH TO DATE   20             0     20        8
  SINCE MAR 1     20             1     19        8
  SINCE JAN 1     20             1     19        8
......................................................


WIND (MPH)
  HIGHEST WIND SPEED    24   HIGHEST WIND DIRECTION     E (110)
  HIGHEST GUST SPEED    29   HIGHEST GUST DIRECTION    SE (120)
  AVERAGE WIND SPEED     8.7


SKY COVER
  AVERAGE SKY COVER 0.7


WEATHER CONDITIONS
 THE FOLLOWING WEATHER WAS RECORDED YESTERDAY.
  HEAVY RAIN
  RAIN
  LIGHT RAIN
  FOG


RELATIVE HUMIDITY (PERCENT)
 HIGHEST    93           500 AM
 LOWEST     46           500 PM
 AVERAGE    70

..........................................................


THE SHELBYVILLE IN CLIMATE NORMALS FOR TODAY
                         NORMAL
 MAXIMUM TEMPERATURE (F)   68
 MINIMUM TEMPERATURE (F)   47


SUNRISE AND SUNSET
APRIL 29 2016.........SUNRISE   646 AM EDT   SUNSET   836 PM EDT
APRIL 30 2016.........SUNRISE   645 AM EDT   SUNSET   837 PM EDT


-  INDICATES NEGATIVE NUMBERS.
R  INDICATES RECORD WAS SET OR TIED.
MM INDICATES DATA IS MISSING.
T  INDICATES TRACE AMOUNT.




$$
