000
CDUS43 KIND 270532
CLIGEZ


CLIMATE REPORT
NATIONAL WEATHER SERVICE INDIANAPOLIS IN
132 AM EDT WED MAY 27 2015


...................................

...THE SHELBYVILLE IN CLIMATE SUMMARY FOR MAY 26 2015...

CLIMATE NORMAL PERIOD 1981 TO 2010
CLIMATE RECORD PERIOD 9999 TO 9999


WEATHER ITEM   OBSERVED TIME   NORMAL DEPARTURE LAST
                VALUE   (LST)  VALUE  FROM      YEAR
                                      NORMAL
......................................................
TEMPERATURE (F)
 YESTERDAY
  MAXIMUM         84   1213 PM  77      7       87
  MINIMUM         68    547 AM  56     12       60
  AVERAGE         76            66     10       74

PRECIPITATION (IN)
  YESTERDAY        0.47          0.14   0.33     0.00
  MONTH TO DATE    1.80          4.59  -2.79     4.13
  SINCE MAR 1     10.33         12.34  -2.01    11.59
  SINCE JAN 1     13.35         17.09  -3.74    15.47

DEGREE DAYS
 HEATING
  YESTERDAY        0             2     -2        0
  MONTH TO DATE   59           126    -67      103
  SINCE MAR 1   1113          1223   -110     1204
  SINCE JUL 1   5554          5386    168     5702

 COOLING
  YESTERDAY       11             4      7        9
  MONTH TO DATE  138            50     88       94
  SINCE MAR 1    146            63     83      104
  SINCE JAN 1    146            63     83      104
......................................................


WIND (MPH)
  HIGHEST WIND SPEED    28   HIGHEST WIND DIRECTION     S (190)
  HIGHEST GUST SPEED    34   HIGHEST GUST DIRECTION     S (180)
  AVERAGE WIND SPEED    14.4


SKY COVER
  AVERAGE SKY COVER 0.6


WEATHER CONDITIONS
 THE FOLLOWING WEATHER WAS RECORDED YESTERDAY.
  THUNDERSTORM
  HEAVY RAIN
  RAIN
  LIGHT RAIN
  FOG


RELATIVE HUMIDITY (PERCENT)
 HIGHEST    84           100 AM
 LOWEST     55          1100 AM
 AVERAGE    70

..........................................................


THE SHELBYVILLE IN CLIMATE NORMALS FOR TODAY
                         NORMAL
 MAXIMUM TEMPERATURE (F)   77
 MINIMUM TEMPERATURE (F)   56


SUNRISE AND SUNSET
MAY 27 2015...........SUNRISE   620 AM EDT   SUNSET   901 PM EDT
MAY 28 2015...........SUNRISE   620 AM EDT   SUNSET   902 PM EDT


-  INDICATES NEGATIVE NUMBERS.
R  INDICATES RECORD WAS SET OR TIED.
MM INDICATES DATA IS MISSING.
T  INDICATES TRACE AMOUNT.




$$
