802
CDUS43 KFGF 250645
CLIGFK


CLIMATE REPORT
NATIONAL WEATHER SERVICE EASTERN NORTH DAKOTA/GRAND FORKS
143 AM CDT THU AUG 25 2016


...................................

...THE GRAND FORKS INTL AP ND CLIMATE SUMMARY FOR AUGUST 24 2016...

CLIMATE NORMAL PERIOD 1981 TO 2010
CLIMATE RECORD PERIOD 1941 TO 2016


WEATHER ITEM   OBSERVED TIME   RECORD YEAR NORMAL DEPARTURE LAST
                VALUE   (LST)  VALUE       VALUE  FROM      YEAR
                                                  NORMAL
..................................................................
TEMPERATURE (F)
 YESTERDAY
  MAXIMUM         75    404 PM 100    1976  79     -4       69
  MINIMUM         55    524 AM  39    2008  53      2       47
  AVERAGE         65                        66     -1       58

PRECIPITATION (IN)
  YESTERDAY        0.00          1.15 2014   0.10  -0.10     0.00
  MONTH TO DATE    3.21                      2.24   0.97     2.89
  SINCE JUN 1     11.81                      8.87   2.94    10.50
  SINCE JAN 1     18.20                     14.59   3.61    16.81

SNOWFALL (IN)
  YESTERDAY        0.0          MM      MM   0.0    0.0      0.0
  MONTH TO DATE    0.0                       0.0    0.0      0.0
  SINCE JUN 1      0.0                       0.0    0.0      0.0
  SINCE JUL 1      0.0                       0.0    0.0      0.0
  SNOW DEPTH       0

DEGREE DAYS
 HEATING
  YESTERDAY        0                         2     -2        7
  MONTH TO DATE    7                        32    -25       38
  SINCE JUN 1     73                       163    -90      110
  SINCE JUL 1     19                        60    -41       52

 COOLING
  YESTERDAY        0                         3     -3        0
  MONTH TO DATE  129                       103     26       98
  SINCE JUN 1    374                       319     55      358
  SINCE JAN 1    396                       336     60      364
..................................................................


WIND (MPH)
  HIGHEST WIND SPEED    24   HIGHEST WIND DIRECTION     W (270)
  HIGHEST GUST SPEED    31   HIGHEST GUST DIRECTION     W (270)
  AVERAGE WIND SPEED    11.9


SKY COVER
  POSSIBLE SUNSHINE  MM
  AVERAGE SKY COVER 0.3


WEATHER CONDITIONS
 THE FOLLOWING WEATHER WAS RECORDED YESTERDAY.
  NO SIGNIFICANT WEATHER WAS OBSERVED.


RELATIVE HUMIDITY (PERCENT)
 HIGHEST    87           200 AM
 LOWEST     46           400 PM
 AVERAGE    67

..........................................................


THE GRAND FORKS INTL AP ND CLIMATE NORMALS FOR TODAY
                         NORMAL    RECORD    YEAR
 MAXIMUM TEMPERATURE (F)   79        97      2013
                                             1953
 MINIMUM TEMPERATURE (F)   52        37      1950


SUNRISE AND SUNSET
AUGUST 25 2016........SUNRISE   638 AM CDT   SUNSET   822 PM CDT
AUGUST 26 2016........SUNRISE   639 AM CDT   SUNSET   820 PM CDT


-  INDICATES NEGATIVE NUMBERS.
R  INDICATES RECORD WAS SET OR TIED.
MM INDICATES DATA IS MISSING.
T  INDICATES TRACE AMOUNT.




$$
