000
CDUS43 KFGF 250720
CLIGFK


CLIMATE REPORT
NATIONAL WEATHER SERVICE EASTERN NORTH DAKOTA/GRAND FORKS
220 AM CDT SUN SEP 25 2016


...................................

...THE GRAND FORKS INTL AP ND CLIMATE SUMMARY FOR SEPTEMBER 24 2016...

CLIMATE NORMAL PERIOD 1981 TO 2010
CLIMATE RECORD PERIOD 1941 TO 2016


WEATHER ITEM   OBSERVED TIME   RECORD YEAR NORMAL DEPARTURE LAST
                VALUE   (LST)  VALUE       VALUE  FROM      YEAR
                                                  NORMAL
..................................................................
TEMPERATURE (F)
 YESTERDAY
  MAXIMUM         78    236 PM  87    1997  66     12       74
  MINIMUM         58    245 AM  25    1951  41     17       56
  AVERAGE         68                        53     15       65

PRECIPITATION (IN)
  YESTERDAY        0.02          1.88 1973   0.06  -0.04     0.01
  MONTH TO DATE    4.08                      1.66   2.42     0.84
  SINCE SEP 1      4.08                      1.66   2.42     0.84
  SINCE JAN 1     22.60                     16.89   5.71    17.65

SNOWFALL (IN)
  YESTERDAY        0.0           T    1984   0.0    0.0      0.0
  MONTH TO DATE    0.0                       0.0    0.0      0.0
  SINCE SEP 1      0.0                       0.0    0.0      0.0
  SINCE JUL 1      0.0                       0.0    0.0      0.0
  SNOW DEPTH       0

DEGREE DAYS
 HEATING
  YESTERDAY        0                        12    -12        0
  MONTH TO DATE  102                       186    -84      102
  SINCE SEP 1    102                       186    -84      102
  SINCE JUL 1    130                       268   -138      166

 COOLING
  YESTERDAY        3                         0      3        0
  MONTH TO DATE   26                        24      2       62
  SINCE SEP 1     26                        24      2       62
  SINCE JAN 1    430                       376     54      459
..................................................................


WIND (MPH)
  HIGHEST WIND SPEED    25   HIGHEST WIND DIRECTION    SE (150)
  HIGHEST GUST SPEED    31   HIGHEST GUST DIRECTION    SE (150)
  AVERAGE WIND SPEED    15.7


SKY COVER
  POSSIBLE SUNSHINE  MM
  AVERAGE SKY COVER 0.9


WEATHER CONDITIONS
 THE FOLLOWING WEATHER WAS RECORDED YESTERDAY.
  LIGHT RAIN
  FOG


RELATIVE HUMIDITY (PERCENT)
 HIGHEST    93           200 AM
 LOWEST     69           300 PM
 AVERAGE    81

..........................................................


THE GRAND FORKS INTL AP ND CLIMATE NORMALS FOR TODAY
                         NORMAL    RECORD    YEAR
 MAXIMUM TEMPERATURE (F)   65        86      2014
                                             1974
 MINIMUM TEMPERATURE (F)   40        23      1985


SUNRISE AND SUNSET
SEPTEMBER 25 2016.....SUNRISE   720 AM CDT   SUNSET   719 PM CDT
SEPTEMBER 26 2016.....SUNRISE   722 AM CDT   SUNSET   717 PM CDT


-  INDICATES NEGATIVE NUMBERS.
R  INDICATES RECORD WAS SET OR TIED.
MM INDICATES DATA IS MISSING.
T  INDICATES TRACE AMOUNT.




$$
