000
CDUS43 KFGF 230725
CLIGFK


CLIMATE REPORT
NATIONAL WEATHER SERVICE EASTERN NORTH DAKOTA/GRAND FORKS
225 AM CDT SAT JUL 23 2016


...................................

...THE GRAND FORKS INTL AP ND CLIMATE SUMMARY FOR JULY 22 2016...

CLIMATE NORMAL PERIOD 1981 TO 2010
CLIMATE RECORD PERIOD 1941 TO 2016


WEATHER ITEM   OBSERVED TIME   RECORD YEAR NORMAL DEPARTURE LAST
                VALUE   (LST)  VALUE       VALUE  FROM      YEAR
                                                  NORMAL
..................................................................
TEMPERATURE (F)
 YESTERDAY
  MAXIMUM         87    302 PM  97    1976  82      5       87
  MINIMUM         64    519 AM  45    1985  57      7       64
                                      1973
                                      1949
  AVERAGE         76                        69      7       76

PRECIPITATION (IN)
  YESTERDAY        0.00          1.32 1943   0.09  -0.09     0.00
  MONTH TO DATE    4.47                      2.36   2.11     4.13
  SINCE JUN 1      7.77                      5.84   1.93     6.64
  SINCE JAN 1     14.16                     11.56   2.60    12.95

SNOWFALL (IN)
  YESTERDAY        0.0          MM      MM   0.0    0.0      0.0
  MONTH TO DATE    0.0                       0.0    0.0      0.0
  SINCE JUN 1      0.0                       0.0    0.0      0.0
  SINCE JUL 1      0.0                       0.0    0.0      0.0
  SNOW DEPTH       0

DEGREE DAYS
 HEATING
  YESTERDAY        0                         1     -1        0
  MONTH TO DATE   12                        23    -11       14
  SINCE JUN 1     66                       126    -60       72
  SINCE JUL 1     12                        23    -11       14

 COOLING
  YESTERDAY       11                         5      6       11
  MONTH TO DATE  110                       100     10      117
  SINCE JUN 1    188                       175     13      182
  SINCE JAN 1    210                       192     18      188
..................................................................


WIND (MPH)
  HIGHEST WIND SPEED    12   HIGHEST WIND DIRECTION    NE (50)
  HIGHEST GUST SPEED    14   HIGHEST GUST DIRECTION    NE (40)
  AVERAGE WIND SPEED     5.5


SKY COVER
  POSSIBLE SUNSHINE  MM
  AVERAGE SKY COVER 0.3


WEATHER CONDITIONS
 THE FOLLOWING WEATHER WAS RECORDED YESTERDAY.
  NO SIGNIFICANT WEATHER WAS OBSERVED.


RELATIVE HUMIDITY (PERCENT)
 HIGHEST    93           400 AM
 LOWEST     43           200 PM
 AVERAGE    68

..........................................................


THE GRAND FORKS INTL AP ND CLIMATE NORMALS FOR TODAY
                         NORMAL    RECORD    YEAR
 MAXIMUM TEMPERATURE (F)   82        96      1945
                                             1941
 MINIMUM TEMPERATURE (F)   57        45      2004
                                             1953


SUNRISE AND SUNSET
JULY 23 2016..........SUNRISE   555 AM CDT   SUNSET   915 PM CDT
JULY 24 2016..........SUNRISE   556 AM CDT   SUNSET   914 PM CDT


-  INDICATES NEGATIVE NUMBERS.
R  INDICATES RECORD WAS SET OR TIED.
MM INDICATES DATA IS MISSING.
T  INDICATES TRACE AMOUNT.




$$
