000
CDUS43 KFGF 232251
CLIGFK


CLIMATE REPORT
NATIONAL WEATHER SERVICE EASTERN NORTH DAKOTA/GRAND FORKS
450 PM CST TUE JAN 23 2018


...................................

...THE GRAND FORKS INTL AP ND CLIMATE SUMMARY FOR JANUARY 23 2018...
VALID TODAY AS OF 0400 PM LOCAL TIME.

CLIMATE NORMAL PERIOD 1981 TO 2010
CLIMATE RECORD PERIOD 1948 TO 2018


WEATHER ITEM   OBSERVED TIME   RECORD YEAR NORMAL DEPARTURE LAST
                VALUE   (LST)  VALUE       VALUE  FROM      YEAR
                                                  NORMAL
..................................................................
TEMPERATURE (F)
 TODAY
  MAXIMUM         23    359 PM  44    2015  17      6       33
  MINIMUM         21   1140 AM -35    1948  -4     25       26
  AVERAGE         22                         7     15       30

PRECIPITATION (IN)
  TODAY            T             0.25 2010   0.02  -0.02     0.00
  MONTH TO DATE    0.50                      0.42   0.08     0.42
  SINCE DEC 1      1.27                      1.03   0.24     2.03
  SINCE JAN 1      0.50                      0.42   0.08     0.42

SNOWFALL (IN)
  TODAY            T             4.2  1997   0.3   -0.3      0.0
  MONTH TO DATE    9.3                       8.3    1.0      7.1
  SINCE DEC 1     17.5                      19.0   -1.5     32.2
  SINCE JUL 1     27.7                      28.2   -0.5     33.3
  SNOW DEPTH       6

DEGREE DAYS
 HEATING
  TODAY           43                        58    -15       35
  MONTH TO DATE 1291                      1347    -56     1312
  SINCE DEC 1   2946                      3007    -61     2916
  SINCE JUL 1   4931                      5206   -275     4384

 COOLING
  TODAY            0                         0      0        0
  MONTH TO DATE    0                         0      0        0
  SINCE DEC 1      0                         0      0        0
  SINCE JAN 1      0                         0      0        0
..................................................................


WIND (MPH)
  HIGHEST WIND SPEED    12   HIGHEST WIND DIRECTION    SW (210)
  HIGHEST GUST SPEED    17   HIGHEST GUST DIRECTION    SW (210)
  AVERAGE WIND SPEED     5.1


SKY COVER
  POSSIBLE SUNSHINE  MM
  AVERAGE SKY COVER 1.0


WEATHER CONDITIONS
 THE FOLLOWING WEATHER WAS RECORDED TODAY.
  LIGHT SNOW


RELATIVE HUMIDITY (PERCENT)
 HIGHEST    96           400 PM
 LOWEST     77           300 AM
 AVERAGE    87

..........................................................


THE GRAND FORKS INTL AP ND CLIMATE NORMALS FOR TOMORROW
                         NORMAL    RECORD    YEAR
 MAXIMUM TEMPERATURE (F)   17        45      1981
 MINIMUM TEMPERATURE (F)   -3       -32      1966


SUNRISE AND SUNSET
JANUARY 23 2018.......SUNRISE   807 AM CST   SUNSET   515 PM CST
JANUARY 24 2018.......SUNRISE   806 AM CST   SUNSET   517 PM CST


-  INDICATES NEGATIVE NUMBERS.
R  INDICATES RECORD WAS SET OR TIED.
MM INDICATES DATA IS MISSING.
T  INDICATES TRACE AMOUNT.




$$
