000
CDUS43 KFGF 250633
CLIGFK


CLIMATE REPORT
NATIONAL WEATHER SERVICE EASTERN NORTH DAKOTA/GRAND FORKS
1232 AM CST THU DEC 25 2014


...................................

...THE GRAND FORKS INTL AP ND CLIMATE SUMMARY FOR DECEMBER 24 2014...

CLIMATE NORMAL PERIOD 1981 TO 2010
CLIMATE RECORD PERIOD 1941 TO 2014


WEATHER ITEM   OBSERVED TIME   RECORD YEAR NORMAL DEPARTURE LAST
                VALUE   (LST)  VALUE       VALUE  FROM      YEAR
                                                  NORMAL
..................................................................
TEMPERATURE (F)
 YESTERDAY
  MAXIMUM         30   1157 PM  43    1957  18     12       20
  MINIMUM         25    937 AM -24    2008   0     25      -15
                                      1948
  AVERAGE         28                         9     19        3

PRECIPITATION (IN)
  YESTERDAY        T             0.24 2009   0.02  -0.02     0.09
  MONTH TO DATE    0.21                      0.47  -0.26     0.76
  SINCE DEC 1      0.21                      0.47  -0.26     0.76
  SINCE JAN 1     22.86                     20.67   2.19    19.59

SNOWFALL (IN)
  YESTERDAY        T             3.2  2013   0.3   -0.3      3.2
  MONTH TO DATE    1.1                       8.1   -7.0     20.9
  SINCE DEC 1      1.1                       8.1   -7.0     20.9
  SINCE JUL 1      5.1                      17.3  -12.2     22.5
  SNOW DEPTH       T

DEGREE DAYS
 HEATING
  YESTERDAY       37                        56    -19       62
  MONTH TO DATE 1049                      1261   -212     1569
  SINCE DEC 1   1049                      1261   -212     1569
  SINCE JUL 1   3193                      3460   -267     3680

 COOLING
  YESTERDAY        0                         0      0        0
  MONTH TO DATE    0                         0      0        0
  SINCE DEC 1      0                         0      0        0
  SINCE JAN 1    395                       379     16      487
..................................................................


WIND (MPH)
  HIGHEST WIND SPEED    18   HIGHEST WIND DIRECTION     S (190)
  HIGHEST GUST SPEED    23   HIGHEST GUST DIRECTION     S (180)
  AVERAGE WIND SPEED    10.1


SKY COVER
  POSSIBLE SUNSHINE  MM
  AVERAGE SKY COVER 1.0


WEATHER CONDITIONS
 THE FOLLOWING WEATHER WAS RECORDED YESTERDAY.
  LIGHT SNOW
  FOG


RELATIVE HUMIDITY (PERCENT)
 HIGHEST   100           100 AM
 LOWEST     84          1100 AM
 AVERAGE    92

..........................................................


THE GRAND FORKS INTL AP ND CLIMATE NORMALS FOR TODAY
                         NORMAL    RECORD    YEAR
 MAXIMUM TEMPERATURE (F)   18        45      1999
 MINIMUM TEMPERATURE (F)    0       -28      1948


SUNRISE AND SUNSET
DECEMBER 25 2014......SUNRISE   817 AM CST   SUNSET   441 PM CST
DECEMBER 26 2014......SUNRISE   818 AM CST   SUNSET   441 PM CST


-  INDICATES NEGATIVE NUMBERS.
R  INDICATES RECORD WAS SET OR TIED.
MM INDICATES DATA IS MISSING.
T  INDICATES TRACE AMOUNT.




$$
