000
CDUS43 KFGF 202257
CLIGFK


CLIMATE REPORT
NATIONAL WEATHER SERVICE EASTERN NORTH DAKOTA/GRAND FORKS
455 PM CST THU NOV 20 2014


...................................

...THE GRAND FORKS INTL AP ND CLIMATE SUMMARY FOR NOVEMBER 20 2014...
VALID TODAY AS OF 0400 PM LOCAL TIME.

CLIMATE NORMAL PERIOD 1981 TO 2010
CLIMATE RECORD PERIOD 1941 TO 2014


WEATHER ITEM   OBSERVED TIME   RECORD YEAR NORMAL DEPARTURE LAST
                VALUE   (LST)  VALUE       VALUE  FROM      YEAR
                                                  NORMAL
..................................................................
TEMPERATURE (F)
 TODAY
  MAXIMUM         20    349 PM  55    2001  32    -12       30
  MINIMUM         -2    751 AM -14    1978  14    -16       15
  AVERAGE          9                        23    -14       23

PRECIPITATION (IN)
  TODAY            0.00          0.75 1977   0.02  -0.02     0.05
  MONTH TO DATE    0.24                      0.72  -0.48     0.11
  SINCE SEP 1      1.90                      4.74  -2.84     4.56
  SINCE JAN 1     22.58                     19.97   2.61    18.79

SNOWFALL (IN)
  TODAY            0.0           7.5  1977   0.3   -0.3      0.4
  MONTH TO DATE    2.7                       4.5   -1.8      0.7
  SINCE SEP 1      2.7                       6.0   -3.3      0.7
  SINCE JUL 1      2.7                       6.0   -3.3      0.7
  SNOW DEPTH       1

DEGREE DAYS
 HEATING
  TODAY           56                        42     14       42
  MONTH TO DATE  806                       719     87      683
  SINCE SEP 1   1575                      1668    -93     1504
  SINCE JUL 1   1629                      1750   -121     1586

 COOLING
  TODAY            0                         0      0        0
  MONTH TO DATE    0                         0      0        0
  SINCE SEP 1     34                        27      7       39
  SINCE JAN 1    395                       379     16      487
..................................................................


WIND (MPH)
  HIGHEST WIND SPEED     9   HIGHEST WIND DIRECTION     N (340)
  HIGHEST GUST SPEED    12   HIGHEST GUST DIRECTION    NW (310)
  AVERAGE WIND SPEED     6.6


SKY COVER
  POSSIBLE SUNSHINE  MM
  AVERAGE SKY COVER 0.1


WEATHER CONDITIONS
 THE FOLLOWING WEATHER WAS RECORDED TODAY.
  NO SIGNIFICANT WEATHER WAS OBSERVED.


RELATIVE HUMIDITY (PERCENT)
 HIGHEST    87          1200 AM
 LOWEST     45           200 PM
 AVERAGE    66

..........................................................


THE GRAND FORKS INTL AP ND CLIMATE NORMALS FOR TOMORROW
                         NORMAL    RECORD    YEAR
 MAXIMUM TEMPERATURE (F)   31        60      2006
 MINIMUM TEMPERATURE (F)   14       -15      1985
                                             1978


SUNRISE AND SUNSET
NOVEMBER 20 2014......SUNRISE   742 AM CST   SUNSET   446 PM CST
NOVEMBER 21 2014......SUNRISE   744 AM CST   SUNSET   445 PM CST


-  INDICATES NEGATIVE NUMBERS.
R  INDICATES RECORD WAS SET OR TIED.
MM INDICATES DATA IS MISSING.
T  INDICATES TRACE AMOUNT.




$$
