000
CDUS41 KALY 220627
CLIGFL


CLIMATE REPORT
NATIONAL WEATHER SERVICE ALBANY NY
125 AM EST SUN JAN 22 2017


...................................

...THE GLENS FALLS NY CLIMATE SUMMARY FOR JANUARY 21 2017...

CLIMATE NORMAL PERIOD 1981 TO 2010
CLIMATE RECORD PERIOD 1949 TO 2017


WEATHER ITEM   OBSERVED TIME   RECORD YEAR NORMAL DEPARTURE LAST
                VALUE   (LST)  VALUE       VALUE  FROM      YEAR
                                                  NORMAL
..................................................................
TEMPERATURE (F)
 YESTERDAY
  MAXIMUM         48    312 PM  53    2006  28     20       31
  MINIMUM         30   1104 PM -27    1994   7     23       12
  AVERAGE         39                        17     22       22

PRECIPITATION (IN)
  YESTERDAY        0.00          1.43 1979   0.10  -0.10     0.00
  MONTH TO DATE    1.14                      1.94  -0.80     1.04
  SINCE DEC 1      4.01                      4.99  -0.98     5.09
  SINCE JAN 1      1.14                      1.94  -0.80     1.04

DEGREE DAYS
 HEATING
  YESTERDAY       26                        48    -22       43
  MONTH TO DATE  777                       988   -211      843
  SINCE DEC 1   1922                      2228   -306     1666
  SINCE JUL 1   3238                      3926   -688     2957

 COOLING
  YESTERDAY        0                         0      0        0
  MONTH TO DATE    0                         0      0        0
  SINCE DEC 1      0                         0      0        0
  SINCE JAN 1      0                         0      0        0
..................................................................


WIND (MPH)
  HIGHEST WIND SPEED    12   HIGHEST WIND DIRECTION    SW (210)
  HIGHEST GUST SPEED    15   HIGHEST GUST DIRECTION    SW (220)
  AVERAGE WIND SPEED     3.5


SKY COVER
  AVERAGE SKY COVER 0.7



RELATIVE HUMIDITY (PERCENT)
 HIGHEST    96           300 AM
 LOWEST     76           200 PM
 AVERAGE    86

..........................................................


THE GLENS FALLS NY CLIMATE NORMALS FOR TODAY
                         NORMAL    RECORD    YEAR
 MAXIMUM TEMPERATURE (F)   28        54      1959
 MINIMUM TEMPERATURE (F)    7       -25      1984


SUNRISE AND SUNSET
JANUARY 22 2017.......SUNRISE   719 AM EST   SUNSET   453 PM EST
JANUARY 23 2017.......SUNRISE   719 AM EST   SUNSET   455 PM EST


-  INDICATES NEGATIVE NUMBERS.
R  INDICATES RECORD WAS SET OR TIED.
MM INDICATES DATA IS MISSING.
T  INDICATES TRACE AMOUNT.




$$
