000
CDUS41 KALY 080627
CLIGFL


CLIMATE REPORT
NATIONAL WEATHER SERVICE ALBANY NY
127 AM EST THU DEC 8 2016


...................................

...THE GLENS FALLS NY CLIMATE SUMMARY FOR DECEMBER 7 2016...

CLIMATE NORMAL PERIOD 1981 TO 2010
CLIMATE RECORD PERIOD 1949 TO 2016


WEATHER ITEM   OBSERVED TIME   RECORD YEAR NORMAL DEPARTURE LAST
                VALUE   (LST)  VALUE       VALUE  FROM      YEAR
                                                  NORMAL
..................................................................
TEMPERATURE (F)
 YESTERDAY
  MAXIMUM         40    328 PM  67    1998  37      3       34
  MINIMUM         31   1159 PM   0    1989  20     11       27
  AVERAGE         36                        28      8       31

PRECIPITATION (IN)
  YESTERDAY        0.08          1.39 1976   0.11  -0.03     0.00
  MONTH TO DATE    0.50                      0.78  -0.28     0.81
  SINCE DEC 1      0.50                      0.78  -0.28     0.81
  SINCE JAN 1     28.80                     36.79  -7.99    27.78

DEGREE DAYS
 HEATING
  YESTERDAY       29                        36     -7       34
  MONTH TO DATE  198                       246    -48      215
  SINCE DEC 1    198                       246    -48      215
  SINCE JUL 1   1514                      1944   -430     1506

 COOLING
  YESTERDAY        0                         0      0        0
  MONTH TO DATE    0                         0      0        0
  SINCE DEC 1      0                         0      0        0
  SINCE JAN 1    643                       352    291      596
..................................................................


WIND (MPH)
  HIGHEST WIND SPEED    13   HIGHEST WIND DIRECTION    SW (230)
  HIGHEST GUST SPEED    16   HIGHEST GUST DIRECTION    SW (210)
  AVERAGE WIND SPEED     3.0


SKY COVER
  AVERAGE SKY COVER 0.7



RELATIVE HUMIDITY (PERCENT)
 HIGHEST    92           800 PM
 LOWEST     75          1200 AM
 AVERAGE    84

..........................................................


THE GLENS FALLS NY CLIMATE NORMALS FOR TODAY
                         NORMAL    RECORD    YEAR
 MAXIMUM TEMPERATURE (F)   37        59      1951
 MINIMUM TEMPERATURE (F)   19       -10      1977


SUNRISE AND SUNSET
DECEMBER  8 2016......SUNRISE   714 AM EST   SUNSET   419 PM EST
DECEMBER  9 2016......SUNRISE   715 AM EST   SUNSET   419 PM EST


-  INDICATES NEGATIVE NUMBERS.
R  INDICATES RECORD WAS SET OR TIED.
MM INDICATES DATA IS MISSING.
T  INDICATES TRACE AMOUNT.




$$
