000
CDUS44 KSHV 230743
CLIGGG


CLIMATE REPORT
NATIONAL WEATHER SERVICE SHREVEPORT, LA
241 AM CDT SAT MAY 23 2015


...................................

...THE LONGVIEW CLIMATE SUMMARY FOR MAY 22 2015...

CLIMATE NORMAL PERIOD 1981 TO 2010
CLIMATE RECORD PERIOD 1902 TO 2015


WEATHER ITEM   OBSERVED TIME   RECORD YEAR NORMAL DEPARTURE LAST
                VALUE   (LST)  VALUE       VALUE  FROM      YEAR
                                                  NORMAL
..................................................................
TEMPERATURE (F)
 YESTERDAY
  MAXIMUM         78    420 PM  96    2005  85     -7       86
                                      1939
  MINIMUM         56    616 AM  51    1919  64     -8       68
  AVERAGE         67                        74     -7       77

PRECIPITATION (IN)
  YESTERDAY        0.00          1.63 1983   0.14  -0.14     0.00
  MONTH TO DATE    7.89                      3.36   4.53     5.82
  SINCE DEC 1     33.43                     22.78  10.65    19.01
  SINCE JAN 1     31.13                     18.29  12.84    14.86

SNOWFALL (IN)
  YESTERDAY        0.0
  MONTH TO DATE    0.0
  SINCE MAR 1      0.2
  SINCE JUL 1      3.1
  SNOW DEPTH       0

DEGREE DAYS
 HEATING
  YESTERDAY        0                         0      0        0
  MONTH TO DATE    0                         8     -8       23
  SINCE MAR 1    309                       353    -44      487
  SINCE JUL 1   2282                      2257     25     2611

 COOLING
  YESTERDAY        2                        10     -8       12
  MONTH TO DATE  193                       160     33      152
  SINCE MAR 1    356                       271     85      257
  SINCE JAN 1    356                       283     73      262
..................................................................


WIND (MPH)
  HIGHEST WIND SPEED    14   HIGHEST WIND DIRECTION     E (80)
  HIGHEST GUST SPEED    18   HIGHEST GUST DIRECTION     E (90)
  AVERAGE WIND SPEED     7.5


SKY COVER
  POSSIBLE SUNSHINE  MM
  AVERAGE SKY COVER 0.5


WEATHER CONDITIONS
 THE FOLLOWING WEATHER WAS RECORDED YESTERDAY.
  FOG


RELATIVE HUMIDITY (PERCENT)
 HIGHEST    93           100 AM
 LOWEST     60           200 PM
 AVERAGE    77

..........................................................


THE LONGVIEW CLIMATE NORMALS FOR TODAY
                         NORMAL    RECORD    YEAR
 MAXIMUM TEMPERATURE (F)   85        99      1942
 MINIMUM TEMPERATURE (F)   64        48      1931


SUNRISE AND SUNSET
MAY 23 2015...........SUNRISE   616 AM CDT   SUNSET   815 PM CDT
MAY 24 2015...........SUNRISE   616 AM CDT   SUNSET   816 PM CDT


-  INDICATES NEGATIVE NUMBERS.
R  INDICATES RECORD WAS SET OR TIED.
MM INDICATES DATA IS MISSING.
T  INDICATES TRACE AMOUNT.




$$
