000
CDUS44 KSHV 230842
CLIGGG


CLIMATE REPORT
NATIONAL WEATHER SERVICE SHREVEPORT, LA
242 AM CST MON JAN 23 2017


...................................

...THE LONGVIEW CLIMATE SUMMARY FOR JANUARY 22 2017...

CLIMATE NORMAL PERIOD 1981 TO 2010
CLIMATE RECORD PERIOD 1902 TO 2017


WEATHER ITEM   OBSERVED TIME   RECORD YEAR NORMAL DEPARTURE LAST
                VALUE   (LST)  VALUE       VALUE  FROM      YEAR
                                                  NORMAL
..................................................................
TEMPERATURE (F)
 YESTERDAY
  MAXIMUM         64   1157 AM  80    1909  58      6       48
  MINIMUM         52   1157 PM   6    1930  36     16       33
  AVERAGE         58                        46     12       41

PRECIPITATION (IN)
  YESTERDAY        0.02          2.49 1980   0.10  -0.08     0.00
  MONTH TO DATE    5.50                      2.27   3.23     1.72
  SINCE DEC 1     10.30                      6.76   3.54     7.78
  SINCE JAN 1      5.50                      2.27   3.23     1.72

SNOWFALL (IN)
  YESTERDAY        0.0
  MONTH TO DATE    0.0
  SINCE DEC 1      0.0
  SINCE JUL 1      0.0
  SNOW DEPTH       0

DEGREE DAYS
 HEATING
  YESTERDAY        7                        19    -12       24
  MONTH TO DATE  242                       418   -176      442
  SINCE DEC 1    657                       952   -295      799
  SINCE JUL 1    817                      1324   -507      999

 COOLING
  YESTERDAY        0                         0      0        0
  MONTH TO DATE   19                         0     19        0
  SINCE DEC 1     37                         6     31       22
  SINCE JAN 1     19                         0     19        0
..................................................................


WIND (MPH)
  HIGHEST WIND SPEED    31   HIGHEST WIND DIRECTION    NW (310)
  HIGHEST GUST SPEED    44   HIGHEST GUST DIRECTION    NW (320)
  AVERAGE WIND SPEED    15.6


SKY COVER
  POSSIBLE SUNSHINE  MM
  AVERAGE SKY COVER 0.3


WEATHER CONDITIONS
 THE FOLLOWING WEATHER WAS RECORDED YESTERDAY.
  RAIN
  LIGHT RAIN
  FOG


RELATIVE HUMIDITY (PERCENT)
 HIGHEST    72           200 AM
 LOWEST     40          1200 PM
 AVERAGE    56

..........................................................


THE LONGVIEW CLIMATE NORMALS FOR TODAY
                         NORMAL    RECORD    YEAR
 MAXIMUM TEMPERATURE (F)   58        80      1944
 MINIMUM TEMPERATURE (F)   36        10      1940


SUNRISE AND SUNSET
JANUARY 23 2017.......SUNRISE   718 AM CST   SUNSET   544 PM CST
JANUARY 24 2017.......SUNRISE   717 AM CST   SUNSET   545 PM CST


-  INDICATES NEGATIVE NUMBERS.
R  INDICATES RECORD WAS SET OR TIED.
MM INDICATES DATA IS MISSING.
T  INDICATES TRACE AMOUNT.




$$
