044
CDUS44 KSHV 060833
CLIGGG


CLIMATE REPORT
NATIONAL WEATHER SERVICE SHREVEPORT, LA
257 AM CDT FRI MAY 6 2016


...................................

...THE LONGVIEW CLIMATE SUMMARY FOR MAY 5 2016...

CLIMATE NORMAL PERIOD 1981 TO 2010
CLIMATE RECORD PERIOD 1902 TO 2016


WEATHER ITEM   OBSERVED TIME   RECORD YEAR NORMAL DEPARTURE LAST
                VALUE   (LST)  VALUE       VALUE  FROM      YEAR
                                                  NORMAL
..................................................................
TEMPERATURE (F)
 YESTERDAY
  MAXIMUM         79    412 PM  95    1906  81     -2       85
  MINIMUM         51    550 AM  40    2013  59     -8       65
  AVERAGE         65                        70     -5       75

PRECIPITATION (IN)
  YESTERDAY        0.00          2.04 1981   0.16  -0.16      T
  MONTH TO DATE    0.49                      0.83  -0.34      T
  SINCE DEC 1     30.84                     20.25  10.59    25.54
  SINCE JAN 1     24.78                     15.76   9.02    23.24

SNOWFALL (IN)
  YESTERDAY        0.0
  MONTH TO DATE    0.0
  SINCE MAR 1      0.0
  SINCE JUL 1      0.0
  SNOW DEPTH       0

DEGREE DAYS
 HEATING
  YESTERDAY        0                         1     -1        0
  MONTH TO DATE    9                         5      4        0
  SINCE MAR 1    199                       350   -151      309
  SINCE JUL 1   1648                      2254   -606     2282

 COOLING
  YESTERDAY        0                         6     -6       10
  MONTH TO DATE    8                        27    -19       32
  SINCE MAR 1    145                       138      7      195
  SINCE JAN 1    151                       150      1      195
..................................................................


WIND (MPH)
  HIGHEST WIND SPEED    16   HIGHEST WIND DIRECTION    NW (330)
  HIGHEST GUST SPEED    22   HIGHEST GUST DIRECTION    NW (330)
  AVERAGE WIND SPEED     4.9


SKY COVER
  POSSIBLE SUNSHINE  MM
  AVERAGE SKY COVER 0.0


WEATHER CONDITIONS
 THE FOLLOWING WEATHER WAS RECORDED YESTERDAY.
  NO SIGNIFICANT WEATHER WAS OBSERVED.


RELATIVE HUMIDITY (PERCENT)
 HIGHEST    93           300 AM
 LOWEST     30           200 PM
 AVERAGE    62

..........................................................


THE LONGVIEW CLIMATE NORMALS FOR TODAY
                         NORMAL    RECORD    YEAR
 MAXIMUM TEMPERATURE (F)   81        94      1938
 MINIMUM TEMPERATURE (F)   60        44      1921


SUNRISE AND SUNSET
MAY  6 2016...........SUNRISE   627 AM CDT   SUNSET   804 PM CDT
MAY  7 2016...........SUNRISE   626 AM CDT   SUNSET   805 PM CDT


-  INDICATES NEGATIVE NUMBERS.
R  INDICATES RECORD WAS SET OR TIED.
MM INDICATES DATA IS MISSING.
T  INDICATES TRACE AMOUNT.




$$
