000
CDUS44 KSHV 272141
CLIGGG


CLIMATE REPORT
NATIONAL WEATHER SERVICE SHREVEPORT, LA
441 PM CDT TUE JUN 27 2017


...................................

...THE LONGVIEW CLIMATE SUMMARY FOR JUNE 27 2017...
VALID TODAY AS OF 0400 PM LOCAL TIME.

CLIMATE NORMAL PERIOD 1981 TO 2010
CLIMATE RECORD PERIOD 1902 TO 2017


WEATHER ITEM   OBSERVED TIME   RECORD YEAR NORMAL DEPARTURE LAST
                VALUE   (LST)  VALUE       VALUE  FROM      YEAR
                                                  NORMAL
..................................................................
TEMPERATURE (F)
 TODAY
  MAXIMUM         89    233 PM 105    1918  92     -3       95
  MINIMUM         71    535 AM  53    1974  72     -1       74
  AVERAGE         80                        82     -2       85

PRECIPITATION (IN)
  TODAY            0.00          4.40 1902   0.17  -0.17      T
  MONTH TO DATE    5.16                      4.55   0.61     4.69
  SINCE DEC 1     32.41                     28.77   3.64    39.07
  SINCE JAN 1     27.61                     24.28   3.33    33.01

DEGREE DAYS
 HEATING
  TODAY            0                         0      0        0
  MONTH TO DATE    0                         0      0        0
  SINCE JUN 1      0                         0      0        0
  SINCE JUL 1   1291                      2258   -967     1654

 COOLING
  TODAY           15                        17     -2       20
  MONTH TO DATE  391                       389      2      429
  SINCE JUN 1    391                       389      2      429
  SINCE JAN 1    904                       768    136      791
..................................................................


WIND (MPH)
  HIGHEST WIND SPEED    12   HIGHEST WIND DIRECTION     E (70)
  HIGHEST GUST SPEED    15   HIGHEST GUST DIRECTION    NE (60)
  AVERAGE WIND SPEED     2.8


SKY COVER
  POSSIBLE SUNSHINE  MM
  AVERAGE SKY COVER 0.6


WEATHER CONDITIONS
 THE FOLLOWING WEATHER WAS RECORDED TODAY.
  NO SIGNIFICANT WEATHER WAS OBSERVED.


RELATIVE HUMIDITY (PERCENT)
 HIGHEST    93           100 AM
 LOWEST     59           200 PM
 AVERAGE    76

..........................................................


THE LONGVIEW CLIMATE NORMALS FOR TOMORROW
                         NORMAL    RECORD    YEAR
 MAXIMUM TEMPERATURE (F)   92       105      2013
                                             1918
 MINIMUM TEMPERATURE (F)   72        57      1968


SUNRISE AND SUNSET
JUNE 27 2017..........SUNRISE   614 AM CDT   SUNSET   830 PM CDT
JUNE 28 2017..........SUNRISE   614 AM CDT   SUNSET   830 PM CDT


-  INDICATES NEGATIVE NUMBERS.
R  INDICATES RECORD WAS SET OR TIED.
MM INDICATES DATA IS MISSING.
T  INDICATES TRACE AMOUNT.




$$
