000
CDUS45 KGGW 290017
CLIGGW


CLIMATE REPORT
NATIONAL WEATHER SERVICE GLASGOW MT
616 PM MDT THU MAY 28 2015


...................................

...THE GLASGOW MT CLIMATE SUMMARY FOR MAY 28 2015...
VALID TODAY AS OF 0500 PM LOCAL TIME.

CLIMATE NORMAL PERIOD 1981 TO 2010
CLIMATE RECORD PERIOD 1893 TO 2015


WEATHER ITEM   OBSERVED TIME   RECORD YEAR NORMAL DEPARTURE LAST
                VALUE   (LST)  VALUE       VALUE  FROM      YEAR
                                                  NORMAL
..................................................................
TEMPERATURE (F)
 TODAY
  MAXIMUM         75   1153 AM  97    1934  71      4       90
                                      1919
  MINIMUM         49    453 AM  20    1947  47      2       56
  AVERAGE         62                        59      3       73

PRECIPITATION (IN)
  TODAY            0.31          1.26 1982   0.08   0.23     0.04
  MONTH TO DATE    1.24                      1.67  -0.43     1.34
  SINCE OCT 1      5.50                      5.12   0.38     4.78
  SINCE JAN 1      4.24                      3.57   0.67     3.33

SNOWFALL (IN)
  TODAY            0.0           T    1992   0.0    0.0      0.0
  MONTH TO DATE    0.0                       1.2   -1.2       T
  SINCE MAR 1      8.1                       7.8    0.3      6.6
  SINCE JUL 1     43.2                      34.8    8.4     30.4
  SNOW DEPTH       0

DEGREE DAYS
 HEATING
  TODAY            3                         7     -4        0
  MONTH TO DATE  314                       304     10      329
  SINCE MAR 1   1655                      1941   -286     2150
  SINCE JUL 1   7739                      8311   -572     8798

 COOLING
  TODAY            0                         1     -1        8
  MONTH TO DATE    0                         8     -8       34
  SINCE MAR 1      0                         9     -9       34
  SINCE JAN 1      0                         9     -9       34
..................................................................


WIND (MPH)
  HIGHEST WIND SPEED    12   HIGHEST WIND DIRECTION     N (350)
  HIGHEST GUST SPEED    17   HIGHEST GUST DIRECTION     N (340)
  AVERAGE WIND SPEED     8.1


SKY COVER
  POSSIBLE SUNSHINE  MM
  AVERAGE SKY COVER 0.4


WEATHER CONDITIONS
 THE FOLLOWING WEATHER WAS RECORDED TODAY.
  THUNDERSTORM
  HEAVY RAIN
  RAIN
  LIGHT RAIN
  HAIL
  FOG
  FOG W/VISIBILITY <= 1/4 MILE


RELATIVE HUMIDITY (PERCENT)
 HIGHEST   100           500 AM
 LOWEST     41          1200 PM
 AVERAGE    71

..........................................................


THE GLASGOW MT CLIMATE NORMALS FOR TOMORROW
                         NORMAL    RECORD    YEAR
 MAXIMUM TEMPERATURE (F)   71       102      1988
 MINIMUM TEMPERATURE (F)   47        29      1947


SUNRISE AND SUNSET
MAY 28 2015...........SUNRISE   514 AM MDT   SUNSET   855 PM MDT
MAY 29 2015...........SUNRISE   513 AM MDT   SUNSET   856 PM MDT


-  INDICATES NEGATIVE NUMBERS.
R  INDICATES RECORD WAS SET OR TIED.
MM INDICATES DATA IS MISSING.
T  INDICATES TRACE AMOUNT.

$$
