000
CDUS45 KGGW 231232
CLIGGW


CLIMATE REPORT
NATIONAL WEATHER SERVICE GLASGOW MT
631 AM MDT TUE MAY 23 2017


...................................

...THE GLASGOW MT CLIMATE SUMMARY FOR MAY 23 2017...
VALID AS OF 0600 AM LOCAL TIME.

CLIMATE NORMAL PERIOD 1981 TO 2010
CLIMATE RECORD PERIOD 1893 TO 2017


WEATHER ITEM   OBSERVED TIME   RECORD YEAR NORMAL DEPARTURE LAST
                VALUE   (LST)  VALUE       VALUE  FROM      YEAR
                                                  NORMAL
..................................................................
TEMPERATURE (F)
 TODAY
  MINIMUM         38    530 AM  27    1903  45     -7       45

PRECIPITATION (IN)
  TODAY            0.00          1.41 1906   0.07  -0.07     0.03
  MONTH TO DATE    0.58                      1.29  -0.71     3.85
  SINCE OCT 1      6.14                      4.74   1.40    10.58
  SINCE JAN 1      2.61                      3.19  -0.58     7.60

SNOWFALL (IN)
  TODAY            0.0           T    2002   0.0    0.0      0.0
  MONTH TO DATE    0.0                       1.1   -1.1      0.0
  SINCE MAR 1      6.2                       7.7   -1.5      6.1
  SINCE JUL 1     37.7                      34.7    3.0     27.6
  SNOW DEPTH       0

DEGREE DAYS
 HEATING
  TODAY           23                         8     15       11
  MONTH TO DATE  235                       266    -31      202
  SINCE MAR 1   1772                      1903   -131     1525
  SINCE JUL 1   7879                      8273   -394     6990

 COOLING
  TODAY            0                         1     -1        0
  MONTH TO DATE   15                         3     12       11
  SINCE MAR 1     15                         4     11       11
  SINCE JAN 1     15                         4     11       11
..................................................................





WEATHER CONDITIONS
 THE FOLLOWING WEATHER WAS RECORDED TODAY.
  NO SIGNIFICANT WEATHER WAS OBSERVED.


RELATIVE HUMIDITY (PERCENT)
 HIGHEST    76           300 AM

..........................................................


THE GLASGOW MT CLIMATE NORMALS FOR TOMORROW
                         NORMAL    RECORD    YEAR
 MAXIMUM TEMPERATURE (F)   70        95      1929
 MINIMUM TEMPERATURE (F)   45        29      1903


SUNRISE AND SUNSET
MAY 23 2017...........SUNRISE   518 AM MDT   SUNSET   850 PM MDT
MAY 24 2017...........SUNRISE   517 AM MDT   SUNSET   851 PM MDT


-  INDICATES NEGATIVE NUMBERS.
R  INDICATES RECORD WAS SET OR TIED.
MM INDICATES DATA IS MISSING.
T  INDICATES TRACE AMOUNT.




$$
