000
CDUS45 KGGW 191234
CLIGGW


CLIMATE REPORT
NATIONAL WEATHER SERVICE GLASGOW MT
633 AM MDT THU OCT 19 2017


...................................

...THE GLASGOW MT CLIMATE SUMMARY FOR OCTOBER 19 2017...
VALID AS OF 0600 AM LOCAL TIME.

CLIMATE NORMAL PERIOD 1981 TO 2010
CLIMATE RECORD PERIOD 1893 TO 2017


WEATHER ITEM   OBSERVED TIME   RECORD YEAR NORMAL DEPARTURE LAST
                VALUE   (LST)  VALUE       VALUE  FROM      YEAR
                                                  NORMAL
..................................................................
TEMPERATURE (F)
 TODAY
  MINIMUM         44    200 AM  -8    1905  31     13       32

PRECIPITATION (IN)
  TODAY            0.00          0.44 1979   0.02  -0.02     0.00
  MONTH TO DATE    0.82                      0.53   0.29     2.37
  SINCE OCT 1      0.82                      0.53   0.29     2.37
  SINCE JAN 1      5.66                     10.64  -4.98    19.70

SNOWFALL (IN)
  TODAY            0.0           1.0  1905   0.0    0.0      0.0
  MONTH TO DATE    0.7                       0.6    0.1      0.4
  SINCE SEP 1      0.7                       0.8   -0.1      0.4
  SINCE JUL 1      0.7                       0.8   -0.1      0.4
  SNOW DEPTH      MM

DEGREE DAYS
 HEATING
  TODAY           20                        22     -2       26
  MONTH TO DATE  371                       336     35      383
  SINCE SEP 1    597                       577     20      607
  SINCE JUL 1    604                       630    -26      641

 COOLING
  TODAY            0                         0      0        0
  MONTH TO DATE    0                         0      0        0
  SINCE SEP 1     54                        37     17       29
  SINCE JAN 1    684                       532    152      434
..................................................................





WEATHER CONDITIONS
 THE FOLLOWING WEATHER WAS RECORDED TODAY.
  NO SIGNIFICANT WEATHER WAS OBSERVED.


RELATIVE HUMIDITY (PERCENT)
 HIGHEST    70           200 AM

..........................................................


THE GLASGOW MT CLIMATE NORMALS FOR TOMORROW
                         NORMAL    RECORD    YEAR
 MAXIMUM TEMPERATURE (F)   55        83      1940
 MINIMUM TEMPERATURE (F)   31         2      1930


SUNRISE AND SUNSET
OCTOBER 19 2017.......SUNRISE   733 AM MDT   SUNSET   609 PM MDT
OCTOBER 20 2017.......SUNRISE   734 AM MDT   SUNSET   608 PM MDT


-  INDICATES NEGATIVE NUMBERS.
R  INDICATES RECORD WAS SET OR TIED.
MM INDICATES DATA IS MISSING.
T  INDICATES TRACE AMOUNT.




$$
