000
CDUS45 KGGW 200741
CLIGGW


CLIMATE REPORT
NATIONAL WEATHER SERVICE GLASGOW MT
141 AM MDT WED AUG 20 2014


...................................

...THE GLASGOW MT CLIMATE SUMMARY FOR AUGUST 19 2014...

CLIMATE NORMAL PERIOD 1981 TO 2010
CLIMATE RECORD PERIOD 1893 TO 2014


WEATHER ITEM   OBSERVED TIME   RECORD YEAR NORMAL DEPARTURE LAST
                VALUE   (LST)  VALUE       VALUE  FROM      YEAR
                                                  NORMAL
..................................................................
TEMPERATURE (F)
 YESTERDAY
  MAXIMUM         94    343 PM 103    2008  84     10       94
  MINIMUM         61    544 AM  33    1950  56      5       57
  AVERAGE         78                        70      8       76

PRECIPITATION (IN)
  YESTERDAY        0.00          2.85 1912   0.04  -0.04     0.00
  MONTH TO DATE    1.20                      0.81   0.39     0.15
  SINCE OCT 1      8.88                     10.29  -1.41    14.76
  SINCE JAN 1      7.43                      8.74  -1.31    12.56

SNOWFALL (IN)
  YESTERDAY        0.0           0.0  2002   0.0    0.0      0.0
                                      2001
                                      2000
  MONTH TO DATE    0.0                       0.0    0.0      0.0
  SINCE JUN 1      0.0                       0.0    0.0      0.0
  SINCE JUL 1      0.0                       0.0    0.0      0.0
  SNOW DEPTH       0

DEGREE DAYS
 HEATING
  YESTERDAY        0                         1     -1        0
  MONTH TO DATE    0                        11    -11        5
  SINCE JUN 1    112                       134    -22       99
  SINCE JUL 1      4                        29    -25       15

 COOLING
  YESTERDAY       13                         6      7       11
  MONTH TO DATE  180                       141     39      109
  SINCE JUN 1    417                       423     -6      330
  SINCE JAN 1    451                       440     11      339
..................................................................


WIND (MPH)
  HIGHEST WIND SPEED    17   HIGHEST WIND DIRECTION     W (250)
  HIGHEST GUST SPEED    23   HIGHEST GUST DIRECTION    SE (150)
  AVERAGE WIND SPEED     8.2


SKY COVER
  POSSIBLE SUNSHINE  MM
  AVERAGE SKY COVER 0.1


WEATHER CONDITIONS
 THE FOLLOWING WEATHER WAS RECORDED YESTERDAY.
  NO SIGNIFICANT WEATHER WAS OBSERVED.


RELATIVE HUMIDITY (PERCENT)
 HIGHEST    78          1200 AM
 LOWEST     17           400 PM
 AVERAGE    48

..........................................................


THE GLASGOW MT CLIMATE NORMALS FOR TODAY
                         NORMAL    RECORD    YEAR
 MAXIMUM TEMPERATURE (F)   84       101      1942
 MINIMUM TEMPERATURE (F)   55        37      1902


SUNRISE AND SUNSET
AUGUST 20 2014........SUNRISE   608 AM MDT   SUNSET   811 PM MDT
AUGUST 21 2014........SUNRISE   609 AM MDT   SUNSET   809 PM MDT


-  INDICATES NEGATIVE NUMBERS.
R  INDICATES RECORD WAS SET OR TIED.
MM INDICATES DATA IS MISSING.
T  INDICATES TRACE AMOUNT.




$$
