000
CDUS45 KGGW 260015
CLIGGW


CLIMATE REPORT
NATIONAL WEATHER SERVICE GLASGOW MT
615 PM MDT SUN JUN 25 2017


...................................

...THE GLASGOW MT CLIMATE SUMMARY FOR JUNE 25 2017...
VALID TODAY AS OF 0500 PM LOCAL TIME.

CLIMATE NORMAL PERIOD 1981 TO 2010
CLIMATE RECORD PERIOD 1893 TO 2017


WEATHER ITEM   OBSERVED TIME   RECORD YEAR NORMAL DEPARTURE LAST
                VALUE   (LST)  VALUE       VALUE  FROM      YEAR
                                                  NORMAL
..................................................................
TEMPERATURE (F)
 TODAY
  MAXIMUM         81        MM 102    2009  80      1       68
  MINIMUM         42        MM  39    2003  53    -11       50
  AVERAGE         62                        67     -5       59

PRECIPITATION (IN)
  TODAY            0.00          1.65 1923   0.07  -0.07     0.23
  MONTH TO DATE    0.13                      2.00  -1.87     3.42
  SINCE OCT 1      6.27                      7.37  -1.10    14.61
  SINCE JAN 1      2.74                      5.82  -3.08    11.63

SNOWFALL (IN)
  TODAY            0.0           0.0  2002   0.0    0.0      0.0
                                      2001
                                      2000
  MONTH TO DATE    0.0                       0.0    0.0      0.0
  SINCE JUN 1      0.0                       0.0    0.0      0.0
  SINCE JUL 1     37.7                      34.8    2.9     27.6
  SNOW DEPTH       0

DEGREE DAYS
 HEATING
  TODAY            3                         2      1        6
  MONTH TO DATE   41                        97    -56       32
  SINCE JUN 1     41                        97    -56       32
  SINCE JUL 1   7954                      8428   -474     7089

 COOLING
  TODAY            0                         4     -4        0
  MONTH TO DATE   67                        55     12       58
  SINCE JUN 1     67                        55     12       58
  SINCE JAN 1     82                        72     10       69
..................................................................


WIND (MPH)
  HIGHEST WIND SPEED    13   HIGHEST WIND DIRECTION    NW (320)
  HIGHEST GUST SPEED    18   HIGHEST GUST DIRECTION    NW (320)
  AVERAGE WIND SPEED     6.2


SKY COVER
  POSSIBLE SUNSHINE  MM
  AVERAGE SKY COVER 0.1


WEATHER CONDITIONS
 THE FOLLOWING WEATHER WAS RECORDED TODAY.
  NO SIGNIFICANT WEATHER WAS OBSERVED.


RELATIVE HUMIDITY (PERCENT)
 HIGHEST    70           500 AM
 LOWEST     18           300 PM
 AVERAGE    44

..........................................................


THE GLASGOW MT CLIMATE NORMALS FOR TOMORROW
                         NORMAL    RECORD    YEAR
 MAXIMUM TEMPERATURE (F)   80       108      1988
 MINIMUM TEMPERATURE (F)   54        40      1904


SUNRISE AND SUNSET
JUNE 25 2017..........SUNRISE   507 AM MDT   SUNSET   911 PM MDT
JUNE 26 2017..........SUNRISE   508 AM MDT   SUNSET   911 PM MDT


-  INDICATES NEGATIVE NUMBERS.
R  INDICATES RECORD WAS SET OR TIED.
MM INDICATES DATA IS MISSING.
T  INDICATES TRACE AMOUNT.




$$
