096
CDUS45 KGGW 210019
CLIGGW


CLIMATE REPORT
NATIONAL WEATHER SERVICE GLASGOW MT
518 PM MST FRI JAN 20 2017


...................................

...THE GLASGOW MT CLIMATE SUMMARY FOR JANUARY 20 2017...
VALID TODAY AS OF 0500 PM LOCAL TIME.

CLIMATE NORMAL PERIOD 1981 TO 2010
CLIMATE RECORD PERIOD 1893 TO 2017


WEATHER ITEM   OBSERVED TIME   RECORD YEAR NORMAL DEPARTURE LAST
                VALUE   (LST)  VALUE       VALUE  FROM      YEAR
                                                  NORMAL
..................................................................
TEMPERATURE (F)
 TODAY
  MAXIMUM         36    431 PM  55    1919  23     13       21
  MINIMUM         26    309 AM -49    1954   4     22        4
  AVERAGE         31                        14     17       13

PRECIPITATION (IN)
  TODAY            0.00          0.30 1950   0.01  -0.01      T
  MONTH TO DATE    0.43                      0.27   0.16     0.22
  SINCE OCT 1      3.96                      1.82   2.14     3.20
  SINCE JAN 1      0.43                      0.27   0.16     0.22

SNOWFALL (IN)
  TODAY            0.0           2.7  1972   0.3   -0.3       T
  MONTH TO DATE   11.6                       5.8    5.8      3.8
  SINCE DEC 1     20.8                      13.8    7.0     16.6
  SINCE JUL 1     21.2                      20.4    0.8     17.6
  SNOW DEPTH       3

DEGREE DAYS
 HEATING
  TODAY           34                        51    -17       52
  MONTH TO DATE 1223                      1035    188     1087
  SINCE DEC 1   2860                      2544    316     2430
  SINCE JUL 1   4479                      4537    -58     4092

 COOLING
  TODAY            0                         0      0        0
  MONTH TO DATE    0                         0      0        0
  SINCE DEC 1      0                         0      0        0
  SINCE JAN 1      0                         0      0        0
..................................................................


WIND (MPH)
  HIGHEST WIND SPEED    12   HIGHEST WIND DIRECTION     W (290)
  HIGHEST GUST SPEED    14   HIGHEST GUST DIRECTION     W (280)
  AVERAGE WIND SPEED     8.1


SKY COVER
  POSSIBLE SUNSHINE  MM
  AVERAGE SKY COVER 0.6


WEATHER CONDITIONS
 THE FOLLOWING WEATHER WAS RECORDED TODAY.
  NO SIGNIFICANT WEATHER WAS OBSERVED.


RELATIVE HUMIDITY (PERCENT)
 HIGHEST    85          1200 AM
 LOWEST     75           100 PM
 AVERAGE    80

..........................................................


THE GLASGOW MT CLIMATE NORMALS FOR TOMORROW
                         NORMAL    RECORD    YEAR
 MAXIMUM TEMPERATURE (F)   24        55      1919
 MINIMUM TEMPERATURE (F)    4       -44      1935
                                             1927


SUNRISE AND SUNSET
JANUARY 20 2017.......SUNRISE   748 AM MST   SUNSET   448 PM MST
JANUARY 21 2017.......SUNRISE   747 AM MST   SUNSET   449 PM MST


-  INDICATES NEGATIVE NUMBERS.
R  INDICATES RECORD WAS SET OR TIED.
MM INDICATES DATA IS MISSING.
T  INDICATES TRACE AMOUNT.




$$
