282
CDUS45 KGGW 100018
CLIGGW


CLIMATE REPORT
NATIONAL WEATHER SERVICE GLASGOW MT
516 PM MST TUE FEB 9 2016


...................................

...THE GLASGOW MT CLIMATE SUMMARY FOR FEBRUARY 9 2016...
VALID TODAY AS OF 0500 PM LOCAL TIME.

CLIMATE NORMAL PERIOD 1981 TO 2010
CLIMATE RECORD PERIOD 1893 TO 2016


WEATHER ITEM   OBSERVED TIME   RECORD YEAR NORMAL DEPARTURE LAST
                VALUE   (LST)  VALUE       VALUE  FROM      YEAR
                                                  NORMAL
..................................................................
TEMPERATURE (F)
 TODAY
  MAXIMUM         50    345 PM  51    1952  27     23       33
  MINIMUM         25   1250 AM -44    1936   8     17       22
  AVERAGE         38                        17     21       28

PRECIPITATION (IN)
  TODAY            0.00          0.23 1916   0.00   0.00     0.02
  MONTH TO DATE    0.02                      0.07  -0.05     0.22
  SINCE OCT 1      3.34                      1.99   1.35     2.28
  SINCE JAN 1      0.36                      0.44  -0.08     1.02

SNOWFALL (IN)
  TODAY            0.0           5.1  1948   0.1   -0.1      0.0
  MONTH TO DATE    0.2                       1.4   -1.2      2.6
  SINCE DEC 1     18.6                      17.4    1.2     23.3
  SINCE JUL 1     19.6                      24.0   -4.4     34.7
  SNOW DEPTH       T (12Z / 5AM MST)

DEGREE DAYS
 HEATING
  TODAY           27                        48    -21       37
  MONTH TO DATE  342                       437    -95      426
  SINCE DEC 1   3184                      3533   -349     3147
  SINCE JUL 1   4846                      5526   -680     5232

 COOLING
  TODAY            0                         0      0        0
  MONTH TO DATE    0                         0      0        0
  SINCE DEC 1      0                         0      0        0
  SINCE JAN 1      0                         0      0        0
..................................................................


WIND (MPH)
  HIGHEST WIND SPEED    13   HIGHEST WIND DIRECTION     W (250)
  HIGHEST GUST SPEED    MM   HIGHEST GUST DIRECTION    MM
  AVERAGE WIND SPEED     6.7


SKY COVER
  POSSIBLE SUNSHINE  MM
  AVERAGE SKY COVER 0.5


WEATHER CONDITIONS
 THE FOLLOWING WEATHER WAS RECORDED TODAY.
  FOG
  FOG W/VISIBILITY <= 1/4 MILE


RELATIVE HUMIDITY (PERCENT)
 HIGHEST    85           500 AM
 LOWEST     56           300 PM
 AVERAGE    71

..........................................................


THE GLASGOW MT CLIMATE NORMALS FOR TOMORROW
                         NORMAL    RECORD    YEAR
 MAXIMUM TEMPERATURE (F)   27        59      1921
 MINIMUM TEMPERATURE (F)    8       -50      1899


SUNRISE AND SUNSET
FEBRUARY  9 2016......SUNRISE   724 AM MST   SUNSET   518 PM MST
FEBRUARY 10 2016......SUNRISE   722 AM MST   SUNSET   520 PM MST


-  INDICATES NEGATIVE NUMBERS.
R  INDICATES RECORD WAS SET OR TIED.
MM INDICATES DATA IS MISSING.
T  INDICATES TRACE AMOUNT.

$$
