000
CDUS45 KGJT 222331
CLIGJT


CLIMATE REPORT
NATIONAL WEATHER SERVICE GRAND JUNCTION CO
529 PM MDT FRI MAY 22 2015


...................................

...THE GRAND JUNCTION CO CLIMATE SUMMARY FOR MAY 22 2015...
VALID TODAY AS OF 0500 PM LOCAL TIME.

CLIMATE NORMAL PERIOD 1981 TO 2010
CLIMATE RECORD PERIOD 1893 TO 2015


WEATHER ITEM   OBSERVED TIME   RECORD YEAR NORMAL DEPARTURE LAST
                VALUE   (LST)  VALUE       VALUE  FROM      YEAR
                                                  NORMAL
..................................................................
TEMPERATURE (F)
 TODAY
  MAXIMUM         67    224 PM  94    2012  78    -11       79
                                      2005
  MINIMUM         48    456 AM  34    2002  49     -1       57
  AVERAGE         58                        64     -6       68

PRECIPITATION (IN)
  TODAY            0.10          0.52 1955   0.03   0.07     0.00
  MONTH TO DATE    1.38                      0.66   0.72     1.05
  SINCE MAR 1      3.77                      2.49   1.28     1.96
  SINCE JAN 1      4.63                      3.61   1.02     3.34

SNOWFALL (IN)
  TODAY            0.1 R         0.0  2014   0.0    0.1      0.0
  MONTH TO DATE    0.1                       0.1    0.0      0.0
  SINCE MAR 1      4.0                       3.6    0.4       T
  SINCE JUL 1     12.6                      19.1   -6.5     25.7
  SNOW DEPTH       0

DEGREE DAYS
 HEATING
  TODAY            7                         3      4        0
  MONTH TO DATE  173                       131     42      173
  SINCE MAR 1   1128                      1186    -58     1281
  SINCE JUL 1   5113                      5565   -452     6219

 COOLING
  TODAY            0                         2     -2        3
  MONTH TO DATE    2                        24    -22       22
  SINCE MAR 1      2                        27    -25       22
  SINCE JAN 1      2                        27    -25       22
..................................................................


WIND (MPH)
  HIGHEST WIND SPEED    28   HIGHEST WIND DIRECTION    SE (120)
  HIGHEST GUST SPEED    35   HIGHEST GUST DIRECTION    SE (130)
  AVERAGE WIND SPEED    10.6


SKY COVER
  POSSIBLE SUNSHINE  MM
  AVERAGE SKY COVER 0.5


WEATHER CONDITIONS
 THE FOLLOWING WEATHER WAS RECORDED TODAY.
  THUNDERSTORM
  LIGHT RAIN
  HAIL


RELATIVE HUMIDITY (PERCENT)
 HIGHEST    93           500 AM
 LOWEST     34           300 PM
 AVERAGE    64

..........................................................


THE GRAND JUNCTION CO CLIMATE NORMALS FOR TOMORROW
                         NORMAL    RECORD    YEAR
 MAXIMUM TEMPERATURE (F)   79        95      2005
 MINIMUM TEMPERATURE (F)   49        35      1933


SUNRISE AND SUNSET
MAY 22 2015...........SUNRISE   556 AM MDT   SUNSET   826 PM MDT
MAY 23 2015...........SUNRISE   555 AM MDT   SUNSET   827 PM MDT


-  INDICATES NEGATIVE NUMBERS.
R  INDICATES RECORD WAS SET OR TIED.
MM INDICATES DATA IS MISSING.
T  INDICATES TRACE AMOUNT.




$$
