000
CDUS45 KGJT 280730
CLIGJT


CLIMATE REPORT
NATIONAL WEATHER SERVICE GRAND JUNCTION CO
128 AM MDT FRI JUL 28 2017


...................................

...THE GRAND JUNCTION CO CLIMATE SUMMARY FOR JULY 27 2017...

CLIMATE NORMAL PERIOD 1981 TO 2010
CLIMATE RECORD PERIOD 1893 TO 2017


WEATHER ITEM   OBSERVED TIME   RECORD YEAR NORMAL DEPARTURE LAST
                VALUE   (LST)  VALUE       VALUE  FROM      YEAR
                                                  NORMAL
..................................................................
TEMPERATURE (F)
 YESTERDAY
  MAXIMUM         97    414 PM 102    1969  93      4      100
                                      1960
  MINIMUM         65    515 AM  56    2002  64      1       63
                                      2001
                                      1993
  AVERAGE         81                        78      3       82

PRECIPITATION (IN)
  YESTERDAY        0.00          0.61 1910   0.03  -0.03     0.00
  MONTH TO DATE    0.75                      0.51   0.24     0.60
  SINCE JUN 1      0.78                      0.97  -0.19     0.73
  SINCE JAN 1      3.61                      4.80  -1.19     5.70

SNOWFALL (IN)
  YESTERDAY        0.0           0.0  2001   0.0    0.0      0.0
  MONTH TO DATE    0.0                       0.0    0.0      0.0
  SINCE JUN 1      0.0                       0.0    0.0      0.0
  SINCE JUL 1      0.0                       0.0    0.0      0.0
  SNOW DEPTH       0

DEGREE DAYS
 HEATING
  YESTERDAY        0                         0      0        0
  MONTH TO DATE    0                         0      0        0
  SINCE JUN 1      4                        22    -18        1
  SINCE JUL 1      0                         0      0        0

 COOLING
  YESTERDAY       16                        13      3       17
  MONTH TO DATE  441                       360     81      373
  SINCE JUN 1    814                       591    223      723
  SINCE JAN 1    860                       642    218      736
..................................................................


WIND (MPH)
  HIGHEST WIND SPEED    15   HIGHEST WIND DIRECTION     N (20)
  HIGHEST GUST SPEED    19   HIGHEST GUST DIRECTION     W (260)
  AVERAGE WIND SPEED     7.0


SKY COVER
  POSSIBLE SUNSHINE  MM
  AVERAGE SKY COVER 0.0


WEATHER CONDITIONS
 THE FOLLOWING WEATHER WAS RECORDED YESTERDAY.
  NO SIGNIFICANT WEATHER WAS OBSERVED.


RELATIVE HUMIDITY (PERCENT)
 HIGHEST    84           500 AM
 LOWEST     15           400 PM
 AVERAGE    50

..........................................................


THE GRAND JUNCTION CO CLIMATE NORMALS FOR TODAY
                         NORMAL    RECORD    YEAR
 MAXIMUM TEMPERATURE (F)   93       104      1995
 MINIMUM TEMPERATURE (F)   64        52      2004


SUNRISE AND SUNSET
JULY 28 2017..........SUNRISE   611 AM MDT   SUNSET   829 PM MDT
JULY 29 2017..........SUNRISE   612 AM MDT   SUNSET   828 PM MDT


-  INDICATES NEGATIVE NUMBERS.
R  INDICATES RECORD WAS SET OR TIED.
MM INDICATES DATA IS MISSING.
T  INDICATES TRACE AMOUNT.




$$
