000
CDUS45 KGJT 122330
CLIGJT


CLIMATE REPORT
NATIONAL WEATHER SERVICE GRAND JUNCTION CO
428 PM MST FRI FEB 12 2016


...................................

...THE GRAND JUNCTION CO CLIMATE SUMMARY FOR FEBRUARY 12 2016...
VALID TODAY AS OF 0400 PM LOCAL TIME.

CLIMATE NORMAL PERIOD 1981 TO 2010
CLIMATE RECORD PERIOD 1893 TO 2016


WEATHER ITEM   OBSERVED TIME   RECORD YEAR NORMAL DEPARTURE LAST
                VALUE   (LST)  VALUE       VALUE  FROM      YEAR
                                                  NORMAL
..................................................................
TEMPERATURE (F)
 TODAY
  MAXIMUM         47    156 PM  64    1970  44      3       56
  MINIMUM         21    642 AM -11    1933  23     -2       27
  AVERAGE         34                        34      0       42

PRECIPITATION (IN)
  TODAY            0.00          0.39 1903   0.02  -0.02     0.00
  MONTH TO DATE    0.42                      0.21   0.21     0.00
  SINCE DEC 1      2.03                      1.38   0.65     1.79
  SINCE JAN 1      1.34                      0.79   0.55     0.73

SNOWFALL (IN)
  TODAY            0.0           5.1  1903   0.1   -0.1      0.0
  MONTH TO DATE    4.7                       1.5    3.2      0.0
  SINCE DEC 1     24.0                      11.3   12.7      6.9
  SINCE JUL 1     27.4                      13.8   13.6      6.9
  SNOW DEPTH       2

DEGREE DAYS
 HEATING
  TODAY           31                        31      0       23
  MONTH TO DATE  522                       401    121      259
  SINCE DEC 1   3010                      2699    311     2305
  SINCE JUL 1   4059                      3927    132     3529

 COOLING
  TODAY            0                         0      0        0
  MONTH TO DATE    0                         0      0        0
  SINCE DEC 1      0                         0      0        0
  SINCE JAN 1      0                         0      0        0
..................................................................


WIND (MPH)
  HIGHEST WIND SPEED     9   HIGHEST WIND DIRECTION     E (80)
  HIGHEST GUST SPEED    10   HIGHEST GUST DIRECTION     E (90)
  AVERAGE WIND SPEED     4.3


SKY COVER
  POSSIBLE SUNSHINE  MM
  AVERAGE SKY COVER 0.0


WEATHER CONDITIONS
 THE FOLLOWING WEATHER WAS RECORDED TODAY.
  NO SIGNIFICANT WEATHER WAS OBSERVED.


RELATIVE HUMIDITY (PERCENT)
 HIGHEST    96           500 AM
 LOWEST     45           200 PM
 AVERAGE    71

..........................................................


THE GRAND JUNCTION CO CLIMATE NORMALS FOR TOMORROW
                         NORMAL    RECORD    YEAR
 MAXIMUM TEMPERATURE (F)   45        63      2015
 MINIMUM TEMPERATURE (F)   23       -14      1903


SUNRISE AND SUNSET
FEBRUARY 12 2016......SUNRISE   710 AM MST   SUNSET   548 PM MST
FEBRUARY 13 2016......SUNRISE   709 AM MST   SUNSET   549 PM MST


-  INDICATES NEGATIVE NUMBERS.
R  INDICATES RECORD WAS SET OR TIED.
MM INDICATES DATA IS MISSING.
T  INDICATES TRACE AMOUNT.




$$
