000
CDUS45 KGJT 050730
CLIGJT


CLIMATE REPORT
NATIONAL WEATHER SERVICE GRAND JUNCTION CO
128 AM MDT THU MAY 5 2016


...................................

...THE GRAND JUNCTION CO CLIMATE SUMMARY FOR MAY 4 2016...

CLIMATE NORMAL PERIOD 1981 TO 2010
CLIMATE RECORD PERIOD 1893 TO 2016


WEATHER ITEM   OBSERVED TIME   RECORD YEAR NORMAL DEPARTURE LAST
                VALUE   (LST)  VALUE       VALUE  FROM      YEAR
                                                  NORMAL
..................................................................
TEMPERATURE (F)
 YESTERDAY
  MAXIMUM         77    449 PM  93    1947  72      5       71
  MINIMUM         45    235 AM  34    1964  44      1       52
                                      1950
                                      1915
  AVERAGE         61                        58      3       62

PRECIPITATION (IN)
  YESTERDAY        0.00          0.61 2003   0.04  -0.04     0.00
  MONTH TO DATE    T                         0.13  -0.13      T
  SINCE MAR 1      2.69                      1.96   0.73     2.39
  SINCE JAN 1      4.06                      3.08   0.98     3.25

SNOWFALL (IN)
  YESTERDAY        0.0           0.0  2015   0.0    0.0      0.0
  MONTH TO DATE    0.0                       0.0    0.0      0.0
  SINCE MAR 1      1.1                       3.5   -2.4      3.9
  SINCE JUL 1     28.5                      19.0    9.5     12.5
  SNOW DEPTH       0

DEGREE DAYS
 HEATING
  YESTERDAY        4                         8     -4        3
  MONTH TO DATE   41                        33      8        4
  SINCE MAR 1   1085                      1088     -3      959
  SINCE JUL 1   5563                      5467     96     4944

 COOLING
  YESTERDAY        0                         1     -1        0
  MONTH TO DATE    0                         1     -1        2
  SINCE MAR 1      0                         4     -4        2
  SINCE JAN 1      0                         4     -4        2
..................................................................


WIND (MPH)
  HIGHEST WIND SPEED    16   HIGHEST WIND DIRECTION    NW (300)
  HIGHEST GUST SPEED    20   HIGHEST GUST DIRECTION     W (290)
  AVERAGE WIND SPEED     7.4


SKY COVER
  POSSIBLE SUNSHINE  MM
  AVERAGE SKY COVER 0.0


WEATHER CONDITIONS
 THE FOLLOWING WEATHER WAS RECORDED YESTERDAY.
  NO SIGNIFICANT WEATHER WAS OBSERVED.


RELATIVE HUMIDITY (PERCENT)
 HIGHEST    61           100 AM
 LOWEST     18           400 PM
 AVERAGE    40

..........................................................


THE GRAND JUNCTION CO CLIMATE NORMALS FOR TODAY
                         NORMAL    RECORD    YEAR
 MAXIMUM TEMPERATURE (F)   72        90      2000
 MINIMUM TEMPERATURE (F)   44        32      1991
                                             1986
                                             1978


SUNRISE AND SUNSET
MAY  5 2016...........SUNRISE   611 AM MDT   SUNSET   812 PM MDT
MAY  6 2016...........SUNRISE   609 AM MDT   SUNSET   813 PM MDT


-  INDICATES NEGATIVE NUMBERS.
R  INDICATES RECORD WAS SET OR TIED.
MM INDICATES DATA IS MISSING.
T  INDICATES TRACE AMOUNT.




$$
