000
CDUS45 KGJT 230820
CLIGJT


CLIMATE REPORT
NATIONAL WEATHER SERVICE GRAND JUNCTION CO
116 AM MST THU FEB 23 2017


...................................

...THE GRAND JUNCTION CO CLIMATE SUMMARY FOR FEBRUARY 22 2017...

CLIMATE NORMAL PERIOD 1981 TO 2010
CLIMATE RECORD PERIOD 1893 TO 2017


WEATHER ITEM   OBSERVED TIME   RECORD YEAR NORMAL DEPARTURE LAST
                VALUE   (LST)  VALUE       VALUE  FROM      YEAR
                                                  NORMAL
..................................................................
TEMPERATURE (F)
 YESTERDAY
  MAXIMUM         62    449 PM  66    1995  49     13       49
  MINIMUM         37    724 AM   1    1955  26     11       29
                                      1903
  AVERAGE         50                        37     13       39

PRECIPITATION (IN)
  YESTERDAY        0.00          0.33 1948   0.02  -0.02     0.01
  MONTH TO DATE    0.34                      0.41  -0.07     0.45
  SINCE DEC 1      2.08                      1.58   0.50     2.06
  SINCE JAN 1      1.35                      0.99   0.36     1.37

SNOWFALL (IN)
  YESTERDAY        0.0           1.7  1948   0.0    0.0      0.0
  MONTH TO DATE    0.0                       2.6   -2.6      4.7
  SINCE DEC 1     11.2                      12.4   -1.2     24.0
  SINCE JUL 1     11.7                      14.9   -3.2     27.4
  SNOW DEPTH       0

DEGREE DAYS
 HEATING
  YESTERDAY       15                        28    -13       26
  MONTH TO DATE  452                       695   -243      776
  SINCE DEC 1   2583                      2993   -410     3264
  SINCE JUL 1   3453                      4221   -768     4313

 COOLING
  YESTERDAY        0                         0      0        0
  MONTH TO DATE    0                         0      0        0
  SINCE DEC 1      0                         0      0        0
  SINCE JAN 1      0                         0      0        0
..................................................................


WIND (MPH)
  HIGHEST WIND SPEED    21   HIGHEST WIND DIRECTION     W (270)
  HIGHEST GUST SPEED    25   HIGHEST GUST DIRECTION    NW (310)
  AVERAGE WIND SPEED     7.5


SKY COVER
  POSSIBLE SUNSHINE  MM
  AVERAGE SKY COVER 0.4


WEATHER CONDITIONS
 THE FOLLOWING WEATHER WAS RECORDED YESTERDAY.
  NO SIGNIFICANT WEATHER WAS OBSERVED.


RELATIVE HUMIDITY (PERCENT)
 HIGHEST    82           600 AM
 LOWEST     22           800 PM
 AVERAGE    52

..........................................................


THE GRAND JUNCTION CO CLIMATE NORMALS FOR TODAY
                         NORMAL    RECORD    YEAR
 MAXIMUM TEMPERATURE (F)   49        67      1995
 MINIMUM TEMPERATURE (F)   27         4      1974


SUNRISE AND SUNSET
FEBRUARY 23 2017......SUNRISE   655 AM MST   SUNSET   601 PM MST
FEBRUARY 24 2017......SUNRISE   653 AM MST   SUNSET   602 PM MST


-  INDICATES NEGATIVE NUMBERS.
R  INDICATES RECORD WAS SET OR TIED.
MM INDICATES DATA IS MISSING.
T  INDICATES TRACE AMOUNT.




$$
