000
CDUS45 KGJT 260733
CLIGJT


CLIMATE REPORT
NATIONAL WEATHER SERVICE GRAND JUNCTION CO
130 AM MDT SUN OCT 26 2014


...................................

...THE GRAND JUNCTION CO CLIMATE SUMMARY FOR OCTOBER 25 2014...

CLIMATE NORMAL PERIOD 1981 TO 2010
CLIMATE RECORD PERIOD 1893 TO 2014


WEATHER ITEM   OBSERVED TIME   RECORD YEAR NORMAL DEPARTURE LAST
                VALUE   (LST)  VALUE       VALUE  FROM      YEAR
                                                  NORMAL
..................................................................
TEMPERATURE (F)
 YESTERDAY
  MAXIMUM         77R   217 PM  75    1977  62     15       65
                                      1959
                                      1944
  MINIMUM         40    443 AM  22    1975  36      4       35
  AVERAGE         59                        49     10       50

PRECIPITATION (IN)
  YESTERDAY        0.00          0.48 1897   0.03  -0.03     0.00
  MONTH TO DATE    0.58                      0.87  -0.29     0.93
  SINCE SEP 1      2.42                      2.06   0.36     4.02
  SINCE JAN 1     10.51                      7.91   2.60     9.99

SNOWFALL (IN)
  YESTERDAY        0.0           0.3  1996   0.1   -0.1      0.0
  MONTH TO DATE    0.0                       0.3   -0.3      0.1
  SINCE SEP 1      0.0                       0.3   -0.3      0.1
  SINCE JUL 1      0.0                       0.3   -0.3      0.1
  SNOW DEPTH       0

DEGREE DAYS
 HEATING
  YESTERDAY        6                        16    -10       15
  MONTH TO DATE  233                       270    -37      389
  SINCE SEP 1    274                       341    -67      471
  SINCE JUL 1    279                       344    -65      471

 COOLING
  YESTERDAY        0                         0      0        0
  MONTH TO DATE    0                         1     -1        0
  SINCE SEP 1    120                       104     16      143
  SINCE JAN 1   1046                      1123    -77     1269
..................................................................


WIND (MPH)
  HIGHEST WIND SPEED    20   HIGHEST WIND DIRECTION     E (90)
  HIGHEST GUST SPEED    23   HIGHEST GUST DIRECTION     E (90)
  AVERAGE WIND SPEED     7.4


SKY COVER
  POSSIBLE SUNSHINE  MM
  AVERAGE SKY COVER 0.1


WEATHER CONDITIONS
 THE FOLLOWING WEATHER WAS RECORDED YESTERDAY.
  HAZE


RELATIVE HUMIDITY (PERCENT)
 HIGHEST    62           400 AM
 LOWEST     18           200 PM
 AVERAGE    40

..........................................................


THE GRAND JUNCTION CO CLIMATE NORMALS FOR TODAY
                         NORMAL    RECORD    YEAR
 MAXIMUM TEMPERATURE (F)   62        76      1977
 MINIMUM TEMPERATURE (F)   36        23      2009


SUNRISE AND SUNSET
OCTOBER 26 2014.......SUNRISE   735 AM MDT   SUNSET   620 PM MDT
OCTOBER 27 2014.......SUNRISE   736 AM MDT   SUNSET   619 PM MDT


-  INDICATES NEGATIVE NUMBERS.
R  INDICATES RECORD WAS SET OR TIED.
MM INDICATES DATA IS MISSING.
T  INDICATES TRACE AMOUNT.




$$
