000
CDUS45 KGJT 160733
CLIGJT


CLIMATE REPORT
NATIONAL WEATHER SERVICE GRAND JUNCTION CO
131 AM MDT TUE SEP 16 2014


...................................

...THE GRAND JUNCTION CO CLIMATE SUMMARY FOR SEPTEMBER 15 2014...

CLIMATE NORMAL PERIOD 1981 TO 2010
CLIMATE RECORD PERIOD 1893 TO 2014


WEATHER ITEM   OBSERVED TIME   RECORD YEAR NORMAL DEPARTURE LAST
                VALUE   (LST)  VALUE       VALUE  FROM      YEAR
                                                  NORMAL
..................................................................
TEMPERATURE (F)
 YESTERDAY
  MAXIMUM         87    345 PM  94    2000  81      6       76
                                      1895
  MINIMUM         57    509 AM  32    1903  52      5       54
  AVERAGE         72                        66      6       65

PRECIPITATION (IN)
  YESTERDAY        0.02          0.93 1906   0.04  -0.02      T
  MONTH TO DATE    0.44                      0.57  -0.13     2.24
  SINCE SEP 1      0.44                      0.57  -0.13     2.24
  SINCE JAN 1      8.53                      6.42   2.11     8.21

SNOWFALL (IN)
  YESTERDAY        0.0           0.0  2013   0.0    0.0      0.0
  MONTH TO DATE    0.0                       0.0    0.0      0.0
  SINCE SEP 1      0.0                       0.0    0.0      0.0
  SINCE JUL 1      0.0                       0.0    0.0      0.0
  SNOW DEPTH       0

DEGREE DAYS
 HEATING
  YESTERDAY        0                         2     -2        0
  MONTH TO DATE   10                        14     -4       11
  SINCE SEP 1     10                        14     -4       11
  SINCE JUL 1     15                        17     -2       11

 COOLING
  YESTERDAY        7                         3      4        0
  MONTH TO DATE   55                        77    -22      122
  SINCE SEP 1     55                        77    -22      122
  SINCE JAN 1    981                      1096   -115     1248
..................................................................


WIND (MPH)
  HIGHEST WIND SPEED    26   HIGHEST WIND DIRECTION     E (110)
  HIGHEST GUST SPEED    32   HIGHEST GUST DIRECTION     E (110)
  AVERAGE WIND SPEED     6.2


SKY COVER
  POSSIBLE SUNSHINE  MM
  AVERAGE SKY COVER 0.0


WEATHER CONDITIONS
 THE FOLLOWING WEATHER WAS RECORDED YESTERDAY.
  THUNDERSTORM
  LIGHT RAIN


RELATIVE HUMIDITY (PERCENT)
 HIGHEST    52           800 AM
 LOWEST     18           300 PM
 AVERAGE    35

..........................................................


THE GRAND JUNCTION CO CLIMATE NORMALS FOR TODAY
                         NORMAL    RECORD    YEAR
 MAXIMUM TEMPERATURE (F)   80        94      2000
 MINIMUM TEMPERATURE (F)   52        35      1903


SUNRISE AND SUNSET
SEPTEMBER 16 2014.....SUNRISE   656 AM MDT   SUNSET   721 PM MDT
SEPTEMBER 17 2014.....SUNRISE   657 AM MDT   SUNSET   719 PM MDT


-  INDICATES NEGATIVE NUMBERS.
R  INDICATES RECORD WAS SET OR TIED.
MM INDICATES DATA IS MISSING.
T  INDICATES TRACE AMOUNT.




$$
