000
CDUS45 KGJT 222333
CLIGJT


CLIMATE REPORT
NATIONAL WEATHER SERVICE GRAND JUNCTION CO
531 PM MDT SAT APR 22 2017


...................................

...THE GRAND JUNCTION CO CLIMATE SUMMARY FOR APRIL 22 2017...
VALID TODAY AS OF 0500 PM LOCAL TIME.

CLIMATE NORMAL PERIOD 1981 TO 2010
CLIMATE RECORD PERIOD 1893 TO 2017


WEATHER ITEM   OBSERVED TIME   RECORD YEAR NORMAL DEPARTURE LAST
                VALUE   (LST)  VALUE       VALUE  FROM      YEAR
                                                  NORMAL
..................................................................
TEMPERATURE (F)
 TODAY
  MAXIMUM         67    340 PM  85    2012  67      0       80
                                      1969
  MINIMUM         42    542 AM  26    1978  40      2       46
                                      1920
  AVERAGE         55                        54      1       63

PRECIPITATION (IN)
  TODAY            0.00          0.55 2004   0.03  -0.03     0.00
  MONTH TO DATE    0.17                      0.69  -0.52     0.75
  SINCE MAR 1      0.56                      1.61  -1.05     1.82
  SINCE JAN 1      2.11                      2.73  -0.62     3.19

SNOWFALL (IN)
  TODAY            0.0           0.6  1970   0.0    0.0      0.0
  MONTH TO DATE    0.0                       0.8   -0.8       T
  SINCE MAR 1      T                         3.4   -3.4      1.1
  SINCE JUL 1     13.9                      18.9   -5.0     28.5
  SNOW DEPTH       0

DEGREE DAYS
 HEATING
  TODAY           10                        12     -2        2
  MONTH TO DATE  247                       321    -74      311
  SINCE MAR 1    687                       974   -287      925
  SINCE JUL 1   4334                      5353  -1019     5403

 COOLING
  TODAY            0                         0      0        0
  MONTH TO DATE    1                         0      1        0
  SINCE MAR 1      1                         0      1        0
  SINCE JAN 1      1                         0      1        0
..................................................................


WIND (MPH)
  HIGHEST WIND SPEED    14   HIGHEST WIND DIRECTION     S (170)
  HIGHEST GUST SPEED    18   HIGHEST GUST DIRECTION     S (180)
  AVERAGE WIND SPEED     4.7


SKY COVER
  POSSIBLE SUNSHINE  MM
  AVERAGE SKY COVER 0.2


WEATHER CONDITIONS
 THE FOLLOWING WEATHER WAS RECORDED TODAY.
  NO SIGNIFICANT WEATHER WAS OBSERVED.


RELATIVE HUMIDITY (PERCENT)
 HIGHEST    49           500 AM
 LOWEST     13           300 PM
 AVERAGE    31

..........................................................


THE GRAND JUNCTION CO CLIMATE NORMALS FOR TOMORROW
                         NORMAL    RECORD    YEAR
 MAXIMUM TEMPERATURE (F)   68        89      2012
 MINIMUM TEMPERATURE (F)   40        28      1968


SUNRISE AND SUNSET
APRIL 22 2017.........SUNRISE   627 AM MDT   SUNSET   759 PM MDT
APRIL 23 2017.........SUNRISE   626 AM MDT   SUNSET   800 PM MDT


-  INDICATES NEGATIVE NUMBERS.
R  INDICATES RECORD WAS SET OR TIED.
MM INDICATES DATA IS MISSING.
T  INDICATES TRACE AMOUNT.




$$
