000
CDUS43 KGLD 230745
CLIGLD

CLIMATE REPORT
NATIONAL WEATHER SERVICE GOODLAND
144 AM MDT FRI JUN 23 2017

...................................

...THE GOODLAND KS CLIMATE SUMMARY FOR JUNE 22 2017...

CLIMATE NORMAL PERIOD 1981 TO 2010
CLIMATE RECORD PERIOD 1895 TO 2017

WEATHER ITEM   OBSERVED TIME   RECORD YEAR NORMAL DEPARTURE LAST
                VALUE   (LST)  VALUE       VALUE  FROM      YEAR
                                                  NORMAL
..................................................................
TEMPERATURE (F)
 YESTERDAY
  MAXIMUM         95   1039 AM 101    1950  87      8       90
                                      1940
                                      1937
  MINIMUM         67   1159 PM  41    1926  58      9       64
  AVERAGE         81                        72      9       77

PRECIPITATION (IN)
  YESTERDAY        0.00          1.70 1975   0.10  -0.10     0.00
  MONTH TO DATE    2.08                      2.40  -0.32     0.48
  SINCE JUN 1      2.08                      2.40  -0.32     0.48
  SINCE JAN 1     14.47                      8.88   5.59     7.84

SNOWFALL (IN)
  YESTERDAY        0.0                       0.0    0.0      0.0
  MONTH TO DATE    0.0                       0.0    0.0      0.0
  SINCE JUN 1      0.0                       0.0    0.0      0.0
  SINCE JUL 1     14.2                      35.5  -21.3     30.1
  SNOW DEPTH       0

DEGREE DAYS
 HEATING
  YESTERDAY        0                         0      0        0
  MONTH TO DATE    0                        36    -36        2
  SINCE JUN 1      0                        36    -36        2
  SINCE JUL 1   5118                      5902   -784     5131

 COOLING
  YESTERDAY       16                         8      8       12
  MONTH TO DATE  182                       111     71      198
  SINCE JUN 1    182                       111     71      198
  SINCE JAN 1    220                       152     68      222
..................................................................

WIND (MPH)
  HIGHEST WIND SPEED    26   HIGHEST WIND DIRECTION     N (350)
  HIGHEST GUST SPEED    35   HIGHEST GUST DIRECTION    NE (30)
  AVERAGE WIND SPEED    17.3


SKY COVER
  AVERAGE SKY COVER 0.0


WEATHER CONDITIONS
 THE FOLLOWING WEATHER WAS RECORDED YESTERDAY.
  NO SIGNIFICANT WEATHER WAS OBSERVED.


RELATIVE HUMIDITY (PERCENT)
 HIGHEST    73
 LOWEST     24
 AVERAGE    49

..........................................................


THE GOODLAND KS CLIMATE NORMALS FOR TODAY
                         NORMAL    RECORD    YEAR
 MAXIMUM TEMPERATURE (F)   87       106      2012
                                             1954
                                             1937
 MINIMUM TEMPERATURE (F)   58        43      1916


SUNRISE AND SUNSET
JUNE 23 2017..........SUNRISE   521 AM MDT   SUNSET   817 PM MDT
JUNE 24 2017..........SUNRISE   521 AM MDT   SUNSET   818 PM MDT


-  INDICATES NEGATIVE NUMBERS.
R  INDICATES RECORD WAS SET OR TIED.
MM INDICATES DATA IS MISSING.
T  INDICATES TRACE AMOUNT.

&&

THE AVERAGE SOIL TEMPERATURE AT THE FOUR INCH DEPTH... 77

$$
