000
CDUS44 KJAN 200658
CLIGLH


CLIMATE REPORT
NATIONAL WEATHER SERVICE JACKSON MS
1255 AM CST FRI JAN 20 2017


...................................

...THE GREENVILLE CLIMATE SUMMARY FOR JANUARY 19 2017...

CLIMATE NORMAL PERIOD 1981 TO 2010
CLIMATE RECORD PERIOD 1920 TO 2017


WEATHER ITEM   OBSERVED TIME   RECORD YEAR NORMAL DEPARTURE LAST
                VALUE   (LST)  VALUE       VALUE  FROM      YEAR
                                                  NORMAL
..................................................................
TEMPERATURE (F)
 YESTERDAY
  MAXIMUM         67    702 AM  78    1935  52     15       46
  MINIMUM         56    848 PM   4    1940  32     24       24
  AVERAGE         62                        42     20       35

PRECIPITATION (IN)
  YESTERDAY        2.03R         1.84 1975   0.16   1.87     0.00
  MONTH TO DATE    4.40                      2.88   1.52     1.23
  SINCE DEC 1      7.26                      8.50  -1.24     5.04
  SINCE JAN 1      4.40                      2.88   1.52     1.23

SNOWFALL (IN)
  YESTERDAY        0.0

DEGREE DAYS
 HEATING
  YESTERDAY        3                        23    -20       30
  MONTH TO DATE  273                       434   -161      437
  SINCE DEC 1    827                      1056   -229      771
  SINCE JUL 1   1096                      1518   -422     1021

 COOLING
  YESTERDAY        0                         0      0        0
  MONTH TO DATE   11                         0     11        0
  SINCE DEC 1     23                         3     20       35
  SINCE JAN 1     11                         0     11        0
..................................................................


WIND (MPH)
  HIGHEST WIND SPEED    18   HIGHEST WIND DIRECTION    SE (120)
  HIGHEST GUST SPEED    23   HIGHEST GUST DIRECTION     E (100)
  AVERAGE WIND SPEED     6.4


SKY COVER
  POSSIBLE SUNSHINE  MM
  AVERAGE SKY COVER 1.0


WEATHER CONDITIONS
 THE FOLLOWING WEATHER WAS RECORDED YESTERDAY.
  THUNDERSTORM
  HEAVY RAIN
  RAIN
  LIGHT RAIN
  FOG


RELATIVE HUMIDITY (PERCENT)
 HIGHEST    97           100 AM
 LOWEST     86          1000 AM
 AVERAGE    92

..........................................................


THE GREENVILLE CLIMATE NORMALS FOR TODAY
                         NORMAL    RECORD    YEAR
 MAXIMUM TEMPERATURE (F)   52        86      1935
 MINIMUM TEMPERATURE (F)   32        11      1943


SUNRISE AND SUNSET
JANUARY 20 2017.......SUNRISE   706 AM CST   SUNSET   524 PM CST
JANUARY 21 2017.......SUNRISE   706 AM CST   SUNSET   525 PM CST


-  INDICATES NEGATIVE NUMBERS.
R  INDICATES RECORD WAS SET OR TIED.
MM INDICATES DATA IS MISSING.
T  INDICATES TRACE AMOUNT.




$$
