106
CDUS44 KJAN 191015
CLIGLH


CLIMATE REPORT
NATIONAL WEATHER SERVICE JACKSON MS
413 AM CST SUN NOV 19 2017


...................................

...THE GREENVILLE CLIMATE SUMMARY FOR NOVEMBER 18 2017...

CLIMATE NORMAL PERIOD 1981 TO 2010
CLIMATE RECORD PERIOD 1903 TO 2017


WEATHER ITEM   OBSERVED TIME   RECORD YEAR NORMAL DEPARTURE LAST
                VALUE   (LST)  VALUE       VALUE  FROM      YEAR
                                                  NORMAL
..................................................................
TEMPERATURE (F)
 YESTERDAY
  MAXIMUM         81    217 PM  84    1930  64     17       83
                                      1921
  MINIMUM         48   1159 PM  18    1959  42      6       48
  AVERAGE         65                        53     12       66

PRECIPITATION (IN)
  YESTERDAY        0.01          4.10 1969   0.16  -0.15     0.60
  MONTH TO DATE    1.43                      2.65  -1.22     0.60
  SINCE SEP 1      4.38                     10.05  -5.67     1.48
  SINCE JAN 1     33.57                     44.61 -11.04    43.37

SNOWFALL (IN)
  YESTERDAY       MM

DEGREE DAYS
 HEATING
  YESTERDAY        0                        12    -12        0
  MONTH TO DATE  114                       172    -58       75
  SINCE SEP 1    232                       286    -54       97
  SINCE JUL 1    232                       286    -54       97

 COOLING
  YESTERDAY        0                         0      0        1
  MONTH TO DATE   47                         9     38       27
  SINCE SEP 1    501                       404     97      660
  SINCE JAN 1   2244                      2183     61     2672
..................................................................


WIND (MPH)
  HIGHEST WIND SPEED    38   HIGHEST WIND DIRECTION    NW (320)
  HIGHEST GUST SPEED    48   HIGHEST GUST DIRECTION    NW (320)
  AVERAGE WIND SPEED    20.5


SKY COVER
  POSSIBLE SUNSHINE  MM
  AVERAGE SKY COVER 0.6


WEATHER CONDITIONS
 THE FOLLOWING WEATHER WAS RECORDED YESTERDAY.
  LIGHT RAIN


RELATIVE HUMIDITY (PERCENT)
 HIGHEST    81           100 AM
 LOWEST     49           400 PM
 AVERAGE    65

..........................................................


THE GREENVILLE CLIMATE NORMALS FOR TODAY
                         NORMAL    RECORD    YEAR
 MAXIMUM TEMPERATURE (F)   63        85      1942
 MINIMUM TEMPERATURE (F)   42        19      1903


SUNRISE AND SUNSET
NOVEMBER 19 2017......SUNRISE   639 AM CST   SUNSET   459 PM CST
NOVEMBER 20 2017......SUNRISE   640 AM CST   SUNSET   459 PM CST


-  INDICATES NEGATIVE NUMBERS.
R  INDICATES RECORD WAS SET OR TIED.
MM INDICATES DATA IS MISSING.
T  INDICATES TRACE AMOUNT.




$$
