000
CDUS44 KJAN 270909
CLIGLH


CLIMATE REPORT
NATIONAL WEATHER SERVICE JACKSON MS
307 AM CST TUE JAN 27 2015


...................................

...THE GREENVILLE CLIMATE SUMMARY FOR JANUARY 26 2015...

CLIMATE NORMAL PERIOD 1981 TO 2010
CLIMATE RECORD PERIOD 1920 TO 2015


WEATHER ITEM   OBSERVED TIME   RECORD YEAR NORMAL DEPARTURE LAST
                VALUE   (LST)  VALUE       VALUE  FROM      YEAR
                                                  NORMAL
..................................................................
TEMPERATURE (F)
 YESTERDAY
  MAXIMUM         54    345 PM  79    1950  52      2       62
  MINIMUM         43    919 PM   8    1940  33     10       33
  AVERAGE         49                        42      7       48

PRECIPITATION (IN)
  YESTERDAY        0.00          1.40 1943   0.18  -0.18     0.00
  MONTH TO DATE    2.59                      4.07  -1.48     0.84
  SINCE DEC 1      6.70                      9.69  -2.99     5.37
  SINCE JAN 1      2.59                      4.07  -1.48     0.84

SNOWFALL (IN)
  YESTERDAY        0.0

DEGREE DAYS
 HEATING
  YESTERDAY       16                        23     -7       17
  MONTH TO DATE  623                       595     28      651
  SINCE DEC 1   1150                      1217    -67     1293
  SINCE JUL 1   1690                      1679     11     1827

 COOLING
  YESTERDAY        0                         0      0        0
  MONTH TO DATE    0                         0      0        0
  SINCE DEC 1      0                         3     -3        9
  SINCE JAN 1      0                         0      0        0
..................................................................


WIND (MPH)
  HIGHEST WIND SPEED    21   HIGHEST WIND DIRECTION    NW (320)
  HIGHEST GUST SPEED    28   HIGHEST GUST DIRECTION    NW (320)
  AVERAGE WIND SPEED    10.4


SKY COVER
  POSSIBLE SUNSHINE  MM
  AVERAGE SKY COVER 0.4


WEATHER CONDITIONS
 THE FOLLOWING WEATHER WAS RECORDED YESTERDAY.
  NO SIGNIFICANT WEATHER WAS OBSERVED.


RELATIVE HUMIDITY (PERCENT)
 HIGHEST    71           900 PM
 LOWEST     46           300 PM
 AVERAGE    59

..........................................................


THE GREENVILLE CLIMATE NORMALS FOR TODAY
                         NORMAL    RECORD    YEAR
 MAXIMUM TEMPERATURE (F)   53        79      1952
                                             1944
 MINIMUM TEMPERATURE (F)   33        15      1963
                                             1936


SUNRISE AND SUNSET
JANUARY 27 2015.......SUNRISE   703 AM CST   SUNSET   530 PM CST
JANUARY 28 2015.......SUNRISE   703 AM CST   SUNSET   531 PM CST


-  INDICATES NEGATIVE NUMBERS.
R  INDICATES RECORD WAS SET OR TIED.
MM INDICATES DATA IS MISSING.
T  INDICATES TRACE AMOUNT.




$$
