000
CDUS44 KJAN 210727
CLIGLH


CLIMATE REPORT
NATIONAL WEATHER SERVICE JACKSON MS
224 AM CDT THU SEP 21 2017


...................................

...THE GREENVILLE CLIMATE SUMMARY FOR SEPTEMBER 20 2017...

CLIMATE NORMAL PERIOD 1981 TO 2010
CLIMATE RECORD PERIOD 1903 TO 2017


WEATHER ITEM   OBSERVED TIME   RECORD YEAR NORMAL DEPARTURE LAST
                VALUE   (LST)  VALUE       VALUE  FROM      YEAR
                                                  NORMAL
..................................................................
TEMPERATURE (F)
 YESTERDAY
  MAXIMUM         92    255 PM 101    2005  85      7       96
  MINIMUM         71   1143 PM  47    1991  61     10       65
  AVERAGE         82                        73      9       81

PRECIPITATION (IN)
  YESTERDAY        0.00          4.75 1958   0.09  -0.09     0.00
  MONTH TO DATE    1.72                      2.05  -0.33     0.20
  SINCE SEP 1      1.72                      2.05  -0.33     0.20
  SINCE JAN 1     30.91                     36.61  -5.70    42.09

SNOWFALL (IN)
  YESTERDAY        0.0

DEGREE DAYS
 HEATING
  YESTERDAY        0                         0      0        0
  MONTH TO DATE    3                         0      3        0
  SINCE SEP 1      3                         0      3        0
  SINCE JUL 1      3                         0      3        0

 COOLING
  YESTERDAY       17                         9      8       16
  MONTH TO DATE  179                       233    -54      344
  SINCE SEP 1    179                       233    -54      344
  SINCE JAN 1   1922                      2012    -90     2356
..................................................................


WIND (MPH)
  HIGHEST WIND SPEED    16   HIGHEST WIND DIRECTION     S (200)
  HIGHEST GUST SPEED    20   HIGHEST GUST DIRECTION    SW (240)
  AVERAGE WIND SPEED     6.4


SKY COVER
  POSSIBLE SUNSHINE  MM
  AVERAGE SKY COVER 0.0


WEATHER CONDITIONS
 THE FOLLOWING WEATHER WAS RECORDED YESTERDAY.
  NO SIGNIFICANT WEATHER WAS OBSERVED.


RELATIVE HUMIDITY (PERCENT)
 HIGHEST    94           700 AM
 LOWEST     49           300 PM
 AVERAGE    72

..........................................................


THE GREENVILLE CLIMATE NORMALS FOR TODAY
                         NORMAL    RECORD    YEAR
 MAXIMUM TEMPERATURE (F)   85       100      1925
 MINIMUM TEMPERATURE (F)   61        41      1918


SUNRISE AND SUNSET
SEPTEMBER 21 2017.....SUNRISE   652 AM CDT   SUNSET   702 PM CDT
SEPTEMBER 22 2017.....SUNRISE   652 AM CDT   SUNSET   700 PM CDT


-  INDICATES NEGATIVE NUMBERS.
R  INDICATES RECORD WAS SET OR TIED.
MM INDICATES DATA IS MISSING.
T  INDICATES TRACE AMOUNT.




$$
