000
CDUS44 KJAN 060629
CLIGLH


CLIMATE REPORT
NATIONAL WEATHER SERVICE JACKSON MS
126 AM CDT FRI MAY 6 2016


...................................

...THE GREENVILLE CLIMATE SUMMARY FOR MAY 5 2016...

CLIMATE NORMAL PERIOD 1981 TO 2010
CLIMATE RECORD PERIOD 1920 TO 2016


WEATHER ITEM   OBSERVED TIME   RECORD YEAR NORMAL DEPARTURE LAST
                VALUE   (LST)  VALUE       VALUE  FROM      YEAR
                                                  NORMAL
..................................................................
TEMPERATURE (F)
 YESTERDAY
  MAXIMUM         74    355 PM  93    1943  80     -6       87
  MINIMUM         51    521 AM  43    1957  59     -8       65
                                      1921
  AVERAGE         63                        69     -6       76

PRECIPITATION (IN)
  YESTERDAY        0.00          2.34 1958   0.19  -0.19     0.00
  MONTH TO DATE    0.17                      0.90  -0.73     0.00
  SINCE MAR 1     20.46                     10.26  10.20     8.89
  SINCE JAN 1     26.97                     20.25   6.72    15.34

SNOWFALL (IN)
  YESTERDAY        0.0

DEGREE DAYS
 HEATING
  YESTERDAY        2                         1      1        0
  MONTH TO DATE    4                         5     -1        3
  SINCE MAR 1    242                       457   -215      377
  SINCE JUL 1   1922                      2766   -844     2864

 COOLING
  YESTERDAY        0                         5     -5       11
  MONTH TO DATE   11                        24    -13       22
  SINCE MAR 1    133                       105     28      120
  SINCE JAN 1    137                       110     27      120
..................................................................


WIND (MPH)
  HIGHEST WIND SPEED    22   HIGHEST WIND DIRECTION     N (350)
  HIGHEST GUST SPEED    28   HIGHEST GUST DIRECTION     N (360)
  AVERAGE WIND SPEED     7.7


SKY COVER
  POSSIBLE SUNSHINE  MM
  AVERAGE SKY COVER 0.0


WEATHER CONDITIONS
 THE FOLLOWING WEATHER WAS RECORDED YESTERDAY.
  NO SIGNIFICANT WEATHER WAS OBSERVED.


RELATIVE HUMIDITY (PERCENT)
 HIGHEST    77           500 AM
 LOWEST     33           100 PM
 AVERAGE    55

..........................................................


THE GREENVILLE CLIMATE NORMALS FOR TODAY
                         NORMAL    RECORD    YEAR
 MAXIMUM TEMPERATURE (F)   80        92      2012
                                             1955
 MINIMUM TEMPERATURE (F)   59        45      2005


SUNRISE AND SUNSET
MAY  6 2016...........SUNRISE   610 AM CDT   SUNSET   751 PM CDT
MAY  7 2016...........SUNRISE   609 AM CDT   SUNSET   752 PM CDT


-  INDICATES NEGATIVE NUMBERS.
R  INDICATES RECORD WAS SET OR TIED.
MM INDICATES DATA IS MISSING.
T  INDICATES TRACE AMOUNT.




$$
