000
CDUS44 KJAN 272116
CLIGLH


CLIMATE REPORT
NATIONAL WEATHER SERVICE JACKSON MS
414 PM CDT TUE SEP 27 2016


...................................

...THE GREENVILLE CLIMATE SUMMARY FOR SEPTEMBER 27 2016...
VALID TODAY AS OF 0400 PM LOCAL TIME.

CLIMATE NORMAL PERIOD 1981 TO 2010
CLIMATE RECORD PERIOD 1920 TO 2016


WEATHER ITEM   OBSERVED TIME   RECORD YEAR NORMAL DEPARTURE LAST
                VALUE   (LST)  VALUE       VALUE  FROM      YEAR
                                                  NORMAL
..................................................................
TEMPERATURE (F)
 TODAY
  MAXIMUM         83    123 PM  97    1939  83      0       90
  MINIMUM         61    607 AM  41    1942  59      2       64
  AVERAGE         72                        71      1       77

PRECIPITATION (IN)
  TODAY            0.00          2.65 1996   0.11  -0.11     0.00
  MONTH TO DATE    0.68                      2.73  -2.05     0.50
  SINCE SEP 1      0.68                      2.73  -2.05     0.50
  SINCE JAN 1     42.57                     37.29   5.28    27.83

SNOWFALL (IN)
  TODAY            0.0

DEGREE DAYS
 HEATING
  TODAY            0                         1     -1        0
  MONTH TO DATE    0                         2     -2        0
  SINCE SEP 1      0                         2     -2        0
  SINCE JUL 1      0                         2     -2        0

 COOLING
  TODAY            7                         6      1       12
  MONTH TO DATE  446                       284    162      351
  SINCE SEP 1    446                       284    162      351
  SINCE JAN 1   2458                      2063    395     2315
..................................................................


WIND (MPH)
  HIGHEST WIND SPEED    16   HIGHEST WIND DIRECTION    NE (30)
  HIGHEST GUST SPEED    20   HIGHEST GUST DIRECTION     N (10)
  AVERAGE WIND SPEED     8.8


SKY COVER
  POSSIBLE SUNSHINE  MM
  AVERAGE SKY COVER 0.0


WEATHER CONDITIONS
 THE FOLLOWING WEATHER WAS RECORDED TODAY.
  NO SIGNIFICANT WEATHER WAS OBSERVED.


RELATIVE HUMIDITY (PERCENT)
 HIGHEST    78           600 AM
 LOWEST     28           300 PM
 AVERAGE    53

..........................................................


THE GREENVILLE CLIMATE NORMALS FOR TOMORROW
                         NORMAL    RECORD    YEAR
 MAXIMUM TEMPERATURE (F)   83        96      1986
                                             1933
 MINIMUM TEMPERATURE (F)   58        41      1942


SUNRISE AND SUNSET
SEPTEMBER 27 2016.....SUNRISE   656 AM CDT   SUNSET   653 PM CDT
SEPTEMBER 28 2016.....SUNRISE   656 AM CDT   SUNSET   652 PM CDT


-  INDICATES NEGATIVE NUMBERS.
R  INDICATES RECORD WAS SET OR TIED.
MM INDICATES DATA IS MISSING.
T  INDICATES TRACE AMOUNT.




$$
