000
CDUS44 KJAN 302109
CLIGLH


CLIMATE REPORT
NATIONAL WEATHER SERVICE JACKSON MS
407 PM CDT SAT MAY 30 2015


...................................

...THE GREENVILLE CLIMATE SUMMARY FOR MAY 30 2015...
VALID TODAY AS OF 0400 PM LOCAL TIME.

CLIMATE NORMAL PERIOD 1981 TO 2010
CLIMATE RECORD PERIOD 1920 TO 2015


WEATHER ITEM   OBSERVED TIME   RECORD YEAR NORMAL DEPARTURE LAST
                VALUE   (LST)  VALUE       VALUE  FROM      YEAR
                                                  NORMAL
..................................................................
TEMPERATURE (F)
 TODAY
  MAXIMUM         85   1237 PM  99    1977  86     -1       83
  MINIMUM         68    118 PM  47    1984  66      2       70
  AVERAGE         77                        76      1       77

PRECIPITATION (IN)
  TODAY            0.54          2.29 1962   0.11   0.43     0.69
  MONTH TO DATE    4.45                      4.81  -0.36     5.07
  SINCE MAR 1     13.34                     14.17  -0.83    19.65
  SINCE JAN 1     19.79                     24.16  -4.37    23.95

SNOWFALL (IN)
  TODAY            0.0

DEGREE DAYS
 HEATING
  TODAY            0                         0      0        0
  MONTH TO DATE    8                        10     -2       32
  SINCE MAR 1    382                       462    -80      600
  SINCE JUL 1   2869                      2771     98     3207

 COOLING
  TODAY           12                        11      1       12
  MONTH TO DATE  276                       226     50      228
  SINCE MAR 1    374                       307     67      302
  SINCE JAN 1    374                       312     62      302
..................................................................


WIND (MPH)
  HIGHEST WIND SPEED    37   HIGHEST WIND DIRECTION     W (270)
  HIGHEST GUST SPEED    45   HIGHEST GUST DIRECTION     W (270)
  AVERAGE WIND SPEED    11.8


SKY COVER
  POSSIBLE SUNSHINE  MM
  AVERAGE SKY COVER 0.5


WEATHER CONDITIONS
 THE FOLLOWING WEATHER WAS RECORDED TODAY.
  THUNDERSTORM
  HEAVY RAIN
  LIGHT RAIN
  FOG


RELATIVE HUMIDITY (PERCENT)
 HIGHEST    97           400 AM
 LOWEST     69           100 PM
 AVERAGE    83

..........................................................


THE GREENVILLE CLIMATE NORMALS FOR TOMORROW
                         NORMAL    RECORD    YEAR
 MAXIMUM TEMPERATURE (F)   86       100      1977
 MINIMUM TEMPERATURE (F)   66        47      1984


SUNRISE AND SUNSET
MAY 30 2015...........SUNRISE   556 AM CDT   SUNSET   807 PM CDT
MAY 31 2015...........SUNRISE   555 AM CDT   SUNSET   808 PM CDT


-  INDICATES NEGATIVE NUMBERS.
R  INDICATES RECORD WAS SET OR TIED.
MM INDICATES DATA IS MISSING.
T  INDICATES TRACE AMOUNT.




$$
