000
CDUS44 KJAN 220632
CLIGLH


CLIMATE REPORT
NATIONAL WEATHER SERVICE JACKSON MS
1231 AM CST WED FEB 22 2017


...................................

...THE GREENVILLE CLIMATE SUMMARY FOR FEBRUARY 21 2017...

CLIMATE NORMAL PERIOD 1981 TO 2010
CLIMATE RECORD PERIOD 1920 TO 2017


WEATHER ITEM   OBSERVED TIME   RECORD YEAR NORMAL DEPARTURE LAST
                VALUE   (LST)  VALUE       VALUE  FROM      YEAR
                                                  NORMAL
..................................................................
TEMPERATURE (F)
 YESTERDAY
  MAXIMUM         67    443 PM  81    1922  59      8       71
  MINIMUM         50   1128 PM  20    1959  38     12       61
  AVERAGE         59                        48     11       66

PRECIPITATION (IN)
  YESTERDAY        0.07          3.57 1961   0.14  -0.07      T
  MONTH TO DATE    2.19                      4.01  -1.82     2.45
  SINCE DEC 1     10.16                     14.60  -4.44     9.33
  SINCE JAN 1      7.30                      8.98  -1.68     5.52

SNOWFALL (IN)
  YESTERDAY        0.0

DEGREE DAYS
 HEATING
  YESTERDAY        6                        17    -11        0
  MONTH TO DATE  228                       411   -183      308
  SINCE DEC 1   1208                      1738   -530     1315
  SINCE JUL 1   1477                      2200   -723     1565

 COOLING
  YESTERDAY        0                         0      0        1
  MONTH TO DATE   12                         0     12        4
  SINCE DEC 1     35                         4     31       39
  SINCE JAN 1     23                         1     22        4
..................................................................


WIND (MPH)
  HIGHEST WIND SPEED    15   HIGHEST WIND DIRECTION    SW (220)
  HIGHEST GUST SPEED    19   HIGHEST GUST DIRECTION     W (270)
  AVERAGE WIND SPEED     6.8


SKY COVER
  POSSIBLE SUNSHINE  MM
  AVERAGE SKY COVER 0.8


WEATHER CONDITIONS
 THE FOLLOWING WEATHER WAS RECORDED YESTERDAY.
  RAIN
  LIGHT RAIN
  FOG
  FOG W/VISIBILITY <= 1/4 MILE


RELATIVE HUMIDITY (PERCENT)
 HIGHEST   100          1000 PM
 LOWEST     63           400 PM
 AVERAGE    82

..........................................................


THE GREENVILLE CLIMATE NORMALS FOR TODAY
                         NORMAL    RECORD    YEAR
 MAXIMUM TEMPERATURE (F)   59        80      1922
 MINIMUM TEMPERATURE (F)   38        14      1963


SUNRISE AND SUNSET
FEBRUARY 22 2017......SUNRISE   640 AM CST   SUNSET   555 PM CST
FEBRUARY 23 2017......SUNRISE   639 AM CST   SUNSET   556 PM CST


-  INDICATES NEGATIVE NUMBERS.
R  INDICATES RECORD WAS SET OR TIED.
MM INDICATES DATA IS MISSING.
T  INDICATES TRACE AMOUNT.




$$
