000
CDUS44 KJAN 090824
CLIGLH


CLIMATE REPORT
NATIONAL WEATHER SERVICE JACKSON MS
222 AM CST TUE FEB 9 2016


...................................

...THE GREENVILLE CLIMATE SUMMARY FOR FEBRUARY 8 2016...

CLIMATE NORMAL PERIOD 1981 TO 2010
CLIMATE RECORD PERIOD 1920 TO 2016


WEATHER ITEM   OBSERVED TIME   RECORD YEAR NORMAL DEPARTURE LAST
                VALUE   (LST)  VALUE       VALUE  FROM      YEAR
                                                  NORMAL
..................................................................
TEMPERATURE (F)
 YESTERDAY
  MAXIMUM         51    143 PM  82    1950  55     -4       70
                                      1937
  MINIMUM         33   1142 PM  11    1933  34     -1       49
  AVERAGE         42                        45     -3       60

PRECIPITATION (IN)
  YESTERDAY        T             1.36 1980   0.19  -0.19     0.00
  MONTH TO DATE    1.43                      1.69  -0.26     0.17
  SINCE DEC 1      8.31                     12.28  -3.97     7.65
  SINCE JAN 1      4.50                      6.66  -2.16     3.54

SNOWFALL (IN)
  YESTERDAY        0.0

DEGREE DAYS
 HEATING
  YESTERDAY       23                        20      3        5
  MONTH TO DATE  131                       170    -39      173
  SINCE DEC 1   1138                      1497   -359     1402
  SINCE JUL 1   1388                      1959   -571     1942

 COOLING
  YESTERDAY        0                         0      0        0
  MONTH TO DATE    2                         0      2        0
  SINCE DEC 1     37                         4     33        0
  SINCE JAN 1      2                         1      1        0
..................................................................


WIND (MPH)
  HIGHEST WIND SPEED    28   HIGHEST WIND DIRECTION    NW (320)
  HIGHEST GUST SPEED    36   HIGHEST GUST DIRECTION    NW (310)
  AVERAGE WIND SPEED    13.3


SKY COVER
  POSSIBLE SUNSHINE  MM
  AVERAGE SKY COVER 0.3


WEATHER CONDITIONS
 THE FOLLOWING WEATHER WAS RECORDED YESTERDAY.
  LIGHT RAIN


RELATIVE HUMIDITY (PERCENT)
 HIGHEST    62           300 AM
 LOWEST     31           200 PM
 AVERAGE    47

..........................................................


THE GREENVILLE CLIMATE NORMALS FOR TODAY
                         NORMAL    RECORD    YEAR
 MAXIMUM TEMPERATURE (F)   55        91      1950
 MINIMUM TEMPERATURE (F)   35        11      1933


SUNRISE AND SUNSET
FEBRUARY  9 2016......SUNRISE   654 AM CST   SUNSET   543 PM CST
FEBRUARY 10 2016......SUNRISE   653 AM CST   SUNSET   544 PM CST


-  INDICATES NEGATIVE NUMBERS.
R  INDICATES RECORD WAS SET OR TIED.
MM INDICATES DATA IS MISSING.
T  INDICATES TRACE AMOUNT.




$$
