000
CDUS44 KJAN 250639
CLIGLH


CLIMATE REPORT
NATIONAL WEATHER SERVICE JACKSON MS
138 AM CDT THU AUG 25 2016


...................................

...THE GREENVILLE CLIMATE SUMMARY FOR AUGUST 24 2016...

CLIMATE NORMAL PERIOD 1981 TO 2010
CLIMATE RECORD PERIOD 1920 TO 2016


WEATHER ITEM   OBSERVED TIME   RECORD YEAR NORMAL DEPARTURE LAST
                VALUE   (LST)  VALUE       VALUE  FROM      YEAR
                                                  NORMAL
..................................................................
TEMPERATURE (F)
 YESTERDAY
  MAXIMUM         95    435 PM 102    1983  92      3       88
  MINIMUM         75    553 AM  57    2009  70      5       67
  AVERAGE         85                        81      4       78

PRECIPITATION (IN)
  YESTERDAY        T             1.18 2004   0.10  -0.10     0.08
  MONTH TO DATE    6.43                      1.76   4.67     1.76
  SINCE JUN 1     12.83                      9.60   3.23     7.36
  SINCE JAN 1     41.36                     33.86   7.50    27.33

SNOWFALL (IN)
  YESTERDAY        0.0

DEGREE DAYS
 HEATING
  YESTERDAY        0                         0      0        0
  MONTH TO DATE    0                         0      0        0
  SINCE JUN 1      0                         0      0        0
  SINCE JUL 1      0                         0      0        0

 COOLING
  YESTERDAY       20                        16      4       13
  MONTH TO DATE  437                       403     34      424
  SINCE JUN 1   1532                      1350    182     1500
  SINCE JAN 1   1874                      1672    202     1881
..................................................................


WIND (MPH)
  HIGHEST WIND SPEED     9   HIGHEST WIND DIRECTION     S (200)
  HIGHEST GUST SPEED    12   HIGHEST GUST DIRECTION    SW (210)
  AVERAGE WIND SPEED     3.3


SKY COVER
  POSSIBLE SUNSHINE  MM
  AVERAGE SKY COVER 0.1


WEATHER CONDITIONS
 THE FOLLOWING WEATHER WAS RECORDED YESTERDAY.
  LIGHT RAIN
  FOG


RELATIVE HUMIDITY (PERCENT)
 HIGHEST    94           300 AM
 LOWEST     49           300 PM
 AVERAGE    72

..........................................................


THE GREENVILLE CLIMATE NORMALS FOR TODAY
                         NORMAL    RECORD    YEAR
 MAXIMUM TEMPERATURE (F)   92       102      1938
 MINIMUM TEMPERATURE (F)   70        57      1923


SUNRISE AND SUNSET
AUGUST 25 2016........SUNRISE   634 AM CDT   SUNSET   737 PM CDT
AUGUST 26 2016........SUNRISE   634 AM CDT   SUNSET   736 PM CDT


-  INDICATES NEGATIVE NUMBERS.
R  INDICATES RECORD WAS SET OR TIED.
MM INDICATES DATA IS MISSING.
T  INDICATES TRACE AMOUNT.




$$
