000
CDUS44 KJAN 010700
CLIGLH


CLIMATE REPORT
NATIONAL WEATHER SERVICE JACKSON MS
153 AM CDT MON SEP 1 2014


...................................

...THE GREENVILLE CLIMATE SUMMARY FOR AUGUST 31 2014...

CLIMATE NORMAL PERIOD 1981 TO 2010
CLIMATE RECORD PERIOD 1920 TO 2014


WEATHER ITEM   OBSERVED TIME   RECORD YEAR NORMAL DEPARTURE LAST
                VALUE   (LST)  VALUE       VALUE  FROM      YEAR
                                                  NORMAL
..................................................................
TEMPERATURE (F)
 YESTERDAY
  MAXIMUM         89    130 PM 104    1985  91     -2       98
  MINIMUM         74    629 AM  54    1946  69      5       72
  AVERAGE         82                        80      2       85

PRECIPITATION (IN)
  YESTERDAY        0.21          4.20 1950   0.11   0.10     0.00
  MONTH TO DATE    3.90                      2.46   1.44     0.78
  SINCE JUN 1     15.59                     10.30   5.29     4.02
  SINCE JAN 1     39.72                     34.56   5.16    28.98

SNOWFALL (IN)
  YESTERDAY        0.0

DEGREE DAYS
 HEATING
  YESTERDAY        0                         0      0        0
  MONTH TO DATE    0                         0      0        0
  SINCE JUN 1      0                         0      0        0
  SINCE JUL 1      0                         0      0        0

 COOLING
  YESTERDAY       17                        15      2       20
  MONTH TO DATE  488                       510    -22      508
  SINCE JUN 1   1352                      1457   -105     1444
  SINCE JAN 1   1667                      1779   -112     1727
..................................................................


WIND (MPH)
  HIGHEST WIND SPEED    24   HIGHEST WIND DIRECTION     S (180)
  HIGHEST GUST SPEED    30   HIGHEST GUST DIRECTION     S (190)
  AVERAGE WIND SPEED     7.5


SKY COVER
  POSSIBLE SUNSHINE  MM
  AVERAGE SKY COVER 0.6


WEATHER CONDITIONS
 THE FOLLOWING WEATHER WAS RECORDED YESTERDAY.
  THUNDERSTORM
  HEAVY RAIN
  RAIN
  LIGHT RAIN
  FOG
  HAZE


RELATIVE HUMIDITY (PERCENT)
 HIGHEST    94          1200 AM
 LOWEST     63           200 PM
 AVERAGE    79

..........................................................


THE GREENVILLE CLIMATE NORMALS FOR TODAY
                         NORMAL    RECORD    YEAR
 MAXIMUM TEMPERATURE (F)   91       101      1952
                                             1947
 MINIMUM TEMPERATURE (F)   68        55      1987


SUNRISE AND SUNSET
SEPTEMBER  1 2014.....SUNRISE   638 AM CDT   SUNSET   729 PM CDT
SEPTEMBER  2 2014.....SUNRISE   639 AM CDT   SUNSET   728 PM CDT


-  INDICATES NEGATIVE NUMBERS.
R  INDICATES RECORD WAS SET OR TIED.
MM INDICATES DATA IS MISSING.
T  INDICATES TRACE AMOUNT.




$$
