000
CDUS44 KJAN 290637
CLIGLH


CLIMATE REPORT
NATIONAL WEATHER SERVICE JACKSON MS
135 AM CDT SAT JUL 29 2017


...................................

...THE GREENVILLE CLIMATE SUMMARY FOR JULY 28 2017...

CLIMATE NORMAL PERIOD 1981 TO 2010
CLIMATE RECORD PERIOD 1903 TO 2017


WEATHER ITEM   OBSERVED TIME   RECORD YEAR NORMAL DEPARTURE LAST
                VALUE   (LST)  VALUE       VALUE  FROM      YEAR
                                                  NORMAL
..................................................................
TEMPERATURE (F)
 YESTERDAY
  MAXIMUM         89    527 PM 106    1930  92     -3       82
  MINIMUM         77   1159 PM  61    2004  72      5       75
                                      1911
  AVERAGE         83                        82      1       79

PRECIPITATION (IN)
  YESTERDAY        0.00          4.05 1945   0.09  -0.09     0.06
  MONTH TO DATE    2.35                      3.53  -1.18     4.81
  SINCE JUN 1      6.83                      7.57  -0.74     6.06
  SINCE JAN 1     23.21                     31.83  -8.62    34.59

SNOWFALL (IN)
  YESTERDAY        0.0

DEGREE DAYS
 HEATING
  YESTERDAY        0                         0      0        0
  MONTH TO DATE    0                         0      0        0
  SINCE JUN 1      0                         0      0        0
  SINCE JUL 1      0                         0      0        0

 COOLING
  YESTERDAY       18                        17      1       14
  MONTH TO DATE  478                       474      4      541
  SINCE JUN 1    844                       894    -50     1041
  SINCE JAN 1   1241                      1216     25     1383
..................................................................


WIND (MPH)
  HIGHEST WIND SPEED    13   HIGHEST WIND DIRECTION     N (340)
  HIGHEST GUST SPEED    16   HIGHEST GUST DIRECTION     W (280)
  AVERAGE WIND SPEED     6.8


SKY COVER
  POSSIBLE SUNSHINE  MM
  AVERAGE SKY COVER 0.5


WEATHER CONDITIONS
 THE FOLLOWING WEATHER WAS RECORDED YESTERDAY.
  NO SIGNIFICANT WEATHER WAS OBSERVED.


RELATIVE HUMIDITY (PERCENT)
 HIGHEST    91          1200 AM
 LOWEST     64           500 PM
 AVERAGE    78

..........................................................


THE GREENVILLE CLIMATE NORMALS FOR TODAY
                         NORMAL    RECORD    YEAR
 MAXIMUM TEMPERATURE (F)   92       110      1930
 MINIMUM TEMPERATURE (F)   72        63      2014
                                             1994


SUNRISE AND SUNSET
JULY 29 2017..........SUNRISE   614 AM CDT   SUNSET   806 PM CDT
JULY 30 2017..........SUNRISE   615 AM CDT   SUNSET   805 PM CDT


-  INDICATES NEGATIVE NUMBERS.
R  INDICATES RECORD WAS SET OR TIED.
MM INDICATES DATA IS MISSING.
T  INDICATES TRACE AMOUNT.




$$
