000
CDUS44 KHGX 180728
CLIGLS


CLIMATE REPORT
NATIONAL WEATHER SERVICE HOUSTON/GALVESTON TX
218 AM CDT FRI APR 18 2014


...................................

...THE GALVESTON CLIMATE SUMMARY FOR APRIL 17 2014...

CLIMATE NORMAL PERIOD 1981 TO 2010
CLIMATE RECORD PERIOD 1875 TO 2014


WEATHER ITEM   OBSERVED TIME   RECORD YEAR NORMAL DEPARTURE LAST
                VALUE   (LST)  VALUE       VALUE  FROM      YEAR
                                                  NORMAL
..................................................................
TEMPERATURE (F)
 YESTERDAY
  MAXIMUM         66   1052 AM  83    1918  76    -10       76
  MINIMUM         62   1159 PM  43    1921  65     -3       72
  AVERAGE         64                        70     -6       74

PRECIPITATION (IN)
  YESTERDAY        0.03          4.99 1973   0.11  -0.08     0.00
  MONTH TO DATE    0.10                      1.83  -1.73     2.42
  SINCE MAR 1      1.92                      4.99  -3.07     3.14
  SINCE JAN 1      4.97                     11.76  -6.79    12.56

SNOWFALL (IN)
  YESTERDAY        0.0          MM      MM  MM     MM        0.0
  MONTH TO DATE    0.0                      MM     MM        0.0
  SINCE MAR 1      0.0                      MM     MM        0.0
  SINCE JUL 1      T                        MM     MM        0.0
  SNOW DEPTH       0

DEGREE DAYS
 HEATING
  YESTERDAY        1                         0      1        0
  MONTH TO DATE   20                        16      4       24
  SINCE MAR 1    186                       119     67      124
  SINCE JUL 1   1425                      1007    418      734

 COOLING
  YESTERDAY        0                         6     -6        9
  MONTH TO DATE   55                        78    -23       71
  SINCE MAR 1     76                       131    -55      139
  SINCE JAN 1     83                       148    -65      175
..................................................................


WIND (MPH)
  RESULTANT WIND SPEED  12   RESULTANT WIND DIRECTION   E (90)
  HIGHEST WIND SPEED    24   HIGHEST WIND DIRECTION     E (80)
  HIGHEST GUST SPEED    30   HIGHEST GUST DIRECTION     E (80)
  AVERAGE WIND SPEED    13.3


SKY COVER
  AVERAGE SKY COVER 1.0


WEATHER CONDITIONS
 THE FOLLOWING WEATHER WAS RECORDED YESTERDAY.
  THUNDERSTORM
  LIGHT RAIN
  FOG


RELATIVE HUMIDITY (PERCENT)
 HIGHEST    87
 LOWEST     73
 AVERAGE    80

..........................................................


THE GALVESTON CLIMATE NORMALS FOR TODAY
                         NORMAL    RECORD    YEAR
 MAXIMUM TEMPERATURE (F)   76        85      1988
 MINIMUM TEMPERATURE (F)   65        44      1901


SUNRISE AND SUNSET
APRIL 18 2014.........SUNRISE   650 AM CDT   SUNSET   748 PM CDT
APRIL 19 2014.........SUNRISE   649 AM CDT   SUNSET   748 PM CDT


-  INDICATES NEGATIVE NUMBERS.
R  INDICATES RECORD WAS SET OR TIED.
MM INDICATES DATA IS MISSING.
T  INDICATES TRACE AMOUNT.




$$
