000
CDUS44 KHGX 270718
CLIGLS


CLIMATE REPORT
NATIONAL WEATHER SERVICE HOUSTON/GALVESTON TX
117 AM CST MON FEB 27 2017


...................................

...THE GALVESTON CLIMATE SUMMARY FOR FEBRUARY 26 2017...

CLIMATE NORMAL PERIOD 1981 TO 2010
CLIMATE RECORD PERIOD 1875 TO 2017


WEATHER ITEM   OBSERVED TIME   RECORD YEAR NORMAL DEPARTURE LAST
                VALUE   (LST)  VALUE       VALUE  FROM      YEAR
                                                  NORMAL
..................................................................
TEMPERATURE (F)
 YESTERDAY
  MAXIMUM         74    109 PM  79    1971  67      7       58
  MINIMUM         58    144 AM  33    1935  53      5       46
  AVERAGE         66                        60      6       52

PRECIPITATION (IN)
  YESTERDAY        0.00          3.09 1971   0.09  -0.09     0.00
  MONTH TO DATE    3.38                      2.39   0.99     0.89
  SINCE DEC 1     15.35                     10.11   5.24     7.45
  SINCE JAN 1      4.27                      6.59  -2.32     3.96

SNOWFALL (IN)
  YESTERDAY        0.0          MM      MM  MM     MM        0.0
  MONTH TO DATE    0.0                      MM     MM        0.0
  SINCE DEC 1      0.0                       0.0    0.0      0.0
  SINCE JUL 1      0.0                       0.0    0.0      0.0
  SNOW DEPTH       0

DEGREE DAYS
 HEATING
  YESTERDAY        0                         6     -6       13
  MONTH TO DATE   30                       206   -176      151
  SINCE DEC 1    298                       772   -474      641
  SINCE JUL 1    310                       875   -565      694

 COOLING
  YESTERDAY        1                         1      0        0
  MONTH TO DATE   92                         6     86        9
  SINCE DEC 1    239                        30    209       60
  SINCE JAN 1    161                        11    150       10
..................................................................


WIND (MPH)
  RESULTANT WIND SPEED  12   RESULTANT WIND DIRECTION  SE (120)
  HIGHEST WIND SPEED    18   HIGHEST WIND DIRECTION     E (110)
  HIGHEST GUST SPEED    23   HIGHEST GUST DIRECTION     E (100)
  AVERAGE WIND SPEED    12.7


SKY COVER
  AVERAGE SKY COVER 0.4


WEATHER CONDITIONS
 THE FOLLOWING WEATHER WAS RECORDED YESTERDAY.
  NO SIGNIFICANT WEATHER WAS OBSERVED.


RELATIVE HUMIDITY (PERCENT)
 HIGHEST    90
 LOWEST     60
 AVERAGE    75

..........................................................


THE GALVESTON CLIMATE NORMALS FOR TODAY
                         NORMAL    RECORD    YEAR
 MAXIMUM TEMPERATURE (F)   67        80      1956
 MINIMUM TEMPERATURE (F)   53        32      2002


SUNRISE AND SUNSET
FEBRUARY 27 2017......SUNRISE   647 AM CST   SUNSET   618 PM CST
FEBRUARY 28 2017......SUNRISE   646 AM CST   SUNSET   619 PM CST


-  INDICATES NEGATIVE NUMBERS.
R  INDICATES RECORD WAS SET OR TIED.
MM INDICATES DATA IS MISSING.
T  INDICATES TRACE AMOUNT.




$$
