000
CDUS44 KHGX 280722
CLIGLS


CLIMATE REPORT
NATIONAL WEATHER SERVICE HOUSTON/GALVESTON TX
221 AM CDT THU MAY 28 2015


...................................

...THE GALVESTON CLIMATE SUMMARY FOR MAY 27 2015...

CLIMATE NORMAL PERIOD 1981 TO 2010
CLIMATE RECORD PERIOD 1875 TO 2015


WEATHER ITEM   OBSERVED TIME   RECORD YEAR NORMAL DEPARTURE LAST
                VALUE   (LST)  VALUE       VALUE  FROM      YEAR
                                                  NORMAL
..................................................................
TEMPERATURE (F)
 YESTERDAY
  MAXIMUM         82    412 PM  90    1922  86     -4       78
  MINIMUM         68    732 AM  57    1961  75     -7       67
  AVERAGE         75                        80     -5       73

PRECIPITATION (IN)
  YESTERDAY        0.59          5.24 1874   0.24   0.35     0.78
  MONTH TO DATE    2.87                      3.50  -0.63     1.18
  SINCE MAR 1     15.86                      9.71   6.15     3.10
  SINCE JAN 1     22.00                     16.48   5.52     6.15

SNOWFALL (IN)
  YESTERDAY        0.0          MM      MM  MM     MM        0.0
  MONTH TO DATE    0.0                      MM     MM        0.0
  SINCE MAR 1      0.0                      MM     MM        0.0
  SINCE JUL 1      0.0                      MM     MM         T
  SNOW DEPTH       0

DEGREE DAYS
 HEATING
  YESTERDAY        0                         0      0        0
  MONTH TO DATE    0                         0      0        0
  SINCE MAR 1    120                       121     -1      186
  SINCE JUL 1   1182                      1009    173     1425

 COOLING
  YESTERDAY       10                        15     -5        8
  MONTH TO DATE  361                       331     30      266
  SINCE MAR 1    638                       557     81      447
  SINCE JAN 1    644                       574     70      454
..................................................................


WIND (MPH)
  RESULTANT WIND SPEED  10   RESULTANT WIND DIRECTION  SE (130)
  HIGHEST WIND SPEED    33   HIGHEST WIND DIRECTION     N (10)
  HIGHEST GUST SPEED    41   HIGHEST GUST DIRECTION     N (10)
  AVERAGE WIND SPEED    13.1


SKY COVER
  AVERAGE SKY COVER 0.5


WEATHER CONDITIONS
 THE FOLLOWING WEATHER WAS RECORDED YESTERDAY.
  THUNDERSTORM
  HEAVY RAIN
  RAIN
  LIGHT RAIN
  FOG


RELATIVE HUMIDITY (PERCENT)
 HIGHEST   100
 LOWEST     74
 AVERAGE    87

..........................................................


THE GALVESTON CLIMATE NORMALS FOR TODAY
                         NORMAL    RECORD    YEAR
 MAXIMUM TEMPERATURE (F)   86        90      2010
                                             1958
 MINIMUM TEMPERATURE (F)   75        62      1901


SUNRISE AND SUNSET
MAY 28 2015...........SUNRISE   622 AM CDT   SUNSET   812 PM CDT
MAY 29 2015...........SUNRISE   621 AM CDT   SUNSET   813 PM CDT


-  INDICATES NEGATIVE NUMBERS.
R  INDICATES RECORD WAS SET OR TIED.
MM INDICATES DATA IS MISSING.
T  INDICATES TRACE AMOUNT.




$$
