159
CDUS44 KHGX 140835
CLIGLS


CLIMATE REPORT
NATIONAL WEATHER SERVICE HOUSTON/GALVESTON TX
235 AM CST SUN FEB 14 2016


...................................

...THE GALVESTON CLIMATE SUMMARY FOR FEBRUARY 13 2016...

CLIMATE NORMAL PERIOD 1981 TO 2010
CLIMATE RECORD PERIOD 1875 TO 2016


WEATHER ITEM   OBSERVED TIME   RECORD YEAR NORMAL DEPARTURE LAST
                VALUE   (LST)  VALUE       VALUE  FROM      YEAR
                                                  NORMAL
..................................................................
TEMPERATURE (F)
 YESTERDAY
  MAXIMUM         65    114 PM  76    1923  64      1       59
  MINIMUM         55    417 AM  10    1899  51      4       51
  AVERAGE         60                        57      3       55

PRECIPITATION (IN)
  YESTERDAY        0.00          1.27 1906   0.09  -0.09     0.00
  MONTH TO DATE    0.03                      1.16  -1.13     0.44
  SINCE DEC 1      6.59                      8.88  -2.29     9.75
  SINCE JAN 1      3.10                      5.36  -2.26     5.88

SNOWFALL (IN)
  YESTERDAY        0.0           0.4  1960  MM     MM        0.0
  MONTH TO DATE    0.0                      MM     MM        0.0
  SINCE DEC 1      0.0                      MM     MM        0.0
  SINCE JUL 1      0.0                      MM     MM        0.0
  SNOW DEPTH       0

DEGREE DAYS
 HEATING
  YESTERDAY        5                         8     -3       10
  MONTH TO DATE  107                       114     -7      113
  SINCE DEC 1    597                       680    -83      731
  SINCE JUL 1    650                       783   -133      882

 COOLING
  YESTERDAY        0                         0      0        0
  MONTH TO DATE    1                         0      1        4
  SINCE DEC 1     52                        24     28       25
  SINCE JAN 1      2                         5     -3        4
..................................................................


WIND (MPH)
  RESULTANT WIND SPEED   9   RESULTANT WIND DIRECTION   E (100)
  HIGHEST WIND SPEED    20   HIGHEST WIND DIRECTION     E (90)
  HIGHEST GUST SPEED    24   HIGHEST GUST DIRECTION     E (80)
  AVERAGE WIND SPEED    10.5


SKY COVER
  AVERAGE SKY COVER 0.6


WEATHER CONDITIONS
 THE FOLLOWING WEATHER WAS RECORDED YESTERDAY.
  FOG
  FOG W/VISIBILITY <= 1/4 MILE


RELATIVE HUMIDITY (PERCENT)
 HIGHEST   100
 LOWEST     72
 AVERAGE    86

..........................................................


THE GALVESTON CLIMATE NORMALS FOR TODAY
                         NORMAL    RECORD    YEAR
 MAXIMUM TEMPERATURE (F)   64        76      1892
 MINIMUM TEMPERATURE (F)   51        22      1905


SUNRISE AND SUNSET
FEBRUARY 14 2016......SUNRISE   700 AM CST   SUNSET   608 PM CST
FEBRUARY 15 2016......SUNRISE   659 AM CST   SUNSET   609 PM CST


-  INDICATES NEGATIVE NUMBERS.
R  INDICATES RECORD WAS SET OR TIED.
MM INDICATES DATA IS MISSING.
T  INDICATES TRACE AMOUNT.




$$
