470
CDUS42 KJAX 240536
CLIGNV


CLIMATE REPORT
NATIONAL WEATHER SERVICE JACKSONVILLE FL
1236 AM EST TUE JAN 24 2017


...................................

...THE GAINESVILLE CLIMATE SUMMARY FOR JANUARY 23 2017...

CLIMATE NORMAL PERIOD 1981 TO 2010
CLIMATE RECORD PERIOD 1890 TO 2017


WEATHER ITEM   OBSERVED TIME   RECORD YEAR NORMAL DEPARTURE LAST
                VALUE   (LST)  VALUE       VALUE  FROM      YEAR
                                                  NORMAL
..................................................................
TEMPERATURE (F)
 YESTERDAY
  MAXIMUM         67    400 PM  86    1937  67      0       49
  MINIMUM         52    630 AM  23    1960  43      9       31
  AVERAGE         60                        54      6       40

PRECIPITATION (IN)
  YESTERDAY        0.05          2.12 1999   0.12  -0.07      T
  MONTH TO DATE    1.37                      2.35  -0.98     2.50
  SINCE DEC 1      4.06                      4.83  -0.77     4.47
  SINCE JAN 1      1.37                      2.35  -0.98     2.50

SNOWFALL (IN)
  YESTERDAY        0.0           0.0    MM   0.0    0.0      0.0
  MONTH TO DATE    0.0                       0.0    0.0      0.0
  SINCE DEC 1      0.0                       0.0    0.0      0.0
  SINCE JUL 1      0.0                       0.0    0.0      0.0
  SNOW DEPTH       0

DEGREE DAYS
 HEATING
  YESTERDAY        5                        11     -6       25
  MONTH TO DATE   96                       261   -165      296
  SINCE DEC 1    234                       557   -323      368
  SINCE JUL 1    340                       718   -378      407

 COOLING
  YESTERDAY        0                         0      0        0
  MONTH TO DATE   42                         0     42        2
  SINCE DEC 1    118                        22     96      148
  SINCE JAN 1     42                         0     42        2
..................................................................


WIND (MPH)
  HIGHEST WIND SPEED    28   HIGHEST WIND DIRECTION     W (270)
  HIGHEST GUST SPEED    34   HIGHEST GUST DIRECTION     W (280)
  AVERAGE WIND SPEED    11.7


SKY COVER
  POSSIBLE SUNSHINE  MM
  AVERAGE SKY COVER 0.6


WEATHER CONDITIONS
 THE FOLLOWING WEATHER WAS RECORDED YESTERDAY.
  LIGHT RAIN
  FOG
  HAZE


RELATIVE HUMIDITY (PERCENT)
 HIGHEST    95           545 AM
 LOWEST     64           400 PM
 AVERAGE    80

..........................................................


THE GAINESVILLE CLIMATE NORMALS FOR TODAY
                         NORMAL    RECORD    YEAR
 MAXIMUM TEMPERATURE (F)   67        85      1949
                                             1937
 MINIMUM TEMPERATURE (F)   43        18      1960


SUNRISE AND SUNSET
JANUARY 24 2017.......SUNRISE   723 AM EST   SUNSET   600 PM EST
JANUARY 25 2017.......SUNRISE   722 AM EST   SUNSET   601 PM EST


-  INDICATES NEGATIVE NUMBERS.
R  INDICATES RECORD WAS SET OR TIED.
MM INDICATES DATA IS MISSING.
T  INDICATES TRACE AMOUNT.




$$
