000
CDUS42 KJAX 012228
CLIGNV


CLIMATE REPORT
NATIONAL WEATHER SERVICE JACKSONVILLE FL
528 PM EST SUN FEB 1 2015


...................................

...THE GAINESVILLE CLIMATE SUMMARY FOR FEBRUARY 1 2015...
VALID TODAY AS OF 0500 PM LOCAL TIME.

CLIMATE NORMAL PERIOD 1981 TO 2010
CLIMATE RECORD PERIOD 1890 TO 2015


WEATHER ITEM   OBSERVED TIME   RECORD YEAR NORMAL DEPARTURE LAST
                VALUE   (LST)  VALUE       VALUE  FROM      YEAR
                                                  NORMAL
..................................................................
TEMPERATURE (F)
 TODAY
  MAXIMUM         73    416 PM  87    1903  68      5       77
  MINIMUM         39    227 AM  25    1977  43     -4       53
                                      1909
  AVERAGE         56                        56      0       65

PRECIPITATION (IN)
  TODAY            0.00          2.63 1947   0.11  -0.11      T
  MONTH TO DATE    0.00                      0.11  -0.11      T
  SINCE DEC 1      6.62                      5.90   0.72     8.99
  SINCE JAN 1      3.24                      3.42  -0.18     5.20

SNOWFALL (IN)
  TODAY            0.0           0.0    MM   0.0    0.0      0.0
  MONTH TO DATE    0.0                       0.0    0.0      0.0
  SINCE DEC 1      0.0                       0.0    0.0      0.0
  SINCE JUL 1      0.0                       0.0    0.0      0.0
  SNOW DEPTH       0

DEGREE DAYS
 HEATING
  TODAY            9                        10     -1        0
  MONTH TO DATE    9                        10     -1        0
  SINCE DEC 1    559                       651    -92      622
  SINCE JUL 1    824                       812     12      715

 COOLING
  TODAY            0                         0      0        0
  MONTH TO DATE    0                         0      0        0
  SINCE DEC 1     50                        34     16       65
  SINCE JAN 1     14                        12      2       10
..................................................................


WIND (MPH)
  HIGHEST WIND SPEED    21   HIGHEST WIND DIRECTION    SE (140)
  HIGHEST GUST SPEED    27   HIGHEST GUST DIRECTION    SE (150)
  AVERAGE WIND SPEED     6.5


SKY COVER
  POSSIBLE SUNSHINE  MM
  AVERAGE SKY COVER 0.1


WEATHER CONDITIONS
 THE FOLLOWING WEATHER WAS RECORDED TODAY.
  NO SIGNIFICANT WEATHER WAS OBSERVED.


RELATIVE HUMIDITY (PERCENT)
 HIGHEST   100           200 AM
 LOWEST     44           100 PM
 AVERAGE    72

..........................................................


THE GAINESVILLE CLIMATE NORMALS FOR TOMORROW
                         NORMAL    RECORD    YEAR
 MAXIMUM TEMPERATURE (F)   68        85      1950
                                             1902
 MINIMUM TEMPERATURE (F)   44        25      1980
                                             1900


SUNRISE AND SUNSET
FEBRUARY  1 2015......SUNRISE   719 AM EST   SUNSET   607 PM EST
FEBRUARY  2 2015......SUNRISE   718 AM EST   SUNSET   607 PM EST


-  INDICATES NEGATIVE NUMBERS.
R  INDICATES RECORD WAS SET OR TIED.
MM INDICATES DATA IS MISSING.
T  INDICATES TRACE AMOUNT.




$$
