000
CDUS45 KMSO 250740
CLIGPI


CLIMATE REPORT
NATIONAL WEATHER SERVICE MISSOULA, MT
140 AM MDT SAT MAR 25 2017


...................................

...THE KALISPELL MT CLIMATE SUMMARY FOR MARCH 24 2017...

CLIMATE NORMAL PERIOD 1981 TO 2010
CLIMATE RECORD PERIOD 1894 TO 2017


WEATHER ITEM   OBSERVED TIME   RECORD YEAR NORMAL DEPARTURE LAST
                VALUE   (LST)  VALUE       VALUE  FROM      YEAR
                                                  NORMAL
..................................................................
TEMPERATURE (F)
 YESTERDAY
  MAXIMUM         45    403 PM  66    1999  49     -4       48
  MINIMUM         23    425 AM  -7    1955  28     -5       37
  AVERAGE         34                        38     -4       43

PRECIPITATION (IN)
  YESTERDAY        0.07          0.19 1948   0.04   0.03     0.04
  MONTH TO DATE    2.24                      0.84   1.40     1.14
  SINCE OCT 1     13.22                      7.14   6.08     7.49
  SINCE JAN 1      5.99                      3.14   2.85     3.44

SNOWFALL (IN)
  YESTERDAY        0.0
  MONTH TO DATE   10.0
  SINCE JAN 1     53.0
  SINCE JUL 1     88.3
  SNOW DEPTH       0

DEGREE DAYS
 HEATING
  YESTERDAY       31                        27      4       22
  MONTH TO DATE  720                       740    -20      649
  SINCE MAR 1    720                       740    -20      649
  SINCE JUL 1   6920                      6592    328     5951

 COOLING
  YESTERDAY        0                         0      0        0
  MONTH TO DATE    0                         0      0        0
  SINCE MAR 1      0                         0      0        0
  SINCE JAN 1      0                         0      0        0
..................................................................


WIND (MPH)
  HIGHEST WIND SPEED    12   HIGHEST WIND DIRECTION    SE (150)
  HIGHEST GUST SPEED    14   HIGHEST GUST DIRECTION    SE (150)
  AVERAGE WIND SPEED     1.9


SKY COVER
  POSSIBLE SUNSHINE  MM
  AVERAGE SKY COVER 0.6


WEATHER CONDITIONS
 THE FOLLOWING WEATHER WAS RECORDED YESTERDAY.
  LIGHT RAIN
  FOG


RELATIVE HUMIDITY (PERCENT)
 HIGHEST    96           400 AM
 LOWEST     49           200 PM
 AVERAGE    73

..........................................................


THE KALISPELL MT CLIMATE NORMALS FOR TODAY
                         NORMAL    RECORD    YEAR
 MAXIMUM TEMPERATURE (F)   49        61      1999
 MINIMUM TEMPERATURE (F)   28       -14      1955


SUNRISE AND SUNSET
MARCH 25 2017.........SUNRISE   729 AM MDT   SUNSET   758 PM MDT
MARCH 26 2017.........SUNRISE   727 AM MDT   SUNSET   759 PM MDT


-  INDICATES NEGATIVE NUMBERS.
R  INDICATES RECORD WAS SET OR TIED.
MM INDICATES DATA IS MISSING.
T  INDICATES TRACE AMOUNT.




$$
