000
CDUS45 KMSO 220739
CLIGPI


CLIMATE REPORT
NATIONAL WEATHER SERVICE MISSOULA, MT
138 AM MDT FRI AUG 22 2014


...................................

...THE KALISPELL MT CLIMATE SUMMARY FOR AUGUST 21 2014...

CLIMATE NORMAL PERIOD 1981 TO 2010
CLIMATE RECORD PERIOD 1894 TO 2014


WEATHER ITEM   OBSERVED TIME   RECORD YEAR NORMAL DEPARTURE LAST
                VALUE   (LST)  VALUE       VALUE  FROM      YEAR
                                                  NORMAL
..................................................................
TEMPERATURE (F)
 YESTERDAY
  MAXIMUM         67    447 PM  95    1969  80    -13       85
  MINIMUM         54    525 AM  33    1966  46      8       37
                                      2000
  AVERAGE         61                        63     -2       61

PRECIPITATION (IN)
  YESTERDAY        0.12          0.86 1990   0.04   0.08     0.00
  MONTH TO DATE    1.10                      0.63   0.47     0.93
  SINCE OCT 1     18.43                     15.25   3.18    15.63
  SINCE JAN 1     13.98                     11.25   2.73    10.25

SNOWFALL (IN)
  YESTERDAY        0.0
  MONTH TO DATE    0.0
  SINCE JAN 1     38.2
  SINCE JUL 1      0.0
  SNOW DEPTH       0

DEGREE DAYS
 HEATING
  YESTERDAY        4                         3      1        4
  MONTH TO DATE   11                        50    -39       15
  SINCE JUN 1    278                       343    -65      220
  SINCE JUL 1     25                       127   -102       34

 COOLING
  YESTERDAY        0                         1     -1        0
  MONTH TO DATE   85                        52     33       81
  SINCE JUN 1    215                       132     83      222
  SINCE JAN 1    215                       135     80      222
..................................................................


WIND (MPH)
  HIGHEST WIND SPEED    22   HIGHEST WIND DIRECTION    NE (40)
  HIGHEST GUST SPEED    26   HIGHEST GUST DIRECTION    NE (40)
  AVERAGE WIND SPEED    11.8


SKY COVER
  POSSIBLE SUNSHINE  MM
  AVERAGE SKY COVER 0.6


WEATHER CONDITIONS
 THE FOLLOWING WEATHER WAS RECORDED YESTERDAY.
  LIGHT RAIN
  FOG


RELATIVE HUMIDITY (PERCENT)
 HIGHEST    86           300 AM
 LOWEST     52           400 PM
 AVERAGE    69

..........................................................


THE KALISPELL MT CLIMATE NORMALS FOR TODAY
                         NORMAL    RECORD    YEAR
 MAXIMUM TEMPERATURE (F)   80        96      1969
 MINIMUM TEMPERATURE (F)   46        33      2000


SUNRISE AND SUNSET
AUGUST 22 2014........SUNRISE   641 AM MDT   SUNSET   838 PM MDT
AUGUST 23 2014........SUNRISE   642 AM MDT   SUNSET   836 PM MDT


-  INDICATES NEGATIVE NUMBERS.
R  INDICATES RECORD WAS SET OR TIED.
MM INDICATES DATA IS MISSING.
T  INDICATES TRACE AMOUNT.




$$
