000
CDUS45 KMSO 090838
CLIGPI


CLIMATE REPORT
NATIONAL WEATHER SERVICE MISSOULA, MT
138 AM MST FRI DEC 9 2016


...................................

...THE KALISPELL MT CLIMATE SUMMARY FOR DECEMBER 8 2016...

CLIMATE NORMAL PERIOD 1981 TO 2010
CLIMATE RECORD PERIOD 1894 TO 2016


WEATHER ITEM   OBSERVED TIME   RECORD YEAR NORMAL DEPARTURE LAST
                VALUE   (LST)  VALUE       VALUE  FROM      YEAR
                                                  NORMAL
..................................................................
TEMPERATURE (F)
 YESTERDAY
  MAXIMUM         12   1251 PM  55    1938  31    -19       49
  MINIMUM         -2    714 AM -20    1972  17    -19       33
  AVERAGE          5                        24    -19       41

PRECIPITATION (IN)
  YESTERDAY        0.00          0.50 1929   0.05  -0.05     0.15
  MONTH TO DATE    0.39                      0.39   0.00     0.70
  SINCE OCT 1      5.87                      2.83   3.04     2.31
  SINCE JAN 1     18.96                     15.82   3.14     9.91

SNOWFALL (IN)
  YESTERDAY        0.0
  MONTH TO DATE    6.7
  SINCE JAN 1     23.0
  SINCE JUL 1      8.4
  SNOW DEPTH       3

DEGREE DAYS
 HEATING
  YESTERDAY       60                        41     19       24
  MONTH TO DATE  343                       321     22      266
  SINCE DEC 1    343                       321     22      266
  SINCE JUL 1   2302                      2525   -223     2285

 COOLING
  YESTERDAY        0                         0      0        0
  MONTH TO DATE    0                         0      0        0
  SINCE DEC 1      0                         0      0        0
  SINCE JAN 1    157                       147     10      248
..................................................................


WIND (MPH)
  HIGHEST WIND SPEED    23   HIGHEST WIND DIRECTION     N (20)
  HIGHEST GUST SPEED    28   HIGHEST GUST DIRECTION    NE (30)
  AVERAGE WIND SPEED    13.1


SKY COVER
  POSSIBLE SUNSHINE  MM
  AVERAGE SKY COVER 0.3


WEATHER CONDITIONS
 THE FOLLOWING WEATHER WAS RECORDED YESTERDAY.
  NO SIGNIFICANT WEATHER WAS OBSERVED.


RELATIVE HUMIDITY (PERCENT)
 HIGHEST    83          1200 AM
 LOWEST     63          1100 AM
 AVERAGE    73

..........................................................


THE KALISPELL MT CLIMATE NORMALS FOR TODAY
                         NORMAL    RECORD    YEAR
 MAXIMUM TEMPERATURE (F)   30        57      1979
 MINIMUM TEMPERATURE (F)   17       -24      1919


SUNRISE AND SUNSET
DECEMBER  9 2016......SUNRISE   817 AM MST   SUNSET   443 PM MST
DECEMBER 10 2016......SUNRISE   818 AM MST   SUNSET   443 PM MST


-  INDICATES NEGATIVE NUMBERS.
R  INDICATES RECORD WAS SET OR TIED.
MM INDICATES DATA IS MISSING.
T  INDICATES TRACE AMOUNT.




$$
