000
CDUS45 KMSO 282231
CLIGPI


CLIMATE REPORT
NATIONAL WEATHER SERVICE MISSOULA, MT
430 PM MDT FRI AUG 28 2015


...................................

...THE KALISPELL MT CLIMATE SUMMARY FOR AUGUST 28 2015...
VALID TODAY AS OF 0400 PM LOCAL TIME.

CLIMATE NORMAL PERIOD 1981 TO 2010
CLIMATE RECORD PERIOD 1894 TO 2015


WEATHER ITEM   OBSERVED TIME   RECORD YEAR NORMAL DEPARTURE LAST
                VALUE   (LST)  VALUE       VALUE  FROM      YEAR
                                                  NORMAL
..................................................................
TEMPERATURE (F)
 TODAY
  MAXIMUM         84    213 PM  93    1986  78      6       84
  MINIMUM         46    548 AM  30    2000  44      2       44
  AVERAGE         65                        61      4       64

PRECIPITATION (IN)
  TODAY            0.00          0.47 1975   0.03  -0.03     0.02
  MONTH TO DATE    0.07                      0.87  -0.80     1.38
  SINCE OCT 1     12.87                     15.49  -2.62    18.71
  SINCE JAN 1      6.79                     11.49  -4.70    14.26

SNOWFALL (IN)
  TODAY            0.0
  MONTH TO DATE    0.0
  SINCE JAN 1     32.9
  SINCE JUL 1      0.0
  SNOW DEPTH       0

DEGREE DAYS
 HEATING
  TODAY            0                         5     -5        1
  MONTH TO DATE   60                        80    -20       50
  SINCE JUN 1    201                       373   -172      317
  SINCE JUL 1    120                       157    -37       64

 COOLING
  TODAY            0                         1     -1        0
  MONTH TO DATE   81                        59     22       85
  SINCE JUN 1    246                       139    107      215
  SINCE JAN 1    246                       142    104      215
..................................................................


WIND (MPH)
  HIGHEST WIND SPEED     9   HIGHEST WIND DIRECTION     S (180)
  HIGHEST GUST SPEED    12   HIGHEST GUST DIRECTION    SW (220)
  AVERAGE WIND SPEED     2.4


SKY COVER
  POSSIBLE SUNSHINE  MM
  AVERAGE SKY COVER 0.9


WEATHER CONDITIONS
 THE FOLLOWING WEATHER WAS RECORDED TODAY.
  HAZE


RELATIVE HUMIDITY (PERCENT)
 HIGHEST    82           500 AM
 LOWEST     22           200 PM
 AVERAGE    52

..........................................................


THE KALISPELL MT CLIMATE NORMALS FOR TOMORROW
                         NORMAL    RECORD    YEAR
 MAXIMUM TEMPERATURE (F)   77        95      1972
 MINIMUM TEMPERATURE (F)   44        31      1969


SUNRISE AND SUNSET
AUGUST 28 2015........SUNRISE   649 AM MDT   SUNSET   827 PM MDT
AUGUST 29 2015........SUNRISE   650 AM MDT   SUNSET   825 PM MDT


-  INDICATES NEGATIVE NUMBERS.
R  INDICATES RECORD WAS SET OR TIED.
MM INDICATES DATA IS MISSING.
T  INDICATES TRACE AMOUNT.




$$
