000
CDUS45 KMSO 072243
CLIGPI


CLIMATE REPORT
NATIONAL WEATHER SERVICE MISSOULA, MT
443 PM MDT TUE JUL 7 2015


...................................

...THE KALISPELL MT CLIMATE SUMMARY FOR JULY 7 2015...
VALID TODAY AS OF 0400 PM LOCAL TIME.

CLIMATE NORMAL PERIOD 1981 TO 2010
CLIMATE RECORD PERIOD 1894 TO 2015


WEATHER ITEM   OBSERVED TIME   RECORD YEAR NORMAL DEPARTURE LAST
                VALUE   (LST)  VALUE       VALUE  FROM      YEAR
                                                  NORMAL
..................................................................
TEMPERATURE (F)
 TODAY
  MAXIMUM         74    256 PM  96    1968  79     -5       86
  MINIMUM         50    153 AM  31    1971  47      3       56
  AVERAGE         62                        63     -1       71

PRECIPITATION (IN)
  TODAY            0.26          0.47 1903   0.06   0.20      T
  MONTH TO DATE    0.26                      0.44  -0.18     0.10
  SINCE OCT 1     12.70                     13.61  -0.91    17.04
  SINCE JAN 1      6.62                      9.61  -2.99    12.59

SNOWFALL (IN)
  TODAY            0.0
  MONTH TO DATE    0.0
  SINCE JAN 1     32.9
  SINCE JUL 1      0.0
  SNOW DEPTH       0

DEGREE DAYS
 HEATING
  TODAY            3                         3      0        0
  MONTH TO DATE   16                        28    -12        0
  SINCE JUN 1     97                       244   -147      253
  SINCE JUL 1     16                        28    -12        0

 COOLING
  TODAY            0                         1     -1        6
  MONTH TO DATE   42                         7     35       23
  SINCE JUN 1    128                        20    108       23
  SINCE JAN 1    128                        23    105       23
..................................................................


WIND (MPH)
  HIGHEST WIND SPEED    21   HIGHEST WIND DIRECTION    NE (30)
  HIGHEST GUST SPEED    25   HIGHEST GUST DIRECTION    NE (30)
  AVERAGE WIND SPEED     5.6


SKY COVER
  POSSIBLE SUNSHINE  MM
  AVERAGE SKY COVER 0.6


WEATHER CONDITIONS
 THE FOLLOWING WEATHER WAS RECORDED TODAY.
  RAIN
  LIGHT RAIN
  FOG
  HAZE


RELATIVE HUMIDITY (PERCENT)
 HIGHEST    93           800 AM
 LOWEST     46           300 PM
 AVERAGE    70

..........................................................


THE KALISPELL MT CLIMATE NORMALS FOR TOMORROW
                         NORMAL    RECORD    YEAR
 MAXIMUM TEMPERATURE (F)   79        95      1964
 MINIMUM TEMPERATURE (F)   47        37      1957


SUNRISE AND SUNSET
JULY  7 2015..........SUNRISE   544 AM MDT   SUNSET   939 PM MDT
JULY  8 2015..........SUNRISE   545 AM MDT   SUNSET   939 PM MDT


-  INDICATES NEGATIVE NUMBERS.
R  INDICATES RECORD WAS SET OR TIED.
MM INDICATES DATA IS MISSING.
T  INDICATES TRACE AMOUNT.




$$
