000
CDUS45 KMSO 270738
CLIGPI


CLIMATE REPORT
NATIONAL WEATHER SERVICE MISSOULA, MT
138 AM MDT THU APR 27 2017


...................................

...THE KALISPELL MT CLIMATE SUMMARY FOR APRIL 26 2017...

CLIMATE NORMAL PERIOD 1981 TO 2010
CLIMATE RECORD PERIOD 1894 TO 2017


WEATHER ITEM   OBSERVED TIME   RECORD YEAR NORMAL DEPARTURE LAST
                VALUE   (LST)  VALUE       VALUE  FROM      YEAR
                                                  NORMAL
..................................................................
TEMPERATURE (F)
 YESTERDAY
  MAXIMUM         48    351 PM  77    1980  59    -11       63
  MINIMUM         37    416 AM  21    1961  33      4       43
  AVERAGE         43                        46     -3       53

PRECIPITATION (IN)
  YESTERDAY        0.29          0.48 2014   0.04   0.25      T
  MONTH TO DATE    1.92                      1.07   0.85     1.58
  SINCE OCT 1     15.61                      8.46   7.15     9.22
  SINCE JAN 1      8.38                      4.46   3.92     5.17

SNOWFALL (IN)
  YESTERDAY        0.0
  MONTH TO DATE    T
  SINCE JAN 1     54.5
  SINCE JUL 1     89.8
  SNOW DEPTH       0

DEGREE DAYS
 HEATING
  YESTERDAY       22                        19      3       12
  MONTH TO DATE  599                       567     32      395
  SINCE MAR 1   1479                      1486     -7     1225
  SINCE JUL 1   7679                      7338    341     6527

 COOLING
  YESTERDAY        0                         0      0        0
  MONTH TO DATE    0                         0      0        0
  SINCE MAR 1      0                         0      0        0
  SINCE JAN 1      0                         0      0        0
..................................................................


WIND (MPH)
  HIGHEST WIND SPEED    18   HIGHEST WIND DIRECTION     S (160)
  HIGHEST GUST SPEED    22   HIGHEST GUST DIRECTION     S (160)
  AVERAGE WIND SPEED     5.2


SKY COVER
  POSSIBLE SUNSHINE  MM
  AVERAGE SKY COVER 0.8


WEATHER CONDITIONS
 THE FOLLOWING WEATHER WAS RECORDED YESTERDAY.
  RAIN
  LIGHT RAIN
  FOG


RELATIVE HUMIDITY (PERCENT)
 HIGHEST   100           400 AM
 LOWEST     82          1100 AM
 AVERAGE    91

..........................................................


THE KALISPELL MT CLIMATE NORMALS FOR TODAY
                         NORMAL    RECORD    YEAR
 MAXIMUM TEMPERATURE (F)   60        80      1980
 MINIMUM TEMPERATURE (F)   33        18      1907


SUNRISE AND SUNSET
APRIL 27 2017.........SUNRISE   624 AM MDT   SUNSET   846 PM MDT
APRIL 28 2017.........SUNRISE   623 AM MDT   SUNSET   847 PM MDT


-  INDICATES NEGATIVE NUMBERS.
R  INDICATES RECORD WAS SET OR TIED.
MM INDICATES DATA IS MISSING.
T  INDICATES TRACE AMOUNT.




$$
