000
CDUS45 KMSO 270742
CLIGPI


CLIMATE REPORT
NATIONAL WEATHER SERVICE MISSOULA, MT
141 AM MDT FRI MAY 27 2016


...................................

...THE KALISPELL MT CLIMATE SUMMARY FOR MAY 26 2016...

CLIMATE NORMAL PERIOD 1981 TO 2010
CLIMATE RECORD PERIOD 1894 TO 2016


WEATHER ITEM   OBSERVED TIME   RECORD YEAR NORMAL DEPARTURE LAST
                VALUE   (LST)  VALUE       VALUE  FROM      YEAR
                                                  NORMAL
..................................................................
TEMPERATURE (F)
 YESTERDAY
  MAXIMUM         66   1238 PM  90    1986  68     -2       72
  MINIMUM         46    155 AM  25    1967  42      4       41
  AVERAGE         56                        54      2       57

PRECIPITATION (IN)
  YESTERDAY        0.24          0.73 2011   0.08   0.16      T
  MONTH TO DATE    3.08                      1.56   1.52     0.11
  SINCE OCT 1     12.30                     10.19   2.11    11.73
  SINCE JAN 1      8.25                      6.19   2.06     5.65

SNOWFALL (IN)
  YESTERDAY        0.0
  MONTH TO DATE    0.0
  SINCE JAN 1     14.6
  SINCE JUL 1     41.4
  SNOW DEPTH       0

DEGREE DAYS
 HEATING
  YESTERDAY        9                        11     -2        8
  MONTH TO DATE  293                       363    -70      310
  SINCE MAR 1   1586                      1922   -336     1734
  SINCE JUL 1   6888                      7774   -886     7184

 COOLING
  YESTERDAY        0                         0      0        0
  MONTH TO DATE    0                         0      0        0
  SINCE MAR 1      0                         0      0        0
  SINCE JAN 1      0                         0      0        0
..................................................................


WIND (MPH)
  HIGHEST WIND SPEED    15   HIGHEST WIND DIRECTION     S (190)
  HIGHEST GUST SPEED    19   HIGHEST GUST DIRECTION     S (190)
  AVERAGE WIND SPEED     5.5


SKY COVER
  POSSIBLE SUNSHINE  MM
  AVERAGE SKY COVER 0.9


WEATHER CONDITIONS
 THE FOLLOWING WEATHER WAS RECORDED YESTERDAY.
  HEAVY RAIN
  LIGHT RAIN
  FOG


RELATIVE HUMIDITY (PERCENT)
 HIGHEST   100          1200 AM
 LOWEST     60          1100 AM
 AVERAGE    80

..........................................................


THE KALISPELL MT CLIMATE NORMALS FOR TODAY
                         NORMAL    RECORD    YEAR
 MAXIMUM TEMPERATURE (F)   68        95      1936
 MINIMUM TEMPERATURE (F)   42        28      1918


SUNRISE AND SUNSET
MAY 27 2016...........SUNRISE   544 AM MDT   SUNSET   925 PM MDT
MAY 28 2016...........SUNRISE   543 AM MDT   SUNSET   926 PM MDT


-  INDICATES NEGATIVE NUMBERS.
R  INDICATES RECORD WAS SET OR TIED.
MM INDICATES DATA IS MISSING.
T  INDICATES TRACE AMOUNT.




$$
