000
CDUS45 KMSO 170737
CLIGPI


CLIMATE REPORT
NATIONAL WEATHER SERVICE MISSOULA, MT
137 AM MDT THU AUG 17 2017


...................................

...THE KALISPELL MT CLIMATE SUMMARY FOR AUGUST 16 2017...

CLIMATE NORMAL PERIOD 1981 TO 2010
CLIMATE RECORD PERIOD 1894 TO 2017


WEATHER ITEM   OBSERVED TIME   RECORD YEAR NORMAL DEPARTURE LAST
                VALUE   (LST)  VALUE       VALUE  FROM      YEAR
                                                  NORMAL
..................................................................
TEMPERATURE (F)
 YESTERDAY
  MAXIMUM         82    549 PM  98    1962  82      0       91
  MINIMUM         38    532 AM  35    1905  47     -9       52
  AVERAGE         60                        64     -4       72

PRECIPITATION (IN)
  YESTERDAY        0.00          0.47 1947   0.03  -0.03     0.00
  MONTH TO DATE    0.08                      0.47  -0.39     1.06
  SINCE OCT 1     18.48                     15.09   3.39    16.25
  SINCE JAN 1     11.25                     11.09   0.16    12.20

SNOWFALL (IN)
  YESTERDAY        0.0
  MONTH TO DATE    0.0
  SINCE JAN 1     54.5
  SINCE JUL 1      0.0
  SNOW DEPTH       0

DEGREE DAYS
 HEATING
  YESTERDAY        5                         3      2        0
  MONTH TO DATE   17                        35    -18       32
  SINCE JUN 1    181                       328   -147      290
  SINCE JUL 1     23                       112    -89      111

 COOLING
  YESTERDAY        0                         2     -2        7
  MONTH TO DATE   57                        43     14       37
  SINCE JUN 1    201                       123     78      138
  SINCE JAN 1    206                       126     80      138
..................................................................


WIND (MPH)
  HIGHEST WIND SPEED    14   HIGHEST WIND DIRECTION     S (160)
  HIGHEST GUST SPEED    19   HIGHEST GUST DIRECTION    SE (150)
  AVERAGE WIND SPEED     5.2


SKY COVER
  POSSIBLE SUNSHINE  MM
  AVERAGE SKY COVER 0.0


WEATHER CONDITIONS
 THE FOLLOWING WEATHER WAS RECORDED YESTERDAY.
  NO SIGNIFICANT WEATHER WAS OBSERVED.


RELATIVE HUMIDITY (PERCENT)
 HIGHEST   100           600 AM
 LOWEST     20           400 PM
 AVERAGE    60

..........................................................


THE KALISPELL MT CLIMATE NORMALS FOR TODAY
                         NORMAL    RECORD    YEAR
 MAXIMUM TEMPERATURE (F)   82        99      2008
 MINIMUM TEMPERATURE (F)   47        32      1969


SUNRISE AND SUNSET
AUGUST 17 2017........SUNRISE   634 AM MDT   SUNSET   847 PM MDT
AUGUST 18 2017........SUNRISE   636 AM MDT   SUNSET   845 PM MDT


-  INDICATES NEGATIVE NUMBERS.
R  INDICATES RECORD WAS SET OR TIED.
MM INDICATES DATA IS MISSING.
T  INDICATES TRACE AMOUNT.




$$
