000
CDUS45 KMSO 160838
CLIGPI


CLIMATE REPORT
NATIONAL WEATHER SERVICE MISSOULA, MT
137 AM MST MON JAN 16 2017


...................................

...THE KALISPELL MT CLIMATE SUMMARY FOR JANUARY 15 2017...

CLIMATE NORMAL PERIOD 1981 TO 2010
CLIMATE RECORD PERIOD 1894 TO 2017


WEATHER ITEM   OBSERVED TIME   RECORD YEAR NORMAL DEPARTURE LAST
                VALUE   (LST)  VALUE       VALUE  FROM      YEAR
                                                  NORMAL
..................................................................
TEMPERATURE (F)
 YESTERDAY
  MAXIMUM         18   1221 PM  48    1921  31    -13       32
  MINIMUM         12   1159 PM -25    2005  17     -5       25
  AVERAGE         15                        24     -9       29

PRECIPITATION (IN)
  YESTERDAY        T             0.39 1974   0.05  -0.05     0.01
  MONTH TO DATE    0.77                      0.74   0.03     0.31
  SINCE OCT 1      8.00                      4.74   3.26     4.36
  SINCE JAN 1      0.77                      0.74   0.03     0.31

SNOWFALL (IN)
  YESTERDAY        0.3
  MONTH TO DATE    9.4
  SINCE JAN 1      9.4
  SINCE JUL 1     44.7
  SNOW DEPTH      11

DEGREE DAYS
 HEATING
  YESTERDAY       50                        41      9       36
  MONTH TO DATE  888                       634    254      646
  SINCE DEC 1   2369                      1944    425     1838
  SINCE JUL 1   4328                      4148    180     3857

 COOLING
  YESTERDAY        0                         0      0        0
  MONTH TO DATE    0                         0      0        0
  SINCE DEC 1      0                         0      0        0
  SINCE JAN 1      0                         0      0        0
..................................................................


WIND (MPH)
  HIGHEST WIND SPEED     7   HIGHEST WIND DIRECTION    SE (150)
  HIGHEST GUST SPEED     8   HIGHEST GUST DIRECTION    NE (30)
  AVERAGE WIND SPEED     2.3


SKY COVER
  POSSIBLE SUNSHINE  MM
  AVERAGE SKY COVER 1.0


WEATHER CONDITIONS
 THE FOLLOWING WEATHER WAS RECORDED YESTERDAY.
  LIGHT SNOW
  FOG
  HAZE


RELATIVE HUMIDITY (PERCENT)
 HIGHEST    92          1000 PM
 LOWEST     80           400 AM
 AVERAGE    86

..........................................................


THE KALISPELL MT CLIMATE NORMALS FOR TODAY
                         NORMAL    RECORD    YEAR
 MAXIMUM TEMPERATURE (F)   31        48      1976
 MINIMUM TEMPERATURE (F)   17       -21      1916


SUNRISE AND SUNSET
JANUARY 16 2017.......SUNRISE   822 AM MST   SUNSET   512 PM MST
JANUARY 17 2017.......SUNRISE   821 AM MST   SUNSET   514 PM MST


-  INDICATES NEGATIVE NUMBERS.
R  INDICATES RECORD WAS SET OR TIED.
MM INDICATES DATA IS MISSING.
T  INDICATES TRACE AMOUNT.




$$
