000
CDUS45 KMSO 280738
CLIGPI


CLIMATE REPORT
NATIONAL WEATHER SERVICE MISSOULA, MT
1238 AM MST FRI NOV 28 2014


...................................

...THE KALISPELL MT CLIMATE SUMMARY FOR NOVEMBER 27 2014...

CLIMATE NORMAL PERIOD 1981 TO 2010
CLIMATE RECORD PERIOD 1894 TO 2014


WEATHER ITEM   OBSERVED TIME   RECORD YEAR NORMAL DEPARTURE LAST
                VALUE   (LST)  VALUE       VALUE  FROM      YEAR
                                                  NORMAL
..................................................................
TEMPERATURE (F)
 YESTERDAY
  MAXIMUM         49    753 PM  55    1949  34     15       28
  MINIMUM         32    338 AM  -9    1958  21     11       23
  AVERAGE         41                        28     13       26

PRECIPITATION (IN)
  YESTERDAY        0.08          0.31 1940   0.05   0.03     0.00
  MONTH TO DATE    2.40                      1.28   1.12     2.40
  SINCE OCT 1      3.59                      2.29   1.30     2.73
  SINCE JAN 1     19.07                     15.28   3.79    15.76

SNOWFALL (IN)
  YESTERDAY       MM
  MONTH TO DATE    2.3
  SINCE JAN 1     40.5
  SINCE JUL 1      2.3
  SNOW DEPTH       1

DEGREE DAYS
 HEATING
  YESTERDAY       24                        37    -13       39
  MONTH TO DATE  967                       883     84      900
  SINCE SEP 1   1794                      1921   -127     1925
  SINCE JUL 1   1871                      2091   -220     1966

 COOLING
  YESTERDAY        0                         0      0        0
  MONTH TO DATE    0                         0      0        0
  SINCE SEP 1      2                         4     -2       29
  SINCE JAN 1    217                       147     70      264
..................................................................


WIND (MPH)
  HIGHEST WIND SPEED    16   HIGHEST WIND DIRECTION    SE (130)
  HIGHEST GUST SPEED    19   HIGHEST GUST DIRECTION     S (200)
  AVERAGE WIND SPEED     5.4


SKY COVER
  POSSIBLE SUNSHINE  MM
  AVERAGE SKY COVER 1.0


WEATHER CONDITIONS
 THE FOLLOWING WEATHER WAS RECORDED YESTERDAY.
  LIGHT RAIN
  FOG


RELATIVE HUMIDITY (PERCENT)
 HIGHEST   100           300 AM
 LOWEST     70           600 PM
 AVERAGE    85

..........................................................


THE KALISPELL MT CLIMATE NORMALS FOR TODAY
                         NORMAL    RECORD    YEAR
 MAXIMUM TEMPERATURE (F)   34        51      1899
 MINIMUM TEMPERATURE (F)   21       -16      1985


SUNRISE AND SUNSET
NOVEMBER 28 2014......SUNRISE   803 AM MST   SUNSET   447 PM MST
NOVEMBER 29 2014......SUNRISE   804 AM MST   SUNSET   446 PM MST


-  INDICATES NEGATIVE NUMBERS.
R  INDICATES RECORD WAS SET OR TIED.
MM INDICATES DATA IS MISSING.
T  INDICATES TRACE AMOUNT.




$$
