000
CDUS45 KMSO 190806
CLIGPI


CLIMATE REPORT
NATIONAL WEATHER SERVICE MISSOULA, MT
106 AM MST FRI DEC 19 2014


...................................

...THE KALISPELL MT CLIMATE SUMMARY FOR DECEMBER 18 2014...

CLIMATE NORMAL PERIOD 1981 TO 2010
CLIMATE RECORD PERIOD 1894 TO 2014


WEATHER ITEM   OBSERVED TIME   RECORD YEAR NORMAL DEPARTURE LAST
                VALUE   (LST)  VALUE       VALUE  FROM      YEAR
                                                  NORMAL
..................................................................
TEMPERATURE (F)
 YESTERDAY
  MAXIMUM         34    501 PM  53    1917  29      5       40
  MINIMUM         29    759 AM -27    1924  15     14       18
  AVERAGE         32                        22     10       29

PRECIPITATION (IN)
  YESTERDAY        0.01          0.72 1990   0.05  -0.04     0.04
  MONTH TO DATE    0.94                      0.87   0.07     0.98
  SINCE OCT 1      4.67                      3.31   1.36     3.85
  SINCE JAN 1     20.15                     16.30   3.85    16.88

SNOWFALL (IN)
  YESTERDAY        0.1
  MONTH TO DATE    6.6
  SINCE JAN 1     55.1
  SINCE JUL 1     16.9
  SNOW DEPTH       T

DEGREE DAYS
 HEATING
  YESTERDAY       33                        43    -10       36
  MONTH TO DATE  685                       745    -60      834
  SINCE DEC 1    685                       745    -60      834
  SINCE JUL 1   2683                      2949   -266     2911

 COOLING
  YESTERDAY        0                         0      0        0
  MONTH TO DATE    0                         0      0        0
  SINCE DEC 1      0                         0      0        0
  SINCE JAN 1    217                       147     70      264
..................................................................


WIND (MPH)
  HIGHEST WIND SPEED     5   HIGHEST WIND DIRECTION    NW (310)
  HIGHEST GUST SPEED     6   HIGHEST GUST DIRECTION    SW (230)
  AVERAGE WIND SPEED     0.5


SKY COVER
  POSSIBLE SUNSHINE  MM
  AVERAGE SKY COVER 1.0


WEATHER CONDITIONS
 THE FOLLOWING WEATHER WAS RECORDED YESTERDAY.
  LIGHT SNOW
  FOG


RELATIVE HUMIDITY (PERCENT)
 HIGHEST   100           400 AM
 LOWEST     89          1200 PM
 AVERAGE    95

..........................................................


THE KALISPELL MT CLIMATE NORMALS FOR TODAY
                         NORMAL    RECORD    YEAR
 MAXIMUM TEMPERATURE (F)   29        49      2004
 MINIMUM TEMPERATURE (F)   15       -25      1924


SUNRISE AND SUNSET
DECEMBER 19 2014......SUNRISE   824 AM MST   SUNSET   444 PM MST
DECEMBER 20 2014......SUNRISE   825 AM MST   SUNSET   445 PM MST


-  INDICATES NEGATIVE NUMBERS.
R  INDICATES RECORD WAS SET OR TIED.
MM INDICATES DATA IS MISSING.
T  INDICATES TRACE AMOUNT.




$$
