000
CDUS43 KGRB 282143
CLIGRB


CLIMATE REPORT
NATIONAL WEATHER SERVICE GREEN BAY
442 PM CDT TUE JUL 28 2015


...................................

...THE GREEN BAY WI CLIMATE SUMMARY FOR JULY 28 2015...
VALID TODAY AS OF 0400 PM LOCAL TIME.

CLIMATE NORMAL PERIOD 1981 TO 2010
CLIMATE RECORD PERIOD 1886 TO 2015


WEATHER ITEM   OBSERVED TIME   RECORD YEAR NORMAL DEPARTURE LAST
                VALUE   (LST)  VALUE       VALUE  FROM      YEAR
                                                  NORMAL
..................................................................
TEMPERATURE (F)
 TODAY
  MAXIMUM         88   1256 PM 101    1916  80      8       74
  MINIMUM         59    446 AM  50    2005  58      1       51
                                      1989
                                      1967
  AVERAGE         74                        69      5       63

PRECIPITATION (IN)
  TODAY            0.00          2.25 2011   0.11  -0.11     0.00
  MONTH TO DATE    1.79                      3.18  -1.39     0.51
  SINCE JUN 1      5.03                      7.06  -2.03     4.56
  SINCE JAN 1     11.97                     16.71  -4.74    15.22

SNOWFALL (IN)
  TODAY            0.0           0.0    MM   0.0    0.0      0.0
  MONTH TO DATE    0.0                       0.0    0.0      0.0
  SINCE JUN 1      0.0                       0.0    0.0      0.0
  SINCE JUL 1      0.0                       0.0    0.0      0.0
  SNOW DEPTH       0

DEGREE DAYS
 HEATING
  TODAY            0                         1     -1        2
  MONTH TO DATE   19                        28     -9       15
  SINCE JUN 1     72                       120    -48       46
  SINCE JUL 1     19                        28     -9       15

 COOLING
  TODAY            9                         5      4        0
  MONTH TO DATE  147                       140      7       93
  SINCE JUN 1    214                       223     -9      199
  SINCE JAN 1    242                       241      1      215
..................................................................


WIND (MPH)
  HIGHEST WIND SPEED    17   HIGHEST WIND DIRECTION    SE (140)
  HIGHEST GUST SPEED    23   HIGHEST GUST DIRECTION     S (190)
  AVERAGE WIND SPEED     5.8


SKY COVER
  POSSIBLE SUNSHINE  MM
  AVERAGE SKY COVER 0.0


WEATHER CONDITIONS
 THE FOLLOWING WEATHER WAS RECORDED TODAY.
  FOG


RELATIVE HUMIDITY (PERCENT)
 HIGHEST    97           200 AM
 LOWEST     40           100 PM
 AVERAGE    69

..........................................................


THE GREEN BAY WI CLIMATE NORMALS FOR TOMORROW
                         NORMAL    RECORD    YEAR
 MAXIMUM TEMPERATURE (F)   80       101      1916
 MINIMUM TEMPERATURE (F)   58        44      1952


SUNRISE AND SUNSET
JULY 28 2015..........SUNRISE   535 AM CDT   SUNSET   823 PM CDT
JULY 29 2015..........SUNRISE   536 AM CDT   SUNSET   822 PM CDT


-  INDICATES NEGATIVE NUMBERS.
R  INDICATES RECORD WAS SET OR TIED.
MM INDICATES DATA IS MISSING.
T  INDICATES TRACE AMOUNT.




$$
