000
CDUS43 KGRB 020634
CLIGRB


CLIMATE REPORT
NATIONAL WEATHER SERVICE GREEN BAY
134 AM CDT TUE JUN 2 2015


...................................

...THE GREEN BAY WI CLIMATE SUMMARY FOR JUNE 1 2015...

CLIMATE NORMAL PERIOD 1981 TO 2010
CLIMATE RECORD PERIOD 1886 TO 2015


WEATHER ITEM   OBSERVED TIME   RECORD YEAR NORMAL DEPARTURE LAST
                VALUE   (LST)  VALUE       VALUE  FROM      YEAR
                                                  NORMAL
..................................................................
TEMPERATURE (F)
 YESTERDAY
  MAXIMUM         65    332 PM 101    1934  71     -6       86
  MINIMUM         44   1159 PM  34    1897  50     -6       65
  AVERAGE         55                        60     -5       76

PRECIPITATION (IN)
  YESTERDAY        0.00          1.74 1945   0.12  -0.12     0.75
  MONTH TO DATE    0.00                      0.12  -0.12     0.75
  SINCE JUN 1      0.00                      0.12  -0.12     0.75
  SINCE JAN 1      6.94                      9.77  -2.83    11.41

SNOWFALL (IN)
  YESTERDAY        0.0           0.0    MM   0.0    0.0      0.0
  MONTH TO DATE    0.0                       0.0    0.0      0.0
  SINCE JUN 1      0.0                       0.0    0.0      0.0
  SINCE JUL 1     32.7                      51.4  -18.7     72.1
  SNOW DEPTH       0

DEGREE DAYS
 HEATING
  YESTERDAY       10                         6      4        0
  MONTH TO DATE   10                         6      4        0
  SINCE JUN 1     10                         6      4        0
  SINCE JUL 1   7790                      7869    -79     8740

 COOLING
  YESTERDAY        0                         1     -1       11
  MONTH TO DATE    0                         1     -1       11
  SINCE JUN 1      0                         1     -1       11
  SINCE JAN 1     28                        19      9       27
..................................................................


WIND (MPH)
  HIGHEST WIND SPEED    15   HIGHEST WIND DIRECTION    NE (60)
  HIGHEST GUST SPEED    21   HIGHEST GUST DIRECTION     E (70)
  AVERAGE WIND SPEED     6.2


SKY COVER
  POSSIBLE SUNSHINE  MM
  AVERAGE SKY COVER 0.0


WEATHER CONDITIONS
 THE FOLLOWING WEATHER WAS RECORDED YESTERDAY.
  NO SIGNIFICANT WEATHER WAS OBSERVED.


RELATIVE HUMIDITY (PERCENT)
 HIGHEST    93          1100 PM
 LOWEST     39           100 PM
 AVERAGE    66

..........................................................


THE GREEN BAY WI CLIMATE NORMALS FOR TODAY
                         NORMAL    RECORD    YEAR
 MAXIMUM TEMPERATURE (F)   71        90      1944
 MINIMUM TEMPERATURE (F)   50        33      1956


SUNRISE AND SUNSET
JUNE  2 2015..........SUNRISE   511 AM CDT   SUNSET   831 PM CDT
JUNE  3 2015..........SUNRISE   510 AM CDT   SUNSET   832 PM CDT


-  INDICATES NEGATIVE NUMBERS.
R  INDICATES RECORD WAS SET OR TIED.
MM INDICATES DATA IS MISSING.
T  INDICATES TRACE AMOUNT.




$$
