977
CDUS43 KGRB 100632
CLIGRB


CLIMATE REPORT
NATIONAL WEATHER SERVICE GREEN BAY
1231 AM CST WED FEB 10 2016


...................................

...THE GREEN BAY WI CLIMATE SUMMARY FOR FEBRUARY 9 2016...

CLIMATE NORMAL PERIOD 1981 TO 2010
CLIMATE RECORD PERIOD 1886 TO 2016


WEATHER ITEM   OBSERVED TIME   RECORD YEAR NORMAL DEPARTURE LAST
                VALUE   (LST)  VALUE       VALUE  FROM      YEAR
                                                  NORMAL
..................................................................
TEMPERATURE (F)
 YESTERDAY
  MAXIMUM         20    138 PM  51    1925  27     -7       25
  MINIMUM         10   1156 PM -27    1888  11     -1       11
  AVERAGE         15                        19     -4       18

PRECIPITATION (IN)
  YESTERDAY        0.01          0.80 1894   0.04  -0.03      T
  MONTH TO DATE    0.98                      0.30   0.68     0.03
  SINCE DEC 1      8.02                      2.94   5.08     2.27
  SINCE JAN 1      2.31                      1.43   0.88     0.59

SNOWFALL (IN)
  YESTERDAY        0.3           8.0  1894   0.4   -0.1       T
  MONTH TO DATE   10.7                       3.4    7.3      0.8
  SINCE DEC 1     32.1                      29.5    2.6     13.1
  SINCE JUL 1     32.3                      33.7   -1.4     21.3
  SNOW DEPTH       9

DEGREE DAYS
 HEATING
  YESTERDAY       50                        46      4       47
  MONTH TO DATE  361                       424    -63      449
  SINCE DEC 1   2709                      3273   -564     3119
  SINCE JUL 1   3981                      5013  -1032     4956

 COOLING
  YESTERDAY        0                         0      0        0
  MONTH TO DATE    0                         0      0        0
  SINCE DEC 1      0                         0      0        0
  SINCE JAN 1      0                         0      0        0
..................................................................


WIND (MPH)
  HIGHEST WIND SPEED    23   HIGHEST WIND DIRECTION    NW (310)
  HIGHEST GUST SPEED    29   HIGHEST GUST DIRECTION    NW (330)
  AVERAGE WIND SPEED    12.2


SKY COVER
  POSSIBLE SUNSHINE  MM
  AVERAGE SKY COVER 0.9


WEATHER CONDITIONS
 THE FOLLOWING WEATHER WAS RECORDED YESTERDAY.
  LIGHT SNOW
  FOG
  HAZE


RELATIVE HUMIDITY (PERCENT)
 HIGHEST    84           700 AM
 LOWEST     56           500 PM
 AVERAGE    70

..........................................................


THE GREEN BAY WI CLIMATE NORMALS FOR TODAY
                         NORMAL    RECORD    YEAR
 MAXIMUM TEMPERATURE (F)   27        50      2009
 MINIMUM TEMPERATURE (F)   11       -33      1899


SUNRISE AND SUNSET
FEBRUARY 10 2016......SUNRISE   700 AM CST   SUNSET   514 PM CST
FEBRUARY 11 2016......SUNRISE   659 AM CST   SUNSET   515 PM CST


-  INDICATES NEGATIVE NUMBERS.
R  INDICATES RECORD WAS SET OR TIED.
MM INDICATES DATA IS MISSING.
T  INDICATES TRACE AMOUNT.




$$
