000
CDUS43 KGRB 050704
CLIGRB


CLIMATE REPORT
NATIONAL WEATHER SERVICE GREEN BAY
202 AM CDT SAT SEP 5 2015

...................................

...THE GREEN BAY WI CLIMATE SUMMARY FOR SEPTEMBER 4 2015...

CLIMATE NORMAL PERIOD 1981 TO 2010
CLIMATE RECORD PERIOD 1886 TO 2015

WEATHER ITEM   OBSERVED TIME   RECORD YEAR NORMAL DEPARTURE LAST
                VALUE   (LST)  VALUE       VALUE  FROM      YEAR
                                                  NORMAL
..................................................................
TEMPERATURE (F)
 YESTERDAY
  MAXIMUM         80    149 PM  90    1990  74      6       77
                                      1925
  MINIMUM         62   1159 PM  38    1974  53      9       65
  AVERAGE         71                        64      7       71

PRECIPITATION (IN)
  YESTERDAY        0.00          3.30 1889   0.10  -0.10     2.42
  MONTH TO DATE    0.14                      0.41  -0.27     2.69
  SINCE SEP 1      0.14                      0.41  -0.27     2.69
  SINCE JAN 1     16.34                     20.81  -4.47    23.41

SNOWFALL (IN)
  YESTERDAY        0.0           0.0    MM   0.0    0.0      0.0
  MONTH TO DATE    0.0                       0.0    0.0      0.0
  SINCE SEP 1      0.0                       0.0    0.0      0.0
  SINCE JUL 1      0.0                       0.0    0.0      0.0
  SNOW DEPTH       0

DEGREE DAYS
 HEATING
  YESTERDAY        0                         3     -3        0
  MONTH TO DATE    0                        12    -12        0
  SINCE SEP 1      0                        12    -12        0
  SINCE JUL 1     50                        75    -25       29

COOLING
  YESTERDAY        6                         2      4        6
  MONTH TO DATE   37                         8     29       11
  SINCE SEP 1     37                         8     29       11
  SINCE JAN 1    439                       370     69      354
..................................................................

WIND (MPH)
  HIGHEST WIND SPEED    12   HIGHEST WIND DIRECTION     E (90)
  HIGHEST GUST SPEED    15   HIGHEST GUST DIRECTION     E (100)
  AVERAGE WIND SPEED     5.0

SKY COVER
  POSSIBLE SUNSHINE  MM
  AVERAGE SKY COVER 0.5

WEATHER CONDITIONS
 THE FOLLOWING WEATHER WAS RECORDED YESTERDAY.
  FOG

RELATIVE HUMIDITY (PERCENT)
 HIGHEST    93          1200 AM
 LOWEST     67           100 PM
 AVERAGE    80
..........................................................

THE GREEN BAY WI CLIMATE NORMALS FOR TODAY
                         NORMAL    RECORD    YEAR
 MAXIMUM TEMPERATURE (F)   74        92      2007
 MINIMUM TEMPERATURE (F)   53        37      1957

SUNRISE AND SUNSET
SEPTEMBER  5 2015.....SUNRISE   619 AM CDT   SUNSET   722 PM CDT
SEPTEMBER  6 2015.....SUNRISE   621 AM CDT   SUNSET   720 PM CDT

-  INDICATES NEGATIVE NUMBERS.
R  INDICATES RECORD WAS SET OR TIED.
MM INDICATES DATA IS MISSING.
T  INDICATES TRACE AMOUNT.

$$
