000
CDUS43 KGID 040745 CCA
CLIGRI

CLIMATE REPORT...CORRECTED
NATIONAL WEATHER SERVICE HASTINGS NE
1233 AM CST WED MAR 4 2015

CORRECTED SNOW DEPTH

...................................

...THE GRAND ISLAND NE CLIMATE SUMMARY FOR MARCH 3 2015...

CLIMATE NORMAL PERIOD 1981 TO 2010
CLIMATE RECORD PERIOD 1895 TO 2015


WEATHER ITEM   OBSERVED TIME   RECORD YEAR NORMAL DEPARTURE LAST
                VALUE   (LST)  VALUE       VALUE  FROM      YEAR
                                                  NORMAL
..................................................................
TEMPERATURE (F)
 YESTERDAY
  MAXIMUM         33    304 PM  75    1905  45    -12       28
  MINIMUM         17   1159 PM -16    1960  24     -7       -4
  AVERAGE         25                        34     -9       12

PRECIPITATION (IN)
  YESTERDAY        0.01          0.71 1979   0.04  -0.03     0.00
  MONTH TO DATE    0.01                      0.11  -0.10     0.01
  SINCE MAR 1      0.01                      0.11  -0.10     0.01
  SINCE JAN 1      1.18                      1.32  -0.14     0.66

SNOWFALL (IN)
  YESTERDAY        0.2          10.2  1979   0.2    0.0      0.0
  MONTH TO DATE    0.2                       0.6   -0.4      0.1
  SINCE MAR 1      0.2                       0.6   -0.4      0.1
  SINCE JUL 1     23.1                      22.7    0.4     13.6
  SNOW DEPTH       0

DEGREE DAYS
 HEATING
  YESTERDAY       40                        31      9       53
  MONTH TO DATE  109                        93     16      173
  SINCE MAR 1    109                        93     16      173
  SINCE JUL 1   4846                      4854     -8     5008

 COOLING
  YESTERDAY        0                         0      0        0
  MONTH TO DATE    0                         0      0        0
  SINCE MAR 1      0                         0      0        0
  SINCE JAN 1      0                         0      0        0
..................................................................


WIND (MPH)
  HIGHEST WIND SPEED    35   HIGHEST WIND DIRECTION     N (350)
  HIGHEST GUST SPEED    42   HIGHEST GUST DIRECTION    NW (330)
  AVERAGE WIND SPEED    15.8


SKY COVER
  AVERAGE SKY COVER 0.7


WEATHER CONDITIONS
 THE FOLLOWING WEATHER WAS RECORDED YESTERDAY.
  LIGHT SNOW
  FOG
  HAZE


RELATIVE HUMIDITY (PERCENT)
 HIGHEST    85           500 AM
 LOWEST     31           500 PM
 AVERAGE    58

..........................................................


THE GRAND ISLAND NE CLIMATE NORMALS FOR TODAY
                         NORMAL    RECORD    YEAR
 MAXIMUM TEMPERATURE (F)   46        79      1905
 MINIMUM TEMPERATURE (F)   24       -21      1960


SUNRISE AND SUNSET
MARCH  4 2015.........SUNRISE   703 AM CST   SUNSET   628 PM CST
MARCH  5 2015.........SUNRISE   701 AM CST   SUNSET   629 PM CST


-  INDICATES NEGATIVE NUMBERS.
R  INDICATES RECORD WAS SET OR TIED.
MM INDICATES DATA IS MISSING.
T  INDICATES TRACE AMOUNT.




$$

BRYANT
