441
CDUS43 KGID 250912
CLIGRI


CLIMATE REPORT
NATIONAL WEATHER SERVICE HASTINGS NE
309 AM CST SAT FEB 25 2017


...................................

...THE GRAND ISLAND NE CLIMATE SUMMARY FOR FEBRUARY 24 2017...

CLIMATE NORMAL PERIOD 1981 TO 2010
CLIMATE RECORD PERIOD 1895 TO 2017


WEATHER ITEM   OBSERVED TIME   RECORD YEAR NORMAL DEPARTURE LAST
                VALUE   (LST)  VALUE       VALUE  FROM      YEAR
                                                  NORMAL
..................................................................
TEMPERATURE (F)
 YESTERDAY
  MAXIMUM         29   1232 AM  74    1918  43    -14       52
  MINIMUM         15   1159 PM -17    1965  21     -6       24
  AVERAGE         22                        32    -10       38

PRECIPITATION (IN)
  YESTERDAY        0.14          0.46 2001   0.03   0.11      T
  MONTH TO DATE    0.25                      0.56  -0.31     1.86
  SINCE DEC 1      2.13                      1.72   0.41     4.06
  SINCE JAN 1      1.32                      1.09   0.23     2.18

SNOWFALL (IN)
  YESTERDAY        2.3           5.0  1997   0.2    2.1      0.0
  MONTH TO DATE    3.5                       5.5   -2.0     18.6
  SINCE DEC 1      7.3                      17.1   -9.8     25.6
  SINCE JUL 1      7.7                      21.3  -13.6     31.2
  SNOW DEPTH 6AM   1

DEGREE DAYS
 HEATING
  YESTERDAY       43                        33     10       27
  MONTH TO DATE  630                       877   -247      751
  SINCE DEC 1   3022                      3303   -281     2929
  SINCE JUL 1   3942                      4633   -691     3895

 COOLING
  YESTERDAY        0                         0      0        0
  MONTH TO DATE    0                         0      0        0
  SINCE DEC 1      0                         0      0        0
  SINCE JAN 1      0                         0      0        0
..................................................................


WIND (MPH)
  HIGHEST WIND SPEED    33   HIGHEST WIND DIRECTION     N (350)
  HIGHEST GUST SPEED    41   HIGHEST GUST DIRECTION     N (350)
  AVERAGE WIND SPEED    22.1


SKY COVER
  AVERAGE SKY COVER 0.7


WEATHER CONDITIONS
 THE FOLLOWING WEATHER WAS RECORDED YESTERDAY.
  LT FREEZING RAIN
  LIGHT SNOW
  FOG
  HAZE


RELATIVE HUMIDITY (PERCENT)
 HIGHEST   100          1200 AM
 LOWEST     68           300 PM
 AVERAGE    84

..........................................................


THE GRAND ISLAND NE CLIMATE NORMALS FOR TODAY
                         NORMAL    RECORD    YEAR
 MAXIMUM TEMPERATURE (F)   43        80      1995
 MINIMUM TEMPERATURE (F)   22        -9      1960


SUNRISE AND SUNSET
FEBRUARY 25 2017......SUNRISE   713 AM CST   SUNSET   620 PM CST
FEBRUARY 26 2017......SUNRISE   711 AM CST   SUNSET   621 PM CST


-  INDICATES NEGATIVE NUMBERS.
R  INDICATES RECORD WAS SET OR TIED.
MM INDICATES DATA IS MISSING.
T  INDICATES TRACE AMOUNT.




$$
