000
CDUS43 KGID 260632
CLIGRI


CLIMATE REPORT
NATIONAL WEATHER SERVICE HASTINGS NE
130 AM CDT FRI MAY 26 2017


...................................

...THE GRAND ISLAND NE CLIMATE SUMMARY FOR MAY 25 2017...

CLIMATE NORMAL PERIOD 1981 TO 2010
CLIMATE RECORD PERIOD 1895 TO 2017


WEATHER ITEM   OBSERVED TIME   RECORD YEAR NORMAL DEPARTURE LAST
                VALUE   (LST)  VALUE       VALUE  FROM      YEAR
                                                  NORMAL
..................................................................
TEMPERATURE (F)
 YESTERDAY
  MAXIMUM         76    449 PM 100    1967  76      0       79
  MINIMUM         51    548 AM  33    1925  53     -2       58
  AVERAGE         64                        64      0       69

PRECIPITATION (IN)
  YESTERDAY        0.00          2.82 2013   0.16  -0.16     0.49
  MONTH TO DATE    5.19                      3.51   1.68     5.26
  SINCE MAR 1      8.64                      7.84   0.80    10.92
  SINCE JAN 1      9.96                      9.05   0.91    13.10

SNOWFALL (IN)
  YESTERDAY        0.0           T    1955   0.0    0.0      0.0
  MONTH TO DATE    0.3                       0.1    0.2      0.0
  SINCE MAR 1      1.5                       7.0   -5.5      2.6
  SINCE JUL 1      9.2                      29.1  -19.9     33.8
  SNOW DEPTH       0

DEGREE DAYS
 HEATING
  YESTERDAY        1                         3     -2        0
  MONTH TO DATE  175                       156     19      175
  SINCE MAR 1   1285                      1397   -112     1132
  SINCE JUL 1   5351                      6158   -807     5130

 COOLING
  YESTERDAY        0                         3     -3        4
  MONTH TO DATE   40                        36      4       21
  SINCE MAR 1     45                        47     -2       21
  SINCE JAN 1     45                        47     -2       21
..................................................................


WIND (MPH)
  HIGHEST WIND SPEED    28   HIGHEST WIND DIRECTION     S (180)
  HIGHEST GUST SPEED    34   HIGHEST GUST DIRECTION     S (170)
  AVERAGE WIND SPEED    11.8


SKY COVER
  AVERAGE SKY COVER 0.0


WEATHER CONDITIONS
 THE FOLLOWING WEATHER WAS RECORDED YESTERDAY.
  NO SIGNIFICANT WEATHER WAS OBSERVED.


RELATIVE HUMIDITY (PERCENT)
 HIGHEST    78          1000 PM
 LOWEST     46           300 PM
 AVERAGE    62

..........................................................


THE GRAND ISLAND NE CLIMATE NORMALS FOR TODAY
                         NORMAL    RECORD    YEAR
 MAXIMUM TEMPERATURE (F)   76       100      2012
 MINIMUM TEMPERATURE (F)   53        34      1901


SUNRISE AND SUNSET
MAY 26 2017...........SUNRISE   607 AM CDT   SUNSET   855 PM CDT
MAY 27 2017...........SUNRISE   606 AM CDT   SUNSET   855 PM CDT


-  INDICATES NEGATIVE NUMBERS.
R  INDICATES RECORD WAS SET OR TIED.
MM INDICATES DATA IS MISSING.
T  INDICATES TRACE AMOUNT.

$$

KELLEY
