000
CDUS43 KGID 182225
CLIGRI


CLIMATE REPORT
NATIONAL WEATHER SERVICE HASTINGS NE
523 PM CDT FRI APR 18 2014


...................................

...THE GRAND ISLAND NE CLIMATE SUMMARY FOR APRIL 18 2014...
VALID TODAY AS OF 0500 PM LOCAL TIME.

CLIMATE NORMAL PERIOD 1981 TO 2010
CLIMATE RECORD PERIOD 1895 TO 2014


WEATHER ITEM   OBSERVED TIME   RECORD YEAR NORMAL DEPARTURE LAST
                VALUE   (LST)  VALUE       VALUE  FROM      YEAR
                                                  NORMAL
..................................................................
TEMPERATURE (F)
 TODAY
  MAXIMUM         70    359 PM  93    1994  64      6       35
                                      1985
  MINIMUM         37    610 AM  17    1953  39     -2       27
  AVERAGE         54                        52      2       31

PRECIPITATION (IN)
  TODAY            0.00          1.15 1970   0.08  -0.08     0.28
  MONTH TO DATE    0.96                      1.34  -0.38     2.95
  SINCE MAR 1      1.15                      3.14  -1.99     4.59
  SINCE JAN 1      1.80                      4.35  -2.55     5.72

SNOWFALL (IN)
  TODAY            0.0           4.0  2013   0.0    0.0      4.0
  MONTH TO DATE    1.7                       1.2    0.5      6.9
  SINCE MAR 1      2.9                       6.6   -3.7     13.1
  SINCE JUL 1     16.4                      28.7  -12.3     34.5
  SNOW DEPTH       0

DEGREE DAYS
 HEATING
  TODAY           11                        14     -3       34
  MONTH TO DATE  308                       303      5      395
  SINCE MAR 1   1162                      1099     63     1283
  SINCE JUL 1   5997                      5860    137     5752

 COOLING
  TODAY            0                         0      0        0
  MONTH TO DATE    1                         0      1        0
  SINCE MAR 1      1                         0      1        0
  SINCE JAN 1      1                         0      1        0
..................................................................


WIND (MPH)
  HIGHEST WIND SPEED    29   HIGHEST WIND DIRECTION     S (180)
  HIGHEST GUST SPEED    39   HIGHEST GUST DIRECTION     S (170)
  AVERAGE WIND SPEED    16.7


SKY COVER
  POSSIBLE SUNSHINE  MM
  AVERAGE SKY COVER 0.0


WEATHER CONDITIONS
 THE FOLLOWING WEATHER WAS RECORDED TODAY.
  NO SIGNIFICANT WEATHER WAS OBSERVED.


RELATIVE HUMIDITY (PERCENT)
 HIGHEST    79           700 AM
 LOWEST     36           400 PM
 AVERAGE    58

..........................................................


THE GRAND ISLAND NE CLIMATE NORMALS FOR TOMORROW
                         NORMAL    RECORD    YEAR
 MAXIMUM TEMPERATURE (F)   65        89      1987
 MINIMUM TEMPERATURE (F)   39        22      1907


SUNRISE AND SUNSET
APRIL 18 2014.........SUNRISE   650 AM CDT   SUNSET   816 PM CDT
APRIL 19 2014.........SUNRISE   648 AM CDT   SUNSET   817 PM CDT


-  INDICATES NEGATIVE NUMBERS.
R  INDICATES RECORD WAS SET OR TIED.
MM INDICATES DATA IS MISSING.
T  INDICATES TRACE AMOUNT.




$$
