000
CDUS43 KGID 290716
CLIGRI


CLIMATE REPORT
NATIONAL WEATHER SERVICE HASTINGS NE
216 AM CDT TUE JUL 29 2014


...................................

...THE GRAND ISLAND NE CLIMATE SUMMARY FOR JULY 28 2014...

CLIMATE NORMAL PERIOD 1981 TO 2010
CLIMATE RECORD PERIOD 1895 TO 2014


WEATHER ITEM   OBSERVED TIME   RECORD YEAR NORMAL DEPARTURE LAST
                VALUE   (LST)  VALUE       VALUE  FROM      YEAR
                                                  NORMAL
..................................................................
TEMPERATURE (F)
 YESTERDAY
  MAXIMUM         80    436 PM 106    1917  87     -7       76
  MINIMUM         56    547 AM  50    1994  65     -9       51
  AVERAGE         68                        76     -8       64

PRECIPITATION (IN)
  YESTERDAY        0.00          2.97 1915   0.10  -0.10      T
  MONTH TO DATE    2.06                      3.07  -1.01     0.96
  SINCE JUN 1     11.71                      7.37   4.34     2.59
  SINCE JAN 1     16.20                     17.32  -1.12    15.96

SNOWFALL (IN)
  YESTERDAY        0.0                       0.0    0.0      0.0
  MONTH TO DATE    0.0                       0.0    0.0      0.0
  SINCE JUN 1      0.0                       0.0    0.0      0.0
  SINCE JUL 1      0.0                       0.0    0.0      0.0
  SNOW DEPTH       0

DEGREE DAYS
 HEATING
  YESTERDAY        0                         0      0        1
  MONTH TO DATE    4                         0      4        1
  SINCE JUN 1     14                        24    -10       22
  SINCE JUL 1      4                         0      4        1

 COOLING
  YESTERDAY        3                        11     -8        0
  MONTH TO DATE  252                       317    -65      347
  SINCE JUN 1    502                       530    -28      606
  SINCE JAN 1    621                       595     26      701
..................................................................


WIND (MPH)
  HIGHEST WIND SPEED    13   HIGHEST WIND DIRECTION     N (10)
  HIGHEST GUST SPEED    18   HIGHEST GUST DIRECTION     N (360)
  AVERAGE WIND SPEED     5.8


SKY COVER
  AVERAGE SKY COVER 0.1


WEATHER CONDITIONS
 THE FOLLOWING WEATHER WAS RECORDED YESTERDAY.
  NO SIGNIFICANT WEATHER WAS OBSERVED.


RELATIVE HUMIDITY (PERCENT)
 HIGHEST    93           300 AM
 LOWEST     45           400 PM
 AVERAGE    69

..........................................................


THE GRAND ISLAND NE CLIMATE NORMALS FOR TODAY
                         NORMAL    RECORD    YEAR
 MAXIMUM TEMPERATURE (F)   87       105      1947
 MINIMUM TEMPERATURE (F)   65        52      1991
                                             1971


SUNRISE AND SUNSET
JULY 29 2014..........SUNRISE   626 AM CDT   SUNSET   852 PM CDT
JULY 30 2014..........SUNRISE   627 AM CDT   SUNSET   851 PM CDT


-  INDICATES NEGATIVE NUMBERS.
R  INDICATES RECORD WAS SET OR TIED.
MM INDICATES DATA IS MISSING.
T  INDICATES TRACE AMOUNT.




$$
