743
CDUS43 KGID 120624
CLIGRI


CLIMATE REPORT
NATIONAL WEATHER SERVICE HASTINGS NE
1223 AM CST FRI FEB 12 2016


...................................

...THE GRAND ISLAND NE CLIMATE SUMMARY FOR FEBRUARY 11 2016...

CLIMATE NORMAL PERIOD 1981 TO 2010
CLIMATE RECORD PERIOD 1895 TO 2016


WEATHER ITEM   OBSERVED TIME   RECORD YEAR NORMAL DEPARTURE LAST
                VALUE   (LST)  VALUE       VALUE  FROM      YEAR
                                                  NORMAL
..................................................................
TEMPERATURE (F)
 YESTERDAY
  MAXIMUM         32   1140 PM  76    1962  39     -7       41
  MINIMUM         24   1046 AM -30    1899  17      7       24
  AVERAGE         28                        28      0       33

PRECIPITATION (IN)
  YESTERDAY        0.00          0.47 1905   0.02  -0.02     0.00
  MONTH TO DATE    1.85                      0.23   1.62     0.56
  SINCE DEC 1      4.05                      1.39   2.66     1.79
  SINCE JAN 1      2.17                      0.76   1.41     1.03

SNOWFALL (IN)
  YESTERDAY        0.0           4.7  1993   0.3   -0.3      0.0
                                      1905
  MONTH TO DATE   18.6                       2.7   15.9      8.0
  SINCE DEC 1     25.6                      14.3   11.3     17.6
  SINCE JUL 1     31.2                      18.5   12.7     19.8
  SNOW DEPTH       5     AT 6AM

DEGREE DAYS
 HEATING
  YESTERDAY       37                        37      0       32
  MONTH TO DATE  414                       420     -6      393
  SINCE DEC 1   2592                      2846   -254     2652
  SINCE JUL 1   3558                      4176   -618     3985

 COOLING
  YESTERDAY        0                         0      0        0
  MONTH TO DATE    0                         0      0        0
  SINCE DEC 1      0                         0      0        0
  SINCE JAN 1      0                         0      0        0
..................................................................


WIND (MPH)
  HIGHEST WIND SPEED    24   HIGHEST WIND DIRECTION     N (360)
  HIGHEST GUST SPEED    28   HIGHEST GUST DIRECTION     N (350)
  AVERAGE WIND SPEED    10.2


SKY COVER
  AVERAGE SKY COVER 0.8


WEATHER CONDITIONS
 THE FOLLOWING WEATHER WAS RECORDED YESTERDAY.
  FOG
  HAZE


RELATIVE HUMIDITY (PERCENT)
 HIGHEST    92           100 AM
 LOWEST     78          1100 PM
 AVERAGE    85

..........................................................


THE GRAND ISLAND NE CLIMATE NORMALS FOR TODAY
                         NORMAL    RECORD    YEAR
 MAXIMUM TEMPERATURE (F)   39        67      1938
                                             1928
 MINIMUM TEMPERATURE (F)   18       -34      1899


SUNRISE AND SUNSET
FEBRUARY 12 2016......SUNRISE   732 AM CST   SUNSET   604 PM CST
FEBRUARY 13 2016......SUNRISE   731 AM CST   SUNSET   605 PM CST


-  INDICATES NEGATIVE NUMBERS.
R  INDICATES RECORD WAS SET OR TIED.
MM INDICATES DATA IS MISSING.
T  INDICATES TRACE AMOUNT.




$$
