334
CDUS43 KGID 210622
CLIGRI


CLIMATE REPORT
NATIONAL WEATHER SERVICE HASTINGS NE
1222 AM CST TUE NOV 21 2017


...................................

...THE GRAND ISLAND NE CLIMATE SUMMARY FOR NOVEMBER 20 2017...

CLIMATE NORMAL PERIOD 1981 TO 2010
CLIMATE RECORD PERIOD 1895 TO 2017


WEATHER ITEM   OBSERVED TIME   RECORD YEAR NORMAL DEPARTURE LAST
                VALUE   (LST)  VALUE       VALUE  FROM      YEAR
                                                  NORMAL
..................................................................
TEMPERATURE (F)
 YESTERDAY
  MAXIMUM         64    353 PM  74    2003  47     17       48
  MINIMUM         34   1152 PM   0    1964  25      9       26
  AVERAGE         49                        36     13       37

PRECIPITATION (IN)
  YESTERDAY        0.00          1.52 1930   0.04  -0.04     0.00
  MONTH TO DATE    0.51                      0.82  -0.31     0.84
  SINCE SEP 1      8.55                      4.91   3.64     3.49
  SINCE JAN 1     29.94                     25.68   4.26    22.89

SNOWFALL (IN)
  YESTERDAY        0.0           6.5  1973   0.2   -0.2      0.0
  MONTH TO DATE    0.2                       1.8   -1.6      0.4
  SINCE SEP 1      1.1                       2.9   -1.8      0.4
  SINCE JUL 1      1.1                       2.9   -1.8      0.4
  SNOW DEPTH       0

DEGREE DAYS
 HEATING
  YESTERDAY       16                        29    -13       28
  MONTH TO DATE  507                       486     21      318
  SINCE SEP 1    941                       999    -58      639
  SINCE JUL 1    945                      1009    -64      646

 COOLING
  YESTERDAY        0                         0      0        0
  MONTH TO DATE    0                         0      0        0
  SINCE SEP 1    151                       120     31      132
  SINCE JAN 1   1062                      1034     28     1146
..................................................................


WIND (MPH)
  HIGHEST WIND SPEED    22   HIGHEST WIND DIRECTION    SW (230)
  HIGHEST GUST SPEED    25   HIGHEST GUST DIRECTION    SW (230)
  AVERAGE WIND SPEED    11.2


SKY COVER
  AVERAGE SKY COVER 0.0


WEATHER CONDITIONS
 THE FOLLOWING WEATHER WAS RECORDED YESTERDAY.
  NO SIGNIFICANT WEATHER WAS OBSERVED.


RELATIVE HUMIDITY (PERCENT)
 HIGHEST    70           400 AM
 LOWEST     25           200 PM
 AVERAGE    48

..........................................................


THE GRAND ISLAND NE CLIMATE NORMALS FOR TODAY
                         NORMAL    RECORD    YEAR
 MAXIMUM TEMPERATURE (F)   46        74      2012
 MINIMUM TEMPERATURE (F)   24        -4      1964


SUNRISE AND SUNSET
NOVEMBER 21 2017......SUNRISE   728 AM CST   SUNSET   510 PM CST
NOVEMBER 22 2017......SUNRISE   729 AM CST   SUNSET   510 PM CST


-  INDICATES NEGATIVE NUMBERS.
R  INDICATES RECORD WAS SET OR TIED.
MM INDICATES DATA IS MISSING.
T  INDICATES TRACE AMOUNT.




$$
