000
CDUS43 KGID 260628
CLIGRI


CLIMATE REPORT
NATIONAL WEATHER SERVICE HASTINGS NE
126 AM CDT TUE SEP 26 2017


...................................

...THE GRAND ISLAND NE CLIMATE SUMMARY FOR SEPTEMBER 25 2017...

CLIMATE NORMAL PERIOD 1981 TO 2010
CLIMATE RECORD PERIOD 1895 TO 2017


WEATHER ITEM   OBSERVED TIME   RECORD YEAR NORMAL DEPARTURE LAST
                VALUE   (LST)  VALUE       VALUE  FROM      YEAR
                                                  NORMAL
..................................................................
TEMPERATURE (F)
 YESTERDAY
  MAXIMUM         55   1246 AM 100    1998  74    -19       72
  MINIMUM         50   1159 PM  26    1926  48      2       44
  AVERAGE         53                        61     -8       58

PRECIPITATION (IN)
  YESTERDAY        1.55R         1.48 1955   0.07   1.48     0.00
  MONTH TO DATE    2.56                      1.89   0.67     2.53
  SINCE SEP 1      2.56                      1.89   0.67     2.53
  SINCE JAN 1     23.95                     22.66   1.29    21.93

SNOWFALL (IN)
  YESTERDAY        0.0                       0.0    0.0      0.0
  MONTH TO DATE    0.0                       0.0    0.0      0.0
  SINCE SEP 1      0.0                       0.0    0.0      0.0
  SINCE JUL 1      0.0                       0.0    0.0      0.0
  SNOW DEPTH       0

DEGREE DAYS
 HEATING
  YESTERDAY       12                         6      6        7
  MONTH TO DATE   40                        72    -32       30
  SINCE SEP 1     40                        72    -32       30
  SINCE JUL 1     44                        82    -38       37

 COOLING
  YESTERDAY        0                         2     -2        0
  MONTH TO DATE  144                       102     42      127
  SINCE SEP 1    144                       102     42      127
  SINCE JAN 1   1055                      1016     39     1141
..................................................................


WIND (MPH)
  HIGHEST WIND SPEED    25   HIGHEST WIND DIRECTION    NE (60)
  HIGHEST GUST SPEED    34   HIGHEST GUST DIRECTION    NE (50)
  AVERAGE WIND SPEED    12.2


SKY COVER
  AVERAGE SKY COVER 1.0


WEATHER CONDITIONS
 THE FOLLOWING WEATHER WAS RECORDED YESTERDAY.
  THUNDERSTORM
  HEAVY RAIN
  RAIN
  LIGHT RAIN
  FOG


RELATIVE HUMIDITY (PERCENT)
 HIGHEST   100          1200 AM
 LOWEST    100          1200 AM
 AVERAGE   100

..........................................................


THE GRAND ISLAND NE CLIMATE NORMALS FOR TODAY
                         NORMAL    RECORD    YEAR
 MAXIMUM TEMPERATURE (F)   74        94      1990
 MINIMUM TEMPERATURE (F)   48        30      1984


SUNRISE AND SUNSET
SEPTEMBER 26 2017.....SUNRISE   725 AM CDT   SUNSET   723 PM CDT
SEPTEMBER 27 2017.....SUNRISE   726 AM CDT   SUNSET   721 PM CDT


-  INDICATES NEGATIVE NUMBERS.
R  INDICATES RECORD WAS SET OR TIED.
MM INDICATES DATA IS MISSING.
T  INDICATES TRACE AMOUNT.




$$
