000
CDUS43 KGID 300636
CLIGRI


CLIMATE REPORT
NATIONAL WEATHER SERVICE HASTINGS NE
134 AM CDT SUN AUG 30 2015


...................................

...THE GRAND ISLAND NE CLIMATE SUMMARY FOR AUGUST 29 2015...

CLIMATE NORMAL PERIOD 1981 TO 2010
CLIMATE RECORD PERIOD 1895 TO 2015


WEATHER ITEM   OBSERVED TIME   RECORD YEAR NORMAL DEPARTURE LAST
                VALUE   (LST)  VALUE       VALUE  FROM      YEAR
                                                  NORMAL
..................................................................
TEMPERATURE (F)
 YESTERDAY
  MAXIMUM         82    339 PM 102    1945  84     -2       79
  MINIMUM         55    245 AM  40    1946  60     -5       65
  AVERAGE         69                        72     -3       72

PRECIPITATION (IN)
  YESTERDAY        0.00          2.28 1965   0.09  -0.09     0.02
  MONTH TO DATE    1.24                      2.95  -1.71     5.87
  SINCE JUN 1      9.49                     10.65  -1.16    17.71
  SINCE JAN 1     16.65                     20.60  -3.95    22.20

SNOWFALL (IN)
  YESTERDAY        0.0                       0.0    0.0      0.0
  MONTH TO DATE    0.0                       0.0    0.0      0.0
  SINCE JUN 1      0.0                       0.0    0.0      0.0
  SINCE JUL 1      0.0                       0.0    0.0      0.0
  SNOW DEPTH       0

DEGREE DAYS
 HEATING
  YESTERDAY        0                         1     -1        0
  MONTH TO DATE    8                         2      6        0
  SINCE JUN 1     18                        28    -10       14
  SINCE JUL 1     13                         4      9        4

 COOLING
  YESTERDAY        4                         7     -3        7
  MONTH TO DATE  225                       273    -48      274
  SINCE JUN 1    778                       835    -57      796
  SINCE JAN 1    805                       900    -95      915
..................................................................


WIND (MPH)
  HIGHEST WIND SPEED    12   HIGHEST WIND DIRECTION     S (170)
  HIGHEST GUST SPEED    15   HIGHEST GUST DIRECTION     S (170)
  AVERAGE WIND SPEED     4.6


SKY COVER
  AVERAGE SKY COVER 0.3


WEATHER CONDITIONS
 THE FOLLOWING WEATHER WAS RECORDED YESTERDAY.
  FOG
  FOG W/VISIBILITY <= 1/4 MILE


RELATIVE HUMIDITY (PERCENT)
 HIGHEST   100           100 AM
 LOWEST     47           300 PM
 AVERAGE    74

..........................................................


THE GRAND ISLAND NE CLIMATE NORMALS FOR TODAY
                         NORMAL    RECORD    YEAR
 MAXIMUM TEMPERATURE (F)   84       102      1947
                                             1898
 MINIMUM TEMPERATURE (F)   59        40      1935


SUNRISE AND SUNSET
AUGUST 30 2015........SUNRISE   658 AM CDT   SUNSET   809 PM CDT
AUGUST 31 2015........SUNRISE   659 AM CDT   SUNSET   808 PM CDT


-  INDICATES NEGATIVE NUMBERS.
R  INDICATES RECORD WAS SET OR TIED.
MM INDICATES DATA IS MISSING.
T  INDICATES TRACE AMOUNT.

$$

HALBLAUB
