000
CDUS42 KRAH 290722
CLIGSO


CLIMATE REPORT
NATIONAL WEATHER SERVICE RALEIGH NC
321 AM EDT SAT AUG 29 2015


...................................

...THE PIEDMONT TRIAD INTL AIRPORT NC CLIMATE SUMMARY FOR AUGUST 28 2015...

CLIMATE NORMAL PERIOD 1981 TO 2010
CLIMATE RECORD PERIOD 1903 TO 2015


WEATHER ITEM   OBSERVED TIME   RECORD YEAR NORMAL DEPARTURE LAST
                VALUE   (LST)  VALUE       VALUE  FROM      YEAR
                                                  NORMAL
..................................................................
TEMPERATURE (F)
 YESTERDAY
  MAXIMUM         85    430 PM 100    1924  85      0       92
  MINIMUM         62    610 AM  52    1969  67     -5       68
  AVERAGE         74                        76     -2       80

PRECIPITATION (IN)
  YESTERDAY        0.00          3.28 1915   0.13  -0.13     0.00
  MONTH TO DATE    6.66                      3.51   3.15     2.66
  SINCE JUN 1     12.06                     11.72   0.34     8.39
  SINCE JAN 1     25.02                     28.42  -3.40    25.88

DEGREE DAYS
 HEATING
  YESTERDAY        0                         0      0        0
  MONTH TO DATE    0                         0      0        0
  SINCE JUN 1      3                         6     -3        0
  SINCE JUL 1      0                         0      0        0

 COOLING
  YESTERDAY        9                        11     -2       15
  MONTH TO DATE  363                       346     17      272
  SINCE JUN 1   1250                      1072    178     1013
  SINCE JAN 1   1484                      1231    253     1210
..................................................................


WIND (MPH)
  HIGHEST WIND SPEED     9   HIGHEST WIND DIRECTION    NE (60)
  HIGHEST GUST SPEED    14   HIGHEST GUST DIRECTION    NE (60)
  AVERAGE WIND SPEED     2.5


SKY COVER
  POSSIBLE SUNSHINE  MM
  AVERAGE SKY COVER 0.4


WEATHER CONDITIONS
 THE FOLLOWING WEATHER WAS RECORDED YESTERDAY.
  FOG


RELATIVE HUMIDITY (PERCENT)
 HIGHEST    93           400 AM
 LOWEST     37           500 PM
 AVERAGE    65

..........................................................


THE PIEDMONT TRIAD INTL AIRPORT NC CLIMATE NORMALS FOR TODAY
                         NORMAL    RECORD    YEAR
 MAXIMUM TEMPERATURE (F)   85       100      1948
 MINIMUM TEMPERATURE (F)   66        47      1986


SUNRISE AND SUNSET
AUGUST 29 2015........SUNRISE   649 AM EDT   SUNSET   752 PM EDT
AUGUST 30 2015........SUNRISE   650 AM EDT   SUNSET   751 PM EDT


-  INDICATES NEGATIVE NUMBERS.
R  INDICATES RECORD WAS SET OR TIED.
MM INDICATES DATA IS MISSING.
T  INDICATES TRACE AMOUNT.




$$
