000
CDUS42 KRAH 250102
CLIGSO


CLIMATE REPORT
NATIONAL WEATHER SERVICE RALEIGH NC
901 PM EDT SUN SEP 24 2017


...................................

...THE PIEDMONT TRIAD INTL AIRPORT NC CLIMATE SUMMARY FOR SEPTEMBER 24 2017...
VALID AS OF 0900 PM LOCAL TIME.

CLIMATE NORMAL PERIOD 1981 TO 2010
CLIMATE RECORD PERIOD 1903 TO 2017


WEATHER ITEM   OBSERVED TIME   RECORD YEAR NORMAL DEPARTURE LAST
                VALUE   (LST)  VALUE       VALUE  FROM      YEAR
                                                  NORMAL
..................................................................
TEMPERATURE (F)
 TODAY
  MAXIMUM         85    245 PM  93    2010  77      8       91
                                      1926
                                      1914
  MINIMUM         64    653 AM  38    1963  57      7       64
  AVERAGE         75                        67      8       78

PRECIPITATION (IN)
  TODAY            0.00          7.46 1947   0.11  -0.11     0.00
  MONTH TO DATE    2.80                      3.46  -0.66     0.52
  SINCE SEP 1      2.80                      3.46  -0.66     0.52
  SINCE JAN 1     37.25                     32.25   5.00    31.32

..................................................................


WIND (MPH)
  HIGHEST WIND SPEED    15   HIGHEST WIND DIRECTION     E (70)
  HIGHEST GUST SPEED    19   HIGHEST GUST DIRECTION     E (70)
  AVERAGE WIND SPEED     5.2


SKY COVER
  POSSIBLE SUNSHINE  MM
  AVERAGE SKY COVER 0.7


WEATHER CONDITIONS
 THE FOLLOWING WEATHER WAS RECORDED TODAY.
  NO SIGNIFICANT WEATHER WAS OBSERVED.


RELATIVE HUMIDITY (PERCENT)
 HIGHEST    87           300 AM
 LOWEST     43           300 PM
 AVERAGE    65

..........................................................


THE PIEDMONT TRIAD INTL AIRPORT NC CLIMATE NORMALS FOR TOMORROW
                         NORMAL    RECORD    YEAR
 MAXIMUM TEMPERATURE (F)   77        95      1933
 MINIMUM TEMPERATURE (F)   57        37      1983


SUNRISE AND SUNSET
SEPTEMBER 24 2017.....SUNRISE   709 AM EDT   SUNSET   713 PM EDT
SEPTEMBER 25 2017.....SUNRISE   710 AM EDT   SUNSET   712 PM EDT


-  INDICATES NEGATIVE NUMBERS.
R  INDICATES RECORD WAS SET OR TIED.
MM INDICATES DATA IS MISSING.
T  INDICATES TRACE AMOUNT.

$$
