000
CDUS42 KRAH 280744
CLIGSO


CLIMATE REPORT
NATIONAL WEATHER SERVICE RALEIGH NC
343 AM EDT SAT MAY 28 2016


...................................

...THE PIEDMONT TRIAD INTL AIRPORT NC CLIMATE SUMMARY FOR MAY 27 2016...

CLIMATE NORMAL PERIOD 1981 TO 2010
CLIMATE RECORD PERIOD 1903 TO 2016


WEATHER ITEM   OBSERVED TIME   RECORD YEAR NORMAL DEPARTURE LAST
                VALUE   (LST)  VALUE       VALUE  FROM      YEAR
                                                  NORMAL
..................................................................
TEMPERATURE (F)
 YESTERDAY
  MAXIMUM         85    401 PM 100    1911  80      5       83
  MINIMUM         65    531 AM  40    1961  60      5       65
                                      1910
  AVERAGE         75                        70      5       74

PRECIPITATION (IN)
  YESTERDAY        0.00          2.55 1905   0.12  -0.12      T
  MONTH TO DATE    8.49                      2.89   5.60     2.66
  SINCE MAR 1     12.65                     10.19   2.46     7.88
  SINCE JAN 1     18.79                     16.21   2.58    12.56

DEGREE DAYS
 HEATING
  YESTERDAY        0                         1     -1        0
  MONTH TO DATE   67                        63      4       20
  SINCE MAR 1    520                       754   -234      610
  SINCE JUL 1   2906                      3609   -703     3695

 COOLING
  YESTERDAY       10                         6      4        9
  MONTH TO DATE   88                        96     -8      150
  SINCE MAR 1    165                       134     31      187
  SINCE JAN 1    165                       134     31      187
..................................................................


WIND (MPH)
  HIGHEST WIND SPEED    14   HIGHEST WIND DIRECTION     S (180)
  HIGHEST GUST SPEED    20   HIGHEST GUST DIRECTION     S (160)
  AVERAGE WIND SPEED     8.1


SKY COVER
  POSSIBLE SUNSHINE  MM
  AVERAGE SKY COVER 0.3


WEATHER CONDITIONS
 THE FOLLOWING WEATHER WAS RECORDED YESTERDAY.
  NO SIGNIFICANT WEATHER WAS OBSERVED.


RELATIVE HUMIDITY (PERCENT)
 HIGHEST    81           500 AM
 LOWEST     44           400 PM
 AVERAGE    63

..........................................................


THE PIEDMONT TRIAD INTL AIRPORT NC CLIMATE NORMALS FOR TODAY
                         NORMAL    RECORD    YEAR
 MAXIMUM TEMPERATURE (F)   80        98      1916
                                             1914
 MINIMUM TEMPERATURE (F)   60        36      1961


SUNRISE AND SUNSET
MAY 28 2016...........SUNRISE   606 AM EDT   SUNSET   829 PM EDT
MAY 29 2016...........SUNRISE   605 AM EDT   SUNSET   830 PM EDT


-  INDICATES NEGATIVE NUMBERS.
R  INDICATES RECORD WAS SET OR TIED.
MM INDICATES DATA IS MISSING.
T  INDICATES TRACE AMOUNT.




$$
