000
CDUS42 KRAH 020047
CLIGSO


CLIMATE REPORT
NATIONAL WEATHER SERVICE RALEIGH NC
846 PM EDT MON SEP 1 2014


...................................

...THE PIEDMONT TRIAD INTL AIRPORT NC CLIMATE SUMMARY FOR SEPTEMBER 1 2014...
VALID AS OF 0846 PM LOCAL TIME.

CLIMATE NORMAL PERIOD 1981 TO 2010
CLIMATE RECORD PERIOD 1903 TO 2014


WEATHER ITEM   OBSERVED TIME   RECORD YEAR NORMAL DEPARTURE LAST
                VALUE   (LST)  VALUE       VALUE  FROM      YEAR
                                                  NORMAL
..................................................................
TEMPERATURE (F)
 TODAY
  MAXIMUM         93    406 PM  99    1932  84      9       87
  MINIMUM         71    631 AM  48    1946  66      5       67
  AVERAGE         82                        75      7       77

PRECIPITATION (IN)
  TODAY            0.00          3.13 1917   0.15  -0.15     0.99
  MONTH TO DATE    0.00                      0.15  -0.15     0.99
  SINCE SEP 1      0.00                      0.15  -0.15     0.99
  SINCE JAN 1     25.88                     28.94  -3.06    39.38

DEGREE DAYS
 HEATING
  TODAY            0                         0      0        0
  MONTH TO DATE    0                         0      0        0
  SINCE SEP 1      0                         0      0        0
  SINCE JUL 1      0                         1     -1        2

 COOLING
  TODAY           17                        10      7       12
  MONTH TO DATE   17                        10      7       12
  SINCE SEP 1     17                        10      7       12
  SINCE JAN 1   1270                      1272     -2     1171
..................................................................


WIND (MPH)
  RESULTANT WIND SPEED   7   RESULTANT WIND DIRECTION   W (260)
  HIGHEST WIND SPEED    20   HIGHEST WIND DIRECTION     W (260)
  HIGHEST GUST SPEED    25   HIGHEST GUST DIRECTION     W (280)
  AVERAGE WIND SPEED     7.6


SKY COVER
  POSSIBLE SUNSHINE  MM
  AVERAGE SKY COVER 0.5


WEATHER CONDITIONS
 THE FOLLOWING WEATHER WAS RECORDED TODAY.
  NO SIGNIFICANT WEATHER WAS OBSERVED.


RELATIVE HUMIDITY (PERCENT)
 HIGHEST    93           400 AM
 LOWEST     36           500 PM
 AVERAGE    65

..........................................................


THE PIEDMONT TRIAD INTL AIRPORT NC CLIMATE NORMALS FOR TOMORROW
                         NORMAL    RECORD    YEAR
 MAXIMUM TEMPERATURE (F)   84       101      1921
 MINIMUM TEMPERATURE (F)   65        48      1948


SUNRISE AND SUNSET
SEPTEMBER  1 2014.....SUNRISE   651 AM EDT   SUNSET   747 PM EDT
SEPTEMBER  2 2014.....SUNRISE   652 AM EDT   SUNSET   746 PM EDT


-  INDICATES NEGATIVE NUMBERS.
R  INDICATES RECORD WAS SET OR TIED.
MM INDICATES DATA IS MISSING.
T  INDICATES TRACE AMOUNT.




$$
