000
CDUS42 KRAH 080535
CLIGSO


CLIMATE REPORT
NATIONAL WEATHER SERVICE RALEIGH NC
1234 AM EST THU DEC 8 2016


...................................

...THE PIEDMONT TRIAD INTL AIRPORT NC CLIMATE SUMMARY FOR DECEMBER 7 2016...

CLIMATE NORMAL PERIOD 1981 TO 2010
CLIMATE RECORD PERIOD 1903 TO 2016


WEATHER ITEM   OBSERVED TIME   RECORD YEAR NORMAL DEPARTURE LAST
                VALUE   (LST)  VALUE       VALUE  FROM      YEAR
                                                  NORMAL
..................................................................
TEMPERATURE (F)
 YESTERDAY
  MAXIMUM         58    336 PM  78    1998  53      5       65
  MINIMUM         34    636 AM  13    1977  34      0       35
  AVERAGE         46                        43      3       50

PRECIPITATION (IN)
  YESTERDAY        0.00          1.34 1974   0.09  -0.09      T
  MONTH TO DATE    1.17                      0.71   0.46     0.63
  SINCE DEC 1      1.17                      0.71   0.46     0.63
  SINCE JAN 1     39.12                     39.93  -0.81    42.47

SNOWFALL (IN)
  YESTERDAY        0.0           T    1995   0.0    0.0      0.0
                                      1989
                                      1968
  MONTH TO DATE    0.0                       0.1   -0.1      0.0
  SINCE DEC 1      0.0                       0.1   -0.1      0.0
  SINCE JUL 1      0.0                       0.2   -0.2      0.0
  SNOW DEPTH       0

DEGREE DAYS
 HEATING
  YESTERDAY       19                        22     -3       15
  MONTH TO DATE  133                       147    -14      131
  SINCE DEC 1    133                       147    -14      131
  SINCE JUL 1    583                       827   -244      645

 COOLING
  YESTERDAY        0                         0      0        0
  MONTH TO DATE    0                         0      0        0
  SINCE DEC 1      0                         0      0        0
  SINCE JAN 1   1974                      1483    491     1766
..................................................................


WIND (MPH)
  HIGHEST WIND SPEED    13   HIGHEST WIND DIRECTION    NW (320)
  HIGHEST GUST SPEED    15   HIGHEST GUST DIRECTION    NW (320)
  AVERAGE WIND SPEED     3.4


SKY COVER
  POSSIBLE SUNSHINE  MM
  AVERAGE SKY COVER 0.4


WEATHER CONDITIONS
 THE FOLLOWING WEATHER WAS RECORDED YESTERDAY.
  FOG


RELATIVE HUMIDITY (PERCENT)
 HIGHEST   100          1200 AM
 LOWEST     39           300 PM
 AVERAGE    70

..........................................................


THE PIEDMONT TRIAD INTL AIRPORT NC CLIMATE NORMALS FOR TODAY
                         NORMAL    RECORD    YEAR
 MAXIMUM TEMPERATURE (F)   53        76      1998
 MINIMUM TEMPERATURE (F)   33        13      1977


SUNRISE AND SUNSET
DECEMBER  8 2016......SUNRISE   718 AM EST   SUNSET   505 PM EST
DECEMBER  9 2016......SUNRISE   719 AM EST   SUNSET   505 PM EST


-  INDICATES NEGATIVE NUMBERS.
R  INDICATES RECORD WAS SET OR TIED.
MM INDICATES DATA IS MISSING.
T  INDICATES TRACE AMOUNT.




$$
