000
CDUS42 KRAH 010753
CLIGSO


CLIMATE REPORT
NATIONAL WEATHER SERVICE RALEIGH NC
352 AM EDT SAT AUG 1 2015


...................................

...THE PIEDMONT TRIAD INTL AIRPORT NC CLIMATE SUMMARY FOR JULY 31 2015...

CLIMATE NORMAL PERIOD 1981 TO 2010
CLIMATE RECORD PERIOD 1903 TO 2015


WEATHER ITEM   OBSERVED TIME   RECORD YEAR NORMAL DEPARTURE LAST
                VALUE   (LST)  VALUE       VALUE  FROM      YEAR
                                                  NORMAL
..................................................................
TEMPERATURE (F)
 YESTERDAY
  MAXIMUM         89    445 PM 103    1915  88      1       78
  MINIMUM         70    559 AM  53    1914  69      1       63
  AVERAGE         80                        78      2       71

PRECIPITATION (IN)
  YESTERDAY        0.00          1.60 1913   0.16  -0.16     0.48
  MONTH TO DATE    3.34                      4.48  -1.14     2.73
  SINCE JUN 1      5.40                      8.21  -2.81     5.73
  SINCE JAN 1     18.36                     24.91  -6.55    23.22

DEGREE DAYS
 HEATING
  YESTERDAY        0                         0      0        0
  MONTH TO DATE    0                         0      0        0
  SINCE JUN 1      3                         6     -3        0
  SINCE JUL 1      0                         0      0        0

 COOLING
  YESTERDAY       15                        13      2        6
  MONTH TO DATE  468                       419     49      384
  SINCE JUN 1    887                       726    161      741
  SINCE JAN 1   1121                       885    236      938
..................................................................


WIND (MPH)
  HIGHEST WIND SPEED    13   HIGHEST WIND DIRECTION    NW (320)
  HIGHEST GUST SPEED    25   HIGHEST GUST DIRECTION    NE (30)
  AVERAGE WIND SPEED     4.5


SKY COVER
  POSSIBLE SUNSHINE  MM
  AVERAGE SKY COVER 0.4


WEATHER CONDITIONS
 THE FOLLOWING WEATHER WAS RECORDED YESTERDAY.
  NO SIGNIFICANT WEATHER WAS OBSERVED.


RELATIVE HUMIDITY (PERCENT)
 HIGHEST    74          1200 AM
 LOWEST     34           400 PM
 AVERAGE    54

..........................................................


THE PIEDMONT TRIAD INTL AIRPORT NC CLIMATE NORMALS FOR TODAY
                         NORMAL    RECORD    YEAR
 MAXIMUM TEMPERATURE (F)   88       100      1915
 MINIMUM TEMPERATURE (F)   69        56      1997
                                             1914


SUNRISE AND SUNSET
AUGUST  1 2015........SUNRISE   627 AM EDT   SUNSET   825 PM EDT
AUGUST  2 2015........SUNRISE   628 AM EDT   SUNSET   824 PM EDT


-  INDICATES NEGATIVE NUMBERS.
R  INDICATES RECORD WAS SET OR TIED.
MM INDICATES DATA IS MISSING.
T  INDICATES TRACE AMOUNT.




$$
