000
CDUS42 KRAH 250710
CLIGSO


CLIMATE REPORT
NATIONAL WEATHER SERVICE RALEIGH NC
209 AM EST SAT NOV 25 2017


...................................

...THE PIEDMONT TRIAD INTL AIRPORT NC CLIMATE SUMMARY FOR NOVEMBER 24 2017...

CLIMATE NORMAL PERIOD 1981 TO 2010
CLIMATE RECORD PERIOD 1903 TO 2017


WEATHER ITEM   OBSERVED TIME   RECORD YEAR NORMAL DEPARTURE LAST
                VALUE   (LST)  VALUE       VALUE  FROM      YEAR
                                                  NORMAL
..................................................................
TEMPERATURE (F)
 YESTERDAY
  MAXIMUM         57    406 PM  77    1913  58     -1       69
  MINIMUM         28    623 AM  12    1970  37     -9       47
  AVERAGE         43                        47     -4       58

PRECIPITATION (IN)
  YESTERDAY        0.00          1.58 1983   0.10  -0.10     0.06
  MONTH TO DATE    0.95                      2.49  -1.54     0.07
  SINCE SEP 1      6.78                      9.81  -3.03     6.20
  SINCE JAN 1     41.23                     38.60   2.63    37.00

DEGREE DAYS
 HEATING
  YESTERDAY       22                        18      4        7
  MONTH TO DATE  368                       334     34      291
  SINCE SEP 1    530                       566    -36      380
  SINCE JUL 1    530                       567    -37      380

 COOLING
  YESTERDAY        0                         0      0        0
  MONTH TO DATE    1                         0      1        9
  SINCE SEP 1    258                       218     40      404
  SINCE JAN 1   1612                      1480    132     1971
..................................................................


WIND (MPH)
  HIGHEST WIND SPEED     7   HIGHEST WIND DIRECTION    SE (150)
  HIGHEST GUST SPEED     8   HIGHEST GUST DIRECTION     S (160)
  AVERAGE WIND SPEED     1.0


SKY COVER
  POSSIBLE SUNSHINE  MM
  AVERAGE SKY COVER 0.1


WEATHER CONDITIONS
 THE FOLLOWING WEATHER WAS RECORDED YESTERDAY.
  NO SIGNIFICANT WEATHER WAS OBSERVED.


RELATIVE HUMIDITY (PERCENT)
 HIGHEST    92           200 AM
 LOWEST     36           300 PM
 AVERAGE    64

..........................................................


THE PIEDMONT TRIAD INTL AIRPORT NC CLIMATE NORMALS FOR TODAY
                         NORMAL    RECORD    YEAR
 MAXIMUM TEMPERATURE (F)   57        74      1979
                                             1931
 MINIMUM TEMPERATURE (F)   37        10      1970


SUNRISE AND SUNSET
NOVEMBER 25 2017......SUNRISE   707 AM EST   SUNSET   507 PM EST
NOVEMBER 26 2017......SUNRISE   708 AM EST   SUNSET   507 PM EST


-  INDICATES NEGATIVE NUMBERS.
R  INDICATES RECORD WAS SET OR TIED.
MM INDICATES DATA IS MISSING.
T  INDICATES TRACE AMOUNT.




$$
