000
CDUS42 KRAH 092049
CLIGSO


CLIMATE REPORT
NATIONAL WEATHER SERVICE RALEIGH NC
447 PM EDT WED JUL 9 2014


...................................

...THE PIEDMONT TRIAD INTL AIRPORT NC CLIMATE SUMMARY FOR JULY 9 2014...
VALID TODAY AS OF 0450 PM LOCAL TIME.

CLIMATE NORMAL PERIOD 1981 TO 2010
CLIMATE RECORD PERIOD 1903 TO 2014


WEATHER ITEM   OBSERVED TIME   RECORD YEAR NORMAL DEPARTURE LAST
                VALUE   (LST)  VALUE       VALUE  FROM      YEAR
                                                  NORMAL
..................................................................
TEMPERATURE (F)
 TODAY
  MAXIMUM         87    210 PM 101    1993  88     -1       88
  MINIMUM         71    256 AM  55    1918  69      2       72
  AVERAGE         79                        79      0       80

PRECIPITATION (IN)
  TODAY            0.00          2.97 2012   0.14  -0.14     0.00
  MONTH TO DATE    0.01                      1.15  -1.14     2.81
  SINCE JUN 1      3.01                      4.88  -1.87    11.18
  SINCE JAN 1     20.50                     21.58  -1.08    29.53

DEGREE DAYS
 HEATING
  TODAY            0                         0      0        0
  MONTH TO DATE    0                         0      0        0
  SINCE JUN 1      0                         6     -6        0
  SINCE JUL 1      0                         0      0        0

 COOLING
  TODAY           14                        14      0       15
  MONTH TO DATE  128                       120      8      116
  SINCE JUN 1    485                       427     58      415
  SINCE JAN 1    682                       586     96      565
..................................................................


WIND (MPH)
  HIGHEST WIND SPEED    14   HIGHEST WIND DIRECTION     W (250)
  HIGHEST GUST SPEED    22   HIGHEST GUST DIRECTION     N (20)
  AVERAGE WIND SPEED     7.4


SKY COVER
  POSSIBLE SUNSHINE  MM
  AVERAGE SKY COVER 0.8


WEATHER CONDITIONS
 THE FOLLOWING WEATHER WAS RECORDED TODAY.
  NO SIGNIFICANT WEATHER WAS OBSERVED.


RELATIVE HUMIDITY (PERCENT)
 HIGHEST    84           300 AM
 LOWEST     51           300 PM
 AVERAGE    68

..........................................................


THE PIEDMONT TRIAD INTL AIRPORT NC CLIMATE NORMALS FOR TOMORROW
                         NORMAL    RECORD    YEAR
 MAXIMUM TEMPERATURE (F)   88       101      1926
 MINIMUM TEMPERATURE (F)   69        54      1963


SUNRISE AND SUNSET
JULY  9 2014..........SUNRISE   611 AM EDT   SUNSET   839 PM EDT
JULY 10 2014..........SUNRISE   611 AM EDT   SUNSET   839 PM EDT


-  INDICATES NEGATIVE NUMBERS.
R  INDICATES RECORD WAS SET OR TIED.
MM INDICATES DATA IS MISSING.
T  INDICATES TRACE AMOUNT.




$$
