000
CDUS42 KRAH 240617
CLIGSO


CLIMATE REPORT
NATIONAL WEATHER SERVICE RALEIGH NC
215 AM EDT SUN JUL 24 2016


...................................

...THE PIEDMONT TRIAD INTL AIRPORT NC CLIMATE SUMMARY FOR JULY 23 2016...

CLIMATE NORMAL PERIOD 1981 TO 2010
CLIMATE RECORD PERIOD 1903 TO 2016


WEATHER ITEM   OBSERVED TIME   RECORD YEAR NORMAL DEPARTURE LAST
                VALUE   (LST)  VALUE       VALUE  FROM      YEAR
                                                  NORMAL
..................................................................
TEMPERATURE (F)
 YESTERDAY
  MAXIMUM         95    205 PM  99    1952  88      7       83
  MINIMUM         72    430 AM  56    1947  69      3       71
  AVERAGE         84                        79      5       77

PRECIPITATION (IN)
  YESTERDAY        0.00          2.33 1946   0.14  -0.14     0.06
  MONTH TO DATE    4.31                      3.24   1.07     2.63
  SINCE JUN 1      6.09                      6.97  -0.88     4.69
  SINCE JAN 1     25.06                     23.67   1.39    17.65

DEGREE DAYS
 HEATING
  YESTERDAY        0                         0      0        0
  MONTH TO DATE    0                         0      0        0
  SINCE JUN 1      0                         6     -6        3
  SINCE JUL 1      0                         0      0        0

 COOLING
  YESTERDAY       19                        14      5       12
  MONTH TO DATE  361                       316     45      345
  SINCE JUN 1    728                       623    105      764
  SINCE JAN 1    928                       782    146      998
..................................................................


WIND (MPH)
  HIGHEST WIND SPEED    14   HIGHEST WIND DIRECTION    NW (330)
  HIGHEST GUST SPEED    16   HIGHEST GUST DIRECTION    NW (330)
  AVERAGE WIND SPEED     4.1


SKY COVER
  POSSIBLE SUNSHINE  MM
  AVERAGE SKY COVER 0.4


WEATHER CONDITIONS
 THE FOLLOWING WEATHER WAS RECORDED YESTERDAY.
  NO SIGNIFICANT WEATHER WAS OBSERVED.


RELATIVE HUMIDITY (PERCENT)
 HIGHEST    87          1200 AM
 LOWEST     41           100 PM
 AVERAGE    64

..........................................................


THE PIEDMONT TRIAD INTL AIRPORT NC CLIMATE NORMALS FOR TODAY
                         NORMAL    RECORD    YEAR
 MAXIMUM TEMPERATURE (F)   88        99      1914
 MINIMUM TEMPERATURE (F)   69        52      1947


SUNRISE AND SUNSET
JULY 24 2016..........SUNRISE   621 AM EDT   SUNSET   831 PM EDT
JULY 25 2016..........SUNRISE   622 AM EDT   SUNSET   830 PM EDT


-  INDICATES NEGATIVE NUMBERS.
R  INDICATES RECORD WAS SET OR TIED.
MM INDICATES DATA IS MISSING.
T  INDICATES TRACE AMOUNT.

$$
