000
CDUS42 KGSP 282139
CLIGSP

CLIMATE REPORT
NATIONAL WEATHER SERVICE GREENVILLE-SPARTANBURG SC
439 PM EST FRI NOV 28 2014


...................................

...THE GREENVILLE-SPARTANBURG SC CLIMATE SUMMARY FOR NOVEMBER 28 2014...
VALID TODAY AS OF 0435 PM LOCAL TIME.

CLIMATE NORMAL PERIOD 1981 TO 2010
CLIMATE RECORD PERIOD 1884 TO 2014


WEATHER ITEM   OBSERVED TIME   RECORD YEAR NORMAL DEPARTURE LAST
                VALUE   (LST)  VALUE       VALUE  FROM      YEAR
                                                  NORMAL
..................................................................
TEMPERATURE (F)
 TODAY
  MAXIMUM         48    227 PM  77    1990  59    -11       47
                                      1909
  MINIMUM         26    721 AM  16    1903  38    -12       22
  AVERAGE         37                        48    -11       35

PRECIPITATION (IN)
  TODAY            0.00          3.61 1948   0.14  -0.14     0.00
  MONTH TO DATE    4.36                      3.41   0.95     4.13
  SINCE SEP 1     11.61                     10.28   1.33     8.54
  SINCE JAN 1     46.57                     42.79   3.78    62.89

SNOWFALL (IN)
  TODAY            0.0           2.5  1912   0.0    0.0      0.0
  MONTH TO DATE    T                         0.1   -0.1      0.1
  SINCE SEP 1      T                         0.1   -0.1      0.1
  SINCE JUL 1      T                         0.1   -0.1      0.1
  SNOW DEPTH       0

DEGREE DAYS
 HEATING
  TODAY           28                        17     11       30
  MONTH TO DATE  480                       349    131      430
  SINCE SEP 1    604                       519     85      555
  SINCE JUL 1    604                       519     85      555

 COOLING
  TODAY            0                         0      0        0
  MONTH TO DATE    0                         0      0        0
  SINCE SEP 1    296                       275     21      278
  SINCE JAN 1   1693                      1710    -17     1527
..................................................................


WIND (MPH)
  HIGHEST WIND SPEED    13   HIGHEST WIND DIRECTION     N (350)
  HIGHEST GUST SPEED    22   HIGHEST GUST DIRECTION     N (360)
  AVERAGE WIND SPEED     4.5


SKY COVER
  POSSIBLE SUNSHINE  MM
  AVERAGE SKY COVER 0.0


WEATHER CONDITIONS
 THE FOLLOWING WEATHER WAS RECORDED TODAY.
  NO SIGNIFICANT WEATHER WAS OBSERVED.


RELATIVE HUMIDITY (PERCENT)
 HIGHEST    69           800 AM
 LOWEST     31           300 PM
 AVERAGE    50

..........................................................


THE GREENVILLE-SPARTANBURG SC CLIMATE NORMALS FOR TOMORROW
                         NORMAL    RECORD    YEAR
 MAXIMUM TEMPERATURE (F)   59        79      1909
 MINIMUM TEMPERATURE (F)   37        17      1955
                                             1912


SUNRISE AND SUNSET
NOVEMBER 28 2014......SUNRISE   715 AM EST   SUNSET   518 PM EST
NOVEMBER 29 2014......SUNRISE   716 AM EST   SUNSET   518 PM EST


-  INDICATES NEGATIVE NUMBERS.
R  INDICATES RECORD WAS SET OR TIED.
MM INDICATES DATA IS MISSING.
T  INDICATES TRACE AMOUNT.

$$

OUTLAW
