000
CDUS42 KGSP 230640
CLIGSP

CLIMATE REPORT
NATIONAL WEATHER SERVICE GREENVILLE-SPARTANBURG SC
237 AM EDT SAT MAY 23 2015


...................................

...THE GREENVILLE-SPARTANBURG SC CLIMATE SUMMARY FOR MAY 22 2015...

CLIMATE NORMAL PERIOD 1981 TO 2010
CLIMATE RECORD PERIOD 1884 TO 2015


WEATHER ITEM   OBSERVED TIME   RECORD YEAR NORMAL DEPARTURE LAST
                VALUE   (LST)  VALUE       VALUE  FROM      YEAR
                                                  NORMAL
..................................................................
TEMPERATURE (F)
 YESTERDAY
  MAXIMUM         77    327 PM  98    1941  82     -5       90
  MINIMUM         54    557 AM  40    1993  59     -5       65
  AVERAGE         66                        70     -4       78

PRECIPITATION (IN)
  YESTERDAY        0.00          3.24 2003   0.12  -0.12     0.00
  MONTH TO DATE    2.46                      2.67  -0.21     2.27
  SINCE MAR 1     10.73                     10.55   0.18    11.41
  SINCE JAN 1     18.05                     18.34  -0.29    17.65

SNOWFALL (IN)
  YESTERDAY        0.0           0.0    MM   0.0    0.0      0.0
  MONTH TO DATE    0.0                       0.0    0.0      0.0
  SINCE MAR 1      0.0                       0.9   -0.9       T
  SINCE JUL 1      3.7                       4.7   -1.0      7.2
  SNOW DEPTH       0

DEGREE DAYS
 HEATING
  YESTERDAY        0                         1     -1        0
  MONTH TO DATE    8                        35    -27       36
  SINCE MAR 1    403                       592   -189      649
  SINCE JUL 1   3017                      3041    -24     3208

 COOLING
  YESTERDAY        1                         6     -5       13
  MONTH TO DATE  153                        88     65      123
  SINCE MAR 1    209                       136     73      165
  SINCE JAN 1    209                       136     73      165
..................................................................


WIND (MPH)
  HIGHEST WIND SPEED    13   HIGHEST WIND DIRECTION    NE (50)
  HIGHEST GUST SPEED    17   HIGHEST GUST DIRECTION    NE (40)
  AVERAGE WIND SPEED     5.1


SKY COVER
  POSSIBLE SUNSHINE  MM
  AVERAGE SKY COVER 0.1


WEATHER CONDITIONS
 THE FOLLOWING WEATHER WAS RECORDED YESTERDAY.
  NO SIGNIFICANT WEATHER WAS OBSERVED.


RELATIVE HUMIDITY (PERCENT)
 HIGHEST    71           600 AM
 LOWEST     27           300 PM
 AVERAGE    49

..........................................................


THE GREENVILLE-SPARTANBURG SC CLIMATE NORMALS FOR TODAY
                         NORMAL    RECORD    YEAR
 MAXIMUM TEMPERATURE (F)   82        97      1941
 MINIMUM TEMPERATURE (F)   59        43      2002
                                             1889


SUNRISE AND SUNSET
MAY 23 2015...........SUNRISE   620 AM EDT   SUNSET   831 PM EDT
MAY 24 2015...........SUNRISE   620 AM EDT   SUNSET   832 PM EDT


-  INDICATES NEGATIVE NUMBERS.
R  INDICATES RECORD WAS SET OR TIED.
MM INDICATES DATA IS MISSING.
T  INDICATES TRACE AMOUNT.




$$
