000
CDUS42 KGSP 172142
CLIGSP

CLIMATE REPORT
NATIONAL WEATHER SERVICE GREENVILLE-SPARTANBURG SC
441 PM EST TUE JAN 17 2017


...................................

...THE GREENVILLE-SPARTANBURG SC CLIMATE SUMMARY FOR JANUARY 17 2017...
VALID TODAY AS OF 0430 PM LOCAL TIME.

CLIMATE NORMAL PERIOD 1981 TO 2010
CLIMATE RECORD PERIOD 1884 TO 2017


WEATHER ITEM   OBSERVED TIME   RECORD YEAR NORMAL DEPARTURE LAST
                VALUE   (LST)  VALUE       VALUE  FROM      YEAR
                                                  NORMAL
..................................................................
TEMPERATURE (F)
 TODAY
  MAXIMUM         65    348 PM  77    1943  52     13       51
  MINIMUM         51    817 AM  -4    1893  32     19       31
  AVERAGE         58                        42     16       41

PRECIPITATION (IN)
  TODAY            0.00          2.22 2013   0.12  -0.12     0.04
  MONTH TO DATE    2.60                      2.10   0.50     1.99
  SINCE DEC 1      5.29                      6.21  -0.92    12.07
  SINCE JAN 1      2.60                      2.10   0.50     1.99

SNOWFALL (IN)
  TODAY            0.0           1.7  1994   0.1   -0.1      0.0
  MONTH TO DATE    3.1                       1.3    1.8      0.0
  SINCE DEC 1      3.1                       1.7    1.4      0.0
  SINCE JUL 1      3.1                       1.8    1.3      0.0
  SNOW DEPTH       0

DEGREE DAYS
 HEATING
  TODAY            7                        23    -16       24
  MONTH TO DATE  310                       391    -81      395
  SINCE DEC 1    906                      1041   -135      704
  SINCE JUL 1   1232                      1594   -362     1149

 COOLING
  TODAY            0                         0      0        0
  MONTH TO DATE    0                         0      0        0
  SINCE DEC 1      0                         1     -1       11
  SINCE JAN 1      0                         0      0        0
..................................................................


WIND (MPH)
  HIGHEST WIND SPEED    18   HIGHEST WIND DIRECTION    SW (240)
  HIGHEST GUST SPEED    25   HIGHEST GUST DIRECTION    SW (210)
  AVERAGE WIND SPEED     6.2


SKY COVER
  POSSIBLE SUNSHINE  MM
  AVERAGE SKY COVER 0.9


WEATHER CONDITIONS
 THE FOLLOWING WEATHER WAS RECORDED TODAY.
  FOG
  FOG W/VISIBILITY <= 1/4 MILE


RELATIVE HUMIDITY (PERCENT)
 HIGHEST   100           900 AM
 LOWEST     67           300 PM
 AVERAGE    84

..........................................................


THE GREENVILLE-SPARTANBURG SC CLIMATE NORMALS FOR TOMORROW
                         NORMAL    RECORD    YEAR
 MAXIMUM TEMPERATURE (F)   52        71      1928
 MINIMUM TEMPERATURE (F)   32         5      1893


SUNRISE AND SUNSET
JANUARY 17 2017.......SUNRISE   735 AM EST   SUNSET   543 PM EST
JANUARY 18 2017.......SUNRISE   735 AM EST   SUNSET   544 PM EST


-  INDICATES NEGATIVE NUMBERS.
R  INDICATES RECORD WAS SET OR TIED.
MM INDICATES DATA IS MISSING.
T  INDICATES TRACE AMOUNT.




$$
