000
CDUS42 KGSP 310633
CLIGSP

CLIMATE REPORT
NATIONAL WEATHER SERVICE GREENVILLE-SPARTANBURG SC
133 AM EST SAT JAN 31 2015


...................................

...THE GREENVILLE-SPARTANBURG SC CLIMATE SUMMARY FOR JANUARY 30 2015...

CLIMATE NORMAL PERIOD 1981 TO 2010
CLIMATE RECORD PERIOD 1884 TO 2015


WEATHER ITEM   OBSERVED TIME   RECORD YEAR NORMAL DEPARTURE LAST
                VALUE   (LST)  VALUE       VALUE  FROM      YEAR
                                                  NORMAL
..................................................................
TEMPERATURE (F)
 YESTERDAY
  MAXIMUM         50    241 PM  76    1975  54     -4       40
  MINIMUM         36   1159 PM  -6    1966  33      3       12
  AVERAGE         43                        43      0       26

PRECIPITATION (IN)
  YESTERDAY        0.00          1.32 1960   0.12  -0.12     0.00
  MONTH TO DATE    3.86                      3.69   0.17     3.16
  SINCE DEC 1      7.49                      7.80  -0.31     9.83
  SINCE JAN 1      3.86                      3.69   0.17     3.16

SNOWFALL (IN)
  YESTERDAY        0.0           4.5  1936   0.0    0.0      0.0
  MONTH TO DATE    0.0                       2.2   -2.2      0.8
  SINCE DEC 1      0.0                       2.6   -2.6      0.8
  SINCE JUL 1      T                         2.7   -2.7      0.9
  SNOW DEPTH       0

DEGREE DAYS
 HEATING
  YESTERDAY       22                        22      0       39
  MONTH TO DATE  692                       683      9      863
  SINCE DEC 1   1215                      1333   -118     1422
  SINCE JUL 1   1852                      1886    -34     2026

 COOLING
  YESTERDAY        0                         0      0        0
  MONTH TO DATE    0                         0      0        0
  SINCE DEC 1      0                         1     -1        6
  SINCE JAN 1      0                         0      0        0
..................................................................


WIND (MPH)
  HIGHEST WIND SPEED    21   HIGHEST WIND DIRECTION     N (360)
  HIGHEST GUST SPEED    32   HIGHEST GUST DIRECTION     N (350)
  AVERAGE WIND SPEED     9.7


SKY COVER
  POSSIBLE SUNSHINE  MM
  AVERAGE SKY COVER 0.2


WEATHER CONDITIONS
 THE FOLLOWING WEATHER WAS RECORDED YESTERDAY.
  NO SIGNIFICANT WEATHER WAS OBSERVED.


RELATIVE HUMIDITY (PERCENT)
 HIGHEST    70           500 AM
 LOWEST     29           400 PM
 AVERAGE    50

..........................................................


THE GREENVILLE-SPARTANBURG SC CLIMATE NORMALS FOR TODAY
                         NORMAL    RECORD    YEAR
 MAXIMUM TEMPERATURE (F)   54        79      1975
 MINIMUM TEMPERATURE (F)   33         3      1966


SUNRISE AND SUNSET
JANUARY 31 2015.......SUNRISE   728 AM EST   SUNSET   557 PM EST
FEBRUARY  1 2015......SUNRISE   728 AM EST   SUNSET   558 PM EST


-  INDICATES NEGATIVE NUMBERS.
R  INDICATES RECORD WAS SET OR TIED.
MM INDICATES DATA IS MISSING.
T  INDICATES TRACE AMOUNT.

$$
