000
CDUS42 KGSP 232133
CLIGSP

CLIMATE REPORT
NATIONAL WEATHER SERVICE GREENVILLE-SPARTANBURG SC
431 PM EST THU NOV 23 2017


...................................

...THE GREENVILLE-SPARTANBURG SC CLIMATE SUMMARY FOR NOVEMBER 23 2017...
VALID TODAY AS OF 0430 PM LOCAL TIME.

CLIMATE NORMAL PERIOD 1981 TO 2010
CLIMATE RECORD PERIOD 1884 TO 2017


WEATHER ITEM   OBSERVED TIME   RECORD YEAR NORMAL DEPARTURE LAST
                VALUE   (LST)  VALUE       VALUE  FROM      YEAR
                                                  NORMAL
..................................................................
TEMPERATURE (F)
 TODAY
  MAXIMUM         55    341 PM  75    1940  61     -6       62
                                      1913
  MINIMUM         36    754 AM  19    1970  39     -3       36
  AVERAGE         46                        50     -4       49

PRECIPITATION (IN)
  TODAY            0.00          2.43 2014   0.14  -0.14     0.00
  MONTH TO DATE    0.72                      2.74  -2.02     0.20
  SINCE SEP 1     12.22                      9.61   2.61     1.63
  SINCE JAN 1     50.19                     42.12   8.07    29.86

SNOWFALL (IN)
  TODAY            0.0           T    1975   0.0    0.0      0.0
                                      1971
  MONTH TO DATE    0.0                       0.1   -0.1      0.0
  SINCE SEP 1      0.0                       0.1   -0.1      0.0
  SINCE JUL 1      0.0                       0.1   -0.1      0.0
  SNOW DEPTH       0

DEGREE DAYS
 HEATING
  TODAY           19                        15      4       16
  MONTH TO DATE  254                       269    -15      225
  SINCE SEP 1    399                       439    -40      267
  SINCE JUL 1    399                       439    -40      267

 COOLING
  TODAY            0                         0      0        0
  MONTH TO DATE    8                         0      8       12
  SINCE SEP 1    336                       275     61      469
  SINCE JAN 1   1802                      1710     92     2188
..................................................................


WIND (MPH)
  HIGHEST WIND SPEED    10   HIGHEST WIND DIRECTION    NE (50)
  HIGHEST GUST SPEED    14   HIGHEST GUST DIRECTION    NE (30)
  AVERAGE WIND SPEED     5.7


SKY COVER
  POSSIBLE SUNSHINE  MM
  AVERAGE SKY COVER 0.0


WEATHER CONDITIONS
 THE FOLLOWING WEATHER WAS RECORDED TODAY.
  NO SIGNIFICANT WEATHER WAS OBSERVED.


RELATIVE HUMIDITY (PERCENT)
 HIGHEST    75           800 AM
 LOWEST     35           300 PM
 AVERAGE    55

..........................................................


THE GREENVILLE-SPARTANBURG SC CLIMATE NORMALS FOR TOMORROW
                         NORMAL    RECORD    YEAR
 MAXIMUM TEMPERATURE (F)   61        78      1913
 MINIMUM TEMPERATURE (F)   39        14      1970


SUNRISE AND SUNSET
NOVEMBER 23 2017......SUNRISE   711 AM EST   SUNSET   519 PM EST
NOVEMBER 24 2017......SUNRISE   712 AM EST   SUNSET   519 PM EST


-  INDICATES NEGATIVE NUMBERS.
R  INDICATES RECORD WAS SET OR TIED.
MM INDICATES DATA IS MISSING.
T  INDICATES TRACE AMOUNT.




$$

LEC
