000
CDUS42 KGSP 282037
CLIGSP

CLIMATE REPORT
NATIONAL WEATHER SERVICE GREENVILLE-SPARTANBURG SC
437 PM EDT TUE MAR 28 2017


...................................

...THE GREENVILLE-SPARTANBURG SC CLIMATE SUMMARY FOR MARCH 28 2017...
VALID TODAY AS OF 0435 PM LOCAL TIME.

CLIMATE NORMAL PERIOD 1981 TO 2010
CLIMATE RECORD PERIOD 1884 TO 2017


WEATHER ITEM   OBSERVED TIME   RECORD YEAR NORMAL DEPARTURE LAST
                VALUE   (LST)  VALUE       VALUE  FROM      YEAR
                                                  NORMAL
..................................................................
TEMPERATURE (F)
 TODAY
  MAXIMUM         83    303 PM  84    2007  68     15       77
  MINIMUM         57    346 AM  26    1982  44     13       48
                                      1897
  AVERAGE         70                        56     14       63

PRECIPITATION (IN)
  TODAY            0.30          2.31 1980   0.14   0.16     0.00
  MONTH TO DATE    6.45                      4.09   2.36     1.69
  SINCE MAR 1      6.45                      4.09   2.36     1.69
  SINCE JAN 1     12.17                     11.88   0.29     9.95

SNOWFALL (IN)
  TODAY            0.0           T    1947   0.0    0.0      0.0
                                      1947
  MONTH TO DATE    0.5                       0.9   -0.4       T
  SINCE MAR 1      0.5                       0.9   -0.4       T
  SINCE JUL 1      3.6                       4.7   -1.1      2.6
  SNOW DEPTH       0

DEGREE DAYS
 HEATING
  TODAY            0                         9     -9        2
  MONTH TO DATE  351                       357     -6      208
  SINCE MAR 1    351                       357     -6      208
  SINCE JUL 1   2077                      2806   -729     2305

 COOLING
  TODAY            5                         0      5        0
  MONTH TO DATE   13                         0     13       25
  SINCE MAR 1     13                         0     13       25
  SINCE JAN 1     19                         0     19       25
..................................................................


WIND (MPH)
  HIGHEST WIND SPEED    20   HIGHEST WIND DIRECTION     W (250)
  HIGHEST GUST SPEED    27   HIGHEST GUST DIRECTION     W (250)
  AVERAGE WIND SPEED    11.2


SKY COVER
  POSSIBLE SUNSHINE  MM
  AVERAGE SKY COVER 0.3


WEATHER CONDITIONS
 THE FOLLOWING WEATHER WAS RECORDED TODAY.
  THUNDERSTORM
  HEAVY RAIN
  RAIN
  LIGHT RAIN
  FOG


RELATIVE HUMIDITY (PERCENT)
 HIGHEST   100           600 AM
 LOWEST     34           300 PM
 AVERAGE    67

..........................................................


THE GREENVILLE-SPARTANBURG SC CLIMATE NORMALS FOR TOMORROW
                         NORMAL    RECORD    YEAR
 MAXIMUM TEMPERATURE (F)   68        85      1907
 MINIMUM TEMPERATURE (F)   44        25      2015


SUNRISE AND SUNSET
MARCH 28 2017.........SUNRISE   721 AM EDT   SUNSET   747 PM EDT
MARCH 29 2017.........SUNRISE   720 AM EDT   SUNSET   748 PM EDT


-  INDICATES NEGATIVE NUMBERS.
R  INDICATES RECORD WAS SET OR TIED.
MM INDICATES DATA IS MISSING.
T  INDICATES TRACE AMOUNT.

$$

OUTLAW
