000
CDUS42 KGSP 190628
CLIGSP

CLIMATE REPORT
NATIONAL WEATHER SERVICE GREENVILLE-SPARTANBURG SC
226 AM EDT FRI SEP 19 2014


...................................

...THE GREENVILLE-SPARTANBURG SC CLIMATE SUMMARY FOR SEPTEMBER 18 2014...

CLIMATE NORMAL PERIOD 1981 TO 2010
CLIMATE RECORD PERIOD 1884 TO 2014


WEATHER ITEM   OBSERVED TIME   RECORD YEAR NORMAL DEPARTURE LAST
                VALUE   (LST)  VALUE       VALUE  FROM      YEAR
                                                  NORMAL
..................................................................
TEMPERATURE (F)
 YESTERDAY
  MAXIMUM         80    331 PM  97    1931  82     -2       75
  MINIMUM         62    339 AM  48    1985  61      1       60
                                      1917
                                      1903
  AVERAGE         71                        71      0       68

PRECIPITATION (IN)
  YESTERDAY        0.00          3.50 1901   0.11  -0.11     0.00
  MONTH TO DATE    3.54                      2.10   1.44     0.02
  SINCE SEP 1      3.54                      2.10   1.44     0.02
  SINCE JAN 1     38.50                     34.61   3.89    54.37

SNOWFALL (IN)
  YESTERDAY        0.0           0.0    MM   0.0    0.0      0.0
  MONTH TO DATE    0.0                       0.0    0.0      0.0
  SINCE SEP 1      0.0                       0.0    0.0      0.0
  SINCE JUL 1      0.0                       0.0    0.0      0.0
  SNOW DEPTH       0

DEGREE DAYS
 HEATING
  YESTERDAY        0                         1     -1        0
  MONTH TO DATE    0                         1     -1        0
  SINCE SEP 1      0                         1     -1        0
  SINCE JUL 1      0                         1     -1        0

 COOLING
  YESTERDAY        6                         7     -1        3
  MONTH TO DATE  199                       166     33      187
  SINCE SEP 1    199                       166     33      187
  SINCE JAN 1   1596                      1601     -5     1436
..................................................................


WIND (MPH)
  HIGHEST WIND SPEED     8   HIGHEST WIND DIRECTION    NE (60)
  HIGHEST GUST SPEED    14   HIGHEST GUST DIRECTION     E (80)
  AVERAGE WIND SPEED     4.1


SKY COVER
  POSSIBLE SUNSHINE  MM
  AVERAGE SKY COVER 0.6


WEATHER CONDITIONS
 THE FOLLOWING WEATHER WAS RECORDED YESTERDAY.
  FOG


RELATIVE HUMIDITY (PERCENT)
 HIGHEST   100           300 AM
 LOWEST     54           300 PM
 AVERAGE    77

..........................................................


THE GREENVILLE-SPARTANBURG SC CLIMATE NORMALS FOR TODAY
                         NORMAL    RECORD    YEAR
 MAXIMUM TEMPERATURE (F)   81        99      1925
 MINIMUM TEMPERATURE (F)   61        41      1981


SUNRISE AND SUNSET
SEPTEMBER 19 2014.....SUNRISE   715 AM EDT   SUNSET   730 PM EDT
SEPTEMBER 20 2014.....SUNRISE   715 AM EDT   SUNSET   729 PM EDT


-  INDICATES NEGATIVE NUMBERS.
R  INDICATES RECORD WAS SET OR TIED.
MM INDICATES DATA IS MISSING.
T  INDICATES TRACE AMOUNT.

$$
07
