000
CDUS42 KGSP 240631
CLIGSP

CLIMATE REPORT
NATIONAL WEATHER SERVICE GREENVILLE-SPARTANBURG SC
228 AM EDT MON JUL 24 2017


...................................

...THE GREENVILLE-SPARTANBURG SC CLIMATE SUMMARY FOR JULY 23 2017...

CLIMATE NORMAL PERIOD 1981 TO 2010
CLIMATE RECORD PERIOD 1884 TO 2017


WEATHER ITEM   OBSERVED TIME   RECORD YEAR NORMAL DEPARTURE LAST
                VALUE   (LST)  VALUE       VALUE  FROM      YEAR
                                                  NORMAL
..................................................................
TEMPERATURE (F)
 YESTERDAY
  MAXIMUM         95    249 PM 102    1952  90      5       94
  MINIMUM         71    745 PM  59    1966  70      1       71
                                      1947
  AVERAGE         83                        80      3       83

PRECIPITATION (IN)
  YESTERDAY        0.35          2.59 1979   0.17   0.18     0.00
  MONTH TO DATE    3.68                      3.49   0.19     3.13
  SINCE JUN 1      7.72                      7.29   0.43     4.34
  SINCE JAN 1     33.09                     26.72   6.37    21.89

SNOWFALL (IN)
  YESTERDAY        0.0           0.0    MM   0.0    0.0      0.0
  MONTH TO DATE    0.0                       0.0    0.0      0.0
  SINCE JUN 1      0.0                       0.0    0.0      0.0
  SINCE JUL 1      0.0                       0.0    0.0      0.0
  SNOW DEPTH       0

DEGREE DAYS
 HEATING
  YESTERDAY        0                         0      0        0
  MONTH TO DATE    0                         0      0        0
  SINCE JUN 1      0                         2     -2        0
  SINCE JUL 1      0                         0      0        0

 COOLING
  YESTERDAY       18                        15      3       18
  MONTH TO DATE  363                       343     20      408
  SINCE JUN 1    675                       694    -19      839
  SINCE JAN 1    940                       895     45     1078
..................................................................


WIND (MPH)
  HIGHEST WIND SPEED    20   HIGHEST WIND DIRECTION    NE (40)
  HIGHEST GUST SPEED    26   HIGHEST GUST DIRECTION    NE (40)
  AVERAGE WIND SPEED     5.9


SKY COVER
  POSSIBLE SUNSHINE  MM
  AVERAGE SKY COVER 0.1


WEATHER CONDITIONS
 THE FOLLOWING WEATHER WAS RECORDED YESTERDAY.
  THUNDERSTORM
  HEAVY RAIN
  RAIN
  LIGHT RAIN
  FOG


RELATIVE HUMIDITY (PERCENT)
 HIGHEST    93           700 PM
 LOWEST     49           200 PM
 AVERAGE    71

..........................................................


THE GREENVILLE-SPARTANBURG SC CLIMATE NORMALS FOR TODAY
                         NORMAL    RECORD    YEAR
 MAXIMUM TEMPERATURE (F)   90       101      1952
 MINIMUM TEMPERATURE (F)   70        59      1904


SUNRISE AND SUNSET
JULY 24 2017..........SUNRISE   633 AM EDT   SUNSET   838 PM EDT
JULY 25 2017..........SUNRISE   634 AM EDT   SUNSET   837 PM EDT


-  INDICATES NEGATIVE NUMBERS.
R  INDICATES RECORD WAS SET OR TIED.
MM INDICATES DATA IS MISSING.
T  INDICATES TRACE AMOUNT.




$$
