469
CDUS42 KGSP 090639
CLIGSP

CLIMATE REPORT
NATIONAL WEATHER SERVICE GREENVILLE-SPARTANBURG SC
137 AM EST TUE FEB 9 2016


...................................

...THE GREENVILLE-SPARTANBURG SC CLIMATE SUMMARY FOR FEBRUARY 8 2016...

CLIMATE NORMAL PERIOD 1981 TO 2010
CLIMATE RECORD PERIOD 1884 TO 2016


WEATHER ITEM   OBSERVED TIME   RECORD YEAR NORMAL DEPARTURE LAST
                VALUE   (LST)  VALUE       VALUE  FROM      YEAR
                                                  NORMAL
..................................................................
TEMPERATURE (F)
 YESTERDAY
  MAXIMUM         52    303 PM  75    1911  55     -3       68
  MINIMUM         29    500 AM  16    1951  34     -5       45
  AVERAGE         41                        44     -3       57

PRECIPITATION (IN)
  YESTERDAY        T             1.90 1903   0.13  -0.13     0.00
  MONTH TO DATE    1.62                      1.06   0.56     0.88
  SINCE DEC 1     15.24                      8.99   6.25     8.37
  SINCE JAN 1      5.16                      4.88   0.28     4.74

SNOWFALL (IN)
  YESTERDAY        0.0           1.0  1905   0.0    0.0      0.0
  MONTH TO DATE    T                         0.3   -0.3      0.0
  SINCE DEC 1      2.2                       3.0   -0.8      0.0
  SINCE JUL 1      2.2                       3.1   -0.9       T
  SNOW DEPTH       0

DEGREE DAYS
 HEATING
  YESTERDAY       24                        21      3        8
  MONTH TO DATE  131                       169    -38      178
  SINCE DEC 1   1199                      1526   -327     1419
  SINCE JUL 1   1644                      2079   -435     2056

 COOLING
  YESTERDAY        0                         0      0        0
  MONTH TO DATE    0                         0      0        0
  SINCE DEC 1     11                         1     10        0
  SINCE JAN 1      0                         0      0        0
..................................................................


WIND (MPH)
  HIGHEST WIND SPEED    25   HIGHEST WIND DIRECTION    SW (230)
  HIGHEST GUST SPEED    35   HIGHEST GUST DIRECTION    SW (230)
  AVERAGE WIND SPEED     8.9


SKY COVER
  POSSIBLE SUNSHINE  MM
  AVERAGE SKY COVER 0.3


WEATHER CONDITIONS
 THE FOLLOWING WEATHER WAS RECORDED YESTERDAY.
  LIGHT RAIN


RELATIVE HUMIDITY (PERCENT)
 HIGHEST    78           500 AM
 LOWEST     41           300 PM
 AVERAGE    60

..........................................................


THE GREENVILLE-SPARTANBURG SC CLIMATE NORMALS FOR TODAY
                         NORMAL    RECORD    YEAR
 MAXIMUM TEMPERATURE (F)   55        76      1994
 MINIMUM TEMPERATURE (F)   34         9      1995


SUNRISE AND SUNSET
FEBRUARY  9 2016......SUNRISE   721 AM EST   SUNSET   605 PM EST
FEBRUARY 10 2016......SUNRISE   720 AM EST   SUNSET   606 PM EST


-  INDICATES NEGATIVE NUMBERS.
R  INDICATES RECORD WAS SET OR TIED.
MM INDICATES DATA IS MISSING.
T  INDICATES TRACE AMOUNT.




$$
