783
CDUS42 KGSP 210644
CLIGSP

CLIMATE REPORT
NATIONAL WEATHER SERVICE GREENVILLE-SPARTANBURG SC
143 AM EST WED FEB 21 2018


...................................

...THE GREENVILLE-SPARTANBURG SC CLIMATE SUMMARY FOR FEBRUARY 20 2018...

CLIMATE NORMAL PERIOD 1981 TO 2010
CLIMATE RECORD PERIOD 1884 TO 2018


WEATHER ITEM   OBSERVED TIME   RECORD YEAR NORMAL DEPARTURE LAST
                VALUE   (LST)  VALUE       VALUE  FROM      YEAR
                                                  NORMAL
..................................................................
TEMPERATURE (F)
 YESTERDAY
  MAXIMUM         72    353 PM  75    2014  58     14       73
                                      1986
  MINIMUM         53    517 AM   9    2015  36     17       41
  AVERAGE         63                        47     16       57

PRECIPITATION (IN)
  YESTERDAY        T             2.56 1953   0.15  -0.15     0.00
  MONTH TO DATE    4.91                      2.77   2.14     1.03
  SINCE DEC 1     10.68                     10.70  -0.02     8.24
  SINCE JAN 1      7.77                      6.59   1.18     5.55

SNOWFALL (IN)
  YESTERDAY        0.0           2.0  1905   0.0    0.0      0.0
  MONTH TO DATE    0.0                       0.7   -0.7      0.0
  SINCE DEC 1      4.7                       3.4    1.3      3.1
  SINCE JUL 1      4.7                       3.5    1.2      3.1
  SNOW DEPTH       0

DEGREE DAYS
 HEATING
  YESTERDAY        2                        18    -16        8
  MONTH TO DATE  295                       401   -106      246
  SINCE DEC 1   1740                      1758    -18     1338
  SINCE JUL 1   2234                      2311    -77     1664

 COOLING
  YESTERDAY        0                         0      0        0
  MONTH TO DATE    5                         0      5        6
  SINCE DEC 1      5                         1      4        6
  SINCE JAN 1      5                         0      5        6
..................................................................


WIND (MPH)
  HIGHEST WIND SPEED    12   HIGHEST WIND DIRECTION     S (160)
  HIGHEST GUST SPEED    15   HIGHEST GUST DIRECTION    SW (220)
  AVERAGE WIND SPEED     3.1


SKY COVER
  POSSIBLE SUNSHINE  MM
  AVERAGE SKY COVER 0.9


WEATHER CONDITIONS
 THE FOLLOWING WEATHER WAS RECORDED YESTERDAY.
  LIGHT RAIN
  FOG
  FOG W/VISIBILITY <= 1/4 MILE


RELATIVE HUMIDITY (PERCENT)
 HIGHEST   100          1200 AM
 LOWEST     68           400 PM
 AVERAGE    84

..........................................................


THE GREENVILLE-SPARTANBURG SC CLIMATE NORMALS FOR TODAY
                         NORMAL    RECORD    YEAR
 MAXIMUM TEMPERATURE (F)   58        75      1917
 MINIMUM TEMPERATURE (F)   36         9      1896


SUNRISE AND SUNSET
FEBRUARY 21 2018......SUNRISE   708 AM EST   SUNSET   617 PM EST
FEBRUARY 22 2018......SUNRISE   707 AM EST   SUNSET   618 PM EST


-  INDICATES NEGATIVE NUMBERS.
R  INDICATES RECORD WAS SET OR TIED.
MM INDICATES DATA IS MISSING.
T  INDICATES TRACE AMOUNT.




$$
