000
CDUS42 KGSP 270633
CLIGSP

CLIMATE REPORT
NATIONAL WEATHER SERVICE GREENVILLE-SPARTANBURG SC
133 AM EST MON FEB 27 2017


...................................

...THE GREENVILLE-SPARTANBURG SC CLIMATE SUMMARY FOR FEBRUARY 26 2017...

CLIMATE NORMAL PERIOD 1981 TO 2010
CLIMATE RECORD PERIOD 1884 TO 2017


WEATHER ITEM   OBSERVED TIME   RECORD YEAR NORMAL DEPARTURE LAST
                VALUE   (LST)  VALUE       VALUE  FROM      YEAR
                                                  NORMAL
..................................................................
TEMPERATURE (F)
 YESTERDAY
  MAXIMUM         59    447 PM  80    1996  59      0       53
  MINIMUM         31    724 AM  12    1974  37     -6       31
  AVERAGE         45                        48     -3       42

PRECIPITATION (IN)
  YESTERDAY        0.00          2.50 1890   0.14  -0.14     0.00
  MONTH TO DATE    1.20                      3.67  -2.47     4.72
  SINCE DEC 1      8.41                     11.60  -3.19    18.34
  SINCE JAN 1      5.72                      7.49  -1.77     8.26

SNOWFALL (IN)
  YESTERDAY        0.0           8.0  2004   0.0    0.0      0.0
  MONTH TO DATE    0.0                       0.9   -0.9      0.4
  SINCE DEC 1      3.1                       3.6   -0.5      2.6
  SINCE JUL 1      3.1                       3.7   -0.6      2.6
  SNOW DEPTH       0

DEGREE DAYS
 HEATING
  YESTERDAY       20                        17      3       23
  MONTH TO DATE  289                       506   -217      541
  SINCE DEC 1   1381                      1863   -482     1609
  SINCE JUL 1   1707                      2416   -709     2054

 COOLING
  YESTERDAY        0                         0      0        0
  MONTH TO DATE    6                         0      6        0
  SINCE DEC 1      6                         1      5       11
  SINCE JAN 1      6                         0      6        0
..................................................................


WIND (MPH)
  HIGHEST WIND SPEED    10   HIGHEST WIND DIRECTION     S (180)
  HIGHEST GUST SPEED    12   HIGHEST GUST DIRECTION     S (200)
  AVERAGE WIND SPEED     3.3


SKY COVER
  POSSIBLE SUNSHINE  MM
  AVERAGE SKY COVER 0.0


WEATHER CONDITIONS
 THE FOLLOWING WEATHER WAS RECORDED YESTERDAY.
  NO SIGNIFICANT WEATHER WAS OBSERVED.


RELATIVE HUMIDITY (PERCENT)
 HIGHEST    61           800 AM
 LOWEST     17           500 PM
 AVERAGE    39

..........................................................


THE GREENVILLE-SPARTANBURG SC CLIMATE NORMALS FOR TODAY
                         NORMAL    RECORD    YEAR
 MAXIMUM TEMPERATURE (F)   60        81      1996
 MINIMUM TEMPERATURE (F)   37        12      1963


SUNRISE AND SUNSET
FEBRUARY 27 2017......SUNRISE   700 AM EST   SUNSET   623 PM EST
FEBRUARY 28 2017......SUNRISE   659 AM EST   SUNSET   624 PM EST


-  INDICATES NEGATIVE NUMBERS.
R  INDICATES RECORD WAS SET OR TIED.
MM INDICATES DATA IS MISSING.
T  INDICATES TRACE AMOUNT.




$$
