000
CDUS42 KGSP 010631 RRA
CLIGSP

CLIMATE REPORT
NATIONAL WEATHER SERVICE GREENVILLE-SPARTANBURG SC
227 AM EDT WED JUN 1 2016


...................................

...THE GREENVILLE-SPARTANBURG SC CLIMATE SUMMARY FOR MAY 31 2016...

CLIMATE NORMAL PERIOD 1981 TO 2010
CLIMATE RECORD PERIOD 1884 TO 2016


WEATHER ITEM   OBSERVED TIME   RECORD YEAR NORMAL DEPARTURE LAST
                VALUE   (LST)  VALUE       VALUE  FROM      YEAR
                                                  NORMAL
..................................................................
TEMPERATURE (F)
 YESTERDAY
  MAXIMUM         85   1243 PM  98    1953  84      1       85
  MINIMUM         66    507 AM  43    1984  62      4       67
  AVERAGE         76                        73      3       76

PRECIPITATION (IN)
  YESTERDAY        0.03          2.00 1887   0.13  -0.10     0.02
  MONTH TO DATE    5.28                      3.76   1.52     3.00
  SINCE MAR 1      9.29                     11.64  -2.35    11.27
  SINCE JAN 1     17.55                     19.43  -1.88    18.59

SNOWFALL (IN)
  YESTERDAY        0.0           0.0    MM   0.0    0.0      0.0
  MONTH TO DATE    0.0                       0.0    0.0      0.0
  SINCE MAR 1      T                         0.9   -0.9      0.0
  SINCE JUL 1      2.6                       4.7   -2.1      3.7
  SNOW DEPTH       0

DEGREE DAYS
 HEATING
  YESTERDAY        0                         0      0        0
  MONTH TO DATE   34                        39     -5        8
  SINCE MAR 1    401                       595   -194      403
  SINCE JUL 1   2498                      3044   -546     3017

 COOLING
  YESTERDAY       11                         8      3       11
  MONTH TO DATE  154                       153      1      219
  SINCE MAR 1    239                       201     38      275
  SINCE JAN 1    239                       201     38      275
..................................................................


WIND (MPH)
  HIGHEST WIND SPEED    16   HIGHEST WIND DIRECTION     W (250)
  HIGHEST GUST SPEED    20   HIGHEST GUST DIRECTION    SW (240)
  AVERAGE WIND SPEED     5.0


SKY COVER
  POSSIBLE SUNSHINE  MM
  AVERAGE SKY COVER 0.2


WEATHER CONDITIONS
 THE FOLLOWING WEATHER WAS RECORDED YESTERDAY.
  THUNDERSTORM
  LIGHT RAIN
  FOG


RELATIVE HUMIDITY (PERCENT)
 HIGHEST   100           300 AM
 LOWEST     58          1200 PM
 AVERAGE    79

..........................................................


THE GREENVILLE-SPARTANBURG SC CLIMATE NORMALS FOR TODAY
                         NORMAL    RECORD    YEAR
 MAXIMUM TEMPERATURE (F)   84        96      2011
                                             1953
 MINIMUM TEMPERATURE (F)   62        40      1972


SUNRISE AND SUNSET
JUNE  1 2016..........SUNRISE   616 AM EDT   SUNSET   838 PM EDT
JUNE  2 2016..........SUNRISE   616 AM EDT   SUNSET   838 PM EDT


-  INDICATES NEGATIVE NUMBERS.
R  INDICATES RECORD WAS SET OR TIED.
MM INDICATES DATA IS MISSING.
T  INDICATES TRACE AMOUNT.




$$
