000
CDUS45 KTFX 261054
CLIGTF


CLIMATE REPORT
NATIONAL WEATHER SERVICE GREAT FALLS MT
354 AM MST SUN FEB 26 2017


...................................

...THE GREAT FALLS MT CLIMATE SUMMARY FOR FEBRUARY 25 2017...

CLIMATE NORMAL PERIOD 1981 TO 2010
CLIMATE RECORD PERIOD 1886 TO 2017


WEATHER ITEM   OBSERVED TIME   RECORD YEAR NORMAL DEPARTURE LAST
                VALUE   (LST)  VALUE       VALUE  FROM      YEAR
                                                  NORMAL
..................................................................
TEMPERATURE (F)
 YESTERDAY
  MAXIMUM         35    224 PM  64    1896  40     -5       59
  MINIMUM         15    514 AM -24    2011  17     -2       17
  AVERAGE         25                        29     -4       38

PRECIPITATION (IN)
  YESTERDAY        0.00          0.54 1911   0.02  -0.02     0.00
  MONTH TO DATE    0.38                      0.41  -0.03     0.03
  SINCE OCT 1      4.16                      2.92   1.24     5.75
  SINCE JAN 1      1.23                      0.92   0.31     0.65

SNOWFALL (IN)
  YESTERDAY        0.0           6.4  1996   0.3   -0.3      0.0
  MONTH TO DATE    3.8                       7.3   -3.5      0.1
  SINCE DEC 1     32.1                      25.4    6.7     22.0
  SINCE JUL 1     34.8                      39.1   -4.3     37.9
  SNOW DEPTH       0

DEGREE DAYS
 HEATING
  YESTERDAY       40                        36      4       27
  MONTH TO DATE  958                       948     10      675
  SINCE DEC 1   3973                      3430    543     3018
  SINCE JUL 1   5558                      5399    159     4839

 COOLING
  YESTERDAY        0                         0      0        0
  MONTH TO DATE    0                         0      0        0
  SINCE DEC 1      0                         0      0        0
  SINCE JAN 1      0                         0      0        0
..................................................................


WIND (MPH)
  HIGHEST WIND SPEED    29   HIGHEST WIND DIRECTION     W (250)
  HIGHEST GUST SPEED    37   HIGHEST GUST DIRECTION     W (260)
  AVERAGE WIND SPEED    17.1


SKY COVER
  AVERAGE SKY COVER 0.3


WEATHER CONDITIONS
 THE FOLLOWING WEATHER WAS RECORDED YESTERDAY.
  NO SIGNIFICANT WEATHER WAS OBSERVED.


RELATIVE HUMIDITY (PERCENT)
 HIGHEST    84          1200 AM
 LOWEST     29           300 PM
 AVERAGE    57

..........................................................


THE GREAT FALLS MT CLIMATE NORMALS FOR TODAY
                         NORMAL    RECORD    YEAR
 MAXIMUM TEMPERATURE (F)   41        67      1950
 MINIMUM TEMPERATURE (F)   18       -25      1917


SUNRISE AND SUNSET
FEBRUARY 26 2017......SUNRISE   711 AM MST   SUNSET   606 PM MST
FEBRUARY 27 2017......SUNRISE   709 AM MST   SUNSET   608 PM MST


-  INDICATES NEGATIVE NUMBERS.
R  INDICATES RECORD WAS SET OR TIED.
MM INDICATES DATA IS MISSING.
T  INDICATES TRACE AMOUNT.




$$
