000
CDUS45 KTFX 211021
CLIGTF


CLIMATE REPORT
NATIONAL WEATHER SERVICE GREAT FALLS MT
417 AM MDT TUE OCT 21 2014


...................................

...THE GREAT FALLS MT CLIMATE SUMMARY FOR OCTOBER 20 2014...

CLIMATE NORMAL PERIOD 1981 TO 2010
CLIMATE RECORD PERIOD 1886 TO 2014


WEATHER ITEM   OBSERVED TIME   RECORD YEAR NORMAL DEPARTURE LAST
                VALUE   (LST)  VALUE       VALUE  FROM      YEAR
                                                  NORMAL
..................................................................
TEMPERATURE (F)
 YESTERDAY
  MAXIMUM         78    318 PM  82    1895  56     22       59
  MINIMUM         53    714 AM  16    1984  32     21       38
  AVERAGE         66                        44     22       49

PRECIPITATION (IN)
  YESTERDAY        0.00          0.53 1908   0.02  -0.02      T
  MONTH TO DATE    0.12                      0.61  -0.49     0.36
  SINCE OCT 1      0.12                      0.61  -0.49     0.36
  SINCE JAN 1     17.30                     13.36   3.94    10.09

SNOWFALL (IN)
  YESTERDAY        0.0           4.4  1996   0.1   -0.1      0.0
  MONTH TO DATE    1.1                       2.2   -1.1       T
  SINCE SEP 1      1.1                       3.4   -2.3       T
  SINCE JUL 1      1.1                       3.7   -2.6       T
  SNOW DEPTH       0

DEGREE DAYS
 HEATING
  YESTERDAY        0                        21    -21       16
  MONTH TO DATE  221                       357   -136      415
  SINCE SEP 1    476                       643   -167      581
  SINCE JUL 1    546                       764   -218      605

 COOLING
  YESTERDAY        1                         0      1        0
  MONTH TO DATE    1                         0      1        0
  SINCE SEP 1     26                        21      5       80
  SINCE JAN 1    350                       297     53      449
..................................................................


WIND (MPH)
  HIGHEST WIND SPEED    21   HIGHEST WIND DIRECTION    SW (220)
  HIGHEST GUST SPEED    25   HIGHEST GUST DIRECTION    SW (210)
  AVERAGE WIND SPEED    13.5


SKY COVER
  AVERAGE SKY COVER 0.0


WEATHER CONDITIONS
 THE FOLLOWING WEATHER WAS RECORDED YESTERDAY.
  NO SIGNIFICANT WEATHER WAS OBSERVED.


RELATIVE HUMIDITY (PERCENT)
 HIGHEST    38           200 AM
 LOWEST     17           200 PM
 AVERAGE    28

..........................................................


THE GREAT FALLS MT CLIMATE NORMALS FOR TODAY
                         NORMAL    RECORD    YEAR
 MAXIMUM TEMPERATURE (F)   56        80      1915
                                             1897
 MINIMUM TEMPERATURE (F)   31        10      1930


SUNRISE AND SUNSET
OCTOBER 21 2014.......SUNRISE   753 AM MDT   SUNSET   626 PM MDT
OCTOBER 22 2014.......SUNRISE   754 AM MDT   SUNSET   625 PM MDT


-  INDICATES NEGATIVE NUMBERS.
R  INDICATES RECORD WAS SET OR TIED.
MM INDICATES DATA IS MISSING.
T  INDICATES TRACE AMOUNT.




$$
