160
CDUS45 KTFX 090806
CLIGTF


CLIMATE REPORT
NATIONAL WEATHER SERVICE GREAT FALLS MT
106 AM MST TUE FEB 9 2016


...................................

...THE GREAT FALLS MT CLIMATE SUMMARY FOR FEBRUARY 8 2016...

CLIMATE NORMAL PERIOD 1981 TO 2010
CLIMATE RECORD PERIOD 1886 TO 2016


WEATHER ITEM   OBSERVED TIME   RECORD YEAR NORMAL DEPARTURE LAST
                VALUE   (LST)  VALUE       VALUE  FROM      YEAR
                                                  NORMAL
..................................................................
TEMPERATURE (F)
 YESTERDAY
  MAXIMUM         62    308 PM  63    1987  37     25       57
  MINIMUM         30   1244 AM -34    1994  16     14       38
  AVERAGE         46                        26     20       48

PRECIPITATION (IN)
  YESTERDAY        0.00          0.24 1981   0.01  -0.01     0.00
                                      1902
  MONTH TO DATE    0.03                      0.12  -0.09     0.01
  SINCE OCT 1      5.75                      2.63   3.12     3.97
  SINCE JAN 1      0.65                      0.63   0.02     1.02

SNOWFALL (IN)
  YESTERDAY        0.0           4.2  2007   0.2   -0.2      0.0
  MONTH TO DATE    0.1                       2.2   -2.1      0.1
  SINCE DEC 1     22.0                      20.3    1.7     33.2
  SINCE JUL 1     37.9                      34.0    3.9     50.6
  SNOW DEPTH       0

DEGREE DAYS
 HEATING
  YESTERDAY       19                        39    -20       17
  MONTH TO DATE  258                       312    -54      238
  SINCE DEC 1   2601                      2794   -193     2541
  SINCE JUL 1   4422                      4763   -341     4430

 COOLING
  YESTERDAY        0                         0      0        0
  MONTH TO DATE    0                         0      0        0
  SINCE DEC 1      0                         0      0        0
  SINCE JAN 1      0                         0      0        0
..................................................................


WIND (MPH)
  HIGHEST WIND SPEED    28   HIGHEST WIND DIRECTION     W (250)
  HIGHEST GUST SPEED    32   HIGHEST GUST DIRECTION     W (260)
  AVERAGE WIND SPEED    15.1


SKY COVER
  AVERAGE SKY COVER 0.0


WEATHER CONDITIONS
 THE FOLLOWING WEATHER WAS RECORDED YESTERDAY.
  NO SIGNIFICANT WEATHER WAS OBSERVED.


RELATIVE HUMIDITY (PERCENT)
 HIGHEST    70          1100 PM
 LOWEST     27           300 PM
 AVERAGE    49

..........................................................


THE GREAT FALLS MT CLIMATE NORMALS FOR TODAY
                         NORMAL    RECORD    YEAR
 MAXIMUM TEMPERATURE (F)   37        62      1970
 MINIMUM TEMPERATURE (F)   16       -35      1939


SUNRISE AND SUNSET
FEBRUARY  9 2016......SUNRISE   741 AM MST   SUNSET   539 PM MST
FEBRUARY 10 2016......SUNRISE   739 AM MST   SUNSET   541 PM MST


-  INDICATES NEGATIVE NUMBERS.
R  INDICATES RECORD WAS SET OR TIED.
MM INDICATES DATA IS MISSING.
T  INDICATES TRACE AMOUNT.




$$
