000
CDGM40 PGUM 251845
CLIGUM


CLIMATE REPORT
NATIONAL WEATHER SERVICE TIYAN, GUAM
445 AM CHST TUE MAY 26 2015


...................................

...THE GUAM INTERNATIONAL AIRPORT GU CLIMATE SUMMARY FOR MAY 25 2015...

CLIMATE NORMAL PERIOD 1981 TO 2010
CLIMATE RECORD PERIOD 1945 TO 2015


WEATHER ITEM   OBSERVED TIME   RECORD YEAR NORMAL DEPARTURE LAST
                VALUE   (LST)  VALUE       VALUE  FROM      YEAR
                                                  NORMAL
..................................................................
TEMPERATURE (F)
 YESTERDAY
  MAXIMUM         87    257 PM  92    2013  88     -1       89
                                      1984
                                      1969
  MINIMUM         76    210 AM  73    2003  77     -1       76
                                      1997
  AVERAGE         82                        83     -1       83

PRECIPITATION (IN)
  YESTERDAY        0.02          2.08 2014   0.14  -0.12     2.08
  MONTH TO DATE    8.35                      3.38   4.97     2.55
  SINCE MAR 1     19.09                      9.73   9.36     8.20
  SINCE JAN 1     27.83                     19.22   8.61    30.23

SNOWFALL (IN)
  YESTERDAY        0.0
  MONTH TO DATE    0.0
  SINCE MAR 1      0.0
  SINCE JUL 1      0.0
  SNOW DEPTH       0

DEGREE DAYS
 HEATING
  YESTERDAY        0                         0      0        0
  MONTH TO DATE    0                         0      0        0
  SINCE MAR 1      0                         0      0        0
  SINCE JUL 1      0                         0      0        0

 COOLING
  YESTERDAY       17                        18     -1       18
  MONTH TO DATE  442                       438      4      492
  SINCE MAR 1   1454                      1432     22     1580
  SINCE JAN 1   2407                      2322     85     2527
..................................................................


WIND (MPH)
  RESULTANT WIND SPEED   5   RESULTANT WIND DIRECTION  SE (120)
  HIGHEST WIND SPEED    13   HIGHEST WIND DIRECTION     E (110)
  HIGHEST GUST SPEED    22   HIGHEST GUST DIRECTION     E (100)
  AVERAGE WIND SPEED     5.6


SKY COVER
  POSSIBLE SUNSHINE  MM
  AVERAGE SKY COVER 0.3


WEATHER CONDITIONS
 THE FOLLOWING WEATHER WAS RECORDED YESTERDAY.
  LIGHT RAIN
  FOG


RELATIVE HUMIDITY (PERCENT)
 HIGHEST    94           100 AM
 LOWEST     65          1200 PM
 AVERAGE    80

..........................................................


THE GUAM INTERNATIONAL AIRPORT GU CLIMATE NORMALS FOR TODAY
                         NORMAL    RECORD    YEAR
 MAXIMUM TEMPERATURE (F)   88        93      1984
 MINIMUM TEMPERATURE (F)   77        72      2003


SUNRISE AND SUNSET
MAY 26 2015...........SUNRISE   553 AM CHST  SUNSET   643 PM CHST
MAY 27 2015...........SUNRISE   553 AM CHST  SUNSET   643 PM CHST


-  INDICATES NEGATIVE NUMBERS.
R  INDICATES RECORD WAS SET OR TIED.
MM INDICATES DATA IS MISSING.
T  INDICATES TRACE AMOUNT.




$$
