000
CDGM40 PGUM 290645
CLIGUM


CLIMATE REPORT
NATIONAL WEATHER SERVICE TIYAN, GUAM
445 PM CHST SUN MAY 29 2016


...................................

...THE GUAM INTERNATIONAL AIRPORT GU CLIMATE SUMMARY FOR MAY 29 2016...
VALID TODAY AS OF 0400 PM LOCAL TIME.

CLIMATE NORMAL PERIOD 1981 TO 2010
CLIMATE RECORD PERIOD 1945 TO 2016


WEATHER ITEM   OBSERVED TIME   RECORD YEAR NORMAL DEPARTURE LAST
                VALUE   (LST)  VALUE       VALUE  FROM      YEAR
                                                  NORMAL
..................................................................
TEMPERATURE (F)
 TODAY
  MAXIMUM         90    223 PM  92    1987  88      2       85
                                      1984
                                      1981
  MINIMUM         80    632 AM  73    1980  78      2       76
  AVERAGE         85                        83      2       81

PRECIPITATION (IN)
  TODAY            T             2.00 1963   0.15  -0.15     0.57
  MONTH TO DATE    1.53                      3.99  -2.46     9.63
  SINCE MAR 1      4.47                     10.34  -5.87    20.37
  SINCE JAN 1     10.72                     19.83  -9.11    29.11

SNOWFALL (IN)
  TODAY            0.0
  MONTH TO DATE    0.0
  SINCE MAR 1      0.0
  SINCE JUL 1      0.0
  SNOW DEPTH       0

DEGREE DAYS
 HEATING
  TODAY            0
  MONTH TO DATE    0
  SINCE MAR 1      0
  SINCE JUL 1      0

 COOLING
  TODAY           20                        18      2       16
  MONTH TO DATE  586                       510     76      505
  SINCE MAR 1   1674                      1504    170     1517
  SINCE JAN 1   2646                      2394    252     2470
..................................................................


WIND (MPH)
  RESULTANT WIND SPEED   6   RESULTANT WIND DIRECTION  SE (140)
  HIGHEST WIND SPEED    15   HIGHEST WIND DIRECTION     E (110)
  HIGHEST GUST SPEED    18   HIGHEST GUST DIRECTION     S (160)
  AVERAGE WIND SPEED     6.3


SKY COVER
  POSSIBLE SUNSHINE  MM
  AVERAGE SKY COVER 0.4


WEATHER CONDITIONS
 THE FOLLOWING WEATHER WAS RECORDED TODAY.
  NO SIGNIFICANT WEATHER WAS OBSERVED.


RELATIVE HUMIDITY (PERCENT)
 HIGHEST    79           300 AM
 LOWEST     56           100 PM
 AVERAGE    68

..........................................................


THE GUAM INTERNATIONAL AIRPORT GU CLIMATE NORMALS FOR TOMORROW
                         NORMAL    RECORD    YEAR
 MAXIMUM TEMPERATURE (F)   88        94      1971
 MINIMUM TEMPERATURE (F)   78        72      1985


SUNRISE AND SUNSET
MAY 29 2016...........SUNRISE   553 AM CHST  SUNSET   644 PM CHST
MAY 30 2016...........SUNRISE   553 AM CHST  SUNSET   644 PM CHST


-  INDICATES NEGATIVE NUMBERS.
R  INDICATES RECORD WAS SET OR TIED.
MM INDICATES DATA IS MISSING.
T  INDICATES TRACE AMOUNT.




$$
