000
CDGM40 PGUM 260635
CLIGUM


CLIMATE REPORT
NATIONAL WEATHER SERVICE TIYAN, GUAM
425 PM CHST SAT JUL 26 2014


...................................

...THE GUAM INTERNATIONAL AIRPORT GU CLIMATE SUMMARY FOR JULY 26 2014...
VALID TODAY AS OF 0400 PM LOCAL TIME.

CLIMATE NORMAL PERIOD 1981 TO 2010
CLIMATE RECORD PERIOD 1945 TO 2014


WEATHER ITEM   OBSERVED TIME   RECORD YEAR NORMAL DEPARTURE LAST
                VALUE   (LST)  VALUE       VALUE  FROM      YEAR
                                                  NORMAL
..................................................................
TEMPERATURE (F)
 TODAY
  MAXIMUM         83    359 PM  94    1984  87     -4       89
  MINIMUM         75    518 AM  72    1985  76     -1       80
  AVERAGE         79                        82     -3       85

PRECIPITATION (IN)
  TODAY            0.80          2.93 1975   0.43   0.37     0.29
  MONTH TO DATE   13.69                      9.94   3.75     5.32
  SINCE JUN 1     19.77                     17.03   2.74    11.64
  SINCE JAN 1     50.81                     37.17  13.64    28.31

SNOWFALL (IN)
  TODAY            0.0
  MONTH TO DATE    0.0
  SINCE JUN 1      0.0
  SINCE JUL 1      0.0
  SNOW DEPTH       0

DEGREE DAYS
 HEATING
  TODAY            0
  MONTH TO DATE    0
  SINCE JUN 1      0
  SINCE JUL 1      0

 COOLING
  TODAY           14                        17     -3       20
  MONTH TO DATE  468                       442     26      529
  SINCE JUN 1   1056                       971     85     1146
  SINCE JAN 1   3692                      3399    293     3851
..................................................................


WIND (MPH)
  RESULTANT WIND SPEED   4   RESULTANT WIND DIRECTION   S (190)
  HIGHEST WIND SPEED    18   HIGHEST WIND DIRECTION     S (170)
  HIGHEST GUST SPEED    29   HIGHEST GUST DIRECTION     S (180)
  AVERAGE WIND SPEED     4.6


SKY COVER
  POSSIBLE SUNSHINE  MM
  AVERAGE SKY COVER 0.6


WEATHER CONDITIONS
 THE FOLLOWING WEATHER WAS RECORDED TODAY.
  HEAVY RAIN
  RAIN
  LIGHT RAIN
  FOG


RELATIVE HUMIDITY (PERCENT)
 HIGHEST   100           500 AM
 LOWEST     91           100 AM
 AVERAGE    96

..........................................................


THE GUAM INTERNATIONAL AIRPORT GU CLIMATE NORMALS FOR TOMORROW
                         NORMAL    RECORD    YEAR
 MAXIMUM TEMPERATURE (F)   87        92      2013
 MINIMUM TEMPERATURE (F)   76        72      1989
                                             1969


SUNRISE AND SUNSET
JULY 26 2014..........SUNRISE   604 AM CHST  SUNSET   650 PM CHST
JULY 27 2014..........SUNRISE   604 AM CHST  SUNSET   650 PM CHST


-  INDICATES NEGATIVE NUMBERS.
R  INDICATES RECORD WAS SET OR TIED.
MM INDICATES DATA IS MISSING.
T  INDICATES TRACE AMOUNT.




$$
