000
CDUS44 KAMA 010818
CLIGUY


CLIMATE REPORT
NATIONAL WEATHER SERVICE AMARILLO TX
218 AM CST SUN FEB 1 2015


...................................

...THE GUYMON CLIMATE SUMMARY FOR JANUARY 31 2015...

CLIMATE NORMAL PERIOD 1981 TO 2010
CLIMATE RECORD PERIOD 1998 TO 2015


WEATHER ITEM   OBSERVED TIME   RECORD YEAR NORMAL DEPARTURE LAST
                VALUE   (LST)  VALUE       VALUE  FROM      YEAR
                                                  NORMAL
..................................................................
TEMPERATURE (F)
 YESTERDAY
  MAXIMUM         45    557 PM  MM      MM  51     -6       32
  MINIMUM         35    702 AM  MM      MM  22     13       22
  AVERAGE         40                        37      3       27

PRECIPITATION (IN)
  YESTERDAY        0.23         MM      MM   0.02   0.21     0.01
  MONTH TO DATE    1.21                      0.40   0.81     0.18
  SINCE DEC 1      2.04                      1.04   1.00     0.49
  SINCE JAN 1      1.21                      0.40   0.81     0.18

SNOWFALL (IN)
  YESTERDAY        0.0          MM      MM  MM     MM         T
  MONTH TO DATE    5.5                      MM     MM        3.0
  SINCE DEC 1      7.3                      MM     MM        6.5
  SINCE JUL 1     10.3                      MM     MM       10.2
  SNOW DEPTH       0

DEGREE DAYS
 HEATING
  YESTERDAY       25                        28     -3       38
  MONTH TO DATE  859                       912    -53      870
  SINCE DEC 1   1677                      1837   -160     1830
  SINCE JUL 1   2484                      2728   -244     2716

 COOLING
  YESTERDAY        0                         0      0        0
  MONTH TO DATE    0                         0      0        0
  SINCE DEC 1      0                         0      0        0
  SINCE JAN 1      0                         0      0        0
..................................................................


WIND (MPH)
  RESULTANT WIND SPEED  12   RESULTANT WIND DIRECTION   S (200)
  HIGHEST WIND SPEED    23   HIGHEST WIND DIRECTION     S (200)
  HIGHEST GUST SPEED    27   HIGHEST GUST DIRECTION     S (190)
  AVERAGE WIND SPEED    12.8


SKY COVER
  AVERAGE SKY COVER 1.0


WEATHER CONDITIONS
 THE FOLLOWING WEATHER WAS RECORDED YESTERDAY.
  RAIN
  LIGHT RAIN
  FOG


RELATIVE HUMIDITY (PERCENT)
 HIGHEST    92          1200 AM
 LOWEST     76           500 PM
 AVERAGE    84

..........................................................


THE GUYMON CLIMATE NORMALS FOR TODAY
                         NORMAL    RECORD    YEAR
 MAXIMUM TEMPERATURE (F)   52        MM        MM
 MINIMUM TEMPERATURE (F)   22        MM        MM


SUNRISE AND SUNSET
FEBRUARY  1 2015......SUNRISE   748 AM CST   SUNSET   612 PM CST
FEBRUARY  2 2015......SUNRISE   747 AM CST   SUNSET   613 PM CST


-  INDICATES NEGATIVE NUMBERS.
R  INDICATES RECORD WAS SET OR TIED.
MM INDICATES DATA IS MISSING.
T  INDICATES TRACE AMOUNT.




$$
