000
CDUS44 KAMA 300629
CLIGUY


CLIMATE REPORT
NATIONAL WEATHER SERVICE AMARILLO TX
127 AM CDT TUE JUN 30 2015


...................................

...THE GUYMON CLIMATE SUMMARY FOR JUNE 29 2015...

CLIMATE NORMAL PERIOD 1981 TO 2010
CLIMATE RECORD PERIOD 1998 TO 2015


WEATHER ITEM   OBSERVED TIME   RECORD YEAR NORMAL DEPARTURE LAST
                VALUE   (LST)  VALUE       VALUE  FROM      YEAR
                                                  NORMAL
..................................................................
TEMPERATURE (F)
 YESTERDAY
  MAXIMUM         91    210 PM  MM      MM  92     -1      101
  MINIMUM         65    603 AM  MM      MM  64      1       69
  AVERAGE         78                        78      0       85

PRECIPITATION (IN)
  YESTERDAY        T            MM      MM   0.04  -0.04     0.00
  MONTH TO DATE    1.69                      2.89  -1.20     2.08
  SINCE JUN 1      1.69                      2.89  -1.20     2.08
  SINCE JAN 1     12.64                      9.14   3.50     5.47

SNOWFALL (IN)
  YESTERDAY        0.0          MM      MM  MM     MM        0.0
  MONTH TO DATE    0.0                      MM     MM        0.0
  SINCE JUN 1      0.0                      MM     MM        0.0
  SINCE JUL 1     23.3                      MM     MM       16.2
  SNOW DEPTH       0

DEGREE DAYS
 HEATING
  YESTERDAY        0                         0      0        0
  MONTH TO DATE    0                         6     -6        5
  SINCE JUN 1      0                         6     -6        5
  SINCE JUL 1   3998                      4455   -457     4537

 COOLING
  YESTERDAY       13                        13      0       20
  MONTH TO DATE  368                       268    100      329
  SINCE JUN 1    368                       268    100      329
  SINCE JAN 1    432                       376     56      507
..................................................................


WIND (MPH)
  RESULTANT WIND SPEED   3   RESULTANT WIND DIRECTION  NE (50)
  HIGHEST WIND SPEED    13   HIGHEST WIND DIRECTION    NE (40)
  HIGHEST GUST SPEED    16   HIGHEST GUST DIRECTION     E (70)
  AVERAGE WIND SPEED     6.0


SKY COVER
  AVERAGE SKY COVER 0.0


WEATHER CONDITIONS
 THE FOLLOWING WEATHER WAS RECORDED YESTERDAY.
  LIGHT RAIN


RELATIVE HUMIDITY (PERCENT)
 HIGHEST    78           400 AM
 LOWEST     27           400 PM
 AVERAGE    53

..........................................................


THE GUYMON CLIMATE NORMALS FOR TODAY
                         NORMAL    RECORD    YEAR
 MAXIMUM TEMPERATURE (F)   92        MM        MM
 MINIMUM TEMPERATURE (F)   64        MM        MM


SUNRISE AND SUNSET
JUNE 30 2015..........SUNRISE   630 AM CDT   SUNSET   909 PM CDT
JULY  1 2015..........SUNRISE   631 AM CDT   SUNSET   909 PM CDT


-  INDICATES NEGATIVE NUMBERS.
R  INDICATES RECORD WAS SET OR TIED.
MM INDICATES DATA IS MISSING.
T  INDICATES TRACE AMOUNT.




$$
