000
CDUS44 KAMA 230630
CLIGUY


CLIMATE REPORT
NATIONAL WEATHER SERVICE AMARILLO TX
130 AM CDT WED JUL 23 2014


...................................

...THE GUYMON CLIMATE SUMMARY FOR JULY 22 2014...

CLIMATE NORMAL PERIOD 1981 TO 2010
CLIMATE RECORD PERIOD 1998 TO 2014


WEATHER ITEM   OBSERVED TIME   NORMAL DEPARTURE LAST
                VALUE   (LST)  VALUE  FROM      YEAR
                                      NORMAL
......................................................
TEMPERATURE (F)
 YESTERDAY
  MAXIMUM         97    506 PM  94      3      102
  MINIMUM         68    610 AM  66      2       72
  AVERAGE         83            80      3       87

PRECIPITATION (IN)
  YESTERDAY        0.00          0.08  -0.08     0.00
  MONTH TO DATE    1.25          1.87  -0.62     0.72
  SINCE JUN 1      3.59          4.81  -1.22     3.65
  SINCE JAN 1      6.98         11.06  -4.08     6.00

SNOWFALL (IN)
  YESTERDAY        0.0                           0.0
  MONTH TO DATE    0.0                           0.0
  SINCE JUN 1      0.0                            T
  SINCE JUL 1      0.0                           0.0
  SNOW DEPTH       0

DEGREE DAYS
 HEATING
  YESTERDAY        0             0      0        0
  MONTH TO DATE    4             0      4        0
  SINCE JUN 1      9             8      1        0
  SINCE JUL 1      4             0      4        0

 COOLING
  YESTERDAY       18            15      3       22
  MONTH TO DATE  305           320    -15      330
  SINCE JUN 1    654           600     54      766
  SINCE JAN 1    832           708    124      970
......................................................


WIND (MPH)
  RESULTANT WIND SPEED   5   RESULTANT WIND DIRECTION   S (170)
  HIGHEST WIND SPEED    26   HIGHEST WIND DIRECTION    SE (140)
  HIGHEST GUST SPEED    38   HIGHEST GUST DIRECTION     S (170)
  AVERAGE WIND SPEED     7.6


SKY COVER
  AVERAGE SKY COVER 0.0


WEATHER CONDITIONS
 THE FOLLOWING WEATHER WAS RECORDED YESTERDAY.
  NO SIGNIFICANT WEATHER WAS OBSERVED.


RELATIVE HUMIDITY (PERCENT)
 HIGHEST    93           500 AM
 LOWEST     33           400 PM
 AVERAGE    63

..........................................................


THE GUYMON CLIMATE NORMALS FOR TODAY
                         NORMAL
 MAXIMUM TEMPERATURE (F)   94
 MINIMUM TEMPERATURE (F)   66


SUNRISE AND SUNSET
JULY 23 2014..........SUNRISE   645 AM CDT   SUNSET   900 PM CDT
JULY 24 2014..........SUNRISE   646 AM CDT   SUNSET   859 PM CDT


-  INDICATES NEGATIVE NUMBERS.
R  INDICATES RECORD WAS SET OR TIED.
MM INDICATES DATA IS MISSING.
T  INDICATES TRACE AMOUNT.




$$
