000
CDUS44 KAMA 221511
CLIGUY


CLIMATE REPORT
NATIONAL WEATHER SERVICE AMARILLO TX
911 AM CST MON JAN 22 2018


...................................

...THE GUYMON CLIMATE SUMMARY FOR JANUARY 22 2018...
VALID AS OF 0900 AM LOCAL TIME.

CLIMATE NORMAL PERIOD 1981 TO 2010
CLIMATE RECORD PERIOD 1998 TO 2018


WEATHER ITEM   OBSERVED TIME   RECORD YEAR NORMAL DEPARTURE LAST
                VALUE   (LST)  VALUE       VALUE  FROM      YEAR
                                                  NORMAL
..................................................................
TEMPERATURE (F)
 TODAY
  MINIMUM         30    755 AM   5    2008  22      8       27

PRECIPITATION (IN)
  TODAY            0.00         MM      MM   0.01  -0.01     0.05
  MONTH TO DATE    0.01                      0.20  -0.19     2.01
  SINCE DEC 1      0.04                      0.84  -0.80     2.45
  SINCE JAN 1      0.01                      0.20  -0.19     2.01

SNOWFALL (IN)
  TODAY            0.0          MM      MM  MM     MM       MM
  MONTH TO DATE    0.0                      MM     MM        0.0
  SINCE DEC 1      T                        MM     MM        0.8
  SINCE JUL 1      T                        MM     MM        0.8
  SNOW DEPTH       0

..................................................................


WIND (MPH)
  RESULTANT WIND SPEED  22   RESULTANT WIND DIRECTION  NW (310)
  HIGHEST WIND SPEED    30   HIGHEST WIND DIRECTION    NW (310)
  HIGHEST GUST SPEED    40   HIGHEST GUST DIRECTION    NW (310)
  AVERAGE WIND SPEED    22.1


SKY COVER
  AVERAGE SKY COVER 0.1


WEATHER CONDITIONS
 THE FOLLOWING WEATHER WAS RECORDED TODAY.
  NO SIGNIFICANT WEATHER WAS OBSERVED.


RELATIVE HUMIDITY (PERCENT)
 HIGHEST    78           100 AM
 LOWEST     63           500 AM
 AVERAGE    71

..........................................................


THE GUYMON CLIMATE NORMALS FOR TOMORROW
                         NORMAL    RECORD    YEAR
 MAXIMUM TEMPERATURE (F)   51        73      2013
 MINIMUM TEMPERATURE (F)   22         0      2014


SUNRISE AND SUNSET
JANUARY 22 2018.......SUNRISE   755 AM CST   SUNSET   601 PM CST
JANUARY 23 2018.......SUNRISE   754 AM CST   SUNSET   602 PM CST


-  INDICATES NEGATIVE NUMBERS.
R  INDICATES RECORD WAS SET OR TIED.
MM INDICATES DATA IS MISSING.
T  INDICATES TRACE AMOUNT.




$$
