000
CDUS44 KAMA 022131
CLIGUY


CLIMATE REPORT
NATIONAL WEATHER SERVICE AMARILLO TX
431 PM CDT TUE SEP 2 2014


...................................

...THE GUYMON CLIMATE SUMMARY FOR SEPTEMBER 2 2014...
VALID TODAY AS OF 0400 PM LOCAL TIME.

CLIMATE NORMAL PERIOD 1981 TO 2010
CLIMATE RECORD PERIOD 1998 TO 2014


WEATHER ITEM   OBSERVED TIME   NORMAL DEPARTURE LAST
                VALUE   (LST)  VALUE  FROM      YEAR
                                      NORMAL
......................................................
TEMPERATURE (F)
 TODAY
  MAXIMUM         87    218 PM  90     -3       92
  MINIMUM         68    635 AM  62      6       62
  AVERAGE         78            76      2       77

PRECIPITATION (IN)
  TODAY            0.00          0.07  -0.07     0.00
  MONTH TO DATE    0.00          0.14  -0.14      T
  SINCE SEP 1      0.00          0.14  -0.14      T
  SINCE JAN 1      8.44         14.91  -6.47    10.55

SNOWFALL (IN)
  TODAY            0.0                           0.0
  MONTH TO DATE    0.0                           0.0
  SINCE SEP 1      0.0                           0.0
  SINCE JUL 1      0.0                           0.0
  SNOW DEPTH       0

DEGREE DAYS
 HEATING
  TODAY            0             0      0        0
  MONTH TO DATE    0             0      0        0
  SINCE SEP 1      0             0      0        0
  SINCE JUL 1      4             1      3        0

 COOLING
  TODAY           13            11      2       12
  MONTH TO DATE   24            22      2       29
  SINCE SEP 1     24            22      2       29
  SINCE JAN 1   1470          1271    199     1580
......................................................


WIND (MPH)
  RESULTANT WIND SPEED   8   RESULTANT WIND DIRECTION  NE (60)
  HIGHEST WIND SPEED    20   HIGHEST WIND DIRECTION     E (80)
  HIGHEST GUST SPEED    27   HIGHEST GUST DIRECTION     E (80)
  AVERAGE WIND SPEED     9.4


SKY COVER
  AVERAGE SKY COVER 0.7


WEATHER CONDITIONS
 THE FOLLOWING WEATHER WAS RECORDED TODAY.
  FOG


RELATIVE HUMIDITY (PERCENT)
 HIGHEST    93           200 AM
 LOWEST     45           200 PM
 AVERAGE    69

..........................................................


THE GUYMON CLIMATE NORMALS FOR TOMORROW
                         NORMAL
 MAXIMUM TEMPERATURE (F)   89
 MINIMUM TEMPERATURE (F)   61


SUNRISE AND SUNSET
SEPTEMBER  2 2014.....SUNRISE   718 AM CDT   SUNSET   813 PM CDT
SEPTEMBER  3 2014.....SUNRISE   719 AM CDT   SUNSET   811 PM CDT


-  INDICATES NEGATIVE NUMBERS.
R  INDICATES RECORD WAS SET OR TIED.
MM INDICATES DATA IS MISSING.
T  INDICATES TRACE AMOUNT.




$$
