000
CDUS44 KJAN 292111
CLIGWO


CLIMATE REPORT
NATIONAL WEATHER SERVICE JACKSON MS
409 PM CDT MON AUG 29 2016


...................................

...THE GREENWOOD CLIMATE SUMMARY FOR AUGUST 29 2016...
VALID TODAY AS OF 0400 PM LOCAL TIME.

CLIMATE NORMAL PERIOD 1981 TO 2010
CLIMATE RECORD PERIOD 1948 TO 2016


WEATHER ITEM   OBSERVED TIME   RECORD YEAR NORMAL DEPARTURE LAST
                VALUE   (LST)  VALUE       VALUE  FROM      YEAR
                                                  NORMAL
..................................................................
TEMPERATURE (F)
 TODAY
  MAXIMUM         97    213 PM 102    2000  91      6       93
  MINIMUM         73    557 AM  52    1986  68      5       66
  AVERAGE         85                        80      5       80

PRECIPITATION (IN)
  TODAY            0.00          3.40 2005   0.10  -0.10     0.00
  MONTH TO DATE    4.02                      2.61   1.41     1.76
  SINCE JUN 1     10.71                     10.52   0.19     6.13
  SINCE JAN 1     36.50                     33.85   2.65    34.06

DEGREE DAYS
 HEATING
  TODAY            0                         0      0        0
  MONTH TO DATE    0                         0      0        0
  SINCE JUN 1      0                         0      0        0
  SINCE JUL 1      0                         0      0        0

 COOLING
  TODAY           20                        15      5       15
  MONTH TO DATE  538                       459     79      448
  SINCE JUN 1   1578                      1377    201     1450
  SINCE JAN 1   1907                      1707    200     1814
..................................................................


WIND (MPH)
  HIGHEST WIND SPEED    14   HIGHEST WIND DIRECTION    NE (50)
  HIGHEST GUST SPEED    16   HIGHEST GUST DIRECTION    NE (50)
  AVERAGE WIND SPEED     4.8


SKY COVER
  POSSIBLE SUNSHINE  MM
  AVERAGE SKY COVER 0.1


WEATHER CONDITIONS
 THE FOLLOWING WEATHER WAS RECORDED TODAY.
  NO SIGNIFICANT WEATHER WAS OBSERVED.


RELATIVE HUMIDITY (PERCENT)
 HIGHEST    94          1200 AM
 LOWEST     46          1200 PM
 AVERAGE    70

..........................................................


THE GREENWOOD CLIMATE NORMALS FOR TOMORROW
                         NORMAL    RECORD    YEAR
 MAXIMUM TEMPERATURE (F)   91       106      2000
 MINIMUM TEMPERATURE (F)   68        58      1992
                                             1986


SUNRISE AND SUNSET
AUGUST 29 2016........SUNRISE   633 AM CDT   SUNSET   729 PM CDT
AUGUST 30 2016........SUNRISE   633 AM CDT   SUNSET   728 PM CDT


-  INDICATES NEGATIVE NUMBERS.
R  INDICATES RECORD WAS SET OR TIED.
MM INDICATES DATA IS MISSING.
T  INDICATES TRACE AMOUNT.




$$
