000
CDUS44 KJAN 220830
CLIGWO


CLIMATE REPORT
NATIONAL WEATHER SERVICE JACKSON MS
222 AM CST MON DEC 22 2014


...................................

...THE GREENWOOD CLIMATE SUMMARY FOR DECEMBER 21 2014...

CLIMATE NORMAL PERIOD 1981 TO 2010
CLIMATE RECORD PERIOD 1948 TO 2014


WEATHER ITEM   OBSERVED TIME   RECORD YEAR NORMAL DEPARTURE LAST
                VALUE   (LST)  VALUE       VALUE  FROM      YEAR
                                                  NORMAL
..................................................................
TEMPERATURE (F)
 YESTERDAY
  MAXIMUM         61    256 PM  80    2013  55      6       80
  MINIMUM         32    452 AM  11    1989  35     -3       59
  AVERAGE         47                        45      2       70

PRECIPITATION (IN)
  YESTERDAY        0.00          1.84 1990   0.17  -0.17     0.97
  MONTH TO DATE    2.95                      4.00  -1.05     4.37
  SINCE DEC 1      2.95                      4.00  -1.05     4.37
  SINCE JAN 1     53.55                     50.12   3.43    58.07

SNOWFALL (IN)
  YESTERDAY        0.0

DEGREE DAYS
 HEATING
  YESTERDAY       18                        20     -2        0
  MONTH TO DATE  336                       387    -51      396
  SINCE DEC 1    336                       387    -51      396
  SINCE JUL 1    924                       855     69      963

 COOLING
  YESTERDAY        0                         0      0        5
  MONTH TO DATE    1                         0      1       11
  SINCE DEC 1      1                         0      1       11
  SINCE JAN 1   2044                      2159   -115     2109
..................................................................


WIND (MPH)
  HIGHEST WIND SPEED    14   HIGHEST WIND DIRECTION    SE (140)
  HIGHEST GUST SPEED    18   HIGHEST GUST DIRECTION    SE (130)
  AVERAGE WIND SPEED     5.0


SKY COVER
  POSSIBLE SUNSHINE  MM
  AVERAGE SKY COVER 0.1


WEATHER CONDITIONS
 THE FOLLOWING WEATHER WAS RECORDED YESTERDAY.
  NO SIGNIFICANT WEATHER WAS OBSERVED.


RELATIVE HUMIDITY (PERCENT)
 HIGHEST    96          1200 AM
 LOWEST     51          1200 PM
 AVERAGE    74

..........................................................


THE GREENWOOD CLIMATE NORMALS FOR TODAY
                         NORMAL    RECORD    YEAR
 MAXIMUM TEMPERATURE (F)   55        76      1991
 MINIMUM TEMPERATURE (F)   35         3      1989


SUNRISE AND SUNSET
DECEMBER 22 2014......SUNRISE   701 AM CST   SUNSET   457 PM CST
DECEMBER 23 2014......SUNRISE   701 AM CST   SUNSET   457 PM CST


-  INDICATES NEGATIVE NUMBERS.
R  INDICATES RECORD WAS SET OR TIED.
MM INDICATES DATA IS MISSING.
T  INDICATES TRACE AMOUNT.




$$
