000
CDUS44 KJAN 302207
CLIGWO


CLIMATE REPORT
NATIONAL WEATHER SERVICE JACKSON MS
506 PM CDT SAT JUL 30 2016


...................................

...THE GREENWOOD CLIMATE SUMMARY FOR JULY 30 2016...
VALID AS OF 0500 PM LOCAL TIME.

CLIMATE NORMAL PERIOD 1981 TO 2010
CLIMATE RECORD PERIOD 1948 TO 2016


WEATHER ITEM   OBSERVED TIME   RECORD YEAR NORMAL DEPARTURE LAST
                VALUE   (LST)  VALUE       VALUE  FROM      YEAR
                                                  NORMAL
..................................................................
TEMPERATURE (F)
 TODAY
  MAXIMUM         93    359 PM 105    1986  92      1       95
  MINIMUM         75    531 AM  58    2014  71      4       69
  AVERAGE         84                        81      3       82

PRECIPITATION (IN)
  TODAY            T             1.50 1963   0.10  -0.10     0.00
  MONTH TO DATE    2.61                      3.51  -0.90     2.08
  SINCE JUN 1      5.98                      7.82  -1.84     4.37
  SINCE JAN 1     31.77                     31.15   0.62    32.30

DEGREE DAYS
 HEATING
  TODAY            0                         0      0        0
  MONTH TO DATE    0                         0      0        0
  SINCE JUN 1      0                         0      0        0
  SINCE JUL 1      0                         0      0        0

 COOLING
  TODAY           19                        16      3       17
  MONTH TO DATE  550                       480     70      550
  SINCE JUN 1   1023                       893    130      988
  SINCE JAN 1   1352                      1223    129     1352
..................................................................


WIND (MPH)
  HIGHEST WIND SPEED    10   HIGHEST WIND DIRECTION    NW (310)
  HIGHEST GUST SPEED    16   HIGHEST GUST DIRECTION    NW (310)
  AVERAGE WIND SPEED     5.4


SKY COVER
  POSSIBLE SUNSHINE  MM
  AVERAGE SKY COVER 0.2


WEATHER CONDITIONS
 THE FOLLOWING WEATHER WAS RECORDED TODAY.
  FOG


RELATIVE HUMIDITY (PERCENT)
 HIGHEST    94           500 AM
 LOWEST     52           100 PM
 AVERAGE    73

..........................................................


THE GREENWOOD CLIMATE NORMALS FOR TOMORROW
                         NORMAL    RECORD    YEAR
 MAXIMUM TEMPERATURE (F)   92       103      1986
 MINIMUM TEMPERATURE (F)   71        61      1971


SUNRISE AND SUNSET
JULY 30 2016..........SUNRISE   612 AM CDT   SUNSET   801 PM CDT
JULY 31 2016..........SUNRISE   612 AM CDT   SUNSET   800 PM CDT


-  INDICATES NEGATIVE NUMBERS.
R  INDICATES RECORD WAS SET OR TIED.
MM INDICATES DATA IS MISSING.
T  INDICATES TRACE AMOUNT.




$$
