000
CDUS44 KJAN 240644
CLIGWO


CLIMATE REPORT
NATIONAL WEATHER SERVICE JACKSON MS
1243 AM CST TUE JAN 24 2017


...................................

...THE GREENWOOD CLIMATE SUMMARY FOR JANUARY 23 2017...

CLIMATE NORMAL PERIOD 1981 TO 2010
CLIMATE RECORD PERIOD 1948 TO 2017


WEATHER ITEM   OBSERVED TIME   RECORD YEAR NORMAL DEPARTURE LAST
                VALUE   (LST)  VALUE       VALUE  FROM      YEAR
                                                  NORMAL
..................................................................
TEMPERATURE (F)
 YESTERDAY
  MAXIMUM         53    116 AM  78    2002  54     -1       37
  MINIMUM         38   1159 PM   9    1963  33      5       23
  AVERAGE         46                        43      3       30

PRECIPITATION (IN)
  YESTERDAY        0.00          1.36 1997   0.14  -0.14     0.00
  MONTH TO DATE    4.22                      3.30   0.92     2.02
  SINCE DEC 1      8.91                      8.95  -0.04     7.12
  SINCE JAN 1      4.22                      3.30   0.92     2.02

SNOWFALL (IN)
  YESTERDAY        0.0

DEGREE DAYS
 HEATING
  YESTERDAY       19                        22     -3       35
  MONTH TO DATE  270                       506   -236      556
  SINCE DEC 1    803                      1104   -301      862
  SINCE JUL 1   1095                      1572   -477     1090

 COOLING
  YESTERDAY        0                         0      0        0
  MONTH TO DATE   10                         0     10        0
  SINCE DEC 1     23                         5     18       65
  SINCE JAN 1     10                         0     10        0
..................................................................


WIND (MPH)
  HIGHEST WIND SPEED    18   HIGHEST WIND DIRECTION    NW (320)
  HIGHEST GUST SPEED    30   HIGHEST GUST DIRECTION     N (340)
  AVERAGE WIND SPEED     7.8


SKY COVER
  POSSIBLE SUNSHINE  MM
  AVERAGE SKY COVER 0.7


WEATHER CONDITIONS
 THE FOLLOWING WEATHER WAS RECORDED YESTERDAY.
  NO SIGNIFICANT WEATHER WAS OBSERVED.


RELATIVE HUMIDITY (PERCENT)
 HIGHEST    86           900 PM
 LOWEST     65           700 AM
 AVERAGE    76

..........................................................


THE GREENWOOD CLIMATE NORMALS FOR TODAY
                         NORMAL    RECORD    YEAR
 MAXIMUM TEMPERATURE (F)   54        82      1972
 MINIMUM TEMPERATURE (F)   33         5      1963


SUNRISE AND SUNSET
JANUARY 24 2017.......SUNRISE   701 AM CST   SUNSET   524 PM CST
JANUARY 25 2017.......SUNRISE   701 AM CST   SUNSET   525 PM CST


-  INDICATES NEGATIVE NUMBERS.
R  INDICATES RECORD WAS SET OR TIED.
MM INDICATES DATA IS MISSING.
T  INDICATES TRACE AMOUNT.




$$
