369
CDUS44 KJAN 260643
CLIGWO


CLIMATE REPORT
NATIONAL WEATHER SERVICE JACKSON MS
141 AM CDT TUE SEP 26 2017


...................................

...THE GREENWOOD CLIMATE SUMMARY FOR SEPTEMBER 25 2017...

CLIMATE NORMAL PERIOD 1981 TO 2010
CLIMATE RECORD PERIOD 1948 TO 2017


WEATHER ITEM   OBSERVED TIME   RECORD YEAR NORMAL DEPARTURE LAST
                VALUE   (LST)  VALUE       VALUE  FROM      YEAR
                                                  NORMAL
..................................................................
TEMPERATURE (F)
 YESTERDAY
  MAXIMUM         90    235 PM  99    2016  84      6       99
  MINIMUM         65    521 AM  41    1975  59      6       69
  AVERAGE         78                        72      6       84

PRECIPITATION (IN)
  YESTERDAY        0.00          3.20 2005   0.13  -0.13      T
  MONTH TO DATE    2.31                      2.99  -0.68     1.88
  SINCE SEP 1      2.31                      2.99  -0.68     1.88
  SINCE JAN 1     38.17                     37.06   1.11    38.38

SNOWFALL (IN)
  YESTERDAY        0.0

DEGREE DAYS
 HEATING
  YESTERDAY        0                         1     -1        0
  MONTH TO DATE    2                         6     -4        0
  SINCE SEP 1      2                         6     -4        0
  SINCE JUL 1      2                         6     -4        0

 COOLING
  YESTERDAY       13                         7      6       19
  MONTH TO DATE  252                       272    -20      406
  SINCE SEP 1    252                       272    -20      406
  SINCE JAN 1   2087                      2014     73     2353
..................................................................


WIND (MPH)
  HIGHEST WIND SPEED    10   HIGHEST WIND DIRECTION    SE (120)
  HIGHEST GUST SPEED    13   HIGHEST GUST DIRECTION     E (70)
  AVERAGE WIND SPEED     2.7


SKY COVER
  POSSIBLE SUNSHINE  MM
  AVERAGE SKY COVER 0.1


WEATHER CONDITIONS
 THE FOLLOWING WEATHER WAS RECORDED YESTERDAY.
  FOG


RELATIVE HUMIDITY (PERCENT)
 HIGHEST   100           200 AM
 LOWEST     50           100 PM
 AVERAGE    75

..........................................................


THE GREENWOOD CLIMATE NORMALS FOR TODAY
                         NORMAL    RECORD    YEAR
 MAXIMUM TEMPERATURE (F)   84        94      1986
                                             1972
 MINIMUM TEMPERATURE (F)   59        41      2001


SUNRISE AND SUNSET
SEPTEMBER 26 2017.....SUNRISE   651 AM CDT   SUNSET   651 PM CDT
SEPTEMBER 27 2017.....SUNRISE   652 AM CDT   SUNSET   650 PM CDT


-  INDICATES NEGATIVE NUMBERS.
R  INDICATES RECORD WAS SET OR TIED.
MM INDICATES DATA IS MISSING.
T  INDICATES TRACE AMOUNT.




$$
