000
CDUS44 KJAN 270816
CLIGWO


CLIMATE REPORT
NATIONAL WEATHER SERVICE JACKSON MS
315 AM CDT FRI MAR 27 2015


...................................

...THE GREENWOOD CLIMATE SUMMARY FOR MARCH 26 2015...

CLIMATE NORMAL PERIOD 1981 TO 2010
CLIMATE RECORD PERIOD 1948 TO 2015


WEATHER ITEM   OBSERVED TIME   RECORD YEAR NORMAL DEPARTURE LAST
                VALUE   (LST)  VALUE       VALUE  FROM      YEAR
                                                  NORMAL
..................................................................
TEMPERATURE (F)
 YESTERDAY
  MAXIMUM         74   1245 PM  86    1991  70      4       62
  MINIMUM         45   1159 PM  24    1955  46     -1       28
  AVERAGE         60                        58      2       45

PRECIPITATION (IN)
  YESTERDAY        0.01          2.18 1949   0.15  -0.14     0.00
  MONTH TO DATE    5.14                      3.56   1.58     1.91
  SINCE MAR 1      5.14                      3.56   1.58     1.91
  SINCE JAN 1     14.53                     12.50   2.03     8.19

SNOWFALL (IN)
  YESTERDAY        0.0

DEGREE DAYS
 HEATING
  YESTERDAY        5                         8     -3       20
  MONTH TO DATE  225                       280    -55      405
  SINCE MAR 1    225                       280    -55      405
  SINCE JUL 1   2746                      2511    235     3059

 COOLING
  YESTERDAY        0                         1     -1        0
  MONTH TO DATE    5                        20    -15        0
  SINCE MAR 1      5                        20    -15        0
  SINCE JAN 1      5                        25    -20        0
..................................................................


WIND (MPH)
  HIGHEST WIND SPEED    23   HIGHEST WIND DIRECTION     N (350)
  HIGHEST GUST SPEED    33   HIGHEST GUST DIRECTION     N (350)
  AVERAGE WIND SPEED     9.9


SKY COVER
  POSSIBLE SUNSHINE  MM
  AVERAGE SKY COVER 0.6


WEATHER CONDITIONS
 THE FOLLOWING WEATHER WAS RECORDED YESTERDAY.
  LIGHT RAIN


RELATIVE HUMIDITY (PERCENT)
 HIGHEST    86           600 AM
 LOWEST     53           100 PM
 AVERAGE    70

..........................................................


THE GREENWOOD CLIMATE NORMALS FOR TODAY
                         NORMAL    RECORD    YEAR
 MAXIMUM TEMPERATURE (F)   70        84      1991
 MINIMUM TEMPERATURE (F)   46        24      1955


SUNRISE AND SUNSET
MARCH 27 2015.........SUNRISE   655 AM CDT   SUNSET   717 PM CDT
MARCH 28 2015.........SUNRISE   654 AM CDT   SUNSET   718 PM CDT


-  INDICATES NEGATIVE NUMBERS.
R  INDICATES RECORD WAS SET OR TIED.
MM INDICATES DATA IS MISSING.
T  INDICATES TRACE AMOUNT.




$$
