000
CDUS44 KJAN 262108
CLIGWO


CLIMATE REPORT
NATIONAL WEATHER SERVICE JACKSON MS
407 PM CDT SUN MAR 26 2017


...................................

...THE GREENWOOD CLIMATE SUMMARY FOR MARCH 26 2017...
VALID TODAY AS OF 0400 PM LOCAL TIME.

CLIMATE NORMAL PERIOD 1981 TO 2010
CLIMATE RECORD PERIOD 1948 TO 2017


WEATHER ITEM   OBSERVED TIME   RECORD YEAR NORMAL DEPARTURE LAST
                VALUE   (LST)  VALUE       VALUE  FROM      YEAR
                                                  NORMAL
..................................................................
TEMPERATURE (F)
 TODAY
  MAXIMUM         79    244 PM  86    1991  70      9       79
  MINIMUM         56    510 AM  24    1955  46     10       45
  AVERAGE         68                        58     10       62

PRECIPITATION (IN)
  TODAY            0.00          2.18 1949   0.15  -0.15     0.00
  MONTH TO DATE    3.52                      3.56  -0.04     6.81
  SINCE MAR 1      3.52                      3.56  -0.04     6.81
  SINCE JAN 1     11.80                     12.50  -0.70    14.26

SNOWFALL (IN)
  TODAY            0.0

DEGREE DAYS
 HEATING
  TODAY            0                         8     -8        3
  MONTH TO DATE  226                       280    -54      178
  SINCE MAR 1    226                       280    -54      178
  SINCE JUL 1   1709                      2511   -802     1839

 COOLING
  TODAY            3                         1      2        0
  MONTH TO DATE   34                        20     14       28
  SINCE MAR 1     34                        20     14       28
  SINCE JAN 1     68                        25     43       36
..................................................................


WIND (MPH)
  HIGHEST WIND SPEED    16   HIGHEST WIND DIRECTION    SW (210)
  HIGHEST GUST SPEED    22   HIGHEST GUST DIRECTION     S (200)
  AVERAGE WIND SPEED     8.1


SKY COVER
  POSSIBLE SUNSHINE  MM
  AVERAGE SKY COVER 0.4


WEATHER CONDITIONS
 THE FOLLOWING WEATHER WAS RECORDED TODAY.
  LIGHT RAIN
  FOG


RELATIVE HUMIDITY (PERCENT)
 HIGHEST   100           100 AM
 LOWEST     50           200 PM
 AVERAGE    75

..........................................................


THE GREENWOOD CLIMATE NORMALS FOR TOMORROW
                         NORMAL    RECORD    YEAR
 MAXIMUM TEMPERATURE (F)   70        84      1991
 MINIMUM TEMPERATURE (F)   46        24      1955


SUNRISE AND SUNSET
MARCH 26 2017.........SUNRISE   656 AM CDT   SUNSET   717 PM CDT
MARCH 27 2017.........SUNRISE   654 AM CDT   SUNSET   717 PM CDT


-  INDICATES NEGATIVE NUMBERS.
R  INDICATES RECORD WAS SET OR TIED.
MM INDICATES DATA IS MISSING.
T  INDICATES TRACE AMOUNT.




$$
