000
CDUS44 KJAN 280727
CLIGWO


CLIMATE REPORT
NATIONAL WEATHER SERVICE JACKSON MS
224 AM CDT THU MAY 28 2015


...................................

...THE GREENWOOD CLIMATE SUMMARY FOR MAY 27 2015...

CLIMATE NORMAL PERIOD 1981 TO 2010
CLIMATE RECORD PERIOD 1948 TO 2015


WEATHER ITEM   OBSERVED TIME   RECORD YEAR NORMAL DEPARTURE LAST
                VALUE   (LST)  VALUE       VALUE  FROM      YEAR
                                                  NORMAL
..................................................................
TEMPERATURE (F)
 YESTERDAY
  MAXIMUM         80    955 AM  98    1953  86     -6       88
  MINIMUM         69   1149 PM  46    1961  64      5       68
  AVERAGE         75                        75      0       78

PRECIPITATION (IN)
  YESTERDAY        0.36          2.05 1976   0.14   0.22     0.91
  MONTH TO DATE    5.56                      4.37   1.19     1.80
  SINCE MAR 1     17.10                     13.81   3.29    15.50
  SINCE JAN 1     26.49                     22.75   3.74    21.78

SNOWFALL (IN)
  YESTERDAY        0.0

DEGREE DAYS
 HEATING
  YESTERDAY        0                         0      0        0
  MONTH TO DATE   14                        15     -1       34
  SINCE MAR 1    348                       455   -107      617
  SINCE JUL 1   2869                      2686    183     3271

 COOLING
  YESTERDAY       10                        10      0       13
  MONTH TO DATE  212                       186     26      191
  SINCE MAR 1    323                       283     40      254
  SINCE JAN 1    323                       288     35      254
..................................................................


WIND (MPH)
  HIGHEST WIND SPEED    18   HIGHEST WIND DIRECTION     S (160)
  HIGHEST GUST SPEED    24   HIGHEST GUST DIRECTION     S (160)
  AVERAGE WIND SPEED     4.7


SKY COVER
  POSSIBLE SUNSHINE  MM
  AVERAGE SKY COVER 0.6


WEATHER CONDITIONS
 THE FOLLOWING WEATHER WAS RECORDED YESTERDAY.
  THUNDERSTORM
  HEAVY RAIN
  RAIN
  LIGHT RAIN
  FOG


RELATIVE HUMIDITY (PERCENT)
 HIGHEST    90           100 AM
 LOWEST     69          1000 AM
 AVERAGE    80

..........................................................


THE GREENWOOD CLIMATE NORMALS FOR TODAY
                         NORMAL    RECORD    YEAR
 MAXIMUM TEMPERATURE (F)   86        96      1962
 MINIMUM TEMPERATURE (F)   64        44      1961


SUNRISE AND SUNSET
MAY 28 2015...........SUNRISE   553 AM CDT   SUNSET   803 PM CDT
MAY 29 2015...........SUNRISE   552 AM CDT   SUNSET   803 PM CDT


-  INDICATES NEGATIVE NUMBERS.
R  INDICATES RECORD WAS SET OR TIED.
MM INDICATES DATA IS MISSING.
T  INDICATES TRACE AMOUNT.




$$
