000
CDUS44 KJAN 020844
CLIGWO


CLIMATE REPORT
NATIONAL WEATHER SERVICE JACKSON MS
338 AM CDT THU JUL 2 2015


...................................

...THE GREENWOOD CLIMATE SUMMARY FOR JULY 1 2015...

CLIMATE NORMAL PERIOD 1981 TO 2010
CLIMATE RECORD PERIOD 1948 TO 2015


WEATHER ITEM   OBSERVED TIME   RECORD YEAR NORMAL DEPARTURE LAST
                VALUE   (LST)  VALUE       VALUE  FROM      YEAR
                                                  NORMAL
..................................................................
TEMPERATURE (F)
 YESTERDAY
  MAXIMUM         88    449 PM 104    1954  91     -3       91
  MINIMUM         70    518 AM  57    1950  70      0       72
  AVERAGE         79                        81     -2       82

PRECIPITATION (IN)
  YESTERDAY        0.00          2.55 1989   0.13  -0.13     0.00
  MONTH TO DATE    0.00                      0.13  -0.13     0.00
  SINCE JUN 1      2.29                      4.44  -2.15     9.03
  SINCE JAN 1     30.22                     27.77   2.45    32.15

SNOWFALL (IN)
  YESTERDAY        0.0

DEGREE DAYS
 HEATING
  YESTERDAY        0                         0      0        0
  MONTH TO DATE    0                         0      0        0
  SINCE JUN 1      0                         0      0        0
  SINCE JUL 1      0                         0      0        0

 COOLING
  YESTERDAY       14                        16     -2       17
  MONTH TO DATE   14                        16     -2       17
  SINCE JUN 1    452                       429     23      441
  SINCE JAN 1    816                       759     57      735
..................................................................


WIND (MPH)
  HIGHEST WIND SPEED    17   HIGHEST WIND DIRECTION     S (200)
  HIGHEST GUST SPEED    21   HIGHEST GUST DIRECTION    SW (210)
  AVERAGE WIND SPEED     8.4


SKY COVER
  POSSIBLE SUNSHINE  MM
  AVERAGE SKY COVER 0.3


WEATHER CONDITIONS
 THE FOLLOWING WEATHER WAS RECORDED YESTERDAY.
  NO SIGNIFICANT WEATHER WAS OBSERVED.


RELATIVE HUMIDITY (PERCENT)
 HIGHEST    97           200 AM
 LOWEST     59           300 PM
 AVERAGE    78

..........................................................


THE GREENWOOD CLIMATE NORMALS FOR TODAY
                         NORMAL    RECORD    YEAR
 MAXIMUM TEMPERATURE (F)   91       100      1970
                                             1969
 MINIMUM TEMPERATURE (F)   71        59      2008


SUNRISE AND SUNSET
JULY  2 2015..........SUNRISE   554 AM CDT   SUNSET   814 PM CDT
JULY  3 2015..........SUNRISE   555 AM CDT   SUNSET   814 PM CDT


-  INDICATES NEGATIVE NUMBERS.
R  INDICATES RECORD WAS SET OR TIED.
MM INDICATES DATA IS MISSING.
T  INDICATES TRACE AMOUNT.




$$
