000
CDUS41 KGYX 190913
CLIGYX


CLIMATE REPORT
NATIONAL WEATHER SERVICE GRAY ME
413 AM EST THU JAN 19 2017


...................................

...THE GRAY ME CLIMATE SUMMARY FOR JANUARY 18 2017...

CLIMATE NORMAL PERIOD 1981 TO 2010
CLIMATE RECORD PERIOD 1995 TO 2017


WEATHER ITEM   OBSERVED TIME   RECORD YEAR NORMAL DEPARTURE LAST
                VALUE   (LST)  VALUE       VALUE  FROM      YEAR
                                                  NORMAL
..................................................................
TEMPERATURE (F)
 YESTERDAY
  MAXIMUM         29        MM  MM      MM  29      0       25
  MINIMUM         21        MM  MM      MM  12      9       14
  AVERAGE         25                        20      5       20

PRECIPITATION (IN)
  YESTERDAY        0.22         MM      MM   0.11   0.11     0.06
  MONTH TO DATE    1.44                      2.07  -0.63     3.71
  SINCE DEC 1      6.26                      6.13   0.13     8.27
  SINCE JAN 1      1.44                      2.07  -0.63     3.71

SNOWFALL (IN)
  YESTERDAY        3.1          MM      MM   0.6    2.5      1.3
  MONTH TO DATE    5.0                      12.6   -7.6     15.5
  SINCE DEC 1     40.5                      30.9    9.6     20.7
  SINCE JUL 1     41.8                      34.0    7.8     20.9
  SNOW DEPTH       8

DEGREE DAYS
 HEATING
  YESTERDAY       40                        45     -5       45
  MONTH TO DATE  716                       788    -72      713
  SINCE DEC 1   1937                      1957    -20     1614
  SINCE JUL 1   3216                      3454   -238     2913

 COOLING
  YESTERDAY        0                         0      0        0
  MONTH TO DATE    0                         0      0        0
  SINCE DEC 1      0                         0      0        0
  SINCE JAN 1      0                         0      0        0
..................................................................







THE GRAY ME CLIMATE NORMALS FOR TODAY
                         NORMAL
 MAXIMUM TEMPERATURE (F)   29
 MINIMUM TEMPERATURE (F)   12


SUNRISE AND SUNSET
JANUARY 19 2017.......SUNRISE   710 AM EST   SUNSET   434 PM EST
JANUARY 20 2017.......SUNRISE   709 AM EST   SUNSET   436 PM EST


-  INDICATES NEGATIVE NUMBERS.
R  INDICATES RECORD WAS SET OR TIED.
MM INDICATES DATA IS MISSING.
T  INDICATES TRACE AMOUNT.




$$
