000
CDUS41 KGYX 020804
CLIGYX


CLIMATE REPORT
NATIONAL WEATHER SERVICE GRAY ME
403 AM EDT SUN AUG 2 2015


...................................

...THE GRAY ME CLIMATE SUMMARY FOR AUGUST 1 2015...

CLIMATE NORMAL PERIOD 1981 TO 2010
CLIMATE RECORD PERIOD 1995 TO 2015


WEATHER ITEM   OBSERVED TIME   RECORD YEAR NORMAL DEPARTURE LAST
                VALUE   (LST)  VALUE       VALUE  FROM      YEAR
                                                  NORMAL
..................................................................
TEMPERATURE (F)
 YESTERDAY
  MAXIMUM         83        MM  MM      MM  80      3       77
  MINIMUM         62        MM  MM      MM  60      2       60
  AVERAGE         73                        70      3       69

PRECIPITATION (IN)
  YESTERDAY        0.00         MM      MM   0.13  -0.13     0.00
  MONTH TO DATE    0.00                      0.13  -0.13     0.00
  SINCE JUN 1      8.40                      8.73  -0.33     9.98
  SINCE JAN 1     21.45                     28.02  -6.57    28.33

SNOWFALL (IN)
  YESTERDAY        0.0          MM      MM   0.0    0.0      0.0
  MONTH TO DATE    0.0                       0.0    0.0      0.0
  SINCE JUN 1      0.0                       0.0    0.0      0.0
  SINCE JUL 1      0.0                       0.0    0.0      0.0
  SNOW DEPTH      MM

DEGREE DAYS
 HEATING
  YESTERDAY        0                         0      0        0
  MONTH TO DATE    0                         0      0        0
  SINCE JUN 1    170                       108     62       74
  SINCE JUL 1     13                        14     -1        0

 COOLING
  YESTERDAY        8                         5      3        4
  MONTH TO DATE    8                         5      3        4
  SINCE JUN 1    177                       220    -43      231
  SINCE JAN 1    217                       231    -14      232
..................................................................







THE GRAY ME CLIMATE NORMALS FOR TODAY
                         NORMAL
 MAXIMUM TEMPERATURE (F)   80
 MINIMUM TEMPERATURE (F)   60


SUNRISE AND SUNSET
AUGUST  2 2015........SUNRISE   530 AM EDT   SUNSET   804 PM EDT
AUGUST  3 2015........SUNRISE   531 AM EDT   SUNSET   802 PM EDT


-  INDICATES NEGATIVE NUMBERS.
R  INDICATES RECORD WAS SET OR TIED.
MM INDICATES DATA IS MISSING.
T  INDICATES TRACE AMOUNT.




$$
