000
CDUS41 KGYX 190911
CLIGYX


CLIMATE REPORT
NATIONAL WEATHER SERVICE GRAY ME
411 AM EST FRI DEC 19 2014


...................................

...THE GRAY ME CLIMATE SUMMARY FOR DECEMBER 18 2014...

CLIMATE NORMAL PERIOD 1981 TO 2010
CLIMATE RECORD PERIOD 1995 TO 2014


WEATHER ITEM   OBSERVED TIME   RECORD YEAR NORMAL DEPARTURE LAST
                VALUE   (LST)  VALUE       VALUE  FROM      YEAR
                                                  NORMAL
..................................................................
TEMPERATURE (F)
 YESTERDAY
  MAXIMUM         39        MM  MM      MM  34      5       29
  MINIMUM         31        MM  MM      MM  19     12        8
  AVERAGE         35                        26      9       19

PRECIPITATION (IN)
  YESTERDAY        0.03         MM      MM   0.12  -0.09     0.01
  MONTH TO DATE    4.50                      2.49   2.01     2.07
  SINCE DEC 1      4.50                      2.49   2.01     2.07
  SINCE JAN 1     51.13                     48.65   2.48    42.65

SNOWFALL (IN)
  YESTERDAY        T            MM      MM   0.6   -0.6      0.3
  MONTH TO DATE    5.7                       9.3   -3.6     19.8
  SINCE DEC 1      5.7                       9.3   -3.6     19.8
  SINCE JUL 1     20.7                      12.4    8.3     20.9
  SNOW DEPTH       2

DEGREE DAYS
 HEATING
  YESTERDAY       30                        39     -9       46
  MONTH TO DATE  639                       643     -4      776
  SINCE DEC 1    639                       643     -4      776
  SINCE JUL 1   2089                      2140    -51     2247

 COOLING
  YESTERDAY        0                         0      0        0
  MONTH TO DATE    0                         0      0        0
  SINCE DEC 1      0                         0      0        0
  SINCE JAN 1    369                       389    -20      486
..................................................................







THE GRAY ME CLIMATE NORMALS FOR TODAY
                         NORMAL
 MAXIMUM TEMPERATURE (F)   34
 MINIMUM TEMPERATURE (F)   19


SUNRISE AND SUNSET
DECEMBER 19 2014......SUNRISE   711 AM EST   SUNSET   405 PM EST
DECEMBER 20 2014......SUNRISE   712 AM EST   SUNSET   406 PM EST


-  INDICATES NEGATIVE NUMBERS.
R  INDICATES RECORD WAS SET OR TIED.
MM INDICATES DATA IS MISSING.
T  INDICATES TRACE AMOUNT.




$$
