000
CDUS41 KGYX 230822
CLIGYX


CLIMATE REPORT
NATIONAL WEATHER SERVICE GRAY ME
421 AM EDT MON OCT 23 2017


...................................

...THE GRAY ME CLIMATE SUMMARY FOR OCTOBER 22 2017...

CLIMATE NORMAL PERIOD 1981 TO 2010
CLIMATE RECORD PERIOD 1995 TO 2017


WEATHER ITEM   OBSERVED TIME   RECORD YEAR NORMAL DEPARTURE LAST
                VALUE   (LST)  VALUE       VALUE  FROM      YEAR
                                                  NORMAL
..................................................................
TEMPERATURE (F)
 YESTERDAY
  MAXIMUM         66        MM  MM      MM  56     10       64
  MINIMUM         47        MM  MM      MM  38      9       41
  AVERAGE         57                        47     10       53

PRECIPITATION (IN)
  YESTERDAY        0.00         MM      MM   0.18  -0.18     1.14
  MONTH TO DATE    0.74                      3.72  -2.98     5.73
  SINCE SEP 1      3.31                      7.91  -4.60     6.79
  SINCE JAN 1     31.24                     39.39  -8.15    35.96

SNOWFALL (IN)
  YESTERDAY        0.0          MM      MM   0.0    0.0      0.0
  MONTH TO DATE    0.0                       0.0    0.0      0.0
  SINCE SEP 1      0.0                       0.0    0.0      0.0
  SINCE JUL 1      0.0                       0.0    0.0      0.0
  SNOW DEPTH       0

DEGREE DAYS
 HEATING
  YESTERDAY        8                        18    -10       12
  MONTH TO DATE  153                       319   -166      223
  SINCE SEP 1    219                       487   -268      318
  SINCE JUL 1    250                       523   -273      337

 COOLING
  YESTERDAY        0                         0      0        0
  MONTH TO DATE   11                         0     11        0
  SINCE SEP 1     93                        28     65       80
  SINCE JAN 1    531                       387    144      607
..................................................................







THE GRAY ME CLIMATE NORMALS FOR TODAY
                         NORMAL
 MAXIMUM TEMPERATURE (F)   56
 MINIMUM TEMPERATURE (F)   38


SUNRISE AND SUNSET
OCTOBER 23 2017.......SUNRISE   706 AM EDT   SUNSET   544 PM EDT
OCTOBER 24 2017.......SUNRISE   707 AM EDT   SUNSET   543 PM EDT


-  INDICATES NEGATIVE NUMBERS.
R  INDICATES RECORD WAS SET OR TIED.
MM INDICATES DATA IS MISSING.
T  INDICATES TRACE AMOUNT.




$$
