000
CDUS41 KGYX 290803
CLIGYX


CLIMATE REPORT
NATIONAL WEATHER SERVICE GRAY ME
403 AM EDT SAT AUG 29 2015


...................................

...THE GRAY ME CLIMATE SUMMARY FOR AUGUST 28 2015...

CLIMATE NORMAL PERIOD 1981 TO 2010
CLIMATE RECORD PERIOD 1995 TO 2015


WEATHER ITEM   OBSERVED TIME   RECORD YEAR NORMAL DEPARTURE LAST
                VALUE   (LST)  VALUE       VALUE  FROM      YEAR
                                                  NORMAL
..................................................................
TEMPERATURE (F)
 YESTERDAY
  MAXIMUM         77        MM  MM      MM  77      0       76
  MINIMUM         59        MM  MM      MM  57      2       56
  AVERAGE         68                        67      1       66

PRECIPITATION (IN)
  YESTERDAY        0.00         MM      MM   0.12  -0.12     0.00
  MONTH TO DATE    3.92                      3.23   0.69     6.80
  SINCE JUN 1     12.32                     11.83   0.49    16.78
  SINCE JAN 1     25.37                     31.12  -5.75    35.13

SNOWFALL (IN)
  YESTERDAY        0.0          MM      MM   0.0    0.0      0.0
  MONTH TO DATE    0.0                       0.0    0.0      0.0
  SINCE JUN 1      0.0                       0.0    0.0      0.0
  SINCE JUL 1      0.0                       0.0    0.0      0.0
  SNOW DEPTH       0

DEGREE DAYS
 HEATING
  YESTERDAY        0                         1     -1        0
  MONTH TO DATE    3                        16    -13       11
  SINCE JUN 1    173                       124     49       85
  SINCE JUL 1     16                        30    -14       11

 COOLING
  YESTERDAY        3                         3      0        1
  MONTH TO DATE  153                       125     28       78
  SINCE JUN 1    319                       340    -21      305
  SINCE JAN 1    359                       351      8      306
..................................................................







THE GRAY ME CLIMATE NORMALS FOR TODAY
                         NORMAL
 MAXIMUM TEMPERATURE (F)   76
 MINIMUM TEMPERATURE (F)   57


SUNRISE AND SUNSET
AUGUST 29 2015........SUNRISE   601 AM EDT   SUNSET   723 PM EDT
AUGUST 30 2015........SUNRISE   602 AM EDT   SUNSET   721 PM EDT


-  INDICATES NEGATIVE NUMBERS.
R  INDICATES RECORD WAS SET OR TIED.
MM INDICATES DATA IS MISSING.
T  INDICATES TRACE AMOUNT.




$$
