000
CDUS41 KGYX 300811
CLIGYX


CLIMATE REPORT
NATIONAL WEATHER SERVICE GRAY ME
410 AM EDT SAT APR 30 2016


...................................

...THE GRAY ME CLIMATE SUMMARY FOR APRIL 29 2016...

CLIMATE NORMAL PERIOD 1981 TO 2010
CLIMATE RECORD PERIOD 1995 TO 2016


WEATHER ITEM   OBSERVED TIME   RECORD YEAR NORMAL DEPARTURE LAST
                VALUE   (LST)  VALUE       VALUE  FROM      YEAR
                                                  NORMAL
..................................................................
TEMPERATURE (F)
 YESTERDAY
  MAXIMUM         49        MM  MM      MM  59    -10       55
  MINIMUM         31        MM  MM      MM  40     -9       45
  AVERAGE         40                        50    -10       50

PRECIPITATION (IN)
  YESTERDAY        0.00         MM      MM   0.14  -0.14      T
  MONTH TO DATE    2.81                      4.23  -1.42     3.49
  SINCE MAR 1      7.35                      8.40  -1.05     5.01
  SINCE JAN 1     15.61                     15.24   0.37    10.98

SNOWFALL (IN)
  YESTERDAY        0.0          MM      MM   0.0    0.0      0.0
  MONTH TO DATE    5.2                       4.8    0.4      3.0
  SINCE MAR 1     14.5                      24.7  -10.2      8.2
  SINCE JUL 1     51.8                      83.8  -32.0    107.3
  SNOW DEPTH       0

DEGREE DAYS
 HEATING
  YESTERDAY       25                        15     10       15
  MONTH TO DATE  651                       608     43      628
  SINCE MAR 1   1543                      1601    -58     1763
  SINCE JUL 1   6063                      6759   -696     7239

 COOLING
  YESTERDAY        0                         0      0        0
  MONTH TO DATE    0                         0      0        0
  SINCE MAR 1      0                         0      0        0
  SINCE JAN 1      0                         0      0        0
..................................................................







THE GRAY ME CLIMATE NORMALS FOR TODAY
                         NORMAL
 MAXIMUM TEMPERATURE (F)   60
 MINIMUM TEMPERATURE (F)   40


SUNRISE AND SUNSET
APRIL 30 2016.........SUNRISE   534 AM EDT   SUNSET   743 PM EDT
MAY  1 2016...........SUNRISE   532 AM EDT   SUNSET   745 PM EDT


-  INDICATES NEGATIVE NUMBERS.
R  INDICATES RECORD WAS SET OR TIED.
MM INDICATES DATA IS MISSING.
T  INDICATES TRACE AMOUNT.




$$
