000
CDUS41 KGYX 010908
CLIGYX


CLIMATE REPORT
NATIONAL WEATHER SERVICE GRAY ME
407 AM EST SUN FEB 1 2015


...................................

...THE GRAY ME CLIMATE SUMMARY FOR JANUARY 31 2015...

CLIMATE NORMAL PERIOD 1981 TO 2010
CLIMATE RECORD PERIOD 1995 TO 2015


WEATHER ITEM   OBSERVED TIME   RECORD YEAR NORMAL DEPARTURE LAST
                VALUE   (LST)  VALUE       VALUE  FROM      YEAR
                                                  NORMAL
..................................................................
TEMPERATURE (F)
 YESTERDAY
  MAXIMUM         18        MM  MM      MM  30    -12       38
  MINIMUM          7        MM  MM      MM  13     -6       18
  AVERAGE         13                        21     -8       28

PRECIPITATION (IN)
  YESTERDAY        0.08         MM      MM   0.11  -0.03     0.00
  MONTH TO DATE    3.80                      3.53   0.27     3.50
  SINCE DEC 1     10.00                      7.59   2.41     7.18
  SINCE JAN 1      3.80                      3.53   0.27     3.50

SNOWFALL (IN)
  YESTERDAY        1.2          MM      MM   0.7    0.5      0.0
  MONTH TO DATE   45.8                      21.2   24.6     12.9
  SINCE DEC 1     52.3                      39.5   12.8     39.8
  SINCE JUL 1     67.3                      42.6   24.7     40.9
  SNOW DEPTH      24

DEGREE DAYS
 HEATING
  YESTERDAY       52                        44      8       37
  MONTH TO DATE 1464                      1366     98     1391
  SINCE DEC 1   2554                      2533     21     2721
  SINCE JUL 1   4004                      4030    -26     4192

 COOLING
  YESTERDAY        0                         0      0        0
  MONTH TO DATE    0                         0      0        0
  SINCE DEC 1      0                         0      0        0
  SINCE JAN 1      0                         0      0        0
..................................................................







THE GRAY ME CLIMATE NORMALS FOR TODAY
                         NORMAL
 MAXIMUM TEMPERATURE (F)   30
 MINIMUM TEMPERATURE (F)   13


SUNRISE AND SUNSET
FEBRUARY  1 2015......SUNRISE   658 AM EST   SUNSET   451 PM EST
FEBRUARY  2 2015......SUNRISE   657 AM EST   SUNSET   453 PM EST


-  INDICATES NEGATIVE NUMBERS.
R  INDICATES RECORD WAS SET OR TIED.
MM INDICATES DATA IS MISSING.
T  INDICATES TRACE AMOUNT.




$$
