000
CDUS44 KJAN 300822
CLIHBG


CLIMATE REPORT
NATIONAL WEATHER SERVICE JACKSON MS
321 AM CDT SAT APR 30 2016


...................................

...THE HATTIESBURG CLIMATE SUMMARY FOR APRIL 29 2016...

CLIMATE NORMAL PERIOD 1981 TO 2010
CLIMATE RECORD PERIOD 1948 TO 2016


WEATHER ITEM   OBSERVED TIME   RECORD YEAR NORMAL DEPARTURE LAST
                VALUE   (LST)  VALUE       VALUE  FROM      YEAR
                                                  NORMAL
..................................................................
TEMPERATURE (F)
 YESTERDAY
  MAXIMUM         89    233 PM  94    1955  82      7       75
  MINIMUM         67    555 AM  42    1973  57     10       52
  AVERAGE         78                        69      9       64

PRECIPITATION (IN)
  YESTERDAY        0.00          2.00 1998   0.12  -0.12     0.00
  MONTH TO DATE    5.05                      4.81   0.24     3.37
  SINCE MAR 1     18.37                     10.31   8.06     9.08
  SINCE JAN 1     27.74                     21.44   6.30    16.91

SNOWFALL (IN)
  YESTERDAY        0.0

DEGREE DAYS
 HEATING
  YESTERDAY        0                         1     -1        1
  MONTH TO DATE   28                        82    -54       13
  SINCE MAR 1    141                       299   -158      129
  SINCE JUL 1   1379                      1977   -598     1910

 COOLING
  YESTERDAY       13                         5      8        0
  MONTH TO DATE  106                        87     19      181
  SINCE MAR 1    172                       120     52      273
  SINCE JAN 1    197                       135     62      279
..................................................................


WIND (MPH)
  HIGHEST WIND SPEED    25   HIGHEST WIND DIRECTION    SE (150)
  HIGHEST GUST SPEED    30   HIGHEST GUST DIRECTION    SE (150)
  AVERAGE WIND SPEED     8.5


SKY COVER
  POSSIBLE SUNSHINE  MM
  AVERAGE SKY COVER 0.3


WEATHER CONDITIONS
 THE FOLLOWING WEATHER WAS RECORDED YESTERDAY.
  NO SIGNIFICANT WEATHER WAS OBSERVED.


RELATIVE HUMIDITY (PERCENT)
 HIGHEST    93           400 AM
 LOWEST     46           300 PM
 AVERAGE    70

..........................................................


THE HATTIESBURG CLIMATE NORMALS FOR TODAY
                         NORMAL    RECORD    YEAR
 MAXIMUM TEMPERATURE (F)   82        91      1970
 MINIMUM TEMPERATURE (F)   57        44      1965


SUNRISE AND SUNSET
APRIL 30 2016.........SUNRISE   613 AM CDT   SUNSET   736 PM CDT
MAY  1 2016...........SUNRISE   612 AM CDT   SUNSET   737 PM CDT


-  INDICATES NEGATIVE NUMBERS.
R  INDICATES RECORD WAS SET OR TIED.
MM INDICATES DATA IS MISSING.
T  INDICATES TRACE AMOUNT.




$$
