000
CDUS44 KJAN 210656
CLIHBG


CLIMATE REPORT
NATIONAL WEATHER SERVICE JACKSON MS
1247 AM CST SAT JAN 21 2017


...................................

...THE HATTIESBURG CLIMATE SUMMARY FOR JANUARY 20 2017...

CLIMATE NORMAL PERIOD 1981 TO 2010
CLIMATE RECORD PERIOD 1948 TO 2017


WEATHER ITEM   OBSERVED TIME   RECORD YEAR NORMAL DEPARTURE LAST
                VALUE   (LST)  VALUE       VALUE  FROM      YEAR
                                                  NORMAL
..................................................................
TEMPERATURE (F)
 YESTERDAY
  MAXIMUM         78    403 PM  80    1982  60     18       70
  MINIMUM         61    239 AM  13    1977  37     24       38
  AVERAGE         70                        48     22       54

PRECIPITATION (IN)
  YESTERDAY        0.00          3.90 1979   0.18  -0.18     0.00
  MONTH TO DATE    6.48                      3.57   2.91     0.84
  SINCE DEC 1     13.54                      8.48   5.06    10.85
  SINCE JAN 1      6.48                      3.57   2.91     0.84

SNOWFALL (IN)
  YESTERDAY        0.0

DEGREE DAYS
 HEATING
  YESTERDAY        0                        17    -17       11
  MONTH TO DATE  166                       333   -167      358
  SINCE DEC 1    504                       790   -286      588
  SINCE JUL 1    700                      1118   -418      766

 COOLING
  YESTERDAY        5                         0      5        0
  MONTH TO DATE   29                         0     29        0
  SINCE DEC 1     68                        13     55       71
  SINCE JAN 1     29                         0     29        0
..................................................................


WIND (MPH)
  HIGHEST WIND SPEED    16   HIGHEST WIND DIRECTION    SW (220)
  HIGHEST GUST SPEED    27   HIGHEST GUST DIRECTION     S (200)
  AVERAGE WIND SPEED     5.2


SKY COVER
  POSSIBLE SUNSHINE  MM
  AVERAGE SKY COVER 0.6


WEATHER CONDITIONS
 THE FOLLOWING WEATHER WAS RECORDED YESTERDAY.
  FOG


RELATIVE HUMIDITY (PERCENT)
 HIGHEST   100           200 AM
 LOWEST     42           400 PM
 AVERAGE    71

..........................................................


THE HATTIESBURG CLIMATE NORMALS FOR TODAY
                         NORMAL    RECORD    YEAR
 MAXIMUM TEMPERATURE (F)   60        81      2012
 MINIMUM TEMPERATURE (F)   37         4      1985


SUNRISE AND SUNSET
JANUARY 21 2017.......SUNRISE   655 AM CST   SUNSET   523 PM CST
JANUARY 22 2017.......SUNRISE   654 AM CST   SUNSET   523 PM CST


-  INDICATES NEGATIVE NUMBERS.
R  INDICATES RECORD WAS SET OR TIED.
MM INDICATES DATA IS MISSING.
T  INDICATES TRACE AMOUNT.




$$
