571
CDUS44 KJAN 240644
CLIHBG


CLIMATE REPORT
NATIONAL WEATHER SERVICE JACKSON MS
139 AM CDT TUE OCT 24 2017


...................................

...THE HATTIESBURG CLIMATE SUMMARY FOR OCTOBER 23 2017...

CLIMATE NORMAL PERIOD 1981 TO 2010
CLIMATE RECORD PERIOD 1948 TO 2017


WEATHER ITEM   OBSERVED TIME   RECORD YEAR NORMAL DEPARTURE LAST
                VALUE   (LST)  VALUE       VALUE  FROM      YEAR
                                                  NORMAL
..................................................................
TEMPERATURE (F)
 YESTERDAY
  MAXIMUM         72    249 PM  92    1953  78     -6       79
  MINIMUM         50   1159 PM  34    1996  52     -2       39
                                      1952
  AVERAGE         61                        65     -4       59

PRECIPITATION (IN)
  YESTERDAY        0.00          2.85 1972   0.12  -0.12     0.00
  MONTH TO DATE    2.67                      2.84  -0.17     0.10
  SINCE SEP 1      4.84                      6.92  -2.08     4.19
  SINCE JAN 1     61.26                     49.08  12.18    55.20

SNOWFALL (IN)
  YESTERDAY        0.0

DEGREE DAYS
 HEATING
  YESTERDAY        4                         4      0        6
  MONTH TO DATE    9                        40    -31       17
  SINCE SEP 1      9                        42    -33       17
  SINCE JUL 1      9                        42    -33       17

 COOLING
  YESTERDAY        0                         3     -3        0
  MONTH TO DATE  195                       113     82      158
  SINCE SEP 1    549                       469     80      631
  SINCE JAN 1   2494                      2340    154     2745
..................................................................


WIND (MPH)
  HIGHEST WIND SPEED    20   HIGHEST WIND DIRECTION    NW (310)
  HIGHEST GUST SPEED    26   HIGHEST GUST DIRECTION    NW (310)
  AVERAGE WIND SPEED     7.1


SKY COVER
  POSSIBLE SUNSHINE  MM
  AVERAGE SKY COVER 0.2


WEATHER CONDITIONS
 THE FOLLOWING WEATHER WAS RECORDED YESTERDAY.
  HAZE


RELATIVE HUMIDITY (PERCENT)
 HIGHEST   100           100 AM
 LOWEST     38           300 PM
 AVERAGE    69

..........................................................


THE HATTIESBURG CLIMATE NORMALS FOR TODAY
                         NORMAL    RECORD    YEAR
 MAXIMUM TEMPERATURE (F)   77        88      2001
 MINIMUM TEMPERATURE (F)   51        34      1996


SUNRISE AND SUNSET
OCTOBER 24 2017.......SUNRISE   707 AM CDT   SUNSET   615 PM CDT
OCTOBER 25 2017.......SUNRISE   707 AM CDT   SUNSET   614 PM CDT


-  INDICATES NEGATIVE NUMBERS.
R  INDICATES RECORD WAS SET OR TIED.
MM INDICATES DATA IS MISSING.
T  INDICATES TRACE AMOUNT.




$$
