000
CDUS44 KJAN 252206
CLIHBG


CLIMATE REPORT
NATIONAL WEATHER SERVICE JACKSON MS
505 PM CDT SAT MAR 25 2017


...................................

...THE HATTIESBURG CLIMATE SUMMARY FOR MARCH 25 2017...
VALID AS OF 0500 PM LOCAL TIME.

CLIMATE NORMAL PERIOD 1981 TO 2010
CLIMATE RECORD PERIOD 1948 TO 2017


WEATHER ITEM   OBSERVED TIME   RECORD YEAR NORMAL DEPARTURE LAST
                VALUE   (LST)  VALUE       VALUE  FROM      YEAR
                                                  NORMAL
..................................................................
TEMPERATURE (F)
 TODAY
  MAXIMUM         73    833 AM  86    1965  73      0       72
  MINIMUM         61    924 AM  29    1968  48     13       48
  AVERAGE         67                        61      6       60

PRECIPITATION (IN)
  TODAY            0.80          4.28 1973   0.18   0.62     0.00
  MONTH TO DATE    2.43                      4.41  -1.98    10.34
  SINCE MAR 1      2.43                      4.41  -1.98    10.34
  SINCE JAN 1     14.03                     15.54  -1.51    19.71

SNOWFALL (IN)
  TODAY            0.0

DEGREE DAYS
 HEATING
  TODAY            0                         5     -5        5
  MONTH TO DATE  142                       187    -45      108
  SINCE MAR 1    142                       187    -45      108
  SINCE JUL 1   1109                      1865   -756     1346

 COOLING
  TODAY            2                         1      1        0
  MONTH TO DATE   50                        25     25       53
  SINCE MAR 1     50                        25     25       53
  SINCE JAN 1    119                        40     79       78
..................................................................


WIND (MPH)
  HIGHEST WIND SPEED    18   HIGHEST WIND DIRECTION    SW (220)
  HIGHEST GUST SPEED    26   HIGHEST GUST DIRECTION    SW (240)
  AVERAGE WIND SPEED     8.4


SKY COVER
  POSSIBLE SUNSHINE  MM
  AVERAGE SKY COVER 0.7


WEATHER CONDITIONS
 THE FOLLOWING WEATHER WAS RECORDED TODAY.
  THUNDERSTORM
  HEAVY RAIN
  RAIN
  LIGHT RAIN
  FOG


RELATIVE HUMIDITY (PERCENT)
 HIGHEST    93           300 AM
 LOWEST     84           800 AM
 AVERAGE    89

..........................................................


THE HATTIESBURG CLIMATE NORMALS FOR TOMORROW
                         NORMAL    RECORD    YEAR
 MAXIMUM TEMPERATURE (F)   74        87      2011
 MINIMUM TEMPERATURE (F)   48        30      2014
                                             1979


SUNRISE AND SUNSET
MARCH 25 2017.........SUNRISE   654 AM CDT   SUNSET   712 PM CDT
MARCH 26 2017.........SUNRISE   653 AM CDT   SUNSET   713 PM CDT


-  INDICATES NEGATIVE NUMBERS.
R  INDICATES RECORD WAS SET OR TIED.
MM INDICATES DATA IS MISSING.
T  INDICATES TRACE AMOUNT.




$$
