000
CDUS44 KJAN 190814
CLIHBG


CLIMATE REPORT
NATIONAL WEATHER SERVICE JACKSON MS
212 AM CST FRI JAN 19 2018


...................................

...THE HATTIESBURG CLIMATE SUMMARY FOR JANUARY 18 2018...

CLIMATE NORMAL PERIOD 1981 TO 2010
CLIMATE RECORD PERIOD 1948 TO 2018


WEATHER ITEM   OBSERVED TIME   RECORD YEAR NORMAL DEPARTURE LAST
                VALUE   (LST)  VALUE       VALUE  FROM      YEAR
                                                  NORMAL
..................................................................
TEMPERATURE (F)
 YESTERDAY
  MAXIMUM         45    329 PM  82    2009  60    -15       78
                                      1950
  MINIMUM         15R   627 AM  15    1977  37    -22       66
  AVERAGE         30                        48    -18       72

PRECIPITATION (IN)
  YESTERDAY        0.00          3.13 1987   0.18  -0.18     0.00
  MONTH TO DATE    1.75                      3.19  -1.44     4.91
  SINCE DEC 1      6.47                      8.10  -1.63    11.97
  SINCE JAN 1      1.75                      3.19  -1.44     4.91

SNOWFALL (IN)
  YESTERDAY        0.0

DEGREE DAYS
 HEATING
  YESTERDAY       35                        17     18        0
  MONTH TO DATE  453                       299    154      166
  SINCE DEC 1    939                       756    183      504
  SINCE JUL 1   1244                      1084    160      700

 COOLING
  YESTERDAY        0                         0      0        7
  MONTH TO DATE    0                         0      0       22
  SINCE DEC 1      5                        13     -8       61
  SINCE JAN 1      0                         0      0       22
..................................................................


WIND (MPH)
  HIGHEST WIND SPEED    10   HIGHEST WIND DIRECTION    NW (310)
  HIGHEST GUST SPEED    13   HIGHEST GUST DIRECTION    NW (320)
  AVERAGE WIND SPEED     3.3


SKY COVER
  POSSIBLE SUNSHINE  MM
  AVERAGE SKY COVER 0.0


WEATHER CONDITIONS
 THE FOLLOWING WEATHER WAS RECORDED YESTERDAY.
  NO SIGNIFICANT WEATHER WAS OBSERVED.


RELATIVE HUMIDITY (PERCENT)
 HIGHEST    92           600 AM
 LOWEST     27           400 PM
 AVERAGE    60

..........................................................


THE HATTIESBURG CLIMATE NORMALS FOR TODAY
                         NORMAL    RECORD    YEAR
 MAXIMUM TEMPERATURE (F)   60        79      1950
 MINIMUM TEMPERATURE (F)   37        11      1977


SUNRISE AND SUNSET
JANUARY 19 2018.......SUNRISE   655 AM CST   SUNSET   521 PM CST
JANUARY 20 2018.......SUNRISE   655 AM CST   SUNSET   521 PM CST


-  INDICATES NEGATIVE NUMBERS.
R  INDICATES RECORD WAS SET OR TIED.
MM INDICATES DATA IS MISSING.
T  INDICATES TRACE AMOUNT.




$$
