000
CDUS44 KJAN 260854
CLIHBG


CLIMATE REPORT
NATIONAL WEATHER SERVICE JACKSON MS
353 AM CDT WED APR 26 2017


...................................

...THE HATTIESBURG CLIMATE SUMMARY FOR APRIL 25 2017...

CLIMATE NORMAL PERIOD 1981 TO 2010
CLIMATE RECORD PERIOD 1948 TO 2017


WEATHER ITEM   OBSERVED TIME   RECORD YEAR NORMAL DEPARTURE LAST
                VALUE   (LST)  VALUE       VALUE  FROM      YEAR
                                                  NORMAL
..................................................................
TEMPERATURE (F)
 YESTERDAY
  MAXIMUM         82    348 PM  92    1999  80      2       86
  MINIMUM         50    531 AM  40    1969  55     -5       63
  AVERAGE         66                        68     -2       75

PRECIPITATION (IN)
  YESTERDAY        0.00          3.20 1953   0.15  -0.15     0.00
  MONTH TO DATE    4.28                      4.30  -0.02     4.88
  SINCE MAR 1      7.42                      9.80  -2.38    18.20
  SINCE JAN 1     19.02                     20.93  -1.91    27.57

SNOWFALL (IN)
  YESTERDAY        0.0

DEGREE DAYS
 HEATING
  YESTERDAY        0                         1     -1        0
  MONTH TO DATE   33                        78    -45       28
  SINCE MAR 1    176                       295   -119      141
  SINCE JUL 1   1143                      1973   -830     1379

 COOLING
  YESTERDAY        1                         4     -3       10
  MONTH TO DATE   96                        69     27       64
  SINCE MAR 1    184                       102     82      130
  SINCE JAN 1    253                       117    136      155
..................................................................


WIND (MPH)
  HIGHEST WIND SPEED    14   HIGHEST WIND DIRECTION     S (180)
  HIGHEST GUST SPEED    18   HIGHEST GUST DIRECTION    SW (220)
  AVERAGE WIND SPEED     6.0


SKY COVER
  POSSIBLE SUNSHINE  MM
  AVERAGE SKY COVER 0.0


WEATHER CONDITIONS
 THE FOLLOWING WEATHER WAS RECORDED YESTERDAY.
  NO SIGNIFICANT WEATHER WAS OBSERVED.


RELATIVE HUMIDITY (PERCENT)
 HIGHEST    96           300 AM
 LOWEST     39           200 PM
 AVERAGE    68

..........................................................


THE HATTIESBURG CLIMATE NORMALS FOR TODAY
                         NORMAL    RECORD    YEAR
 MAXIMUM TEMPERATURE (F)   81        88      2016
                                             2015
 MINIMUM TEMPERATURE (F)   56        41      1968


SUNRISE AND SUNSET
APRIL 26 2017.........SUNRISE   617 AM CDT   SUNSET   733 PM CDT
APRIL 27 2017.........SUNRISE   616 AM CDT   SUNSET   734 PM CDT


-  INDICATES NEGATIVE NUMBERS.
R  INDICATES RECORD WAS SET OR TIED.
MM INDICATES DATA IS MISSING.
T  INDICATES TRACE AMOUNT.




$$
