000
CDUS44 KJAN 250628
CLIHBG


CLIMATE REPORT
NATIONAL WEATHER SERVICE JACKSON MS
126 AM CDT WED MAY 25 2016


...................................

...THE HATTIESBURG CLIMATE SUMMARY FOR MAY 24 2016...

CLIMATE NORMAL PERIOD 1981 TO 2010
CLIMATE RECORD PERIOD 1948 TO 2016


WEATHER ITEM   OBSERVED TIME   RECORD YEAR NORMAL DEPARTURE LAST
                VALUE   (LST)  VALUE       VALUE  FROM      YEAR
                                                  NORMAL
..................................................................
TEMPERATURE (F)
 YESTERDAY
  MAXIMUM         89    312 PM  96    2005  87      2       87
                                      1956
  MINIMUM         59    521 AM  45    1951  64     -5       68
  AVERAGE         74                        76     -2       78

PRECIPITATION (IN)
  YESTERDAY        0.00          2.24 1955   0.17  -0.17     0.93
  MONTH TO DATE    2.46                      3.83  -1.37     4.64
  SINCE MAR 1     21.78                     14.26   7.52    13.72
  SINCE JAN 1     31.15                     25.39   5.76    21.55

SNOWFALL (IN)
  YESTERDAY        0.0

DEGREE DAYS
 HEATING
  YESTERDAY        0                         0      0        0
  MONTH TO DATE    4                         5     -1        1
  SINCE MAR 1    145                       305   -160      131
  SINCE JUL 1   1383                      1983   -600     1912

 COOLING
  YESTERDAY        9                        11     -2       13
  MONTH TO DATE  162                       195    -33      216
  SINCE MAR 1    342                       320     22      489
  SINCE JAN 1    367                       335     32      495
..................................................................


WIND (MPH)
  HIGHEST WIND SPEED    14   HIGHEST WIND DIRECTION    SE (150)
  HIGHEST GUST SPEED    20   HIGHEST GUST DIRECTION    SE (130)
  AVERAGE WIND SPEED     4.9


SKY COVER
  POSSIBLE SUNSHINE  MM
  AVERAGE SKY COVER 0.0


WEATHER CONDITIONS
 THE FOLLOWING WEATHER WAS RECORDED YESTERDAY.
  NO SIGNIFICANT WEATHER WAS OBSERVED.


RELATIVE HUMIDITY (PERCENT)
 HIGHEST    93           100 AM
 LOWEST     34           100 PM
 AVERAGE    64

..........................................................


THE HATTIESBURG CLIMATE NORMALS FOR TODAY
                         NORMAL    RECORD    YEAR
 MAXIMUM TEMPERATURE (F)   87        96      1953
 MINIMUM TEMPERATURE (F)   64        52      1983
                                             1979


SUNRISE AND SUNSET
MAY 25 2016...........SUNRISE   556 AM CDT   SUNSET   753 PM CDT
MAY 26 2016...........SUNRISE   555 AM CDT   SUNSET   753 PM CDT


-  INDICATES NEGATIVE NUMBERS.
R  INDICATES RECORD WAS SET OR TIED.
MM INDICATES DATA IS MISSING.
T  INDICATES TRACE AMOUNT.




$$
