000
CDUS44 KJAN 300700
CLIHBG


CLIMATE REPORT
NATIONAL WEATHER SERVICE JACKSON MS
158 AM CDT THU JUL 30 2015


...................................

...THE HATTIESBURG CLIMATE SUMMARY FOR JULY 29 2015...

CLIMATE NORMAL PERIOD 1981 TO 2010
CLIMATE RECORD PERIOD 1948 TO 2015


WEATHER ITEM   OBSERVED TIME   RECORD YEAR NORMAL DEPARTURE LAST
                VALUE   (LST)  VALUE       VALUE  FROM      YEAR
                                                  NORMAL
..................................................................
TEMPERATURE (F)
 YESTERDAY
  MAXIMUM         98   1224 PM  99    1987  93      5       91
  MINIMUM         77    550 AM  64    1994  72      5       68
  AVERAGE         88                        82      6       80

PRECIPITATION (IN)
  YESTERDAY        0.06          2.52 1976   0.16  -0.10     0.00
  MONTH TO DATE    5.52                      5.09   0.43     2.26
  SINCE JUN 1     10.25                     10.59  -0.34     7.20
  SINCE JAN 1     34.07                     37.13  -3.06    35.68

SNOWFALL (IN)
  YESTERDAY        0.0

DEGREE DAYS
 HEATING
  YESTERDAY        0                         0      0        0
  MONTH TO DATE    0                         0      0        0
  SINCE JUN 1      0                         0      0        0
  SINCE JUL 1      0                         0      0        0

 COOLING
  YESTERDAY       23                        17      6       15
  MONTH TO DATE  579                       488     91      460
  SINCE JUN 1   1058                       911    147      927
  SINCE JAN 1   1635                      1326    309     1303
..................................................................


WIND (MPH)
  HIGHEST WIND SPEED    30   HIGHEST WIND DIRECTION    NE (50)
  HIGHEST GUST SPEED    41   HIGHEST GUST DIRECTION    NE (40)
  AVERAGE WIND SPEED     5.4


SKY COVER
  POSSIBLE SUNSHINE  MM
  AVERAGE SKY COVER 0.1


WEATHER CONDITIONS
 THE FOLLOWING WEATHER WAS RECORDED YESTERDAY.
  HEAVY RAIN
  LIGHT RAIN


RELATIVE HUMIDITY (PERCENT)
 HIGHEST    91          1200 AM
 LOWEST     49           200 PM
 AVERAGE    70

..........................................................


THE HATTIESBURG CLIMATE NORMALS FOR TODAY
                         NORMAL    RECORD    YEAR
 MAXIMUM TEMPERATURE (F)   93        99      1987
                                             1986
 MINIMUM TEMPERATURE (F)   72        62      2014


SUNRISE AND SUNSET
JULY 30 2015..........SUNRISE   612 AM CDT   SUNSET   754 PM CDT
JULY 31 2015..........SUNRISE   613 AM CDT   SUNSET   753 PM CDT


-  INDICATES NEGATIVE NUMBERS.
R  INDICATES RECORD WAS SET OR TIED.
MM INDICATES DATA IS MISSING.
T  INDICATES TRACE AMOUNT.




$$
