000
CDUS44 KJAN 270719
CLIHBG


CLIMATE REPORT
NATIONAL WEATHER SERVICE JACKSON MS
215 AM CDT TUE SEP 27 2016


...................................

...THE HATTIESBURG CLIMATE SUMMARY FOR SEPTEMBER 26 2016...

CLIMATE NORMAL PERIOD 1981 TO 2010
CLIMATE RECORD PERIOD 1948 TO 2016


WEATHER ITEM   OBSERVED TIME   RECORD YEAR NORMAL DEPARTURE LAST
                VALUE   (LST)  VALUE       VALUE  FROM      YEAR
                                                  NORMAL
..................................................................
TEMPERATURE (F)
 YESTERDAY
  MAXIMUM         92    241 PM  95    1955  85      7       90
                                      1954
  MINIMUM         68    535 AM  46    1975  63      5       65
  AVERAGE         80                        74      6       78

PRECIPITATION (IN)
  YESTERDAY        0.20          3.97 2002   0.12   0.08     0.00
  MONTH TO DATE    4.09                      3.56   0.53     1.04
  SINCE SEP 1      4.09                      3.56   0.53     1.04
  SINCE JAN 1     55.10                     45.72   9.38    38.25

SNOWFALL (IN)
  YESTERDAY        0.0

DEGREE DAYS
 HEATING
  YESTERDAY        0                         0      0        0
  MONTH TO DATE    0                         0      0        0
  SINCE SEP 1      0                         0      0        0
  SINCE JUL 1      0                         0      0        0

 COOLING
  YESTERDAY       15                         9      6       13
  MONTH TO DATE  440                       323    117      359
  SINCE SEP 1    440                       323    117      359
  SINCE JAN 1   2554                      2194    360     2576
..................................................................


WIND (MPH)
  HIGHEST WIND SPEED    17   HIGHEST WIND DIRECTION     W (280)
  HIGHEST GUST SPEED    24   HIGHEST GUST DIRECTION     N (340)
  AVERAGE WIND SPEED     3.3


SKY COVER
  POSSIBLE SUNSHINE  MM
  AVERAGE SKY COVER 0.1


WEATHER CONDITIONS
 THE FOLLOWING WEATHER WAS RECORDED YESTERDAY.
  THUNDERSTORM
  HEAVY RAIN
  RAIN
  LIGHT RAIN
  FOG


RELATIVE HUMIDITY (PERCENT)
 HIGHEST    97          1200 AM
 LOWEST     49           200 PM
 AVERAGE    73

..........................................................


THE HATTIESBURG CLIMATE NORMALS FOR TODAY
                         NORMAL    RECORD    YEAR
 MAXIMUM TEMPERATURE (F)   85        97      1954
 MINIMUM TEMPERATURE (F)   62        44      1975


SUNRISE AND SUNSET
SEPTEMBER 27 2016.....SUNRISE   649 AM CDT   SUNSET   647 PM CDT
SEPTEMBER 28 2016.....SUNRISE   649 AM CDT   SUNSET   645 PM CDT


-  INDICATES NEGATIVE NUMBERS.
R  INDICATES RECORD WAS SET OR TIED.
MM INDICATES DATA IS MISSING.
T  INDICATES TRACE AMOUNT.




$$
