000
CDUS44 KJAN 240657
CLIHBG


CLIMATE REPORT
NATIONAL WEATHER SERVICE JACKSON MS
155 AM CDT WED AUG 24 2016


...................................

...THE HATTIESBURG CLIMATE SUMMARY FOR AUGUST 23 2016...

CLIMATE NORMAL PERIOD 1981 TO 2010
CLIMATE RECORD PERIOD 1948 TO 2016


WEATHER ITEM   OBSERVED TIME   RECORD YEAR NORMAL DEPARTURE LAST
                VALUE   (LST)  VALUE       VALUE  FROM      YEAR
                                                  NORMAL
..................................................................
TEMPERATURE (F)
 YESTERDAY
  MAXIMUM         96    231 PM 101    2007  92      4       94
  MINIMUM         74    558 AM  58    1956  71      3       72
  AVERAGE         85                        81      4       83

PRECIPITATION (IN)
  YESTERDAY        T             1.81 2011   0.16  -0.16     0.00
  MONTH TO DATE    5.60                      3.49   2.11     2.46
  SINCE JUN 1     19.85                     14.38   5.47    13.39
  SINCE JAN 1     51.01                     40.92  10.09    37.21

SNOWFALL (IN)
  YESTERDAY        0.0

DEGREE DAYS
 HEATING
  YESTERDAY        0                         0      0        0
  MONTH TO DATE    0                         0      0        0
  SINCE JUN 1      0                         0      0        0
  SINCE JUL 1      0                         0      0        0

 COOLING
  YESTERDAY       20                        16      4       18
  MONTH TO DATE  423                       386     37      434
  SINCE JUN 1   1502                      1331    171     1532
  SINCE JAN 1   1966                      1746    220     2109
..................................................................


WIND (MPH)
  HIGHEST WIND SPEED    10   HIGHEST WIND DIRECTION    NW (310)
  HIGHEST GUST SPEED    13   HIGHEST GUST DIRECTION    NW (300)
  AVERAGE WIND SPEED     1.6


SKY COVER
  POSSIBLE SUNSHINE  MM
  AVERAGE SKY COVER 0.1


WEATHER CONDITIONS
 THE FOLLOWING WEATHER WAS RECORDED YESTERDAY.
  THUNDERSTORM


RELATIVE HUMIDITY (PERCENT)
 HIGHEST   100           600 AM
 LOWEST     43           300 PM
 AVERAGE    72

..........................................................


THE HATTIESBURG CLIMATE NORMALS FOR TODAY
                         NORMAL    RECORD    YEAR
 MAXIMUM TEMPERATURE (F)   92       100      2014
 MINIMUM TEMPERATURE (F)   70        58      2009
                                             1957


SUNRISE AND SUNSET
AUGUST 24 2016........SUNRISE   628 AM CDT   SUNSET   729 PM CDT
AUGUST 25 2016........SUNRISE   629 AM CDT   SUNSET   728 PM CDT


-  INDICATES NEGATIVE NUMBERS.
R  INDICATES RECORD WAS SET OR TIED.
MM INDICATES DATA IS MISSING.
T  INDICATES TRACE AMOUNT.




$$
