000
CDUS41 KLWX 190524
CLIHGR


CLIMATE REPORT
NATIONAL WEATHER SERVICE BALTIMORE MD/WASHINGTON DC
123 AM EDT SAT AUG 19 2017


...................................

...THE HAGERSTOWN MD CLIMATE SUMMARY FOR AUGUST 18 2017...

CLIMATE NORMAL PERIOD 1981 TO 2010
CLIMATE RECORD PERIOD 1998 TO 2017


WEATHER ITEM   OBSERVED TIME   RECORD YEAR NORMAL DEPARTURE LAST
                VALUE   (LST)  VALUE       VALUE  FROM      YEAR
                                                  NORMAL
..................................................................
TEMPERATURE (F)
 YESTERDAY
  MAXIMUM         91   1222 PM  MM      MM  83      8       90
  MINIMUM         76   1119 PM  MM      MM  64     12       72
  AVERAGE         84                        73     11       81

PRECIPITATION (IN)
  YESTERDAY        0.05         MM      MM   0.11  -0.06      T
  MONTH TO DATE    2.26                      1.80   0.46     1.61
  SINCE JUN 1     10.35                      9.09   1.26     7.88
  SINCE JAN 1     24.97                     25.29  -0.32    20.92

DEGREE DAYS
 HEATING
  YESTERDAY        0                         0      0        0
  MONTH TO DATE    0                         0      0        0
  SINCE JUN 1      7                        18    -11        3
  SINCE JUL 1      0                         0      0        0

 COOLING
  YESTERDAY       19                         8     11       16
  MONTH TO DATE  173                       166      7      271
  SINCE JUN 1    877                       696    181      982
  SINCE JAN 1   1012                       772    240     1086
..................................................................


WIND (MPH)
  HIGHEST WIND SPEED    17   HIGHEST WIND DIRECTION    NW (300)
  HIGHEST GUST SPEED    25   HIGHEST GUST DIRECTION    SW (230)
  AVERAGE WIND SPEED     6.6


SKY COVER
  POSSIBLE SUNSHINE  MM
  AVERAGE SKY COVER 0.3


WEATHER CONDITIONS
 THE FOLLOWING WEATHER WAS RECORDED YESTERDAY.
  THUNDERSTORM
  LIGHT RAIN


RELATIVE HUMIDITY (PERCENT)
 HIGHEST    94           200 AM
 LOWEST     56          1100 AM
 AVERAGE    75

..........................................................


THE HAGERSTOWN MD CLIMATE NORMALS FOR TODAY
                         NORMAL    RECORD    YEAR
 MAXIMUM TEMPERATURE (F)   83        MM        MM
 MINIMUM TEMPERATURE (F)   64        MM        MM


SUNRISE AND SUNSET
AUGUST 19 2017........SUNRISE   627 AM EDT   SUNSET   801 PM EDT
AUGUST 20 2017........SUNRISE   628 AM EDT   SUNSET   800 PM EDT


-  INDICATES NEGATIVE NUMBERS.
R  INDICATES RECORD WAS SET OR TIED.
MM INDICATES DATA IS MISSING.
T  INDICATES TRACE AMOUNT.




$$
