000
CDUS41 KLWX 282127
CLIHGR


CLIMATE REPORT
NATIONAL WEATHER SERVICE BALTIMORE MD/WASHINGTON DC
427 PM EST SUN DEC 28 2014


...................................

...THE HAGERSTOWN MD CLIMATE SUMMARY FOR DECEMBER 28 2014...
VALID TODAY AS OF 0400 PM LOCAL TIME.

CLIMATE NORMAL PERIOD 1981 TO 2010
CLIMATE RECORD PERIOD 9999 TO 9999


WEATHER ITEM   OBSERVED TIME   RECORD YEAR NORMAL DEPARTURE LAST
                VALUE   (LST)  VALUE       VALUE  FROM      YEAR
                                                  NORMAL
..................................................................
TEMPERATURE (F)
 TODAY
  MAXIMUM         56    113 PM  MM      MM  39     17       57
  MINIMUM         45   1246 AM  MM      MM  24     21       30
  AVERAGE         51                        31     20       44

PRECIPITATION (IN)
  TODAY            0.01         MM      MM   0.08  -0.07     0.00
  MONTH TO DATE    3.00                      2.68   0.32     3.12
  SINCE DEC 1      3.00                      2.68   0.32     3.12
  SINCE JAN 1     36.34                     39.08  -2.74    33.05

DEGREE DAYS
 HEATING
  TODAY           14                        34    -20       21
  MONTH TO DATE  725                       859   -134      794
  SINCE DEC 1    725                       859   -134      794
  SINCE JUL 1   1678                      1864   -186     1856

 COOLING
  TODAY            0                         0      0        0
  MONTH TO DATE    0                         0      0        0
  SINCE DEC 1      0                         0      0        0
  SINCE JAN 1    941                       969    -28     1133
..................................................................


WIND (MPH)
  HIGHEST WIND SPEED    20   HIGHEST WIND DIRECTION     W (280)
  HIGHEST GUST SPEED    25   HIGHEST GUST DIRECTION     W (290)
  AVERAGE WIND SPEED     8.9


SKY COVER
  POSSIBLE SUNSHINE  MM
  AVERAGE SKY COVER 0.7


WEATHER CONDITIONS
 THE FOLLOWING WEATHER WAS RECORDED TODAY.
  LIGHT RAIN


RELATIVE HUMIDITY (PERCENT)
 HIGHEST    71           200 PM
 LOWEST     46          1200 AM
 AVERAGE    59

..........................................................


THE HAGERSTOWN MD CLIMATE NORMALS FOR TOMORROW
                         NORMAL    RECORD    YEAR
 MAXIMUM TEMPERATURE (F)   39        MM        MM
 MINIMUM TEMPERATURE (F)   24        MM        MM


SUNRISE AND SUNSET
DECEMBER 28 2014......SUNRISE   731 AM EST   SUNSET   454 PM EST
DECEMBER 29 2014......SUNRISE   731 AM EST   SUNSET   455 PM EST


-  INDICATES NEGATIVE NUMBERS.
R  INDICATES RECORD WAS SET OR TIED.
MM INDICATES DATA IS MISSING.
T  INDICATES TRACE AMOUNT.




$$
