000
CDUS41 KLWX 210524
CLIHGR


CLIMATE REPORT
NATIONAL WEATHER SERVICE BALTIMORE MD/WASHINGTON DC
1224 AM EST SUN JAN 21 2018


...................................

...THE HAGERSTOWN MD CLIMATE SUMMARY FOR JANUARY 20 2018...

CLIMATE NORMAL PERIOD 1981 TO 2010
CLIMATE RECORD PERIOD 1998 TO 2018


WEATHER ITEM   OBSERVED TIME   RECORD YEAR NORMAL DEPARTURE LAST
                VALUE   (LST)  VALUE       VALUE  FROM      YEAR
                                                  NORMAL
..................................................................
TEMPERATURE (F)
 YESTERDAY
  MAXIMUM         57    420 PM  MM      MM  38     19       46
  MINIMUM         32    635 AM  MM      MM  23      9       32
  AVERAGE         45                        31     14       39

PRECIPITATION (IN)
  YESTERDAY        0.00         MM      MM   0.08  -0.08     0.06
  MONTH TO DATE    1.44                      1.76  -0.32     1.89
  SINCE DEC 1      2.25                      4.65  -2.40     3.67
  SINCE JAN 1      1.44                      1.76  -0.32     1.89

DEGREE DAYS
 HEATING
  YESTERDAY       20                        34    -14       26
  MONTH TO DATE  767                       685     82      587
  SINCE DEC 1   1693                      1644     49     1451
  SINCE JUL 1   2474                      2649   -175     2159

 COOLING
  YESTERDAY        0                         0      0        0
  MONTH TO DATE    0                         0      0        0
  SINCE DEC 1      0                         0      0        0
  SINCE JAN 1      0                         0      0        0
..................................................................


WIND (MPH)
  HIGHEST WIND SPEED    23   HIGHEST WIND DIRECTION     W (280)
  HIGHEST GUST SPEED    30   HIGHEST GUST DIRECTION     W (260)
  AVERAGE WIND SPEED     8.0


SKY COVER
  POSSIBLE SUNSHINE  MM
  AVERAGE SKY COVER 0.0


WEATHER CONDITIONS
 THE FOLLOWING WEATHER WAS RECORDED YESTERDAY.
  NO SIGNIFICANT WEATHER WAS OBSERVED.


RELATIVE HUMIDITY (PERCENT)
 HIGHEST    62          1100 PM
 LOWEST     38           100 PM
 AVERAGE    50

..........................................................


THE HAGERSTOWN MD CLIMATE NORMALS FOR TODAY
                         NORMAL    RECORD    YEAR
 MAXIMUM TEMPERATURE (F)   38        MM        MM
 MINIMUM TEMPERATURE (F)   23        MM        MM


SUNRISE AND SUNSET
JANUARY 21 2018.......SUNRISE   727 AM EST   SUNSET   518 PM EST
JANUARY 22 2018.......SUNRISE   726 AM EST   SUNSET   519 PM EST


-  INDICATES NEGATIVE NUMBERS.
R  INDICATES RECORD WAS SET OR TIED.
MM INDICATES DATA IS MISSING.
T  INDICATES TRACE AMOUNT.




$$
