000
CDUS41 KLWX 300522
CLIHGR


CLIMATE REPORT
NATIONAL WEATHER SERVICE BALTIMORE MD/WASHINGTON DC
121 AM EDT MON MAY 30 2016


...................................

...THE HAGERSTOWN MD CLIMATE SUMMARY FOR MAY 29 2016...

CLIMATE NORMAL PERIOD 1981 TO 2010
CLIMATE RECORD PERIOD 9999 TO 9999


WEATHER ITEM   OBSERVED TIME   RECORD YEAR NORMAL DEPARTURE LAST
                VALUE   (LST)  VALUE       VALUE  FROM      YEAR
                                                  NORMAL
..................................................................
TEMPERATURE (F)
 YESTERDAY
  MAXIMUM         85    142 PM  MM      MM  76      9       86
  MINIMUM         66   1159 PM  MM      MM  56     10       64
  AVERAGE         76                        66     10       75

PRECIPITATION (IN)
  YESTERDAY        0.05         MM      MM   0.15  -0.10     0.00
  MONTH TO DATE    4.10                      3.75   0.35     1.55
  SINCE MAR 1      7.64                     10.69  -3.05     7.08
  SINCE JAN 1     13.01                     15.92  -2.91     9.36

DEGREE DAYS
 HEATING
  YESTERDAY        0                         3     -3        0
  MONTH TO DATE  154                       150      4       50
  SINCE MAR 1    962                      1261   -299     1123
  SINCE JUL 1   4199                      5164   -965     5129

 COOLING
  YESTERDAY       11                         4      7       10
  MONTH TO DATE   68                        52     16      173
  SINCE MAR 1     84                        67     17      175
  SINCE JAN 1     84                        67     17      175
..................................................................


WIND (MPH)
  HIGHEST WIND SPEED    15   HIGHEST WIND DIRECTION     S (160)
  HIGHEST GUST SPEED    18   HIGHEST GUST DIRECTION     S (170)
  AVERAGE WIND SPEED     4.6


SKY COVER
  POSSIBLE SUNSHINE  MM
  AVERAGE SKY COVER 0.2


WEATHER CONDITIONS
 THE FOLLOWING WEATHER WAS RECORDED YESTERDAY.
  LIGHT RAIN


RELATIVE HUMIDITY (PERCENT)
 HIGHEST    81           600 AM
 LOWEST     37           200 PM
 AVERAGE    59

..........................................................


THE HAGERSTOWN MD CLIMATE NORMALS FOR TODAY
                         NORMAL    RECORD    YEAR
 MAXIMUM TEMPERATURE (F)   76        MM        MM
 MINIMUM TEMPERATURE (F)   56        MM        MM


SUNRISE AND SUNSET
MAY 30 2016...........SUNRISE   546 AM EDT   SUNSET   832 PM EDT
MAY 31 2016...........SUNRISE   545 AM EDT   SUNSET   832 PM EDT


-  INDICATES NEGATIVE NUMBERS.
R  INDICATES RECORD WAS SET OR TIED.
MM INDICATES DATA IS MISSING.
T  INDICATES TRACE AMOUNT.




$$
