215
CDUS46 KPQR 251146
CLIHIO


CLIMATE REPORT
NATIONAL WEATHER SERVICE PORTLAND OREGON
446 AM PDT SUN SEP 25 2016


...................................

...THE HILLSBORO OR CLIMATE SUMMARY FOR SEPTEMBER 24 2016...

CLIMATE NORMAL PERIOD 1981 TO 2010
CLIMATE RECORD PERIOD 1929 TO 2016


WEATHER ITEM   OBSERVED TIME   RECORD YEAR NORMAL DEPARTURE LAST
                VALUE   (LST)  VALUE       VALUE  FROM      YEAR
                                                  NORMAL
..................................................................
TEMPERATURE (F)
 YESTERDAY
  MAXIMUM         71    421 PM  94    1974  72     -1       75
  MINIMUM         45    756 AM  33    1970  45      0       46
  AVERAGE         58                        58      0       61

PRECIPITATION (IN)
  YESTERDAY        0.00          0.78 1973   0.07  -0.07
  MONTH TO DATE    0.93                      0.96  -0.03
  SINCE OCT 1     44.34                     39.42   4.92
  SINCE JAN 1     22.32                     23.03  -0.71

SNOWFALL (IN)
  YESTERDAY        0.0
  MONTH TO DATE    0.0
  SINCE SEP 1      0.0
  SINCE JUL 1      0.0
  SNOW DEPTH       0

DEGREE DAYS
 HEATING
  YESTERDAY        7                         7      0
  MONTH TO DATE  121                       106     15
  SINCE JUL 1    165                       213    -48

 COOLING
  YESTERDAY        0                         0      0
  MONTH TO DATE    3                        16    -13
  SINCE JAN 1    329                       194    135
..................................................................


WIND (MPH)
  HIGHEST WIND SPEED     8   HIGHEST WIND DIRECTION    SE (130)
  HIGHEST GUST SPEED    10   HIGHEST GUST DIRECTION    SE (130)
  AVERAGE WIND SPEED     2.0


SKY COVER
  POSSIBLE SUNSHINE  MM
  AVERAGE SKY COVER 0.6


WEATHER CONDITIONS
 THE FOLLOWING WEATHER WAS RECORDED YESTERDAY.
  FOG
  FOG W/VISIBILITY <= 1/4 MILE


RELATIVE HUMIDITY (PERCENT)
 HIGHEST   100          1200 AM
 LOWEST     31           500 PM
 AVERAGE    66

..........................................................


THE HILLSBORO OR CLIMATE NORMALS FOR TODAY
                         NORMAL    RECORD    YEAR
 MAXIMUM TEMPERATURE (F)   71        94      1991
 MINIMUM TEMPERATURE (F)   44        29      1934


SUNRISE AND SUNSET
SEPTEMBER 25 2016.....SUNRISE   703 AM PDT   SUNSET   702 PM PDT
SEPTEMBER 26 2016.....SUNRISE   705 AM PDT   SUNSET   700 PM PDT


-  INDICATES NEGATIVE NUMBERS.
R  INDICATES RECORD WAS SET OR TIED.
MM INDICATES DATA IS MISSING.
T  INDICATES TRACE AMOUNT.




$$
