122
CDUS46 KPQR 251141
CLIHIO


CLIMATE REPORT
NATIONAL WEATHER SERVICE PORTLAND OREGON
440 AM PDT THU AUG 25 2016


...................................

...THE HILLSBORO OR CLIMATE SUMMARY FOR AUGUST 24 2016...

CLIMATE NORMAL PERIOD 1981 TO 2010
CLIMATE RECORD PERIOD 1929 TO 2016


WEATHER ITEM   OBSERVED TIME   RECORD YEAR NORMAL DEPARTURE LAST
                VALUE   (LST)  VALUE       VALUE  FROM      YEAR
                                                  NORMAL
..................................................................
TEMPERATURE (F)
 YESTERDAY
  MAXIMUM         92    248 PM 101    1958  81     11       83
  MINIMUM         52    437 AM  34    1930  50      2       49
  AVERAGE         72                        65      7       66

PRECIPITATION (IN)
  YESTERDAY        0.00          1.10 1973   0.02  -0.02
  MONTH TO DATE    0.04                      0.46  -0.42
  SINCE OCT 1     43.20                     38.29   4.91
  SINCE JAN 1     21.18                     21.90  -0.72

SNOWFALL (IN)
  YESTERDAY        0.0
  MONTH TO DATE    0.0
  SINCE JUN 1      0.0
  SINCE JUL 1      0.0
  SNOW DEPTH       0

DEGREE DAYS
 HEATING
  YESTERDAY        0                         2     -2
  MONTH TO DATE   17                        36    -19
  SINCE JUL 1     38                        92    -54

 COOLING
  YESTERDAY        7                         2      5
  MONTH TO DATE  125                        66     59
  SINCE JAN 1    295                       167    128
..................................................................


WIND (MPH)
  HIGHEST WIND SPEED    15   HIGHEST WIND DIRECTION     N (10)
  HIGHEST GUST SPEED    19   HIGHEST GUST DIRECTION     N (20)
  AVERAGE WIND SPEED     4.8


SKY COVER
  POSSIBLE SUNSHINE  MM
  AVERAGE SKY COVER 0.0


WEATHER CONDITIONS
 THE FOLLOWING WEATHER WAS RECORDED YESTERDAY.
  NO SIGNIFICANT WEATHER WAS OBSERVED.


RELATIVE HUMIDITY (PERCENT)
 HIGHEST    83           500 AM
 LOWEST     18           300 PM
 AVERAGE    51

..........................................................


THE HILLSBORO OR CLIMATE NORMALS FOR TODAY
                         NORMAL    RECORD    YEAR
 MAXIMUM TEMPERATURE (F)   80        94      1934
 MINIMUM TEMPERATURE (F)   50        39      1930


SUNRISE AND SUNSET
AUGUST 25 2016........SUNRISE   625 AM PDT   SUNSET   801 PM PDT
AUGUST 26 2016........SUNRISE   627 AM PDT   SUNSET   759 PM PDT


-  INDICATES NEGATIVE NUMBERS.
R  INDICATES RECORD WAS SET OR TIED.
MM INDICATES DATA IS MISSING.
T  INDICATES TRACE AMOUNT.




$$
