000
CDUS46 KPQR 231142
CLIHIO


CLIMATE REPORT
NATIONAL WEATHER SERVICE PORTLAND OREGON
441 AM PDT SAT AUG 23 2014


...................................

...THE HILLSBORO OR CLIMATE SUMMARY FOR AUGUST 22 2014...

CLIMATE NORMAL PERIOD 1981 TO 2010
CLIMATE RECORD PERIOD 1929 TO 2014


WEATHER ITEM   OBSERVED TIME   RECORD YEAR NORMAL DEPARTURE LAST
                VALUE   (LST)  VALUE       VALUE  FROM      YEAR
                                                  NORMAL
..................................................................
TEMPERATURE (F)
 YESTERDAY
  MAXIMUM         82    340 PM  98    1961  81      1       84
  MINIMUM         55    338 AM  38    1938  50      5       52
  AVERAGE         69                        65      4       68

PRECIPITATION (IN)
  YESTERDAY        T             0.79 2004   0.03  -0.03
  MONTH TO DATE    0.10                      0.42  -0.32
  SINCE OCT 1     24.88                     38.25 -13.37
  SINCE JAN 1     20.20                     21.86  -1.66

SNOWFALL (IN)
  YESTERDAY        0.0
  MONTH TO DATE    0.0
  SINCE JUN 1      0.0
  SINCE JUL 1      0.0
  SNOW DEPTH       0

DEGREE DAYS
 HEATING
  YESTERDAY        0                         2     -2
  MONTH TO DATE    3                        32    -29
  SINCE JUL 1      9                        88    -79

 COOLING
  YESTERDAY        4                         2      2
  MONTH TO DATE  135                        62     73
  SINCE JAN 1    313                       163    150
..................................................................


WIND (MPH)
  HIGHEST WIND SPEED    16   HIGHEST WIND DIRECTION    NW (320)
  HIGHEST GUST SPEED    20   HIGHEST GUST DIRECTION    NW (300)
  AVERAGE WIND SPEED     6.5


SKY COVER
  POSSIBLE SUNSHINE  MM
  AVERAGE SKY COVER 0.4


WEATHER CONDITIONS
 THE FOLLOWING WEATHER WAS RECORDED YESTERDAY.
  HAZE


RELATIVE HUMIDITY (PERCENT)
 HIGHEST    78           700 AM
 LOWEST     33           300 PM
 AVERAGE    56

..........................................................


THE HILLSBORO OR CLIMATE NORMALS FOR TODAY
                         NORMAL    RECORD    YEAR
 MAXIMUM TEMPERATURE (F)   81       100      1988
 MINIMUM TEMPERATURE (F)   50        32      1930


SUNRISE AND SUNSET
AUGUST 23 2014........SUNRISE   622 AM PDT   SUNSET   806 PM PDT
AUGUST 24 2014........SUNRISE   623 AM PDT   SUNSET   804 PM PDT


-  INDICATES NEGATIVE NUMBERS.
R  INDICATES RECORD WAS SET OR TIED.
MM INDICATES DATA IS MISSING.
T  INDICATES TRACE AMOUNT.




$$
