996
CDUS46 KPQR 201144
CLIHIO


CLIMATE REPORT
NATIONAL WEATHER SERVICE PORTLAND OREGON
343 AM PST FRI JAN 20 2017


...................................

...THE HILLSBORO OR CLIMATE SUMMARY FOR JANUARY 19 2017...

CLIMATE NORMAL PERIOD 1981 TO 2010
CLIMATE RECORD PERIOD 1929 TO 2017


WEATHER ITEM   OBSERVED TIME   RECORD YEAR NORMAL DEPARTURE LAST
                VALUE   (LST)  VALUE       VALUE  FROM      YEAR
                                                  NORMAL
..................................................................
TEMPERATURE (F)
 YESTERDAY
  MAXIMUM         50    327 PM  60    2005  47      3       MM
  MINIMUM         39   1156 PM  15    1935  34      5       MM
  AVERAGE         45                        41      4       MM

PRECIPITATION (IN)
  YESTERDAY        0.01          1.43 1950   0.20  -0.19
  MONTH TO DATE    3.49                      4.04  -0.55
  SINCE OCT 1     23.17                     20.43   2.74
  SINCE JAN 1      3.49                      4.04  -0.55

SNOWFALL (IN)
  YESTERDAY       MM
  MONTH TO DATE    0.0
  SINCE DEC 1      0.0
  SINCE JUL 1      0.0
  SNOW DEPTH       0

DEGREE DAYS
 HEATING
  YESTERDAY       20                        24     -4
  MONTH TO DATE  680                       486    194
  SINCE JUL 1   2578                      2607    -29

 COOLING
  YESTERDAY        0                         0      0
  MONTH TO DATE    0                         0      0
  SINCE JAN 1      0                         0      0
..................................................................


WIND (MPH)
  HIGHEST WIND SPEED    22   HIGHEST WIND DIRECTION     S (180)
  HIGHEST GUST SPEED    28   HIGHEST GUST DIRECTION     S (180)
  AVERAGE WIND SPEED    10.1


SKY COVER
  POSSIBLE SUNSHINE  MM
  AVERAGE SKY COVER 0.8


WEATHER CONDITIONS
 THE FOLLOWING WEATHER WAS RECORDED YESTERDAY.
  LIGHT RAIN


RELATIVE HUMIDITY (PERCENT)
 HIGHEST    89           300 AM
 LOWEST     80          1100 AM
 AVERAGE    85

..........................................................


THE HILLSBORO OR CLIMATE NORMALS FOR TODAY
                         NORMAL    RECORD    YEAR
 MAXIMUM TEMPERATURE (F)   48        58      1968
 MINIMUM TEMPERATURE (F)   34        -4      1930


SUNRISE AND SUNSET
JANUARY 20 2017.......SUNRISE   744 AM PST   SUNSET   502 PM PST
JANUARY 21 2017.......SUNRISE   744 AM PST   SUNSET   503 PM PST


-  INDICATES NEGATIVE NUMBERS.
R  INDICATES RECORD WAS SET OR TIED.
MM INDICATES DATA IS MISSING.
T  INDICATES TRACE AMOUNT.




$$
