000
CDUS46 KPQR 231141
CLIHIO


CLIMATE REPORT
NATIONAL WEATHER SERVICE PORTLAND OREGON
441 AM PDT WED AUG 23 2017


...................................

...THE HILLSBORO OR CLIMATE SUMMARY FOR AUGUST 22 2017...

CLIMATE NORMAL PERIOD 1981 TO 2010
CLIMATE RECORD PERIOD 1929 TO 2017


WEATHER ITEM   OBSERVED TIME   RECORD YEAR NORMAL DEPARTURE LAST
                VALUE   (LST)  VALUE       VALUE  FROM      YEAR
                                                  NORMAL
..................................................................
TEMPERATURE (F)
 YESTERDAY
  MAXIMUM         88    443 PM  98    1961  81      7       75
  MINIMUM         55    526 AM  38    1938  50      5       47
  AVERAGE         72                        65      7       61

PRECIPITATION (IN)
  YESTERDAY        0.00          0.79 2004   0.03  -0.03
  MONTH TO DATE    0.13                      0.42  -0.29
  SINCE OCT 1     47.37                     38.25   9.12
  SINCE JAN 1     27.69                     21.86   5.83

SNOWFALL (IN)
  YESTERDAY        0.0
  MONTH TO DATE    0.0
  SINCE JUN 1      0.0
  SINCE JUL 1      0.0
  SNOW DEPTH       0

DEGREE DAYS
 HEATING
  YESTERDAY        0                         2     -2
  MONTH TO DATE    4                        32    -28
  SINCE JUL 1     16                        88    -72

 COOLING
  YESTERDAY        7                         2      5
  MONTH TO DATE  157                        62     95
  SINCE JAN 1    344                       163    181
..................................................................


WIND (MPH)
  HIGHEST WIND SPEED    14   HIGHEST WIND DIRECTION    NW (320)
  HIGHEST GUST SPEED    17   HIGHEST GUST DIRECTION    NW (320)
  AVERAGE WIND SPEED     4.2


SKY COVER
  POSSIBLE SUNSHINE  MM
  AVERAGE SKY COVER 0.0


WEATHER CONDITIONS
 THE FOLLOWING WEATHER WAS RECORDED YESTERDAY.
  NO SIGNIFICANT WEATHER WAS OBSERVED.


RELATIVE HUMIDITY (PERCENT)
 HIGHEST    86           300 AM
 LOWEST     36           300 PM
 AVERAGE    61

..........................................................


THE HILLSBORO OR CLIMATE NORMALS FOR TODAY
                         NORMAL    RECORD    YEAR
 MAXIMUM TEMPERATURE (F)   81       100      1988
 MINIMUM TEMPERATURE (F)   50        32      1930


SUNRISE AND SUNSET
AUGUST 23 2017........SUNRISE   623 AM PDT   SUNSET   805 PM PDT
AUGUST 24 2017........SUNRISE   624 AM PDT   SUNSET   803 PM PDT


-  INDICATES NEGATIVE NUMBERS.
R  INDICATES RECORD WAS SET OR TIED.
MM INDICATES DATA IS MISSING.
T  INDICATES TRACE AMOUNT.




$$
