000
CDUS46 KPQR 271143
CLIHIO


CLIMATE REPORT
NATIONAL WEATHER SERVICE PORTLAND OREGON
442 AM PDT THU APR 27 2017


...................................

...THE HILLSBORO OR CLIMATE SUMMARY FOR APRIL 26 2017...

CLIMATE NORMAL PERIOD 1981 TO 2010
CLIMATE RECORD PERIOD 1929 TO 2017


WEATHER ITEM   OBSERVED TIME   RECORD YEAR NORMAL DEPARTURE LAST
                VALUE   (LST)  VALUE       VALUE  FROM      YEAR
                                                  NORMAL
..................................................................
TEMPERATURE (F)
 YESTERDAY
  MAXIMUM         60    246 PM  87    2004  63     -3       58
  MINIMUM         40   1159 PM  29    1943  40      0       34
  AVERAGE         50                        52     -2       46

PRECIPITATION (IN)
  YESTERDAY        0.05          0.58 2010   0.09  -0.04
  MONTH TO DATE    3.48                      2.68   0.80
  SINCE OCT 1     44.29                     33.27  11.02
  SINCE JAN 1     24.61                     16.88   7.73

SNOWFALL (IN)
  YESTERDAY       MM
  MONTH TO DATE    0.0
  SINCE MAR 1      0.0
  SINCE JUL 1      0.0
  SNOW DEPTH       0

DEGREE DAYS
 HEATING
  YESTERDAY       15                        13      2
  MONTH TO DATE  402                       397      5
  SINCE JUL 1   4483                      4511    -28

 COOLING
  YESTERDAY        0                         0      0
  MONTH TO DATE    0                         0      0
  SINCE JAN 1      0                         0      0
..................................................................


WIND (MPH)
  HIGHEST WIND SPEED    21   HIGHEST WIND DIRECTION     W (280)
  HIGHEST GUST SPEED    27   HIGHEST GUST DIRECTION     W (270)
  AVERAGE WIND SPEED     7.5


SKY COVER
  POSSIBLE SUNSHINE  MM
  AVERAGE SKY COVER 0.8


WEATHER CONDITIONS
 THE FOLLOWING WEATHER WAS RECORDED YESTERDAY.
  RAIN
  LIGHT RAIN


RELATIVE HUMIDITY (PERCENT)
 HIGHEST    93           400 AM
 LOWEST     51           300 PM
 AVERAGE    72

..........................................................


THE HILLSBORO OR CLIMATE NORMALS FOR TODAY
                         NORMAL    RECORD    YEAR
 MAXIMUM TEMPERATURE (F)   63        86      1987
 MINIMUM TEMPERATURE (F)   41        28      1948


SUNRISE AND SUNSET
APRIL 27 2017.........SUNRISE   605 AM PDT   SUNSET   814 PM PDT
APRIL 28 2017.........SUNRISE   604 AM PDT   SUNSET   815 PM PDT


-  INDICATES NEGATIVE NUMBERS.
R  INDICATES RECORD WAS SET OR TIED.
MM INDICATES DATA IS MISSING.
T  INDICATES TRACE AMOUNT.




$$
