000
CDUS46 KPQR 291148
CLIHIO


CLIMATE REPORT
NATIONAL WEATHER SERVICE PORTLAND OREGON
448 AM PDT THU JUN 29 2017


...................................

...THE HILLSBORO OR CLIMATE SUMMARY FOR JUNE 28 2017...

CLIMATE NORMAL PERIOD 1981 TO 2010
CLIMATE RECORD PERIOD 1929 TO 2017


WEATHER ITEM   OBSERVED TIME   RECORD YEAR NORMAL DEPARTURE LAST
                VALUE   (LST)  VALUE       VALUE  FROM      YEAR
                                                  NORMAL
..................................................................
TEMPERATURE (F)
 YESTERDAY
  MAXIMUM         73    452 PM 101    2008  76     -3       81
  MINIMUM         49    213 AM  37    1935  50     -1       48
  AVERAGE         61                        62     -1       65

PRECIPITATION (IN)
  YESTERDAY        0.00          0.77 2002   0.03  -0.03
  MONTH TO DATE    1.05                      1.34  -0.29
  SINCE OCT 1     47.24                     37.22  10.02
  SINCE JAN 1     27.56                     20.83   6.73

SNOWFALL (IN)
  YESTERDAY        0.0
  MONTH TO DATE    0.0
  SINCE JUN 1      0.0
  SINCE JUL 1      0.0
  SNOW DEPTH       0

DEGREE DAYS
 HEATING
  YESTERDAY        4                         4      0
  MONTH TO DATE   99                       149    -50
  SINCE JUL 1   4874                      4999   -125

 COOLING
  YESTERDAY        0                         1     -1
  MONTH TO DATE   51                        14     37
  SINCE JAN 1     81                        20     61
..................................................................


WIND (MPH)
  HIGHEST WIND SPEED    13   HIGHEST WIND DIRECTION    NE (30)
  HIGHEST GUST SPEED    16   HIGHEST GUST DIRECTION    NE (50)
  AVERAGE WIND SPEED     4.7


SKY COVER
  POSSIBLE SUNSHINE  MM
  AVERAGE SKY COVER 0.6


WEATHER CONDITIONS
 THE FOLLOWING WEATHER WAS RECORDED YESTERDAY.
  NO SIGNIFICANT WEATHER WAS OBSERVED.


RELATIVE HUMIDITY (PERCENT)
 HIGHEST    96           300 AM
 LOWEST     46           400 PM
 AVERAGE    71

..........................................................


THE HILLSBORO OR CLIMATE NORMALS FOR TODAY
                         NORMAL    RECORD    YEAR
 MAXIMUM TEMPERATURE (F)   76        98      1951
 MINIMUM TEMPERATURE (F)   50        31      1935


SUNRISE AND SUNSET
JUNE 29 2017..........SUNRISE   526 AM PDT   SUNSET   905 PM PDT
JUNE 30 2017..........SUNRISE   526 AM PDT   SUNSET   904 PM PDT


-  INDICATES NEGATIVE NUMBERS.
R  INDICATES RECORD WAS SET OR TIED.
MM INDICATES DATA IS MISSING.
T  INDICATES TRACE AMOUNT.




$$
