000
CDUS46 KHNX 270822
CLIHJO


CLIMATE REPORT
NATIONAL WEATHER SERVICE SAN JOAQUIN VALLEY, CA
122 AM PDT TUE SEP 27 2016


...................................

...THE HANFORD CA CLIMATE SUMMARY FOR SEPTEMBER 26 2016...

CLIMATE NORMAL PERIOD 1981 TO 2010
CLIMATE RECORD PERIOD 1998 TO 2016


WEATHER ITEM   OBSERVED TIME   RECORD YEAR NORMAL DEPARTURE
                VALUE   (LST)  VALUE       VALUE  FROM
                                                  NORMAL
...............................................................
TEMPERATURE (F)
 YESTERDAY
  MAXIMUM        100R   351 PM  98    2009  88     12
  MINIMUM         54    525 AM  49    2013  54      0
                                      2006
  AVERAGE         77                        71      6

PRECIPITATION (IN)
  YESTERDAY        0.00          0.02 2005   0.01  -0.01
  MONTH TO DATE    0.00                      0.14  -0.14
  SINCE OCT 1      8.26                     10.07  -1.81
  SINCE JAN 1      5.66                      6.94  -1.28

SNOWFALL (IN)
  YESTERDAY        0.0
  MONTH TO DATE    0.0
  SINCE SEP 1      0.0
  SINCE JUL 1      0.0
  SNOW DEPTH       0

DEGREE DAYS
 HEATING
  YESTERDAY        0
  MONTH TO DATE    4
  SINCE SEP 1      4
  SINCE JUL 1      4

 COOLING
  YESTERDAY       12
  MONTH TO DATE  216
  SINCE SEP 1    216
  SINCE JAN 1   1875
...............................................................


WIND (MPH)
  HIGHEST WIND SPEED     8   HIGHEST WIND DIRECTION     N (20)
  HIGHEST GUST SPEED    11   HIGHEST GUST DIRECTION    NE (40)
  AVERAGE WIND SPEED     2.3




RELATIVE HUMIDITY (PERCENT)
 HIGHEST    83
 LOWEST     10
 AVERAGE    47

..........................................................


THE HANFORD CA CLIMATE NORMALS FOR TODAY
                         NORMAL    RECORD    YEAR
 MAXIMUM TEMPERATURE (F)   87       100      2009
 MINIMUM TEMPERATURE (F)   54        42      2013


SUNRISE AND SUNSET
SEPTEMBER 27 2016.....SUNRISE   651 AM PDT   SUNSET   647 PM PDT
SEPTEMBER 28 2016.....SUNRISE   652 AM PDT   SUNSET   646 PM PDT


-  INDICATES NEGATIVE NUMBERS.
R  INDICATES RECORD WAS SET OR TIED.
MM INDICATES DATA IS MISSING.
T  INDICATES TRACE AMOUNT.




$$
