000
CDUS46 KHNX 230026
CLIHJO


CLIMATE REPORT
NATIONAL WEATHER SERVICE SAN JOAQUIN VALLEY, CA
425 PM PST MON DEC 22 2014


...................................

...THE HANFORD CA CLIMATE SUMMARY FOR DECEMBER 22 2014...
VALID AS OF 0400 PM LOCAL TIME.

CLIMATE NORMAL PERIOD 1981 TO 2010
CLIMATE RECORD PERIOD 1998 TO 2014


WEATHER ITEM   OBSERVED TIME   RECORD YEAR NORMAL DEPARTURE LAST
                VALUE   (LST)  VALUE       VALUE  FROM      YEAR
                                                  NORMAL
..................................................................
TEMPERATURE (F)
 TODAY
  MAXIMUM         63    251 PM  70    2005  53     10       62
  MINIMUM         55    810 AM  18    1998  35     20       28
  AVERAGE         59                        44     15       45

PRECIPITATION (IN)
  TODAY            0.00          0.17 2010   0.06  -0.06     0.00
  MONTH TO DATE    2.31                      0.89   1.42     0.12
  SINCE JUL 1      3.12                      2.60   0.52     0.39
  SINCE JAN 1      5.55                      9.36  -3.81     1.99

SNOWFALL (IN)
  TODAY            0.0
  MONTH TO DATE    0.0
  SINCE DEC 1      0.0
  SINCE JUL 1      0.0
  SNOW DEPTH       0

DEGREE DAYS
 HEATING
  TODAY            6                                        20
  MONTH TO DATE  245                                       483
  SINCE DEC 1    245                                       483
  SINCE JUL 1    556                                       863

 COOLING
  TODAY            0                                         0
  MONTH TO DATE    0                                         0
  SINCE DEC 1      0                                         0
  SINCE JAN 1   2274                                      2057
..................................................................


WIND (MPH)
  HIGHEST WIND SPEED     9   HIGHEST WIND DIRECTION    NW (320)
  HIGHEST GUST SPEED    12   HIGHEST GUST DIRECTION    NW (300)
  AVERAGE WIND SPEED     2.4




RELATIVE HUMIDITY (PERCENT)
 HIGHEST   100
 LOWEST     72
 AVERAGE    86

..........................................................


THE HANFORD CA CLIMATE NORMALS FOR TOMORROW
                         NORMAL    RECORD    YEAR
 MAXIMUM TEMPERATURE (F)   53        65      2013
 MINIMUM TEMPERATURE (F)   35        19      1998


SUNRISE AND SUNSET
DECEMBER 22 2014......SUNRISE   707 AM PST   SUNSET   448 PM PST
DECEMBER 23 2014......SUNRISE   707 AM PST   SUNSET   448 PM PST


-  INDICATES NEGATIVE NUMBERS.
R  INDICATES RECORD WAS SET OR TIED.
MM INDICATES DATA IS MISSING.
T  INDICATES TRACE AMOUNT.




$$
