000
CDUS46 KHNX 280821
CLIHJO


CLIMATE REPORT
NATIONAL WEATHER SERVICE SAN JOAQUIN VALLEY, CA
120 AM PDT SAT MAR 28 2015


...................................

...THE HANFORD CA CLIMATE SUMMARY FOR MARCH 27 2015...

CLIMATE NORMAL PERIOD 1981 TO 2010
CLIMATE RECORD PERIOD 1998 TO 2015


WEATHER ITEM   OBSERVED TIME   RECORD YEAR NORMAL DEPARTURE
                VALUE   (LST)  VALUE       VALUE  FROM
                                                  NORMAL
...............................................................
TEMPERATURE (F)
 YESTERDAY
  MAXIMUM         94R   401 PM  78    2013  70     24
                                      2009
  MINIMUM         51    609 AM  34    2010  44      7
  AVERAGE         73                        57     16

PRECIPITATION (IN)
  YESTERDAY        0.00          0.55 2006   0.04  -0.04
  MONTH TO DATE    0.14                      1.47  -1.33
  SINCE OCT 1      4.05                      8.37  -4.32
  SINCE JAN 1      0.93                      5.24  -4.31

SNOWFALL (IN)
  YESTERDAY        0.0
  MONTH TO DATE    0.0
  SINCE MAR 1      0.0
  SINCE JUL 1      0.0
  SNOW DEPTH       0

DEGREE DAYS
 HEATING
  YESTERDAY        0
  MONTH TO DATE   90
  SINCE MAR 1     90
  SINCE JUL 1   1632

 COOLING
  YESTERDAY        8
  MONTH TO DATE   38
  SINCE MAR 1     38
  SINCE JAN 1     38
...............................................................


WIND (MPH)
  HIGHEST WIND SPEED    16   HIGHEST WIND DIRECTION    NW (320)
  HIGHEST GUST SPEED    23   HIGHEST GUST DIRECTION    NW (330)
  AVERAGE WIND SPEED     5.7




RELATIVE HUMIDITY (PERCENT)
 HIGHEST    83
 LOWEST     16
 AVERAGE    50

..........................................................


THE HANFORD CA CLIMATE NORMALS FOR TODAY
                         NORMAL    RECORD    YEAR
 MAXIMUM TEMPERATURE (F)   70        81      2009
 MINIMUM TEMPERATURE (F)   44        34      2008


SUNRISE AND SUNSET
MARCH 28 2015.........SUNRISE   651 AM PDT   SUNSET   717 PM PDT
MARCH 29 2015.........SUNRISE   649 AM PDT   SUNSET   718 PM PDT


-  INDICATES NEGATIVE NUMBERS.
R  INDICATES RECORD WAS SET OR TIED.
MM INDICATES DATA IS MISSING.
T  INDICATES TRACE AMOUNT.




$$
