000
CDUS46 KHNX 210030
CLIHJO


CLIMATE REPORT
NATIONAL WEATHER SERVICE SAN JOAQUIN VALLEY, CA
530 PM PDT THU JUL 20 2017


...................................

...THE HANFORD CA CLIMATE SUMMARY FOR JULY 20 2017...
VALID AS OF 0400 PM LOCAL TIME.

CLIMATE NORMAL PERIOD 1981 TO 2010
CLIMATE RECORD PERIOD 1998 TO 2017


WEATHER ITEM   OBSERVED TIME   RECORD YEAR NORMAL DEPARTURE LAST
                VALUE   (LST)  VALUE       VALUE  FROM      YEAR
                                                  NORMAL
..................................................................
TEMPERATURE (F)
 TODAY
  MAXIMUM         97        MM 106    2009  96      1       97
  MINIMUM         61        MM  57    1999  63     -2       61
  AVERAGE         79                        80     -1       79

PRECIPITATION (IN)
  TODAY            0.00          T    2015   0.00   0.00     0.00
  MONTH TO DATE    0.00                      0.02  -0.02     0.00
  SINCE OCT 1     11.05                      9.91   1.14     8.26
  SINCE JAN 1      8.18                      6.78   1.40     5.66

SNOWFALL (IN)
  TODAY            0.0
  MONTH TO DATE    0.0
  SINCE JUN 1      0.0
  SINCE JUL 1      0.0
  SNOW DEPTH       0

DEGREE DAYS
 HEATING
  TODAY            0                                         0
  MONTH TO DATE    0                                         0
  SINCE JUN 1      5                                         0
  SINCE JUL 1      0                                         0

 COOLING
  TODAY           14                                        14
  MONTH TO DATE  382                                       295
  SINCE JUN 1    820                                       723
  SINCE JAN 1   1028                                       952
..................................................................


WIND (MPH)
  HIGHEST WIND SPEED    13   HIGHEST WIND DIRECTION    NW (320)
  HIGHEST GUST SPEED    MM   HIGHEST GUST DIRECTION    MM
  AVERAGE WIND SPEED     5.9




RELATIVE HUMIDITY (PERCENT)
 HIGHEST    67
 LOWEST     15
 AVERAGE    41

..........................................................


THE HANFORD CA CLIMATE NORMALS FOR TOMORROW
                         NORMAL    RECORD    YEAR
 MAXIMUM TEMPERATURE (F)   96       106      2013
                                             2005
 MINIMUM TEMPERATURE (F)   63        57      1999


SUNRISE AND SUNSET
JULY 20 2017..........SUNRISE   556 AM PDT   SUNSET   813 PM PDT
JULY 21 2017..........SUNRISE   557 AM PDT   SUNSET   812 PM PDT


-  INDICATES NEGATIVE NUMBERS.
R  INDICATES RECORD WAS SET OR TIED.
MM INDICATES DATA IS MISSING.
T  INDICATES TRACE AMOUNT.




$$
