000
CDUS46 KHNX 300823
CLIHJO


CLIMATE REPORT
NATIONAL WEATHER SERVICE SAN JOAQUIN VALLEY, CA
122 AM PDT SAT JUL 30 2016


...................................

...THE HANFORD CA CLIMATE SUMMARY FOR JULY 29 2016...

CLIMATE NORMAL PERIOD 1981 TO 2010
CLIMATE RECORD PERIOD 1998 TO 2016


WEATHER ITEM   OBSERVED TIME   RECORD YEAR NORMAL DEPARTURE
                VALUE   (LST)  VALUE       VALUE  FROM
                                                  NORMAL
...............................................................
TEMPERATURE (F)
 YESTERDAY
  MAXIMUM        108R   420 PM 106    2015  96     12
  MINIMUM         68    515 AM  57    2012  63      5
  AVERAGE         88                        80      8

PRECIPITATION (IN)
  YESTERDAY        0.00          T    2006   0.00   0.00
  MONTH TO DATE    0.00                      0.02  -0.02
  SINCE OCT 1      8.26                      9.91  -1.65
  SINCE JAN 1      5.66                      6.78  -1.12

SNOWFALL (IN)
  YESTERDAY        0.0
  MONTH TO DATE    0.0
  SINCE JUN 1      0.0
  SINCE JUL 1      0.0
  SNOW DEPTH       0

DEGREE DAYS
 HEATING
  YESTERDAY        0
  MONTH TO DATE    0
  SINCE JUN 1      0
  SINCE JUL 1      0

 COOLING
  YESTERDAY       23
  MONTH TO DATE  469
  SINCE JUN 1    897
  SINCE JAN 1   1126
...............................................................


WIND (MPH)
  HIGHEST WIND SPEED    13   HIGHEST WIND DIRECTION    NW (320)
  HIGHEST GUST SPEED    17   HIGHEST GUST DIRECTION    NW (320)
  AVERAGE WIND SPEED     5.7




RELATIVE HUMIDITY (PERCENT)
 HIGHEST    73
 LOWEST      8
 AVERAGE    41

..........................................................


THE HANFORD CA CLIMATE NORMALS FOR TODAY
                         NORMAL    RECORD    YEAR
 MAXIMUM TEMPERATURE (F)   96       102      2015
 MINIMUM TEMPERATURE (F)   63        57      2008


SUNRISE AND SUNSET
JULY 30 2016..........SUNRISE   604 AM PDT   SUNSET   805 PM PDT
JULY 31 2016..........SUNRISE   605 AM PDT   SUNSET   804 PM PDT


-  INDICATES NEGATIVE NUMBERS.
R  INDICATES RECORD WAS SET OR TIED.
MM INDICATES DATA IS MISSING.
T  INDICATES TRACE AMOUNT.




$$
