000
CDUS46 KHNX 020021
CLIHJO


CLIMATE REPORT
NATIONAL WEATHER SERVICE SAN JOAQUIN VALLEY, CA
520 PM PDT MON JUN 1 2015


...................................

...THE HANFORD CA CLIMATE SUMMARY FOR JUNE 1 2015...
VALID AS OF 0500 PM LOCAL TIME.

CLIMATE NORMAL PERIOD 1981 TO 2010
CLIMATE RECORD PERIOD 1998 TO 2015


WEATHER ITEM   OBSERVED TIME   RECORD YEAR NORMAL DEPARTURE LAST
                VALUE   (LST)  VALUE       VALUE  FROM      YEAR
                                                  NORMAL
..................................................................
TEMPERATURE (F)
 TODAY
  MAXIMUM         87    355 PM 102    2001  88     -1       94
  MINIMUM         55    427 AM  52    2014  56     -1       52
  AVERAGE         71                        72     -1       73

PRECIPITATION (IN)
  TODAY            0.00          0.02 2002   0.01  -0.01     0.00
  MONTH TO DATE    0.00                      0.01  -0.01     0.00
  SINCE OCT 1      5.04                      9.75  -4.71     2.81
  SINCE JAN 1      1.92                      6.62  -4.70     2.43

SNOWFALL (IN)
  TODAY            0.0
  MONTH TO DATE    0.0
  SINCE JUN 1      0.0
  SINCE JUL 1      0.0
  SNOW DEPTH       0

DEGREE DAYS
 HEATING
  TODAY            0                                         0
  MONTH TO DATE    0                                         0
  SINCE JUN 1      0                                         0
  SINCE JUL 1   1711                                      2048

 COOLING
  TODAY            6                                         8
  MONTH TO DATE    6                                         8
  SINCE JUN 1      6                                         8
  SINCE JAN 1    312                                       296
..................................................................


WIND (MPH)
  HIGHEST WIND SPEED    15   HIGHEST WIND DIRECTION    NW (310)
  HIGHEST GUST SPEED    19   HIGHEST GUST DIRECTION    NW (330)
  AVERAGE WIND SPEED     7.6




RELATIVE HUMIDITY (PERCENT)
 HIGHEST    72
 LOWEST     19
 AVERAGE    46

..........................................................


THE HANFORD CA CLIMATE NORMALS FOR TOMORROW
                         NORMAL    RECORD    YEAR
 MAXIMUM TEMPERATURE (F)   88       102      2013
 MINIMUM TEMPERATURE (F)   56        49      2011


SUNRISE AND SUNSET
JUNE  1 2015..........SUNRISE   542 AM PDT   SUNSET   811 PM PDT
JUNE  2 2015..........SUNRISE   542 AM PDT   SUNSET   811 PM PDT


-  INDICATES NEGATIVE NUMBERS.
R  INDICATES RECORD WAS SET OR TIED.
MM INDICATES DATA IS MISSING.
T  INDICATES TRACE AMOUNT.




$$
