000
CDUS46 KHNX 260024
CLIHJO


CLIMATE REPORT
NATIONAL WEATHER SERVICE SAN JOAQUIN VALLEY, CA
524 PM PDT SAT OCT 25 2014


...................................

...THE HANFORD CA CLIMATE SUMMARY FOR OCTOBER 25 2014...
VALID TODAY AS OF 0500 PM LOCAL TIME.

CLIMATE NORMAL PERIOD 1981 TO 2010
CLIMATE RECORD PERIOD 1998 TO 2014


WEATHER ITEM   OBSERVED TIME   RECORD YEAR NORMAL DEPARTURE LAST
                VALUE   (LST)  VALUE       VALUE  FROM      YEAR
                                                  NORMAL
..................................................................
TEMPERATURE (F)
 TODAY
  MAXIMUM         82    324 PM  87    2007  75      7       78
  MINIMUM         49    654 AM  43    2013  45      4       43
                                      2006
  AVERAGE         66                        60      6       61

PRECIPITATION (IN)
  TODAY            0.00          0.00   MM   0.03  -0.03     0.00
  MONTH TO DATE    T                         0.31  -0.31     0.00
  SINCE JUL 1      0.01                      0.52  -0.51     0.01
  SINCE JAN 1      2.44                      7.28  -4.84     1.61

SNOWFALL (IN)
  TODAY           MM
  MONTH TO DATE    0.0
  SINCE SEP 1      0.0
  SINCE JUL 1      0.0
  SNOW DEPTH       0

DEGREE DAYS
 HEATING
  TODAY            0                                         4
  MONTH TO DATE    6                                        36
  SINCE SEP 1      6                                        43
  SINCE JUL 1      6                                        43

 COOLING
  TODAY            1                                         0
  MONTH TO DATE  127                                        22
  SINCE SEP 1    516                                       334
  SINCE JAN 1   2273                                      2057
..................................................................


WIND (MPH)
  HIGHEST WIND SPEED    24   HIGHEST WIND DIRECTION    NW (320)
  HIGHEST GUST SPEED    30   HIGHEST GUST DIRECTION    NW (310)
  AVERAGE WIND SPEED     4.4




RELATIVE HUMIDITY (PERCENT)
 HIGHEST    93
 LOWEST     26
 AVERAGE    60

..........................................................


THE HANFORD CA CLIMATE NORMALS FOR TOMORROW
                         NORMAL    RECORD    YEAR
 MAXIMUM TEMPERATURE (F)   75        87      2008
 MINIMUM TEMPERATURE (F)   45        36      2006


SUNRISE AND SUNSET
OCTOBER 25 2014.......SUNRISE   715 AM PDT   SUNSET   610 PM PDT
OCTOBER 26 2014.......SUNRISE   716 AM PDT   SUNSET   609 PM PDT


-  INDICATES NEGATIVE NUMBERS.
R  INDICATES RECORD WAS SET OR TIED.
MM INDICATES DATA IS MISSING.
T  INDICATES TRACE AMOUNT.




$$
