000
CDUS46 KHNX 290825
CLIHJO


CLIMATE REPORT
NATIONAL WEATHER SERVICE SAN JOAQUIN VALLEY, CA
123 AM PDT MON MAY 29 2017


...................................

...THE HANFORD CA CLIMATE SUMMARY FOR MAY 28 2017...

CLIMATE NORMAL PERIOD 1981 TO 2010
CLIMATE RECORD PERIOD 1998 TO 2017


WEATHER ITEM   OBSERVED TIME   RECORD YEAR NORMAL DEPARTURE
                VALUE   (LST)  VALUE       VALUE  FROM
                                                  NORMAL
...............................................................
TEMPERATURE (F)
 YESTERDAY
  MAXIMUM         90        MM 104    2003  87      3
  MINIMUM         59        MM  45    2006  56      3
  AVERAGE         75                        71      4

PRECIPITATION (IN)
  YESTERDAY        0.00          0.06 1998   0.01  -0.01
  MONTH TO DATE    0.39                      0.39   0.00
  SINCE OCT 1     11.04                      9.71   1.33
  SINCE JAN 1      8.17                      6.58   1.59

SNOWFALL (IN)
  YESTERDAY        0.0
  MONTH TO DATE    0.0
  SINCE MAR 1      0.0
  SINCE JUL 1      0.0
  SNOW DEPTH       0

DEGREE DAYS
 HEATING
  YESTERDAY        0
  MONTH TO DATE   24
  SINCE MAR 1    377
  SINCE JUL 1   2104

 COOLING
  YESTERDAY       10
  MONTH TO DATE  164
  SINCE MAR 1    179
  SINCE JAN 1    179
...............................................................


WIND (MPH)
  HIGHEST WIND SPEED    13   HIGHEST WIND DIRECTION    NW (320)
  HIGHEST GUST SPEED    17   HIGHEST GUST DIRECTION    NW (300)
  AVERAGE WIND SPEED     8.2




RELATIVE HUMIDITY (PERCENT)
 HIGHEST    84
 LOWEST     29
 AVERAGE    57

..........................................................


THE HANFORD CA CLIMATE NORMALS FOR TODAY
                         NORMAL    RECORD    YEAR
 MAXIMUM TEMPERATURE (F)   87       103      2003
 MINIMUM TEMPERATURE (F)   56        46      1998


SUNRISE AND SUNSET
MAY 29 2017...........SUNRISE   543 AM PDT   SUNSET   809 PM PDT
MAY 30 2017...........SUNRISE   543 AM PDT   SUNSET   810 PM PDT


-  INDICATES NEGATIVE NUMBERS.
R  INDICATES RECORD WAS SET OR TIED.
MM INDICATES DATA IS MISSING.
T  INDICATES TRACE AMOUNT.




$$
