000
CDUS41 KPBZ 282124
CLIHLG


CLIMATE REPORT
NATIONAL WEATHER SERVICE PITTSBURGH PA
523 PM EDT WED JUN 28 2017


...................................

...THE WHEELING CLIMATE SUMMARY FOR JUNE 28 2017...
VALID TODAY AS OF 0500 PM LOCAL TIME.

CLIMATE NORMAL PERIOD 1981 TO 2010
CLIMATE RECORD PERIOD 1878 TO 2017


WEATHER ITEM   OBSERVED TIME   RECORD YEAR NORMAL DEPARTURE LAST
                VALUE   (LST)  VALUE       VALUE  FROM      YEAR
                                                  NORMAL
..................................................................
TEMPERATURE (F)
 TODAY
  MAXIMUM         75    325 PM  98    1934  81     -6       82
                                      1933
  MINIMUM         50    518 AM  43    1926  61    -11       62
  AVERAGE         63                        71     -8       72

PRECIPITATION (IN)
  TODAY            0.00          2.20 1939   0.12  -0.12     0.00
  MONTH TO DATE    7.10                      4.53   2.57     2.47
  SINCE JAN 1     25.16                     19.70   5.46    16.60

DEGREE DAYS
 HEATING
  TODAY            2                         0      2        0
  MONTH TO DATE   32                        38     -6       12
  SINCE JUN 1     32                        38     -6       12
  SINCE JUL 1   4579                      5587  -1008     4479

 COOLING
  TODAY            0                         6     -6        7
  MONTH TO DATE  143                       122     21      207
  SINCE JUN 1    143                       122     21      207
  SINCE JAN 1    212                       168     44      270
..................................................................


WIND (MPH)
  HIGHEST WIND SPEED    13   HIGHEST WIND DIRECTION    SW (210)
  HIGHEST GUST SPEED    17   HIGHEST GUST DIRECTION    SW (210)
  AVERAGE WIND SPEED     4.6


SKY COVER
  POSSIBLE SUNSHINE  MM
  AVERAGE SKY COVER 0.0


WEATHER CONDITIONS
 THE FOLLOWING WEATHER WAS RECORDED TODAY.
  NO SIGNIFICANT WEATHER WAS OBSERVED.


RELATIVE HUMIDITY (PERCENT)
 HIGHEST    89           200 AM
 LOWEST     41          1200 PM
 AVERAGE    65

..........................................................


THE WHEELING CLIMATE NORMALS FOR TOMORROW
                         NORMAL    RECORD    YEAR
 MAXIMUM TEMPERATURE (F)   81        99      1934
 MINIMUM TEMPERATURE (F)   61        43      1938
                                             1936
                                             1919


SUNRISE AND SUNSET
JUNE 28 2017..........SUNRISE   556 AM EDT   SUNSET   856 PM EDT
JUNE 29 2017..........SUNRISE   556 AM EDT   SUNSET   856 PM EDT


-  INDICATES NEGATIVE NUMBERS.
R  INDICATES RECORD WAS SET OR TIED.
MM INDICATES DATA IS MISSING.
T  INDICATES TRACE AMOUNT.




$$
