000
CDUS45 KTFX 290943
CLIHLN


CLIMATE REPORT
NATIONAL WEATHER SERVICE GREAT FALLS MT
242 AM MST THU JAN 29 2015


...................................

...THE HELENA MT CLIMATE SUMMARY FOR JANUARY 28 2015...

CLIMATE NORMAL PERIOD 1981 TO 2010
CLIMATE RECORD PERIOD 1866 TO 2015


WEATHER ITEM   OBSERVED TIME   RECORD YEAR NORMAL DEPARTURE LAST
                VALUE   (LST)  VALUE       VALUE  FROM      YEAR
                                                  NORMAL
..................................................................
TEMPERATURE (F)
 YESTERDAY
  MAXIMUM         51    337 PM  56    1931  35     16       35
  MINIMUM         30   1151 PM -32    1929  15     15        1
  AVERAGE         41                        25     16       18

PRECIPITATION (IN)
  YESTERDAY        0.00          0.47 1899   0.01  -0.01     0.00
  MONTH TO DATE    0.63                      0.33   0.30     0.43
  SINCE OCT 1      2.91                      1.90   1.01     1.43
  SINCE JAN 1      0.63                      0.33   0.30     0.43

SNOWFALL (IN)
  YESTERDAY        0.0           8.0  1899   0.2   -0.2      0.0
  MONTH TO DATE    7.4                       5.6    1.8      5.0
  SINCE DEC 1     11.8                      12.9   -1.1      6.2
  SINCE JUL 1     22.6                      21.7    0.9      9.7
  SNOW DEPTH       0

DEGREE DAYS
 HEATING
  YESTERDAY       24                        40    -16       47
  MONTH TO DATE 1145                      1177    -32      976
  SINCE DEC 1   2343                      2516   -173     2243
  SINCE JUL 1   4055                      4398   -343     4034

 COOLING
  YESTERDAY        0                         0      0        0
  MONTH TO DATE    0                         0      0        0
  SINCE DEC 1      0                         0      0        0
  SINCE JAN 1      0                         0      0        0
..................................................................


WIND (MPH)
  HIGHEST WIND SPEED    22   HIGHEST WIND DIRECTION     W (270)
  HIGHEST GUST SPEED    29   HIGHEST GUST DIRECTION     W (280)
  AVERAGE WIND SPEED     9.6


SKY COVER
  AVERAGE SKY COVER 0.2


WEATHER CONDITIONS
 THE FOLLOWING WEATHER WAS RECORDED YESTERDAY.
  NO SIGNIFICANT WEATHER WAS OBSERVED.


RELATIVE HUMIDITY (PERCENT)
 HIGHEST    89           100 AM
 LOWEST     32           400 PM
 AVERAGE    61

..........................................................


THE HELENA MT CLIMATE NORMALS FOR TODAY
                         NORMAL    RECORD    YEAR
 MAXIMUM TEMPERATURE (F)   35        56      1962
                                             1931
 MINIMUM TEMPERATURE (F)   15       -32      1916


SUNRISE AND SUNSET
JANUARY 29 2015.......SUNRISE   756 AM MST   SUNSET   527 PM MST
JANUARY 30 2015.......SUNRISE   754 AM MST   SUNSET   529 PM MST


-  INDICATES NEGATIVE NUMBERS.
R  INDICATES RECORD WAS SET OR TIED.
MM INDICATES DATA IS MISSING.
T  INDICATES TRACE AMOUNT.




$$
