000
CDUS45 KTFX 011024
CLIHLN


CLIMATE REPORT
NATIONAL WEATHER SERVICE GREAT FALLS MT
423 AM MDT WED JUL 1 2015


...................................

...THE HELENA MT CLIMATE SUMMARY FOR JUNE 30 2015...

CLIMATE NORMAL PERIOD 1981 TO 2010
CLIMATE RECORD PERIOD 1866 TO 2015


WEATHER ITEM   OBSERVED TIME   RECORD YEAR NORMAL DEPARTURE LAST
                VALUE   (LST)  VALUE       VALUE  FROM      YEAR
                                                  NORMAL
..................................................................
TEMPERATURE (F)
 YESTERDAY
  MAXIMUM         95    444 PM  99    2008  81     14       76
  MINIMUM         64    512 AM  34    1949  52     12       52
  AVERAGE         80                        66     14       64

PRECIPITATION (IN)
  YESTERDAY        0.03          1.14 1898   0.05  -0.02     0.00
  MONTH TO DATE    0.50                      2.06  -1.56     1.71
  SINCE OCT 1      6.84                      7.73  -0.89     7.19
  SINCE JAN 1      4.56                      6.16  -1.60     6.19

SNOWFALL (IN)
  YESTERDAY        0.0           0.0  1999   0.0    0.0      0.0
                                      1995
  MONTH TO DATE    0.0                       T      0.0      0.0
  SINCE JUN 1      0.0                       T      0.0      0.0
  SINCE JUL 1     24.3                      38.1  -13.8     41.8
  SNOW DEPTH       0

DEGREE DAYS
 HEATING
  YESTERDAY        0                         2     -2        1
  MONTH TO DATE   32                       135   -103      127
  SINCE JUN 1     32                       136   -104      127
  SINCE JUL 1   6557                      7541   -984     7450

 COOLING
  YESTERDAY       15                         3     12        0
  MONTH TO DATE  177                        49    128        3
  SINCE JUN 1    177                        49    128        3
  SINCE JAN 1    177                        57    120        7
..................................................................


WIND (MPH)
  HIGHEST WIND SPEED    24   HIGHEST WIND DIRECTION    NW (300)
  HIGHEST GUST SPEED    29   HIGHEST GUST DIRECTION    NW (300)
  AVERAGE WIND SPEED     9.9


SKY COVER
  AVERAGE SKY COVER 0.2


WEATHER CONDITIONS
 THE FOLLOWING WEATHER WAS RECORDED YESTERDAY.
  LIGHT RAIN


RELATIVE HUMIDITY (PERCENT)
 HIGHEST    87           500 AM
 LOWEST     19           400 PM
 AVERAGE    53

..........................................................


THE HELENA MT CLIMATE NORMALS FOR TODAY
                         NORMAL    RECORD    YEAR
 MAXIMUM TEMPERATURE (F)   81       100      1990
 MINIMUM TEMPERATURE (F)   52        36      1898


SUNRISE AND SUNSET
JULY  1 2015..........SUNRISE   539 AM MDT   SUNSET   925 PM MDT
JULY  2 2015..........SUNRISE   539 AM MDT   SUNSET   925 PM MDT


-  INDICATES NEGATIVE NUMBERS.
R  INDICATES RECORD WAS SET OR TIED.
MM INDICATES DATA IS MISSING.
T  INDICATES TRACE AMOUNT.




$$
