595
CDHW40 PHFO 190251
CLIHNL


CLIMATE REPORT
NATIONAL WEATHER SERVICE HONOLULU HI
450 PM HST WED JAN 18 2017


...................................

...THE HONOLULU HI CLIMATE SUMMARY FOR JANUARY 18 2017...
VALID TODAY AS OF 0400 PM LOCAL TIME.

CLIMATE NORMAL PERIOD 1981 TO 2010
CLIMATE RECORD PERIOD 1946 TO 2017


WEATHER ITEM   OBSERVED TIME   RECORD YEAR NORMAL DEPARTURE LAST
                VALUE   (LST)  VALUE       VALUE  FROM      YEAR
                                                  NORMAL
..................................................................
TEMPERATURE (F)
 TODAY
  MAXIMUM         83    341 PM  85    2015  80      3       84
  MINIMUM         72    706 AM  57    1963  66      6       66
  AVERAGE         78                        73      5       75

PRECIPITATION (IN)
  TODAY            0.00          1.21 1988   0.06  -0.06     0.00
  MONTH TO DATE    T                         1.49  -1.49      T
  SINCE DEC 1      0.87                      4.73  -3.86     0.27
  SINCE JAN 1      T                         1.49  -1.49      T

SNOWFALL (IN)
  TODAY            0.0
  MONTH TO DATE    0.0
  SINCE DEC 1      0.0
  SINCE JUL 1      0.0
  SNOW DEPTH       0

DEGREE DAYS
 HEATING
  TODAY            0                         0      0        0
  MONTH TO DATE    0                         0      0        0
  SINCE DEC 1      0                         0      0        0
  SINCE JUL 1      0                         0      0        0

 COOLING
  TODAY           13                         8      5       10
  MONTH TO DATE  152                       146      6      162
  SINCE DEC 1    457                       448      9      568
  SINCE JAN 1    152                       146      6      162
..................................................................


WIND (MPH)
  HIGHEST WIND SPEED    17   HIGHEST WIND DIRECTION    NE (50)
  HIGHEST GUST SPEED    24   HIGHEST GUST DIRECTION    NE (60)
  AVERAGE WIND SPEED     9.6


SKY COVER
  POSSIBLE SUNSHINE  MM
  AVERAGE SKY COVER 0.4


WEATHER CONDITIONS
 THE FOLLOWING WEATHER WAS RECORDED TODAY.
  NO SIGNIFICANT WEATHER WAS OBSERVED.


RELATIVE HUMIDITY (PERCENT)
 HIGHEST    73           100 AM
 LOWEST     51          1200 PM
 AVERAGE    62

..........................................................


THE HONOLULU HI CLIMATE NORMALS FOR TOMORROW
                         NORMAL    RECORD    YEAR
 MAXIMUM TEMPERATURE (F)   80        85      1996
                                             1986
 MINIMUM TEMPERATURE (F)   66        59      2009
                                             1980


SUNRISE AND SUNSET
JANUARY 18 2017.......SUNRISE   712 AM HST   SUNSET   613 PM HST
JANUARY 19 2017.......SUNRISE   712 AM HST   SUNSET   614 PM HST


-  INDICATES NEGATIVE NUMBERS.
R  INDICATES RECORD WAS SET OR TIED.
MM INDICATES DATA IS MISSING.
T  INDICATES TRACE AMOUNT.




$$
