000
CDHW40 PHFO 011245
CLIHNL


CLIMATE REPORT
NATIONAL WEATHER SERVICE
1245 PM UTC SAT AUG 1 2015


...................................

...THE HONOLULU HI CLIMATE SUMMARY FOR JULY 31 2015...

CLIMATE NORMAL PERIOD 1981 TO 2010
CLIMATE RECORD PERIOD 1946 TO 2015


WEATHER ITEM   OBSERVED TIME   RECORD YEAR NORMAL DEPARTURE LAST
                VALUE   (LST)  VALUE       VALUE  FROM      YEAR
                                                  NORMAL
..................................................................
TEMPERATURE (F)
 YESTERDAY
  MAXIMUM         91    232 PM  92    2003  88      3       90
                                      1997
  MINIMUM         79   1113 PM  69    1963  75      4       77
  AVERAGE         85                        82      3       84

PRECIPITATION (IN)
  YESTERDAY        T             0.17 1985   0.02  -0.02     0.00
  MONTH TO DATE    0.36                      0.51  -0.15     1.12
  SINCE JUN 1      0.36                      0.77  -0.41     1.70
  SINCE JAN 1      3.22                      8.34  -5.12    11.67

SNOWFALL (IN)
  YESTERDAY        0.0
  MONTH TO DATE    0.0
  SINCE JUN 1      0.0
  SINCE JUL 1      0.0
  SNOW DEPTH      MM

DEGREE DAYS
 HEATING
  YESTERDAY        0                         0      0        0
  MONTH TO DATE    0                         0      0        0
  SINCE JUN 1      0                         0      0        0
  SINCE JUL 1      0                         0      0        0

 COOLING
  YESTERDAY       20                        17      3       19
  MONTH TO DATE  433                       502    -69      540
  SINCE JUN 1    433                       958   -525     1003
  SINCE JAN 1   1717                      2460   -743     2612
..................................................................


WIND (MPH)
  HIGHEST WIND SPEED    25   HIGHEST WIND DIRECTION    NE (60)
  HIGHEST GUST SPEED    32   HIGHEST GUST DIRECTION     E (70)
  AVERAGE WIND SPEED    14.6


SKY COVER
  POSSIBLE SUNSHINE  MM
  AVERAGE SKY COVER  MM


WEATHER CONDITIONS
 THE FOLLOWING WEATHER WAS RECORDED YESTERDAY.
  NO SIGNIFICANT WEATHER WAS OBSERVED.


RELATIVE HUMIDITY (PERCENT)
 HIGHEST    MM
 LOWEST     MM
 AVERAGE    MM

..........................................................


THE HONOLULU HI CLIMATE NORMALS FOR TODAY
                         NORMAL    RECORD    YEAR
 MAXIMUM TEMPERATURE (F)   88        91      2003
                                             1995
 MINIMUM TEMPERATURE (F)   75        70      1980
                                             1976
                                             1972


SUNRISE AND SUNSET
AUGUST  1 2015........SUNRISE   605 AM HST   SUNSET   711 PM HST
AUGUST  2 2015........SUNRISE   606 AM HST   SUNSET   710 PM HST


-  INDICATES NEGATIVE NUMBERS.
R  INDICATES RECORD WAS SET OR TIED.
MM INDICATES DATA IS MISSING.
T  INDICATES TRACE AMOUNT.




$$
