000
CDHW40 PHFO 211245
CLIHNL


CLIMATE REPORT
NATIONAL WEATHER SERVICE HONOLULU HI
245 AM HST SUN SEP 21 2014


...................................

...THE HONOLULU HI CLIMATE SUMMARY FOR SEPTEMBER 20 2014...

CLIMATE NORMAL PERIOD 1981 TO 2010
CLIMATE RECORD PERIOD 1946 TO 2014


WEATHER ITEM   OBSERVED TIME   RECORD YEAR NORMAL DEPARTURE LAST
                VALUE   (LST)  VALUE       VALUE  FROM      YEAR
                                                  NORMAL
..................................................................
TEMPERATURE (F)
 YESTERDAY
  MAXIMUM         89   1142 AM  92    1995  89      0       87
                                      1987
                                      1986
  MINIMUM         75    631 AM  68    1957  74      1       76
                                      1955
                                      1902
  AVERAGE         82                        81      1       82

PRECIPITATION (IN)
  YESTERDAY        T             3.49 1930   0.03  -0.03      T
  MONTH TO DATE    0.23                      0.41  -0.18     0.58
  SINCE SEP 1      0.23                      0.41  -0.18     0.58
  SINCE JAN 1     12.46                      9.31   3.15     9.66

SNOWFALL (IN)
  YESTERDAY        0.0
  MONTH TO DATE    0.0
  SINCE SEP 1      0.0
  SINCE JUL 1      0.0
  SNOW DEPTH       0

DEGREE DAYS
 HEATING
  YESTERDAY        0                         0      0        0
  MONTH TO DATE    0                         0      0        0
  SINCE SEP 1      0                         0      0        0
  SINCE JUL 1      0                         0      0        0

 COOLING
  YESTERDAY       17                        16      1       17
  MONTH TO DATE  357                       336     21      325
  SINCE SEP 1    357                       336     21      325
  SINCE JAN 1   3515                      3320    195     3185
..................................................................


WIND (MPH)
  HIGHEST WIND SPEED    15   HIGHEST WIND DIRECTION     S (170)
  HIGHEST GUST SPEED    21   HIGHEST GUST DIRECTION     S (160)
  AVERAGE WIND SPEED     5.8


SKY COVER
  POSSIBLE SUNSHINE  MM
  AVERAGE SKY COVER 0.4


WEATHER CONDITIONS
 THE FOLLOWING WEATHER WAS RECORDED YESTERDAY.
  LIGHT RAIN


RELATIVE HUMIDITY (PERCENT)
 HIGHEST    82           400 AM
 LOWEST     59          1200 PM
 AVERAGE    71

..........................................................


THE HONOLULU HI CLIMATE NORMALS FOR TODAY
                         NORMAL    RECORD    YEAR
 MAXIMUM TEMPERATURE (F)   89        92      1995
                                             1990
 MINIMUM TEMPERATURE (F)   74        67      1975


SUNRISE AND SUNSET
SEPTEMBER 21 2014.....SUNRISE   620 AM HST   SUNSET   629 PM HST
SEPTEMBER 22 2014.....SUNRISE   621 AM HST   SUNSET   628 PM HST


-  INDICATES NEGATIVE NUMBERS.
R  INDICATES RECORD WAS SET OR TIED.
MM INDICATES DATA IS MISSING.
T  INDICATES TRACE AMOUNT.




$$
