000
CDHW40 PHFO 301245
CLIHNL


CLIMATE REPORT
NATIONAL WEATHER SERVICE HONOLULU HI
245 AM HST MON MAR 30 2015


...................................

...THE HONOLULU HI CLIMATE SUMMARY FOR MARCH 29 2015...

CLIMATE NORMAL PERIOD 1981 TO 2010
CLIMATE RECORD PERIOD 1946 TO 2015


WEATHER ITEM   OBSERVED TIME   RECORD YEAR NORMAL DEPARTURE LAST
                VALUE   (LST)  VALUE       VALUE  FROM      YEAR
                                                  NORMAL
..................................................................
TEMPERATURE (F)
 YESTERDAY
  MAXIMUM         80    152 PM  86    2008  82     -2       83
                                      1996
                                      1989
  MINIMUM         68    648 AM  58    1975  69     -1       69
  AVERAGE         74                        75     -1       76

PRECIPITATION (IN)
  YESTERDAY        0.04          0.40 1947   0.05  -0.01     0.03
  MONTH TO DATE    0.60                      1.91  -1.31     2.59
  SINCE MAR 1      0.60                      1.91  -1.31     2.59
  SINCE JAN 1      2.40                      6.21  -3.81     6.27

SNOWFALL (IN)
  YESTERDAY        0.0
  MONTH TO DATE    0.0
  SINCE MAR 1      0.0
  SINCE JUL 1      0.0
  SNOW DEPTH       0

DEGREE DAYS
 HEATING
  YESTERDAY        0                         0      0        0
  MONTH TO DATE    0                         0      0        0
  SINCE MAR 1      0                         0      0        0
  SINCE JUL 1      0                         0      0        0

 COOLING
  YESTERDAY        9                        10     -1       11
  MONTH TO DATE  259                       273    -14      285
  SINCE MAR 1    259                       273    -14      285
  SINCE JAN 1    769                       755     14      804
..................................................................


WIND (MPH)
  HIGHEST WIND SPEED    22   HIGHEST WIND DIRECTION     E (70)
  HIGHEST GUST SPEED    26   HIGHEST GUST DIRECTION     E (80)
  AVERAGE WIND SPEED     8.6


SKY COVER
  POSSIBLE SUNSHINE  MM
  AVERAGE SKY COVER 0.7


WEATHER CONDITIONS
 THE FOLLOWING WEATHER WAS RECORDED YESTERDAY.
  RAIN
  LIGHT RAIN
  FOG


RELATIVE HUMIDITY (PERCENT)
 HIGHEST   100          1200 AM
 LOWEST     60           300 PM
 AVERAGE    80

..........................................................


THE HONOLULU HI CLIMATE NORMALS FOR TODAY
                         NORMAL    RECORD    YEAR
 MAXIMUM TEMPERATURE (F)   82        86      1996
                                             1974
                                             1961
 MINIMUM TEMPERATURE (F)   69        59      1975


SUNRISE AND SUNSET
MARCH 30 2015.........SUNRISE   627 AM HST   SUNSET   646 PM HST
MARCH 31 2015.........SUNRISE   626 AM HST   SUNSET   646 PM HST


-  INDICATES NEGATIVE NUMBERS.
R  INDICATES RECORD WAS SET OR TIED.
MM INDICATES DATA IS MISSING.
T  INDICATES TRACE AMOUNT.




$$
