000
CDHW40 PHFO 030245
CLIHNL


CLIMATE REPORT
NATIONAL WEATHER SERVICE HONOLULU HI
445 PM HST MON MAY 2 2016


...................................

...THE HONOLULU HI CLIMATE SUMMARY FOR MAY 2 2016...
VALID TODAY AS OF 0400 PM LOCAL TIME.

CLIMATE NORMAL PERIOD 1981 TO 2010
CLIMATE RECORD PERIOD 1946 TO 2016


WEATHER ITEM   OBSERVED TIME   RECORD YEAR NORMAL DEPARTURE LAST
                VALUE   (LST)  VALUE       VALUE  FROM      YEAR
                                                  NORMAL
..................................................................
TEMPERATURE (F)
 TODAY
  MAXIMUM         87   1251 PM  89    1978  84      3       80
  MINIMUM         74    504 AM  60    2006  70      4       67
                                      1989
  AVERAGE         81                        77      4       74

PRECIPITATION (IN)
  TODAY            T             3.44 1965   0.03  -0.03     0.00
  MONTH TO DATE    T                         0.05  -0.05      T
  SINCE MAR 1      0.44                      2.70  -2.26     0.99
  SINCE JAN 1      0.87                      7.00  -6.13     2.79

SNOWFALL (IN)
  TODAY            0.0
  MONTH TO DATE    0.0
  SINCE MAR 1      0.0
  SINCE JUL 1      0.0
  SNOW DEPTH       0

DEGREE DAYS
 HEATING
  TODAY            0                         0      0        0
  MONTH TO DATE    0                         0      0        0
  SINCE MAR 1      0                         0      0        0
  SINCE JUL 1      0                         0      0        0

 COOLING
  TODAY           16                        12      4        9
  MONTH TO DATE   31                        24      7       17
  SINCE MAR 1    729                       649     80      633
  SINCE JAN 1   1311                      1131    180     1143
..................................................................


WIND (MPH)
  HIGHEST WIND SPEED    24   HIGHEST WIND DIRECTION     E (80)
  HIGHEST GUST SPEED    33   HIGHEST GUST DIRECTION     E (70)
  AVERAGE WIND SPEED    14.1


SKY COVER
  POSSIBLE SUNSHINE  MM
  AVERAGE SKY COVER 0.4


WEATHER CONDITIONS
 THE FOLLOWING WEATHER WAS RECORDED TODAY.
  NO SIGNIFICANT WEATHER WAS OBSERVED.


RELATIVE HUMIDITY (PERCENT)
 HIGHEST    74           100 AM
 LOWEST     42           100 PM
 AVERAGE    58

..........................................................


THE HONOLULU HI CLIMATE NORMALS FOR TOMORROW
                         NORMAL    RECORD    YEAR
 MAXIMUM TEMPERATURE (F)   84        87      2004
                                             2003
                                             1995
 MINIMUM TEMPERATURE (F)   70        60      1989


SUNRISE AND SUNSET
MAY  2 2016...........SUNRISE   600 AM HST   SUNSET   658 PM HST
MAY  3 2016...........SUNRISE   559 AM HST   SUNSET   658 PM HST


-  INDICATES NEGATIVE NUMBERS.
R  INDICATES RECORD WAS SET OR TIED.
MM INDICATES DATA IS MISSING.
T  INDICATES TRACE AMOUNT.




$$
