000
CDHW40 PHFO 021245
CLIHNL


CLIMATE REPORT
NATIONAL WEATHER SERVICE HONOLULU HI
245 AM HST FRI DEC 2 2016


...................................

...THE HONOLULU HI CLIMATE SUMMARY FOR DECEMBER 1 2016...

CLIMATE NORMAL PERIOD 1981 TO 2010
CLIMATE RECORD PERIOD 1946 TO 2016


WEATHER ITEM   OBSERVED TIME   RECORD YEAR NORMAL DEPARTURE LAST
                VALUE   (LST)  VALUE       VALUE  FROM      YEAR
                                                  NORMAL
..................................................................
TEMPERATURE (F)
 YESTERDAY
  MAXIMUM         80    226 PM  89    1979  82     -2       85
  MINIMUM         71    842 PM  58    1972  70      1       74
  AVERAGE         76                        76      0       80

PRECIPITATION (IN)
  YESTERDAY        0.16          1.45 2013   0.08   0.08      T
  MONTH TO DATE    0.16                      0.08   0.08      T
  SINCE DEC 1      0.16                      0.08   0.08      T
  SINCE JAN 1     12.45                     13.94  -1.49    15.18

SNOWFALL (IN)
  YESTERDAY        0.0
  MONTH TO DATE    0.0
  SINCE DEC 1      0.0
  SINCE JUL 1      0.0
  SNOW DEPTH       0

DEGREE DAYS
 HEATING
  YESTERDAY        0                         0      0        0
  MONTH TO DATE    0                         0      0        0
  SINCE DEC 1      0                         0      0        0
  SINCE JUL 1      0                         0      0        0

 COOLING
  YESTERDAY       11                        11      0       15
  MONTH TO DATE   11                        11      0       15
  SINCE DEC 1     11                        11      0       15
  SINCE JAN 1   4444                      4337    107     4452
..................................................................


WIND (MPH)
  HIGHEST WIND SPEED    28   HIGHEST WIND DIRECTION    NE (50)
  HIGHEST GUST SPEED    33   HIGHEST GUST DIRECTION    NE (60)
  AVERAGE WIND SPEED    13.7


SKY COVER
  POSSIBLE SUNSHINE  MM
  AVERAGE SKY COVER 0.6


WEATHER CONDITIONS
 THE FOLLOWING WEATHER WAS RECORDED YESTERDAY.
  HEAVY RAIN
  LIGHT RAIN
  FOG


RELATIVE HUMIDITY (PERCENT)
 HIGHEST    84           900 PM
 LOWEST     62          1000 AM
 AVERAGE    73

..........................................................


THE HONOLULU HI CLIMATE NORMALS FOR TODAY
                         NORMAL    RECORD    YEAR
 MAXIMUM TEMPERATURE (F)   82        87      1995
                                             1983
 MINIMUM TEMPERATURE (F)   70        59      1955


SUNRISE AND SUNSET
DECEMBER  2 2016......SUNRISE   654 AM HST   SUNSET   549 PM HST
DECEMBER  3 2016......SUNRISE   655 AM HST   SUNSET   549 PM HST


-  INDICATES NEGATIVE NUMBERS.
R  INDICATES RECORD WAS SET OR TIED.
MM INDICATES DATA IS MISSING.
T  INDICATES TRACE AMOUNT.




$$
