000
CDHW40 PHFO 240238
CLIHNL


CLIMATE REPORT
NATIONAL WEATHER SERVICE HONOLULU HI
438 PM HST SAT SEP 23 2017


...................................

...THE HONOLULU HI CLIMATE SUMMARY FOR SEPTEMBER 23 2017...
VALID TODAY AS OF 0400 PM LOCAL TIME.

CLIMATE NORMAL PERIOD 1981 TO 2010
CLIMATE RECORD PERIOD 1946 TO 2017


WEATHER ITEM   OBSERVED TIME   RECORD YEAR NORMAL DEPARTURE LAST
                VALUE   (LST)  VALUE       VALUE  FROM      YEAR
                                                  NORMAL
..................................................................
TEMPERATURE (F)
 TODAY
  MAXIMUM         88    330 PM  93    1995  88      0       88
  MINIMUM         73    615 AM  67    1950  74     -1       74
  AVERAGE         81                        81      0       81

PRECIPITATION (IN)
  TODAY            0.00          0.78 1985   0.03  -0.03      T
  MONTH TO DATE    0.10                      0.50  -0.40     2.89
  SINCE SEP 1      0.10                      0.50  -0.40     2.89
  SINCE JAN 1     15.99                      9.40   6.59    11.41

SNOWFALL (IN)
  TODAY            0.0
  MONTH TO DATE    0.0
  SINCE SEP 1      0.0
  SINCE JUL 1      0.0
  SNOW DEPTH      MM

DEGREE DAYS
 HEATING
  TODAY            0                         0      0        0
  MONTH TO DATE    0                         0      0        0
  SINCE SEP 1      0                         0      0        0
  SINCE JUL 1      0                         0      0        0

 COOLING
  TODAY           16                        16      0       16
  MONTH TO DATE  392                       384      8      367
  SINCE SEP 1    392                       384      8      367
  SINCE JAN 1   3445                      3368     77     3482
..................................................................


WIND (MPH)
  HIGHEST WIND SPEED    17   HIGHEST WIND DIRECTION    NE (40)
  HIGHEST GUST SPEED    25   HIGHEST GUST DIRECTION     N (20)
  AVERAGE WIND SPEED    MM


SKY COVER
  POSSIBLE SUNSHINE  MM
  AVERAGE SKY COVER  MM


WEATHER CONDITIONS
 THE FOLLOWING WEATHER WAS RECORDED TODAY.
  NO SIGNIFICANT WEATHER WAS OBSERVED.


RELATIVE HUMIDITY (PERCENT)
 HIGHEST    MM
 LOWEST     MM
 AVERAGE    MM

..........................................................


THE HONOLULU HI CLIMATE NORMALS FOR TOMORROW
                         NORMAL    RECORD    YEAR
 MAXIMUM TEMPERATURE (F)   88        93      1995
                                             1991
                                             1966
 MINIMUM TEMPERATURE (F)   74        68      1955


SUNRISE AND SUNSET
SEPTEMBER 23 2017.....SUNRISE   621 AM HST   SUNSET   627 PM HST
SEPTEMBER 24 2017.....SUNRISE   621 AM HST   SUNSET   626 PM HST


-  INDICATES NEGATIVE NUMBERS.
R  INDICATES RECORD WAS SET OR TIED.
MM INDICATES DATA IS MISSING.
T  INDICATES TRACE AMOUNT.




$$
