000
CDHW40 PHFO 291245
CLIHNL


CLIMATE REPORT
NATIONAL WEATHER SERVICE HONOLULU HI
245 AM HST MON AUG 29 2016


...................................

...THE HONOLULU HI CLIMATE SUMMARY FOR AUGUST 28 2016...

CLIMATE NORMAL PERIOD 1981 TO 2010
CLIMATE RECORD PERIOD 1946 TO 2016


WEATHER ITEM   OBSERVED TIME   RECORD YEAR NORMAL DEPARTURE LAST
                VALUE   (LST)  VALUE       VALUE  FROM      YEAR
                                                  NORMAL
..................................................................
TEMPERATURE (F)
 YESTERDAY
  MAXIMUM         86    353 PM  92    1986  89     -3       MM
  MINIMUM         75    636 AM  69    1979  75      0       MM
  AVERAGE         81                        82     -1       MM

PRECIPITATION (IN)
  YESTERDAY        T             0.16 1960   0.02  -0.02    MM
  MONTH TO DATE    1.52                      0.50   1.02     2.05
  SINCE JUN 1      4.42                      1.27   3.15     2.64
  SINCE JAN 1      8.46                      8.84  -0.38     5.63

SNOWFALL (IN)
  YESTERDAY        0.0
  MONTH TO DATE    0.0
  SINCE JUN 1      0.0
  SINCE JUL 1      0.0
  SNOW DEPTH       0

DEGREE DAYS
 HEATING
  YESTERDAY        0                         0      0       MM
  MONTH TO DATE    0                         0      0        0
  SINCE JUN 1      0                         0      0        0
  SINCE JUL 1      0                         0      0        0

 COOLING
  YESTERDAY       16                        17     -1       MM
  MONTH TO DATE  415                       476    -61      413
  SINCE JUN 1   1350                      1434    -84     1431
  SINCE JAN 1   3064                      2936    128     2901
..................................................................


WIND (MPH)
  HIGHEST WIND SPEED    22   HIGHEST WIND DIRECTION     E (70)
  HIGHEST GUST SPEED    31   HIGHEST GUST DIRECTION     E (70)
  AVERAGE WIND SPEED    12.0


SKY COVER
  POSSIBLE SUNSHINE  MM
  AVERAGE SKY COVER 0.7


WEATHER CONDITIONS
 THE FOLLOWING WEATHER WAS RECORDED YESTERDAY.
  LIGHT RAIN


RELATIVE HUMIDITY (PERCENT)
 HIGHEST    74           100 AM
 LOWEST     51          1200 PM
 AVERAGE    63

..........................................................


THE HONOLULU HI CLIMATE NORMALS FOR TODAY
                         NORMAL    RECORD    YEAR
 MAXIMUM TEMPERATURE (F)   89        92      1997
                                             1990
                                             1987
 MINIMUM TEMPERATURE (F)   75        68      1974


SUNRISE AND SUNSET
AUGUST 29 2016........SUNRISE   615 AM HST   SUNSET   650 PM HST
AUGUST 30 2016........SUNRISE   615 AM HST   SUNSET   649 PM HST


-  INDICATES NEGATIVE NUMBERS.
R  INDICATES RECORD WAS SET OR TIED.
MM INDICATES DATA IS MISSING.
T  INDICATES TRACE AMOUNT.




$$
