000
CDUS43 KFSD 290648
CLIHON


CLIMATE REPORT
NATIONAL WEATHER SERVICE SIOUX FALLS SD
147 AM CDT FRI MAY 29 2015


...................................

...THE HURON SD CLIMATE SUMMARY FOR MAY 28 2015...

CLIMATE NORMAL PERIOD 1981 TO 2010
CLIMATE RECORD PERIOD 1881 TO 2015


WEATHER ITEM   OBSERVED TIME   RECORD YEAR NORMAL DEPARTURE LAST
                VALUE   (LST)  VALUE       VALUE  FROM      YEAR
                                                  NORMAL
..................................................................
TEMPERATURE (F)
 YESTERDAY
  MAXIMUM         86    445 PM 104    1934  74     12       86
  MINIMUM         59    500 AM  28    1947  50      9       51
  AVERAGE         73                        62     11       69

PRECIPITATION (IN)
  YESTERDAY        0.00          1.68 1885   0.11  -0.11     0.00
  MONTH TO DATE    4.54                      2.76   1.78     1.28
  SINCE MAR 1      5.30                      6.53  -1.23     3.16
  SINCE JAN 1      5.91                      7.63  -1.72     3.72

SNOWFALL (IN)
  YESTERDAY        0.0           T    1947   0.0    0.0      0.0
  MONTH TO DATE    0.0                       0.1   -0.1      0.0
  SINCE MAR 1      1.2                      13.0  -11.8      6.9
  SINCE JUL 1     22.8                      44.0  -21.2     28.6
  SNOW DEPTH       0

DEGREE DAYS
 HEATING
  YESTERDAY        0                         5     -5        0
  MONTH TO DATE  222                       231     -9      274
  SINCE MAR 1   1523                      1777   -254     1967
  SINCE JUL 1   7460                      7609   -149     8287

 COOLING
  YESTERDAY        8                         1      7        4
  MONTH TO DATE   18                        25     -7       37
  SINCE MAR 1     20                        29     -9       37
  SINCE JAN 1     20                        29     -9       37
..................................................................


WIND (MPH)
  HIGHEST WIND SPEED    MM   HIGHEST WIND DIRECTION    MM
  HIGHEST GUST SPEED    MM   HIGHEST GUST DIRECTION    MM
  AVERAGE WIND SPEED    MM


SKY COVER
  POSSIBLE SUNSHINE  MM
  AVERAGE SKY COVER 0.0


WEATHER CONDITIONS
 THE FOLLOWING WEATHER WAS RECORDED YESTERDAY.
  NO SIGNIFICANT WEATHER WAS OBSERVED.


RELATIVE HUMIDITY (PERCENT)
 HIGHEST    MM
 LOWEST     MM
 AVERAGE    MM

..........................................................


THE HURON SD CLIMATE NORMALS FOR TODAY
                         NORMAL    RECORD    YEAR
 MAXIMUM TEMPERATURE (F)   74        99      1934
 MINIMUM TEMPERATURE (F)   51        24      1947


SUNRISE AND SUNSET
MAY 29 2015...........SUNRISE   554 AM CDT   SUNSET   907 PM CDT
MAY 30 2015...........SUNRISE   553 AM CDT   SUNSET   908 PM CDT


-  INDICATES NEGATIVE NUMBERS.
R  INDICATES RECORD WAS SET OR TIED.
MM INDICATES DATA IS MISSING.
T  INDICATES TRACE AMOUNT.




$$
