000
CDUS43 KFSD 102227
CLIHON


CLIMATE REPORT
NATIONAL WEATHER SERVICE SIOUX FALLS SD
426 PM CST SAT DEC 10 2016


...................................

...THE HURON SD CLIMATE SUMMARY FOR DECEMBER 10 2016...
VALID TODAY AS OF 0400 PM LOCAL TIME.

CLIMATE NORMAL PERIOD 1981 TO 2010
CLIMATE RECORD PERIOD 1881 TO 2016


WEATHER ITEM   OBSERVED TIME   RECORD YEAR NORMAL DEPARTURE LAST
                VALUE   (LST)  VALUE       VALUE  FROM      YEAR
                                                  NORMAL
..................................................................
TEMPERATURE (F)
 TODAY
  MAXIMUM         13    359 PM  59    1979  30    -17       52
  MINIMUM         -1    420 AM -21    1917  11    -12       29
  AVERAGE          6                        20    -14       41

PRECIPITATION (IN)
  TODAY            0.21          0.70 1949   0.02   0.19     0.05
  MONTH TO DATE    0.23                      0.18   0.05     0.38
  SINCE DEC 1      0.23                      0.18   0.05     0.38
  SINCE JAN 1     18.36                     22.56  -4.20    24.68

SNOWFALL (IN)
  TODAY           MM             5.0  1970   0.3   MM        0.0
  MONTH TO DATE    T                         2.6   -2.6      5.0
  SINCE DEC 1      T                         2.6   -2.6      5.0
  SINCE JUL 1      4.7                      10.9   -6.2     10.6
  SNOW DEPTH       T

DEGREE DAYS
 HEATING
  TODAY           59                        45     14       24
  MONTH TO DATE  453                       429     24      338
  SINCE DEC 1    453                       429     24      338
  SINCE JUL 1   1661                      2131   -470     1628

 COOLING
  TODAY            0                         0      0        0
  MONTH TO DATE    0                         0      0        0
  SINCE DEC 1      0                         0      0        0
  SINCE JAN 1    887                       742    145      797
..................................................................


WIND (MPH)
  HIGHEST WIND SPEED    18   HIGHEST WIND DIRECTION     E (110)
  HIGHEST GUST SPEED    22   HIGHEST GUST DIRECTION     E (110)
  AVERAGE WIND SPEED     8.6


SKY COVER
  POSSIBLE SUNSHINE  MM
  AVERAGE SKY COVER 0.9


WEATHER CONDITIONS
 THE FOLLOWING WEATHER WAS RECORDED TODAY.
  SNOW
  LIGHT SNOW
  FOG


RELATIVE HUMIDITY (PERCENT)
 HIGHEST    91          1200 AM
 LOWEST     83           300 AM
 AVERAGE    87

..........................................................


THE HURON SD CLIMATE NORMALS FOR TOMORROW
                         NORMAL    RECORD    YEAR
 MAXIMUM TEMPERATURE (F)   30        59      1939
 MINIMUM TEMPERATURE (F)   10       -18      2013


SUNRISE AND SUNSET
DECEMBER 10 2016......SUNRISE   758 AM CST   SUNSET   453 PM CST
DECEMBER 11 2016......SUNRISE   759 AM CST   SUNSET   453 PM CST


-  INDICATES NEGATIVE NUMBERS.
R  INDICATES RECORD WAS SET OR TIED.
MM INDICATES DATA IS MISSING.
T  INDICATES TRACE AMOUNT.




$$
