000
CDUS43 KFSD 220641
CLIHON


CLIMATE REPORT
NATIONAL WEATHER SERVICE SIOUX FALLS SD
140 AM CDT MON SEP 22 2014


...................................

...THE HURON SD CLIMATE SUMMARY FOR SEPTEMBER 21 2014...

CLIMATE NORMAL PERIOD 1981 TO 2010
CLIMATE RECORD PERIOD 1881 TO 2014


WEATHER ITEM   OBSERVED TIME   RECORD YEAR NORMAL DEPARTURE LAST
                VALUE   (LST)  VALUE       VALUE  FROM      YEAR
                                                  NORMAL
..................................................................
TEMPERATURE (F)
 YESTERDAY
  MAXIMUM         73    244 PM  97    1936  72      1       78
  MINIMUM         44   1156 PM  28    1974  46     -2       34
                                      1934
  AVERAGE         59                        59      0       56

PRECIPITATION (IN)
  YESTERDAY        0.00          1.15 1924   0.07  -0.07     0.00
  MONTH TO DATE    0.28                      1.79  -1.51     0.22
  SINCE SEP 1      0.28                      1.79  -1.51     0.22
  SINCE JAN 1     13.84                     19.05  -5.21    17.42

SNOWFALL (IN)
  YESTERDAY        0.0           T    1995   0.0    0.0      0.0
  MONTH TO DATE    0.0                       0.0    0.0      0.0
  SINCE SEP 1      0.0                       0.0    0.0      0.0
  SINCE JUL 1      0.0                       0.0    0.0      0.0
  SNOW DEPTH       0

DEGREE DAYS
 HEATING
  YESTERDAY        6                         7     -1        9
  MONTH TO DATE  127                        86     41       42
  SINCE SEP 1    127                        86     41       42
  SINCE JUL 1    160                       115     45       64

 COOLING
  YESTERDAY        0                         1     -1        0
  MONTH TO DATE   41                        62    -21      127
  SINCE SEP 1     41                        62    -21      127
  SINCE JAN 1    564                       731   -167      815
..................................................................


WIND (MPH)
  HIGHEST WIND SPEED    16   HIGHEST WIND DIRECTION    NW (330)
  HIGHEST GUST SPEED    25   HIGHEST GUST DIRECTION    NW (320)
  AVERAGE WIND SPEED     7.8


SKY COVER
  POSSIBLE SUNSHINE  MM
  AVERAGE SKY COVER 0.1


WEATHER CONDITIONS
 THE FOLLOWING WEATHER WAS RECORDED YESTERDAY.
  NO SIGNIFICANT WEATHER WAS OBSERVED.


RELATIVE HUMIDITY (PERCENT)
 HIGHEST    83           600 AM
 LOWEST     38           100 PM
 AVERAGE    61

..........................................................


THE HURON SD CLIMATE NORMALS FOR TODAY
                         NORMAL    RECORD    YEAR
 MAXIMUM TEMPERATURE (F)   72        99      1936
 MINIMUM TEMPERATURE (F)   46        24      1995


SUNRISE AND SUNSET
SEPTEMBER 22 2014.....SUNRISE   720 AM CDT   SUNSET   730 PM CDT
SEPTEMBER 23 2014.....SUNRISE   721 AM CDT   SUNSET   728 PM CDT


-  INDICATES NEGATIVE NUMBERS.
R  INDICATES RECORD WAS SET OR TIED.
MM INDICATES DATA IS MISSING.
T  INDICATES TRACE AMOUNT.




$$
