000
CDUS43 KFSD 010722
CLIHON


CLIMATE REPORT
NATIONAL WEATHER SERVICE SIOUX FALLS SD
221 AM CDT MON SEP 1 2014


...................................

...THE HURON SD CLIMATE SUMMARY FOR AUGUST 31 2014...

CLIMATE NORMAL PERIOD 1981 TO 2010
CLIMATE RECORD PERIOD 1881 TO 2014


WEATHER ITEM   OBSERVED TIME   RECORD YEAR NORMAL DEPARTURE LAST
                VALUE   (LST)  VALUE       VALUE  FROM      YEAR
                                                  NORMAL
..................................................................
TEMPERATURE (F)
 YESTERDAY
  MAXIMUM         80   1231 PM  99    1948  81     -1       91
  MINIMUM         59    852 PM  33    1886  56      3       62
  AVERAGE         70                        68      2       77

PRECIPITATION (IN)
  YESTERDAY        T             1.42 1982   0.07  -0.07     0.00
  MONTH TO DATE    3.03                      2.43   0.60     1.22
  SINCE JUN 1      9.07                      9.28  -0.21     6.61
  SINCE JAN 1     13.56                     17.26  -3.70    17.20

SNOWFALL (IN)
  YESTERDAY        0.0           0.0    MM   0.0    0.0      0.0
  MONTH TO DATE    0.0                       0.0    0.0      0.0
  SINCE JUN 1      0.0                       0.0    0.0      0.0
  SINCE JUL 1      0.0                       0.0    0.0      0.0
  SNOW DEPTH       0

DEGREE DAYS
 HEATING
  YESTERDAY        0                         2     -2        0
  MONTH TO DATE   10                        18     -8        1
  SINCE JUN 1     73                        80     -7       88
  SINCE JUL 1     33                        29      4       22

 COOLING
  YESTERDAY        5                         5      0       12
  MONTH TO DATE  181                       226    -45      260
  SINCE JUN 1    461                       636   -175      650
  SINCE JAN 1    523                       669   -146      688
..................................................................


WIND (MPH)
  HIGHEST WIND SPEED    24   HIGHEST WIND DIRECTION     W (280)
  HIGHEST GUST SPEED    29   HIGHEST GUST DIRECTION     W (270)
  AVERAGE WIND SPEED     8.0


SKY COVER
  POSSIBLE SUNSHINE  MM
  AVERAGE SKY COVER 0.2


WEATHER CONDITIONS
 THE FOLLOWING WEATHER WAS RECORDED YESTERDAY.
  THUNDERSTORM
  LIGHT RAIN


RELATIVE HUMIDITY (PERCENT)
 HIGHEST    97           800 PM
 LOWEST     54          1200 PM
 AVERAGE    76

..........................................................


THE HURON SD CLIMATE NORMALS FOR TODAY
                         NORMAL    RECORD    YEAR
 MAXIMUM TEMPERATURE (F)   81       101      1913
 MINIMUM TEMPERATURE (F)   55        33      1946


SUNRISE AND SUNSET
SEPTEMBER  1 2014.....SUNRISE   656 AM CDT   SUNSET   809 PM CDT
SEPTEMBER  2 2014.....SUNRISE   657 AM CDT   SUNSET   807 PM CDT


-  INDICATES NEGATIVE NUMBERS.
R  INDICATES RECORD WAS SET OR TIED.
MM INDICATES DATA IS MISSING.
T  INDICATES TRACE AMOUNT.




$$
