000
CDUS43 KFSD 290657
CLIHON


CLIMATE REPORT
NATIONAL WEATHER SERVICE SIOUX FALLS SD
156 AM CDT SUN MAR 29 2015


...................................

...THE HURON SD CLIMATE SUMMARY FOR MARCH 28 2015...

CLIMATE NORMAL PERIOD 1981 TO 2010
CLIMATE RECORD PERIOD 1881 TO 2015


WEATHER ITEM   OBSERVED TIME   RECORD YEAR NORMAL DEPARTURE LAST
                VALUE   (LST)  VALUE       VALUE  FROM      YEAR
                                                  NORMAL
..................................................................
TEMPERATURE (F)
 YESTERDAY
  MAXIMUM         57    527 PM  82    1946  50      7       34
  MINIMUM         25    255 AM   0    1899  27     -2       15
  AVERAGE         41                        38      3       25

PRECIPITATION (IN)
  YESTERDAY        0.00          0.97 1940   0.07  -0.07     0.00
  MONTH TO DATE    0.16                      1.26  -1.10     0.45
  SINCE MAR 1      0.16                      1.26  -1.10     0.45
  SINCE JAN 1      0.77                      2.36  -1.59     1.01

SNOWFALL (IN)
  YESTERDAY        0.0          10.3  1965   0.2   -0.2      0.0
  MONTH TO DATE    1.2                       8.2   -7.0      4.5
  SINCE MAR 1      1.2                       8.2   -7.0      4.5
  SINCE JUL 1     22.8                      39.2  -16.4     26.2
  SNOW DEPTH       0

DEGREE DAYS
 HEATING
  YESTERDAY       24                        27     -3       40
  MONTH TO DATE  821                       910    -89     1022
  SINCE MAR 1    821                       910    -89     1022
  SINCE JUL 1   6758                      6742     16     7342

 COOLING
  YESTERDAY        0                         0      0        0
  MONTH TO DATE    2                         0      2        0
  SINCE MAR 1      2                         0      2        0
  SINCE JAN 1      2                         0      2        0
..................................................................


WIND (MPH)
  HIGHEST WIND SPEED    29   HIGHEST WIND DIRECTION     S (160)
  HIGHEST GUST SPEED    41   HIGHEST GUST DIRECTION     S (170)
  AVERAGE WIND SPEED    16.4


SKY COVER
  POSSIBLE SUNSHINE  MM
  AVERAGE SKY COVER 0.2


WEATHER CONDITIONS
 THE FOLLOWING WEATHER WAS RECORDED YESTERDAY.
  NO SIGNIFICANT WEATHER WAS OBSERVED.


RELATIVE HUMIDITY (PERCENT)
 HIGHEST    92           400 AM
 LOWEST     35           300 PM
 AVERAGE    64

..........................................................


THE HURON SD CLIMATE NORMALS FOR TODAY
                         NORMAL    RECORD    YEAR
 MAXIMUM TEMPERATURE (F)   50        82      1943
 MINIMUM TEMPERATURE (F)   27        -4      1965


SUNRISE AND SUNSET
MARCH 29 2015.........SUNRISE   720 AM CDT   SUNSET   756 PM CDT
MARCH 30 2015.........SUNRISE   718 AM CDT   SUNSET   757 PM CDT


-  INDICATES NEGATIVE NUMBERS.
R  INDICATES RECORD WAS SET OR TIED.
MM INDICATES DATA IS MISSING.
T  INDICATES TRACE AMOUNT.




$$
