000
CDUS44 KHGX 291327
CLIHOU

CLIMATE REPORT
NATIONAL WEATHER SERVICE HOUSTON/GALVESTON TX
815 AM CDT FRI MAY 29 2015


...MORNING CLIMATE DATA AS OF 7 AM...

                            MORNING LOW    PRECIP SINCE MIDNIGHT

HOUSTON INTERCONTINENTAL         72                0.01
GALVESTON SCHOLES FIELD          79                0.00
BRYAN/COLLEGE STATION            67                0.57
HOUSTON HOBBY                    71                0.09

...................................

...THE HOUSTON INTERCONTINENTAL CLIMATE SUMMARY FOR MAY 28 2015...

CLIMATE NORMAL PERIOD 1981 TO 2010
CLIMATE RECORD PERIOD 1892 TO 2015


WEATHER ITEM   OBSERVED TIME   RECORD YEAR NORMAL DEPARTURE LAST
                VALUE   (LST)  VALUE       VALUE  FROM      YEAR
                                                  NORMAL
..................................................................
TEMPERATURE (F)
 YESTERDAY
  MAXIMUM         90    114 PM  98    1906  89      1       84
  MINIMUM         70    502 AM  54    1901  70      0       68
  AVERAGE         80                        80      0       76

PRECIPITATION (IN)
  YESTERDAY        0.00          2.83 1914   0.17  -0.17     1.34
  MONTH TO DATE   13.59                      4.58   9.01     9.94
  SINCE MAR 1     26.03                     11.30  14.73    13.95
  SINCE JAN 1     29.86                     17.88  11.98    17.30

DEGREE DAYS
 COOLING
  YESTERDAY       15                        15      0       11
  MONTH TO DATE  335                       326      9      254
  SINCE MAR 1    639                       569     70      467
  SINCE JAN 1    649                       607     42      501
..................................................................


WIND (MPH)
  HIGHEST WIND SPEED    20   HIGHEST WIND DIRECTION    SE (140)
  HIGHEST GUST SPEED    24   HIGHEST GUST DIRECTION    SE (140)




RELATIVE HUMIDITY (PERCENT)
 HIGHEST   100
 LOWEST     59
 AVERAGE    80

..........................................................


THE HOUSTON INTERCONTINENTAL CLIMATE NORMALS FOR TODAY
                         NORMAL    RECORD    YEAR
 MAXIMUM TEMPERATURE (F)   89        99      1996
 MINIMUM TEMPERATURE (F)   71        58      1984
                                             1973
                                             1901


SUNRISE AND SUNSET
MAY 29 2015...........SUNRISE   622 AM CDT   SUNSET   816 PM CDT
MAY 30 2015...........SUNRISE   621 AM CDT   SUNSET   817 PM CDT


-  INDICATES NEGATIVE NUMBERS.
R  INDICATES RECORD WAS SET OR TIED.
MM INDICATES DATA IS MISSING.
T  INDICATES TRACE AMOUNT.




...................................

...THE HOUSTON/HOBBY AIRPORT CLIMATE SUMMARY FOR MAY 28 2015...

CLIMATE NORMAL PERIOD 1981 TO 2010
CLIMATE RECORD PERIOD 1930 TO 2015


WEATHER ITEM   OBSERVED TIME   RECORD YEAR NORMAL DEPARTURE LAST
                VALUE   (LST)  VALUE       VALUE  FROM      YEAR
                                                  NORMAL
..................................................................
TEMPERATURE (F)
 YESTERDAY
  MAXIMUM         89    101 PM  97    2010  88      1       83
  MINIMUM         73    539 AM  55    1934  71      2       69
  AVERAGE         81                        80      1       76

PRECIPITATION (IN)
  YESTERDAY        0.00          3.36 2007   0.18  -0.18     1.94
  MONTH TO DATE   12.82                      4.23   8.59    10.32
  SINCE MAR 1     27.40                     10.68  16.72    14.17
  SINCE JAN 1     33.28                     17.76  15.52    16.79

DEGREE DAYS
 COOLING
  YESTERDAY       16                        15      1       11
  MONTH TO DATE  363                       329     34      254
  SINCE MAR 1    686                       571    115      469
  SINCE JAN 1    696                       609     87      508
..................................................................


WIND (MPH)
  HIGHEST WIND SPEED    16   HIGHEST WIND DIRECTION    SE (150)
  HIGHEST GUST SPEED    20   HIGHEST GUST DIRECTION    SE (150)




RELATIVE HUMIDITY (PERCENT)
 HIGHEST    93
 LOWEST     59
 AVERAGE    76

..........................................................


THE HOUSTON/HOBBY AIRPORT CLIMATE NORMALS FOR TODAY
                         NORMAL    RECORD    YEAR
 MAXIMUM TEMPERATURE (F)   88        97      1998
 MINIMUM TEMPERATURE (F)   72        56      1934


SUNRISE AND SUNSET
MAY 29 2015...........SUNRISE   622 AM CDT   SUNSET   815 PM CDT
MAY 30 2015...........SUNRISE   622 AM CDT   SUNSET   816 PM CDT


-  INDICATES NEGATIVE NUMBERS.
R  INDICATES RECORD WAS SET OR TIED.
MM INDICATES DATA IS MISSING.
T  INDICATES TRACE AMOUNT.
...........................................................

...MISCELLANEOUS CLIMATE DATA FOR YESTERDAY...

LOCATION                        HIGH    LOW     PRECIP

PEARLAND                         91      72      0.00
SUGAR LAND                       88      72      0.00
TOMBALL                          89      70      0.00
CONROE                           90      69      0.00
HUNTSVILLE                       90      71      0.00
ANGLETON/LAKE JACKSON            86      70      0.00
PALACIOS                         87      78      0.00
LEAGUE CITY (NWS)                88      71      0.00


THIS PRODUCT...ALONG WITH OTHER WEATHER...HYDROLOGIC...AND CLIMATE
PRODUCTS...IS AVAILABLE ON THE WEB AT HTTP://WWW.SRH.NOAA.GOV/HGX
OR AT HTTP://WEATHER.GOV

$$
