116
CDUS44 KHGX 302120
CLIHOU

CLIMATE REPORT
NATIONAL WEATHER SERVICE HOUSTON/GALVESTON TX
417 PM CDT THU MAR 30 2017


...................................

...THE HOUSTON INTERCONTINENTAL CLIMATE SUMMARY FOR MARCH 30 2017...
VALID TODAY AS OF 400 PM LOCAL TIME.

CLIMATE NORMAL PERIOD 1981 TO 2010
CLIMATE RECORD PERIOD 1892 TO 2017


WEATHER ITEM   OBSERVED TIME   RECORD YEAR NORMAL DEPARTURE LAST
                VALUE   (LST)  VALUE       VALUE  FROM      YEAR
                                                  NORMAL
..................................................................
TEMPERATURE (F)
 TODAY
  MAXIMUM         76    259 PM  96    1946  76      0       75
  MINIMUM         61    741 AM  33    1987  55      6       68
  AVERAGE         69                        66      3       72

PRECIPITATION (IN)
  TODAY            0.00          2.90 1907   0.11  -0.11     0.13
  MONTH TO DATE    5.63                      3.31   2.32     3.23
  SINCE MAR 1      5.63                      3.31   2.32     3.23
  SINCE JAN 1     14.14                      9.89   4.25     7.34

SNOWFALL (IN)
  TODAY            0.0          MM      MM   0.0    0.0      0.0
  MONTH TO DATE    0.0                       0.0    0.0      0.0
  SINCE MAR 1      0.0                       0.0    0.0      0.0
  SINCE JUL 1      0.0                       0.1   -0.1      0.0
  SNOW DEPTH       0

DEGREE DAYS
 HEATING
  TODAY            0                         3     -3        0
  MONTH TO DATE   52                       140    -88       80
  SINCE MAR 1     52                       140    -88       80
  SINCE JUL 1    652                      1328   -676      997

 COOLING
  TODAY            4                         3      1        7
  MONTH TO DATE  154                        67     87       89
  SINCE MAR 1    154                        67     87       89
  SINCE JAN 1    333                       105    228      126
..................................................................


WIND (MPH)
  RESULTANT WIND SPEED   8   RESULTANT WIND DIRECTION  NW (330)
  HIGHEST WIND SPEED    23   HIGHEST WIND DIRECTION    NW (320)
  HIGHEST GUST SPEED    30   HIGHEST GUST DIRECTION     N (340)
  AVERAGE WIND SPEED     9.1



WEATHER CONDITIONS
 THE FOLLOWING WEATHER WAS RECORDED TODAY.
  FOG


RELATIVE HUMIDITY (PERCENT)
 HIGHEST   100          1200 AM
 LOWEST     36           300 PM
 AVERAGE    68

..........................................................


THE HOUSTON INTERCONTINENTAL CLIMATE NORMALS FOR TOMORROW
                         NORMAL    RECORD    YEAR
 MAXIMUM TEMPERATURE (F)   77        88      1946
 MINIMUM TEMPERATURE (F)   56        30      1987


SUNRISE AND SUNSET
MARCH 30 2017.........SUNRISE   713 AM CDT   SUNSET   739 PM CDT
MARCH 31 2017.........SUNRISE   712 AM CDT   SUNSET   740 PM CDT


-  INDICATES NEGATIVE NUMBERS.
R  INDICATES RECORD WAS SET OR TIED.
MM INDICATES DATA IS MISSING.
T  INDICATES TRACE AMOUNT.



&&
...................................

...THE HOUSTON/HOBBY AIRPORT CLIMATE SUMMARY FOR MARCH 30 2017...
VALID TODAY AS OF 400 PM LOCAL TIME.

CLIMATE NORMAL PERIOD 1981 TO 2010
CLIMATE RECORD PERIOD 1930 TO 2017


WEATHER ITEM   OBSERVED TIME   RECORD YEAR NORMAL DEPARTURE LAST
                VALUE   (LST)  VALUE       VALUE  FROM      YEAR
                                                  NORMAL
..................................................................
TEMPERATURE (F)
 TODAY
  MAXIMUM         76    241 PM  96    1946  76      0       76
  MINIMUM         62    725 AM  35    2003  57      5       70
  AVERAGE         69                        66      3       73

PRECIPITATION (IN)
  TODAY            0.00          1.57 1935   0.09  -0.09     0.07
  MONTH TO DATE    8.15                      3.10   5.05     4.13
  SINCE MAR 1      8.15                      3.10   5.05     4.13
  SINCE JAN 1     14.27                     10.18   4.09     8.30

SNOWFALL (IN)
  TODAY            0.0          MM      MM   0.0    0.0      0.0
  MONTH TO DATE    0.0                       0.0    0.0      0.0
  SINCE MAR 1      0.0                       0.0    0.0      0.0
  SINCE JUL 1      0.0                       T      0.0      0.0
  SNOW DEPTH       0

DEGREE DAYS
 HEATING
  TODAY            0                         2     -2        0
  MONTH TO DATE   42                       119    -77       44
  SINCE MAR 1     42                       119    -77       44
  SINCE JUL 1    540                      1189   -649      782

 COOLING
  TODAY            4                         3      1        8
  MONTH TO DATE  166                        66    100      126
  SINCE MAR 1    166                        66    100      126
  SINCE JAN 1    353                       104    249      164
..................................................................


WIND (MPH)
  RESULTANT WIND SPEED   9   RESULTANT WIND DIRECTION  NW (330)
  HIGHEST WIND SPEED    20   HIGHEST WIND DIRECTION    NW (330)
  HIGHEST GUST SPEED    25   HIGHEST GUST DIRECTION     N (340)
  AVERAGE WIND SPEED    10.8



WEATHER CONDITIONS
 THE FOLLOWING WEATHER WAS RECORDED TODAY.
  NO SIGNIFICANT WEATHER WAS OBSERVED.


RELATIVE HUMIDITY (PERCENT)
 HIGHEST    93          1200 AM
 LOWEST     35           200 PM
 AVERAGE    64

..........................................................


THE HOUSTON/HOBBY AIRPORT CLIMATE NORMALS FOR TOMORROW
                         NORMAL    RECORD    YEAR
 MAXIMUM TEMPERATURE (F)   76        88      2016
 MINIMUM TEMPERATURE (F)   57        32      1987
                                             1937


SUNRISE AND SUNSET
MARCH 30 2017.........SUNRISE   713 AM CDT   SUNSET   739 PM CDT
MARCH 31 2017.........SUNRISE   711 AM CDT   SUNSET   739 PM CDT


-  INDICATES NEGATIVE NUMBERS.
R  INDICATES RECORD WAS SET OR TIED.
MM INDICATES DATA IS MISSING.
T  INDICATES TRACE AMOUNT.


...MISCELLANEOUS CLIMATE DATA FOR TODAY...

LOCATION                        HIGH    LOW     PRECIP
PEARLAND                         78      63      0.00
SUGAR LAND                       77      61      0.00
TOMBALL                          76      58      0.00
CONROE                           75      56      0.00
HUNTSVILLE                       75      55      0.00
ANGLETON/LAKE JACKSON            77      62      0.00
PALACIOS                         76      59      0.00
LEAGUE CITY (NWS)                77      61      0.00


THIS PRODUCT...ALONG WITH OTHER WEATHER...HYDROLOGIC...AND CLIMATE
PRODUCTS...IS AVAILABLE ON THE WEB AT HTTP://WWW.SRH.NOAA.GOV/HGX
OR AT HTTP://WEATHER.GOV

$$
