000
CDUS44 KHGX 310752
CLIHOU


CLIMATE REPORT
NATIONAL WEATHER SERVICE HOUSTON/GALVESTON TX
252 AM CDT MON AUG 31 2015


...................................

...THE HOUSTON INTERCONTINENTAL CLIMATE SUMMARY FOR AUGUST 30 2015...

CLIMATE NORMAL PERIOD 1981 TO 2010
CLIMATE RECORD PERIOD 1892 TO 2015


WEATHER ITEM   OBSERVED TIME   RECORD YEAR NORMAL DEPARTURE LAST
                VALUE   (LST)  VALUE       VALUE  FROM      YEAR
                                                  NORMAL
..................................................................
TEMPERATURE (F)
 YESTERDAY
  MAXIMUM         91    243 PM 104    2000  93     -2       92
  MINIMUM         69    549 AM  62    1986  74     -5       75
                                      1893
  AVERAGE         80                        84     -4       84

PRECIPITATION (IN)
  YESTERDAY        0.00          2.56 1944   0.15  -0.15      T
  MONTH TO DATE    2.94                      3.60  -0.66     0.41
  SINCE JUN 1     14.94                     13.32   1.62     7.99
  SINCE JAN 1     45.38                     31.71  13.67    27.06

DEGREE DAYS
 COOLING
  YESTERDAY       15                        19     -4       19
  MONTH TO DATE  615                       592     23      600
  SINCE JUN 1   1798                      1713     85     1721
  SINCE JAN 1   2490                      2365    125     2262
..................................................................


WIND (MPH)
  HIGHEST WIND SPEED    14   HIGHEST WIND DIRECTION     E (110)
  HIGHEST GUST SPEED    16   HIGHEST GUST DIRECTION     E (110)




RELATIVE HUMIDITY (PERCENT)
 HIGHEST    90
 LOWEST     44
 AVERAGE    67

..........................................................


THE HOUSTON INTERCONTINENTAL CLIMATE NORMALS FOR TODAY
                         NORMAL    RECORD    YEAR
 MAXIMUM TEMPERATURE (F)   93       107      2000
 MINIMUM TEMPERATURE (F)   74        62      1893


SUNRISE AND SUNSET
AUGUST 31 2015........SUNRISE   658 AM CDT   SUNSET   745 PM CDT
SEPTEMBER  1 2015.....SUNRISE   658 AM CDT   SUNSET   744 PM CDT


-  INDICATES NEGATIVE NUMBERS.
R  INDICATES RECORD WAS SET OR TIED.
MM INDICATES DATA IS MISSING.
T  INDICATES TRACE AMOUNT.


&&

...................................

...THE HOUSTON/HOBBY AIRPORT CLIMATE SUMMARY FOR AUGUST 30 2015...

CLIMATE NORMAL PERIOD 1981 TO 2010
CLIMATE RECORD PERIOD 1930 TO 2015


WEATHER ITEM   OBSERVED TIME   RECORD YEAR NORMAL DEPARTURE LAST
                VALUE   (LST)  VALUE       VALUE  FROM      YEAR
                                                  NORMAL
..................................................................
TEMPERATURE (F)
 YESTERDAY
  MAXIMUM         90    101 PM 102    2000  92     -2       88
  MINIMUM         71    614 AM  66    1992  75     -4       77
  AVERAGE         81                        83     -2       83

PRECIPITATION (IN)
  YESTERDAY        0.00          3.10 2001   0.20  -0.20     0.00
  MONTH TO DATE   10.76                      4.85   5.91     1.95
  SINCE JUN 1     18.20                     16.61   1.59     6.19
  SINCE JAN 1     53.06                     34.89  18.17    23.03

DEGREE DAYS
 COOLING
  YESTERDAY       16                        18     -2       18
  MONTH TO DATE  619                       568     51      614
  SINCE JUN 1   1815                      1661    154     1738
  SINCE JAN 1   2554                      2315    239     2289
..................................................................


WIND (MPH)
  HIGHEST WIND SPEED    13   HIGHEST WIND DIRECTION    SE (130)
  HIGHEST GUST SPEED    16   HIGHEST GUST DIRECTION    SE (130)




RELATIVE HUMIDITY (PERCENT)
 HIGHEST    87
 LOWEST     44
 AVERAGE    66

..........................................................


THE HOUSTON/HOBBY AIRPORT CLIMATE NORMALS FOR TODAY
                         NORMAL    RECORD    YEAR
 MAXIMUM TEMPERATURE (F)   91       104      2000
 MINIMUM TEMPERATURE (F)   75        68      1950


SUNRISE AND SUNSET
AUGUST 31 2015........SUNRISE   658 AM CDT   SUNSET   745 PM CDT
SEPTEMBER  1 2015.....SUNRISE   658 AM CDT   SUNSET   744 PM CDT


-  INDICATES NEGATIVE NUMBERS.
R  INDICATES RECORD WAS SET OR TIED.
MM INDICATES DATA IS MISSING.
T  INDICATES TRACE AMOUNT.




$$
