000
CDUS44 KHGX 132221
CLIHOU

CLIMATE REPORT
NATIONAL WEATHER SERVICE HOUSTON/GALVESTON TX
418 PM CST WED DEC 13 2017


...................................

...THE HOUSTON INTERCONTINENTAL CLIMATE SUMMARY FOR DECEMBER 13 2017...
VALID TODAY AS OF 400 PM LOCAL TIME.

CLIMATE NORMAL PERIOD 1981 TO 2010
CLIMATE RECORD PERIOD 1892 TO 2017


WEATHER ITEM   OBSERVED TIME   RECORD YEAR NORMAL DEPARTURE LAST
                VALUE   (LST)  VALUE       VALUE  FROM      YEAR
                                                  NORMAL
..................................................................
TEMPERATURE (F)
 TODAY
  MAXIMUM         59    332 PM  82    1921  65     -6       75
  MINIMUM         33    728 AM  19    1989  45    -12       62
  AVERAGE         46                        55     -9       69

PRECIPITATION (IN)
  TODAY            0.00          2.85 1907   0.12  -0.12      T
  MONTH TO DATE    1.80                      1.69   0.11     3.03
  SINCE DEC 1      1.80                      1.69   0.11     3.03
  SINCE JAN 1     77.77                     47.72  30.05    60.43

SNOWFALL (IN)
  TODAY            0.0           0.0  2001   0.0    0.0      0.0
  MONTH TO DATE    0.7                       0.0    0.7      0.0
  SINCE DEC 1      0.7                       0.0    0.7      0.0
  SINCE JUL 1      0.7                       0.0    0.7      0.0
  SNOW DEPTH       0

DEGREE DAYS
 HEATING
  TODAY           19                        11      8        0
  MONTH TO DATE  150                       132     18      139
  SINCE DEC 1    150                       132     18      139
  SINCE JUL 1    261                       317    -56      197
..................................................................


WIND (MPH)
  RESULTANT WIND SPEED   3   RESULTANT WIND DIRECTION  SW (230)
  HIGHEST WIND SPEED    10   HIGHEST WIND DIRECTION    SW (230)
  HIGHEST GUST SPEED    13   HIGHEST GUST DIRECTION    SW (240)
  AVERAGE WIND SPEED     2.9



WEATHER CONDITIONS
 THE FOLLOWING WEATHER WAS RECORDED TODAY.
  NO SIGNIFICANT WEATHER WAS OBSERVED.


RELATIVE HUMIDITY (PERCENT)
 HIGHEST    96           600 AM
 LOWEST     33           100 PM
 AVERAGE    65

..........................................................


THE HOUSTON INTERCONTINENTAL CLIMATE NORMALS FOR TOMORROW
                         NORMAL    RECORD    YEAR
 MAXIMUM TEMPERATURE (F)   64        83      1995
 MINIMUM TEMPERATURE (F)   45        25      1985


SUNRISE AND SUNSET
DECEMBER 13 2017......SUNRISE   709 AM CST   SUNSET   523 PM CST
DECEMBER 14 2017......SUNRISE   709 AM CST   SUNSET   523 PM CST


-  INDICATES NEGATIVE NUMBERS.
R  INDICATES RECORD WAS SET OR TIED.
MM INDICATES DATA IS MISSING.
T  INDICATES TRACE AMOUNT.


&&

...................................

...THE HOUSTON/HOBBY AIRPORT CLIMATE SUMMARY FOR DECEMBER 13 2017...
VALID TODAY AS OF 400 PM LOCAL TIME.

CLIMATE NORMAL PERIOD 1981 TO 2010
CLIMATE RECORD PERIOD 1930 TO 2017


WEATHER ITEM   OBSERVED TIME   RECORD YEAR NORMAL DEPARTURE LAST
                VALUE   (LST)  VALUE       VALUE  FROM      YEAR
                                                  NORMAL
..................................................................
TEMPERATURE (F)
 TODAY
  MAXIMUM         58    359 PM  81    1995  65     -7       80
  MINIMUM         35    716 AM  23    1989  47    -12       64
  AVERAGE         47                        56     -9       72

PRECIPITATION (IN)
  TODAY            0.00          1.91 2015   0.13  -0.13      T
  MONTH TO DATE    3.44                      1.76   1.68     2.37
  SINCE DEC 1      3.44                      1.76   1.68     2.37
  SINCE JAN 1     77.94                     52.38  25.56    55.50

SNOWFALL (IN)
  TODAY            0.0           T    1960   0.0    0.0      0.0
                                      1961
  MONTH TO DATE    1.5                       0.0    1.5      0.0
  SINCE DEC 1      1.5                       0.0    1.5      0.0
  SINCE JUL 1      1.5                       0.0    1.5      0.0
  SNOW DEPTH       0

DEGREE DAYS
 HEATING
  TODAY           18                        10      8        0
  MONTH TO DATE  150                       119     31      110
  SINCE DEC 1    150                       119     31      110
  SINCE JUL 1    231                       275    -44      147
..................................................................


WIND (MPH)
  RESULTANT WIND SPEED   3   RESULTANT WIND DIRECTION  SW (220)
  HIGHEST WIND SPEED    10   HIGHEST WIND DIRECTION    SW (240)
  HIGHEST GUST SPEED    14   HIGHEST GUST DIRECTION     W (260)
  AVERAGE WIND SPEED     3.1



WEATHER CONDITIONS
 THE FOLLOWING WEATHER WAS RECORDED TODAY.
  NO SIGNIFICANT WEATHER WAS OBSERVED.


RELATIVE HUMIDITY (PERCENT)
 HIGHEST    92           400 AM
 LOWEST     36          1200 PM
 AVERAGE    64

..........................................................


THE HOUSTON/HOBBY AIRPORT CLIMATE NORMALS FOR TOMORROW
                         NORMAL    RECORD    YEAR
 MAXIMUM TEMPERATURE (F)   65        82      1995
                                             1950
 MINIMUM TEMPERATURE (F)   47        27      1985
                                             1966


SUNRISE AND SUNSET
DECEMBER 13 2017......SUNRISE   708 AM CST   SUNSET   523 PM CST
DECEMBER 14 2017......SUNRISE   708 AM CST   SUNSET   524 PM CST


-  INDICATES NEGATIVE NUMBERS.
R  INDICATES RECORD WAS SET OR TIED.
MM INDICATES DATA IS MISSING.
T  INDICATES TRACE AMOUNT.

...MISCELLANEOUS CLIMATE DATA FOR TODAY...

LOCATION                        HIGH    LOW     PRECIP
PEARLAND                         58      32      0.00
SUGAR LAND                       60      33      0.00
TOMBALL                          59      31      0.00
CONROE                           58      27      0.00
HUNTSVILLE                       58      32      0.00
ANGLETON/LAKE JACKSON            62      31      0.00
PALACIOS                         61      35      0.00
LEAGUE CITY (NWS)                59      34      0.00


THIS PRODUCT...ALONG WITH OTHER WEATHER...HYDROLOGIC...AND CLIMATE
PRODUCTS...IS AVAILABLE ON THE WEB AT HTTP://WWW.WEATHER.GOV/HGX


$$
