000
CDUS44 KHGX 242220
CLIHOU

CLIMATE REPORT
NATIONAL WEATHER SERVICE HOUSTON/GALVESTON TX
417 PM CST TUE JAN 24 2017


...................................

...THE HOUSTON INTERCONTINENTAL CLIMATE SUMMARY FOR JANUARY 24 2017...
VALID TODAY AS OF 400 PM LOCAL TIME.

CLIMATE NORMAL PERIOD 1981 TO 2010
CLIMATE RECORD PERIOD 1892 TO 2017


WEATHER ITEM   OBSERVED TIME   RECORD YEAR NORMAL DEPARTURE LAST
                VALUE   (LST)  VALUE       VALUE  FROM      YEAR
                                                  NORMAL
..................................................................
TEMPERATURE (F)
 TODAY
  MAXIMUM         80    300 PM  82    1971  63     17       67
  MINIMUM         48    439 AM  18    1963  43      5       33
                                      1894
  AVERAGE         64                        53     11       50

PRECIPITATION (IN)
  TODAY            0.00          1.94 2011   0.11  -0.11     0.00
  MONTH TO DATE    6.09                      2.59   3.50     1.89
  SINCE DEC 1      9.65                      6.33   3.32     7.10
  SINCE JAN 1      6.09                      2.59   3.50     1.89

SNOWFALL (IN)
  TODAY            0.0           T    2014   0.0    0.0      0.0
                                      1926
  MONTH TO DATE    0.0                       0.0    0.0      0.0
  SINCE DEC 1      0.0                       0.1   -0.1      0.0
  SINCE JUL 1      0.0                       0.1   -0.1      0.0
  SNOW DEPTH       0

DEGREE DAYS
 HEATING
  TODAY            1                        12    -11       15
  MONTH TO DATE  151                       306   -155      338
  SINCE DEC 1    410                       660   -250      558
  SINCE JUL 1    468                       845   -377      671
..................................................................


WIND (MPH)
  RESULTANT WIND SPEED  10   RESULTANT WIND DIRECTION   S (170)
  HIGHEST WIND SPEED    21   HIGHEST WIND DIRECTION     S (160)
  HIGHEST GUST SPEED    27   HIGHEST GUST DIRECTION     S (180)
  AVERAGE WIND SPEED     9.7



WEATHER CONDITIONS
 THE FOLLOWING WEATHER WAS RECORDED TODAY.
  NO SIGNIFICANT WEATHER WAS OBSERVED.


RELATIVE HUMIDITY (PERCENT)
 HIGHEST    89           500 AM
 LOWEST     48           100 PM
 AVERAGE    69

..........................................................


THE HOUSTON INTERCONTINENTAL CLIMATE NORMALS FOR TOMORROW
                         NORMAL    RECORD    YEAR
 MAXIMUM TEMPERATURE (F)   63        81      1971
 MINIMUM TEMPERATURE (F)   44        19      1894


SUNRISE AND SUNSET
JANUARY 24 2017.......SUNRISE   715 AM CST   SUNSET   552 PM CST
JANUARY 25 2017.......SUNRISE   715 AM CST   SUNSET   553 PM CST


-  INDICATES NEGATIVE NUMBERS.
R  INDICATES RECORD WAS SET OR TIED.
MM INDICATES DATA IS MISSING.
T  INDICATES TRACE AMOUNT.


&&

...................................

...THE HOUSTON/HOBBY AIRPORT CLIMATE SUMMARY FOR JANUARY 24 2017...
VALID TODAY AS OF 400 PM LOCAL TIME.

CLIMATE NORMAL PERIOD 1981 TO 2010
CLIMATE RECORD PERIOD 1930 TO 2017


WEATHER ITEM   OBSERVED TIME   RECORD YEAR NORMAL DEPARTURE LAST
                VALUE   (LST)  VALUE       VALUE  FROM      YEAR
                                                  NORMAL
..................................................................
TEMPERATURE (F)
 TODAY
  MAXIMUM         79    216 PM  83    1971  63     16       69
  MINIMUM         53    402 AM  17    1963  45      8       38
  AVERAGE         66                        54     12       54

PRECIPITATION (IN)
  TODAY            0.00          2.30 2011   0.12  -0.12     0.00
  MONTH TO DATE    4.07                      2.96   1.11     2.14
  SINCE DEC 1      7.76                      6.99   0.77     5.63
  SINCE JAN 1      4.07                      2.96   1.11     2.14

SNOWFALL (IN)
  TODAY            0.0          MM      MM   0.0    0.0      0.0
  MONTH TO DATE    0.0                       0.0    0.0      0.0
  SINCE DEC 1      0.0                       0.0    0.0      0.0
  SINCE JUL 1      0.0                       0.0    0.0      0.0
  SNOW DEPTH       0

DEGREE DAYS
 HEATING
  TODAY            0                        11    -11       11
  MONTH TO DATE  131                       282   -151      292
  SINCE DEC 1    343                       602   -259      463
  SINCE JUL 1    380                       758   -378      537
..................................................................


WIND (MPH)
  RESULTANT WIND SPEED  11   RESULTANT WIND DIRECTION   S (180)
  HIGHEST WIND SPEED    22   HIGHEST WIND DIRECTION     S (180)
  HIGHEST GUST SPEED    28   HIGHEST GUST DIRECTION     S (190)
  AVERAGE WIND SPEED    11.2



WEATHER CONDITIONS
 THE FOLLOWING WEATHER WAS RECORDED TODAY.
  NO SIGNIFICANT WEATHER WAS OBSERVED.


RELATIVE HUMIDITY (PERCENT)
 HIGHEST    93           400 AM
 LOWEST     54           100 PM
 AVERAGE    74

..........................................................


THE HOUSTON/HOBBY AIRPORT CLIMATE NORMALS FOR TOMORROW
                         NORMAL    RECORD    YEAR
 MAXIMUM TEMPERATURE (F)   63        82      1971
                                             1950
 MINIMUM TEMPERATURE (F)   45        24      1963


SUNRISE AND SUNSET
JANUARY 24 2017.......SUNRISE   715 AM CST   SUNSET   552 PM CST
JANUARY 25 2017.......SUNRISE   714 AM CST   SUNSET   553 PM CST


-  INDICATES NEGATIVE NUMBERS.
R  INDICATES RECORD WAS SET OR TIED.
MM INDICATES DATA IS MISSING.
T  INDICATES TRACE AMOUNT.


...MISCELLANEOUS CLIMATE DATA FOR TODAY...

LOCATION                        HIGH    LOW     PRECIP
PEARLAND                         79      55      0.00
SUGAR LAND                       79      52      0.00
TOMBALL                          81      48      0.00
CONROE                           81      40      0.00
HUNTSVILLE                       80      52      0.00
ANGLETON/LAKE JACKSON            79      51      0.00
PALACIOS                         76      59       T
LEAGUE CITY (NWS)                76      57      0.00


THIS PRODUCT...ALONG WITH OTHER WEATHER...HYDROLOGIC...AND CLIMATE
PRODUCTS...IS AVAILABLE ON THE WEB AT HTTP://WWW.SRH.NOAA.GOV/HGX
OR AT HTTP://WEATHER.GOV


$$
