000
CDUS44 KHGX 251330
CLIHOU

CLIMATE REPORT
NATIONAL WEATHER SERVICE HOUSTON/GALVESTON TX
825 AM CDT MON SEP 25 2017

...MORNING CLIMATE DATA...

                            MORNING LOW    PRECIP SINCE MIDNIGHT
HOUSTON INTERCONTINENTAL         72                0.00
GALVESTON SCHOLES FIELD          82                0.00
BRYAN/COLLEGE STATION            71                0.00
HOUSTON HOBBY                    78                0.00

...................................

...THE HOUSTON INTERCONTINENTAL CLIMATE SUMMARY FOR SEPTEMBER 24 2017...

CLIMATE NORMAL PERIOD 1981 TO 2010
CLIMATE RECORD PERIOD 1892 TO 2017


WEATHER ITEM   OBSERVED TIME   RECORD YEAR NORMAL DEPARTURE LAST
                VALUE   (LST)  VALUE       VALUE  FROM      YEAR
                                                  NORMAL
..................................................................
TEMPERATURE (F)
 YESTERDAY
  MAXIMUM         92   1255 PM  95    2013  88      4       92
                                      2011
                                      2000
  MINIMUM         72    815 PM  48    1975  67      5       75
  AVERAGE         82                        78      4       84

PRECIPITATION (IN)
  YESTERDAY        0.01          2.22 1933   0.13  -0.12     0.69
  MONTH TO DATE    0.99                      3.35  -2.36     1.15
  SINCE SEP 1      0.99                      3.35  -2.36     1.15
  SINCE JAN 1     71.81                     35.22  36.59    54.72

DEGREE DAYS
 HEATING
  YESTERDAY        0                         0      0        0
  MONTH TO DATE    0                         0      0        0
  SINCE SEP 1      0                         0      0        0
  SINCE JUL 1      0                         0      0        0

 COOLING
  YESTERDAY       17                        13      4       19
  MONTH TO DATE  350                       374    -24      464
  SINCE SEP 1    350                       374    -24      464
  SINCE JAN 1   3002                      2756    246     2872
..................................................................


WIND (MPH)
  HIGHEST WIND SPEED    25   HIGHEST WIND DIRECTION     E (110)
  HIGHEST GUST SPEED    30   HIGHEST GUST DIRECTION    SE (120)




RELATIVE HUMIDITY (PERCENT)
 HIGHEST   100
 LOWEST     49
 AVERAGE    75

..........................................................


THE HOUSTON INTERCONTINENTAL CLIMATE NORMALS FOR TODAY
                         NORMAL    RECORD    YEAR
 MAXIMUM TEMPERATURE (F)   87        99      2005
 MINIMUM TEMPERATURE (F)   67        50      1994
                                             1989


SUNRISE AND SUNSET
SEPTEMBER 25 2017.....SUNRISE   712 AM CDT   SUNSET   714 PM CDT
SEPTEMBER 26 2017.....SUNRISE   712 AM CDT   SUNSET   713 PM CDT


-  INDICATES NEGATIVE NUMBERS.
R  INDICATES RECORD WAS SET OR TIED.
MM INDICATES DATA IS MISSING.
T  INDICATES TRACE AMOUNT.


&&

...................................

...THE HOUSTON/HOBBY AIRPORT CLIMATE SUMMARY FOR SEPTEMBER 24 2017...

CLIMATE NORMAL PERIOD 1981 TO 2010
CLIMATE RECORD PERIOD 1930 TO 2017


WEATHER ITEM   OBSERVED TIME   RECORD YEAR NORMAL DEPARTURE LAST
                VALUE   (LST)  VALUE       VALUE  FROM      YEAR
                                                  NORMAL
..................................................................
TEMPERATURE (F)
 YESTERDAY
  MAXIMUM         91    254 PM  94    2013  87      4       90
                                      2011
                                      2005
  MINIMUM         75    526 AM  54    1975  70      5       76
  AVERAGE         83                        78      5       83

PRECIPITATION (IN)
  YESTERDAY        0.00          2.60 1959   0.15  -0.15     0.69
  MONTH TO DATE    3.16                      4.31  -1.15     1.91
  SINCE SEP 1      3.16                      4.31  -1.15     1.91
  SINCE JAN 1     70.28                     39.41  30.87    49.22

DEGREE DAYS
 HEATING
  YESTERDAY        0                         0      0        0
  MONTH TO DATE    0                         0      0        0
  SINCE SEP 1      0                         0      0        0
  SINCE JUL 1      0                         0      0        0

 COOLING
  YESTERDAY       18                        13      5       18
  MONTH TO DATE  406                       379     27      475
  SINCE SEP 1    406                       379     27      475
  SINCE JAN 1   3205                      2720    485     3106
..................................................................


WIND (MPH)
  HIGHEST WIND SPEED    15   HIGHEST WIND DIRECTION     E (110)
  HIGHEST GUST SPEED    21   HIGHEST GUST DIRECTION     E (110)




RELATIVE HUMIDITY (PERCENT)
 HIGHEST    88
 LOWEST     52
 AVERAGE    70

..........................................................


THE HOUSTON/HOBBY AIRPORT CLIMATE NORMALS FOR TODAY
                         NORMAL    RECORD    YEAR
 MAXIMUM TEMPERATURE (F)   86        97      2005
 MINIMUM TEMPERATURE (F)   69        55      1989


SUNRISE AND SUNSET
SEPTEMBER 25 2017.....SUNRISE   711 AM CDT   SUNSET   714 PM CDT
SEPTEMBER 26 2017.....SUNRISE   712 AM CDT   SUNSET   712 PM CDT


-  INDICATES NEGATIVE NUMBERS.
R  INDICATES RECORD WAS SET OR TIED.
MM INDICATES DATA IS MISSING.
T  INDICATES TRACE AMOUNT.

...MISCELLANEOUS CLIMATE DATA FOR YESTERDAY...

LOCATION                        HIGH    LOW     PRECIP
PEARLAND                         92      74      0.00
SUGAR LAND                       93      74      0.00
TOMBALL                          92      71       T
CONROE                           91      66      0.01
HUNTSVILLE                       91      71      0.00
ANGLETON/LAKE JACKSON            91      73      0.00
PALACIOS                         89      75      0.04
LEAGUE CITY (NWS)                90      73      0.00


THIS PRODUCT...ALONG WITH OTHER WEATHER...HYDROLOGIC...AND CLIMATE
PRODUCTS...IS AVAILABLE ON THE WEB AT HTTP://WWW.WEATHER.GOV/HGX


$$
