000
CDUS44 KHGX 201329
CLIHOU

CLIMATE REPORT
NATIONAL WEATHER SERVICE HOUSTON/GALVESTON TX
829 AM CDT SAT SEP 20 2014


...MORNING CLIMATE DATA...

                            MORNING LOW    PRECIP SINCE MIDNIGHT
HOUSTON INTERCONTINENTAL         73                0.00
GALVESTON SCHOLES FIELD          79                0.00
BRYAN/COLLEGE STATION            73                0.00
HOUSTON HOBBY                    74                0.00

...................................



...THE HOUSTON INTERCONTINENTAL CLIMATE SUMMARY FOR SEPTEMBER 19 2014...

CLIMATE NORMAL PERIOD 1981 TO 2010
CLIMATE RECORD PERIOD 1892 TO 2014


WEATHER ITEM   OBSERVED TIME   RECORD YEAR NORMAL DEPARTURE LAST
                VALUE   (LST)  VALUE       VALUE  FROM      YEAR
                                                  NORMAL
..................................................................
TEMPERATURE (F)
 YESTERDAY
  MAXIMUM         84    146 PM  97    1995  89     -5       93
                                      1956
                                      1906
  MINIMUM         73   1159 PM  51    1981  69      4       75
  AVERAGE         79                        79      0       84

PRECIPITATION (IN)
  YESTERDAY        0.20          6.92 1979   0.12   0.08     0.01
  MONTH TO DATE    3.88                      2.71   1.17     0.57
  SINCE SEP 1      3.88                      2.71   1.17     0.57
  SINCE JAN 1     31.77                     34.58  -2.81    21.77

DEGREE DAYS
 HEATING
  YESTERDAY        0                         0      0        0
  MONTH TO DATE    0                         0      0        0
  SINCE SEP 1      0                         0      0        0
  SINCE JUL 1      0                         0      0        0

 COOLING
  YESTERDAY       14                        14      0       19
  MONTH TO DATE  323                       308     15      369
  SINCE SEP 1    323                       308     15      369
  SINCE JAN 1   2599                      2690    -91     2762
..................................................................


WIND (MPH)
  HIGHEST WIND SPEED    13   HIGHEST WIND DIRECTION     E (110)
  HIGHEST GUST SPEED    16   HIGHEST GUST DIRECTION    SE (120)




RELATIVE HUMIDITY (PERCENT)
 HIGHEST   100
 LOWEST     74
 AVERAGE    87

..........................................................


THE HOUSTON INTERCONTINENTAL CLIMATE NORMALS FOR TODAY
                         NORMAL    RECORD    YEAR
 MAXIMUM TEMPERATURE (F)   89        99      1999
 MINIMUM TEMPERATURE (F)   69        54      1901
                                             1889


SUNRISE AND SUNSET
SEPTEMBER 20 2014.....SUNRISE   709 AM CDT   SUNSET   720 PM CDT
SEPTEMBER 21 2014.....SUNRISE   709 AM CDT   SUNSET   719 PM CDT


-  INDICATES NEGATIVE NUMBERS.
R  INDICATES RECORD WAS SET OR TIED.
MM INDICATES DATA IS MISSING.
T  INDICATES TRACE AMOUNT.




...................................

...THE HOUSTON/HOBBY AIRPORT CLIMATE SUMMARY FOR SEPTEMBER 19 2014...

CLIMATE NORMAL PERIOD 1981 TO 2010
CLIMATE RECORD PERIOD 1930 TO 2014


WEATHER ITEM   OBSERVED TIME   RECORD YEAR NORMAL DEPARTURE LAST
                VALUE   (LST)  VALUE       VALUE  FROM      YEAR
                                                  NORMAL
..................................................................
TEMPERATURE (F)
 YESTERDAY
  MAXIMUM         82    317 PM 101    1956  88     -6       90
  MINIMUM         74    949 AM  55    1981  71      3       78
  AVERAGE         78                        79     -1       84

PRECIPITATION (IN)
  YESTERDAY        0.93          8.83 1979   0.15   0.78     0.61
  MONTH TO DATE    4.55                      3.56   0.99     1.96
  SINCE SEP 1      4.55                      3.56   0.99     1.96
  SINCE JAN 1     29.08                     38.66  -9.58    24.83

DEGREE DAYS
 HEATING
  YESTERDAY        0                         0      0        0
  MONTH TO DATE    0                         0      0        0
  SINCE SEP 1      0                         0      0        0
  SINCE JUL 1      0                         0      0        0

 COOLING
  YESTERDAY       13                        14     -1       19
  MONTH TO DATE  330                       311     19      378
  SINCE SEP 1    330                       311     19      378
  SINCE JAN 1   2634                      2652    -18     2804
..................................................................


WIND (MPH)
  HIGHEST WIND SPEED     9   HIGHEST WIND DIRECTION     E (100)
  HIGHEST GUST SPEED    12   HIGHEST GUST DIRECTION     E (100)




RELATIVE HUMIDITY (PERCENT)
 HIGHEST   100
 LOWEST     79
 AVERAGE    90

..........................................................


THE HOUSTON/HOBBY AIRPORT CLIMATE NORMALS FOR TODAY
                         NORMAL    RECORD    YEAR
 MAXIMUM TEMPERATURE (F)   88        98      1956
 MINIMUM TEMPERATURE (F)   71        59      1981
                                             1971
                                             1938


SUNRISE AND SUNSET
SEPTEMBER 20 2014.....SUNRISE   708 AM CDT   SUNSET   720 PM CDT
SEPTEMBER 21 2014.....SUNRISE   709 AM CDT   SUNSET   719 PM CDT


-  INDICATES NEGATIVE NUMBERS.
R  INDICATES RECORD WAS SET OR TIED.
MM INDICATES DATA IS MISSING.
T  INDICATES TRACE AMOUNT.



...MISCELLANEOUS CLIMATE DATA FOR YESTERDAY...

LOCATION                        HIGH    LOW     PRECIP

PEARLAND                         82      74      0.80
SUGAR LAND                       84      74      2.18
TOMBALL                          84      73      0.34
CONROE                           85      71      0.62
HUNTSVILLE                       86      73       T
ANGLETON/LAKE JACKSON            80      74      1.25
PALACIOS                         84      76      0.10
LEAGUE CITY (NWS)                80      74      0.51


THIS PRODUCT...ALONG WITH OTHER WEATHER...HYDROLOGIC...AND CLIMATE
PRODUCTS...IS AVAILABLE ON THE WEB AT HTTP://WWW.SRH.NOAA.GOV/HGX
OR AT HTTP://WEATHER.GOV


$$
