000
CDUS46 KSEW 220833
CLIHQM


CLIMATE REPORT
NATIONAL WEATHER SERVICE SEATTLE WA
1232 AM PST SUN JAN 22 2017


...................................

...THE HOQUIAM WA AIRPORT CLIMATE SUMMARY FOR JANUARY 21 2017...

CLIMATE NORMAL PERIOD 1981 TO 2010
CLIMATE RECORD PERIOD 1953 TO 2017


WEATHER ITEM   OBSERVED TIME   RECORD YEAR NORMAL DEPARTURE LAST
                VALUE   (LST)  VALUE       VALUE  FROM      YEAR
                                                  NORMAL
..................................................................
TEMPERATURE (F)
 YESTERDAY
  MAXIMUM         50   1210 PM  59    2005  48      2       55
  MINIMUM         38    804 AM  17    1962  38      0       44
  AVERAGE         44                        43      1       50

PRECIPITATION (IN)
  YESTERDAY        0.04          3.98 2016   0.33  -0.29     3.97
  MONTH TO DATE    4.87                      7.34  -2.47     9.35
  SINCE OCT 1     46.41                     35.00  11.41    42.77
  SINCE JAN 1      4.87                      7.34  -2.47     9.35

DEGREE DAYS
 HEATING
  YESTERDAY       21                        22     -1       15
  MONTH TO DATE  569                       473     96      464
  SINCE DEC 1   1377                      1200    177     1130

 COOLING
  YESTERDAY        0                         0      0        0
  MONTH TO DATE    0                         0      0        0
  SINCE DEC 1      0                         0      0        0
  SINCE JAN 1      0                         0      0        0
..................................................................


WIND (MPH)
  RESULTANT WIND SPEED   9   RESULTANT WIND DIRECTION   E (70)
  HIGHEST WIND SPEED    16   HIGHEST WIND DIRECTION    SE (120)
  HIGHEST GUST SPEED    18   HIGHEST GUST DIRECTION    SE (130)
  AVERAGE WIND SPEED     9.1


SKY COVER
  AVERAGE SKY COVER 0.9


WEATHER CONDITIONS
 THE FOLLOWING WEATHER WAS RECORDED YESTERDAY.
  LIGHT RAIN
  FOG


RELATIVE HUMIDITY (PERCENT)
 HIGHEST   100           300 AM
 LOWEST     80          1200 PM
 AVERAGE    90

..........................................................


THE HOQUIAM WA AIRPORT CLIMATE NORMALS FOR TODAY
                         NORMAL    RECORD    YEAR
 MAXIMUM TEMPERATURE (F)   48        58      1981
 MINIMUM TEMPERATURE (F)   38        20      1969
                                             1962


SUNRISE AND SUNSET
JANUARY 22 2017.......SUNRISE   751 AM PST   SUNSET   504 PM PST
JANUARY 23 2017.......SUNRISE   750 AM PST   SUNSET   506 PM PST


-  INDICATES NEGATIVE NUMBERS.
R  INDICATES RECORD WAS SET OR TIED.
MM INDICATES DATA IS MISSING.
T  INDICATES TRACE AMOUNT.




$$
