000
CDUS46 KSEW 240834
CLIHQM


CLIMATE REPORT
NATIONAL WEATHER SERVICE SEATTLE WA
1234 AM PST FRI FEB 24 2017


...................................

...THE HOQUIAM WA AIRPORT CLIMATE SUMMARY FOR FEBRUARY 23 2017...

CLIMATE NORMAL PERIOD 1981 TO 2010
CLIMATE RECORD PERIOD 1953 TO 2017


WEATHER ITEM   OBSERVED TIME   RECORD YEAR NORMAL DEPARTURE LAST
                VALUE   (LST)  VALUE       VALUE  FROM      YEAR
                                                  NORMAL
..................................................................
TEMPERATURE (F)
 YESTERDAY
  MAXIMUM         45    449 PM  64    2005  50     -5       56
                                      1995
  MINIMUM         27R   726 AM  29    1960  38    -11       38
  AVERAGE         36                        44     -8       47

PRECIPITATION (IN)
  YESTERDAY        T             2.76 1986   0.25  -0.25     0.00
  MONTH TO DATE    6.66                      6.00   0.66     6.90
  SINCE OCT 1     53.29                     43.99   9.30    54.62
  SINCE JAN 1     11.75                     16.33  -4.58    21.20

DEGREE DAYS
 HEATING
  YESTERDAY       29                        21      8       18
  MONTH TO DATE  516                       493     23      391
  SINCE DEC 1   2122                      1914    208     1700

 COOLING
  YESTERDAY        0                         0      0        0
  MONTH TO DATE    0                         0      0        0
  SINCE DEC 1      0                         0      0        0
  SINCE JAN 1      0                         0      0        0
..................................................................


WIND (MPH)
  RESULTANT WIND SPEED   2   RESULTANT WIND DIRECTION   E (80)
  HIGHEST WIND SPEED    14   HIGHEST WIND DIRECTION    SW (220)
  HIGHEST GUST SPEED    16   HIGHEST GUST DIRECTION    SW (240)
  AVERAGE WIND SPEED     5.6


SKY COVER
  AVERAGE SKY COVER 0.3


WEATHER CONDITIONS
 THE FOLLOWING WEATHER WAS RECORDED YESTERDAY.
  MIXED PRECIP
  LIGHT RAIN
  FOG
  FOG W/VISIBILITY <= 1/4 MILE


RELATIVE HUMIDITY (PERCENT)
 HIGHEST   100          1200 AM
 LOWEST     65           400 PM
 AVERAGE    83

..........................................................


THE HOQUIAM WA AIRPORT CLIMATE NORMALS FOR TODAY
                         NORMAL    RECORD    YEAR
 MAXIMUM TEMPERATURE (F)   51        63      1970
 MINIMUM TEMPERATURE (F)   38        26      2006


SUNRISE AND SUNSET
FEBRUARY 24 2017......SUNRISE   704 AM PST   SUNSET   554 PM PST
FEBRUARY 25 2017......SUNRISE   702 AM PST   SUNSET   556 PM PST


-  INDICATES NEGATIVE NUMBERS.
R  INDICATES RECORD WAS SET OR TIED.
MM INDICATES DATA IS MISSING.
T  INDICATES TRACE AMOUNT.




$$
