000
CDUS46 KSEW 020826
CLIHQM


CLIMATE REPORT
NATIONAL WEATHER SERVICE SEATTLE WA
126 AM PDT TUE SEP 2 2014


...................................

...THE HOQUIAM WA AIRPORT CLIMATE SUMMARY FOR SEPTEMBER 1 2014...

CLIMATE NORMAL PERIOD 1981 TO 2010
CLIMATE RECORD PERIOD 1953 TO 2014


WEATHER ITEM   OBSERVED TIME   RECORD YEAR NORMAL DEPARTURE LAST
                VALUE   (LST)  VALUE       VALUE  FROM      YEAR
                                                  NORMAL
..................................................................
TEMPERATURE (F)
 YESTERDAY
  MAXIMUM         68    310 PM  91    2006  68      0       72
  MINIMUM         57   1148 PM  43    1960  53      4       58
  AVERAGE         63                        60      3       65

PRECIPITATION (IN)
  YESTERDAY        0.00          1.76 1971   0.06  -0.06     0.00
  MONTH TO DATE    0.00                      0.06  -0.06     0.00
  SINCE OCT 1     55.76                     65.33  -9.57    47.95
  SINCE JAN 1     43.65                     37.67   5.98    34.34

DEGREE DAYS
 HEATING
  YESTERDAY        2                         5     -3        0
  MONTH TO DATE    2                         5     -3        0
  SINCE SEP 1      2                         5     -3        0

 COOLING
  YESTERDAY        0                         0      0        0
  MONTH TO DATE    0                         0      0        0
  SINCE SEP 1      0                         0      0        0
  SINCE JAN 1     30                        16     14       13
..................................................................


WIND (MPH)
  RESULTANT WIND SPEED   4   RESULTANT WIND DIRECTION   W (250)
  HIGHEST WIND SPEED    15   HIGHEST WIND DIRECTION    SW (220)
  HIGHEST GUST SPEED    19   HIGHEST GUST DIRECTION     W (270)
  AVERAGE WIND SPEED     6.6


SKY COVER
  AVERAGE SKY COVER 0.8


WEATHER CONDITIONS
 THE FOLLOWING WEATHER WAS RECORDED YESTERDAY.
  FOG


RELATIVE HUMIDITY (PERCENT)
 HIGHEST   100          1100 PM
 LOWEST     81          1200 PM
 AVERAGE    91

..........................................................


THE HOQUIAM WA AIRPORT CLIMATE NORMALS FOR TODAY
                         NORMAL    RECORD    YEAR
 MAXIMUM TEMPERATURE (F)   68        96      1988
 MINIMUM TEMPERATURE (F)   53        44      1960
                                             1959


SUNRISE AND SUNSET
SEPTEMBER  2 2014.....SUNRISE   637 AM PDT   SUNSET   753 PM PDT
SEPTEMBER  3 2014.....SUNRISE   638 AM PDT   SUNSET   751 PM PDT


-  INDICATES NEGATIVE NUMBERS.
R  INDICATES RECORD WAS SET OR TIED.
MM INDICATES DATA IS MISSING.
T  INDICATES TRACE AMOUNT.




$$
