000
CDUS46 KSEW 110830
CLIHQM


CLIMATE REPORT
NATIONAL WEATHER SERVICE SEATTLE WA
1230 AM PST SUN DEC 11 2016


...................................

...THE HOQUIAM WA AIRPORT CLIMATE SUMMARY FOR DECEMBER 10 2016...

CLIMATE NORMAL PERIOD 1981 TO 2010
CLIMATE RECORD PERIOD 1953 TO 2016


WEATHER ITEM   OBSERVED TIME   RECORD YEAR NORMAL DEPARTURE LAST
                VALUE   (LST)  VALUE       VALUE  FROM      YEAR
                                                  NORMAL
..................................................................
TEMPERATURE (F)
 YESTERDAY
  MAXIMUM         47    245 PM  60    2014  46      1       53
  MINIMUM         34    719 AM  15    1972  37     -3       44
  AVERAGE         41                        42     -1       49

PRECIPITATION (IN)
  YESTERDAY        0.54          1.77 1955   0.31   0.23     0.83
  MONTH TO DATE    3.18                      3.32  -0.14     8.59
  SINCE OCT 1     34.95                     21.02  13.93    25.82
  SINCE JAN 1     79.86                     60.91  18.95    57.22

DEGREE DAYS
 HEATING
  YESTERDAY       24                        23      1       16
  MONTH TO DATE  248                       228     20      156
  SINCE DEC 1    248                       228     20      156

 COOLING
  YESTERDAY        0                         0      0        0
  MONTH TO DATE    0                         0      0        0
  SINCE DEC 1      0                         0      0        0
  SINCE JAN 1     50                        23     27       35
..................................................................


WIND (MPH)
  RESULTANT WIND SPEED   2   RESULTANT WIND DIRECTION  NE (60)
  HIGHEST WIND SPEED    33   HIGHEST WIND DIRECTION    SW (220)
  HIGHEST GUST SPEED    40   HIGHEST GUST DIRECTION    SW (220)
  AVERAGE WIND SPEED    10.1


SKY COVER
  AVERAGE SKY COVER 0.8


WEATHER CONDITIONS
 THE FOLLOWING WEATHER WAS RECORDED YESTERDAY.
  HEAVY RAIN
  RAIN
  LIGHT RAIN
  FOG


RELATIVE HUMIDITY (PERCENT)
 HIGHEST   100          1200 AM
 LOWEST     83           800 PM
 AVERAGE    92

..........................................................


THE HOQUIAM WA AIRPORT CLIMATE NORMALS FOR TODAY
                         NORMAL    RECORD    YEAR
 MAXIMUM TEMPERATURE (F)   46        57      2006
                                             1976
 MINIMUM TEMPERATURE (F)   37        18      2009


SUNRISE AND SUNSET
DECEMBER 11 2016......SUNRISE   752 AM PST   SUNSET   427 PM PST
DECEMBER 12 2016......SUNRISE   753 AM PST   SUNSET   427 PM PST


-  INDICATES NEGATIVE NUMBERS.
R  INDICATES RECORD WAS SET OR TIED.
MM INDICATES DATA IS MISSING.
T  INDICATES TRACE AMOUNT.




$$
