000
CDUS46 KSEW 240831
CLIHQM


CLIMATE REPORT
NATIONAL WEATHER SERVICE SEATTLE WA
130 AM PDT TUE MAY 24 2016


...................................

...THE HOQUIAM WA AIRPORT CLIMATE SUMMARY FOR MAY 23 2016...

CLIMATE NORMAL PERIOD 1981 TO 2010
CLIMATE RECORD PERIOD 1953 TO 2016


WEATHER ITEM   OBSERVED TIME   RECORD YEAR NORMAL DEPARTURE LAST
                VALUE   (LST)  VALUE       VALUE  FROM      YEAR
                                                  NORMAL
..................................................................
TEMPERATURE (F)
 YESTERDAY
  MAXIMUM         63   1233 PM  84    1999  61      2       59
  MINIMUM         50   1140 PM  37    1964  48      2       52
  AVERAGE         57                        54      3       56

PRECIPITATION (IN)
  YESTERDAY        0.00          1.71 1973   0.10  -0.10      T
  MONTH TO DATE    0.54                      2.52  -1.98     0.28
  SINCE OCT 1     72.41                     59.81  12.60    57.53
  SINCE JAN 1     38.99                     32.15   6.84    26.11

DEGREE DAYS
 HEATING
  YESTERDAY        8                        11     -3        9
  MONTH TO DATE  209                       287    -78      253
  SINCE MAR 1   1066                      1365   -299     1188

 COOLING
  YESTERDAY        0                         0      0        0
  MONTH TO DATE    1                         0      1        0
  SINCE MAR 1      5                         0      5        0
  SINCE JAN 1      5                         0      5        0
..................................................................


WIND (MPH)
  RESULTANT WIND SPEED   5   RESULTANT WIND DIRECTION  SW (230)
  HIGHEST WIND SPEED    16   HIGHEST WIND DIRECTION    SW (240)
  HIGHEST GUST SPEED    20   HIGHEST GUST DIRECTION     W (250)
  AVERAGE WIND SPEED     7.4


SKY COVER
  AVERAGE SKY COVER 0.6


WEATHER CONDITIONS
 THE FOLLOWING WEATHER WAS RECORDED YESTERDAY.
  FOG


RELATIVE HUMIDITY (PERCENT)
 HIGHEST   100           300 AM
 LOWEST     72          1200 PM
 AVERAGE    86

..........................................................


THE HOQUIAM WA AIRPORT CLIMATE NORMALS FOR TODAY
                         NORMAL    RECORD    YEAR
 MAXIMUM TEMPERATURE (F)   61        86      1993
                                             1992
 MINIMUM TEMPERATURE (F)   48        40      2002
                                             1988


SUNRISE AND SUNSET
MAY 24 2016...........SUNRISE   530 AM PDT   SUNSET   856 PM PDT
MAY 25 2016...........SUNRISE   529 AM PDT   SUNSET   857 PM PDT


-  INDICATES NEGATIVE NUMBERS.
R  INDICATES RECORD WAS SET OR TIED.
MM INDICATES DATA IS MISSING.
T  INDICATES TRACE AMOUNT.




$$
