000
CDUS46 KSEW 030834
CLIHQM


CLIMATE REPORT
NATIONAL WEATHER SERVICE SEATTLE WA
133 AM PDT TUE MAY 3 2016


...................................

...THE HOQUIAM WA AIRPORT CLIMATE SUMMARY FOR MAY 2 2016...

CLIMATE NORMAL PERIOD 1981 TO 2010
CLIMATE RECORD PERIOD 1953 TO 2016


WEATHER ITEM   OBSERVED TIME   RECORD YEAR NORMAL DEPARTURE LAST
                VALUE   (LST)  VALUE       VALUE  FROM      YEAR
                                                  NORMAL
..................................................................
TEMPERATURE (F)
 YESTERDAY
  MAXIMUM         78R  1038 AM  68    1971  58     20       60
  MINIMUM         53    534 AM  36    2006  44      9       41
                                      1965
  AVERAGE         66                        51     15       51

PRECIPITATION (IN)
  YESTERDAY        T             1.53 1975   0.12  -0.12     0.00
  MONTH TO DATE    T                         0.25  -0.25     0.00
  SINCE OCT 1     71.87                     57.54  14.33    57.25
  SINCE JAN 1     38.45                     29.88   8.57    25.83

DEGREE DAYS
 HEATING
  YESTERDAY        0                        14    -14       14
  MONTH TO DATE    4                        28    -24       26
  SINCE MAR 1    861                      1106   -245      961

 COOLING
  YESTERDAY        1                         0      1        0
  MONTH TO DATE    1                         0      1        0
  SINCE MAR 1      5                         0      5        0
  SINCE JAN 1      5                         0      5        0
..................................................................


WIND (MPH)
  RESULTANT WIND SPEED   2   RESULTANT WIND DIRECTION   S (200)
  HIGHEST WIND SPEED    21   HIGHEST WIND DIRECTION    SW (230)
  HIGHEST GUST SPEED    26   HIGHEST GUST DIRECTION    SW (240)
  AVERAGE WIND SPEED    10.5


SKY COVER
  AVERAGE SKY COVER 0.1


WEATHER CONDITIONS
 THE FOLLOWING WEATHER WAS RECORDED YESTERDAY.
  LIGHT RAIN
  FOG


RELATIVE HUMIDITY (PERCENT)
 HIGHEST   100          1100 PM
 LOWEST     46          1000 AM
 AVERAGE    73

..........................................................


THE HOQUIAM WA AIRPORT CLIMATE NORMALS FOR TODAY
                         NORMAL    RECORD    YEAR
 MAXIMUM TEMPERATURE (F)   58        83      1992
 MINIMUM TEMPERATURE (F)   44        35      2006


SUNRISE AND SUNSET
MAY  3 2016...........SUNRISE   556 AM PDT   SUNSET   830 PM PDT
MAY  4 2016...........SUNRISE   555 AM PDT   SUNSET   831 PM PDT


-  INDICATES NEGATIVE NUMBERS.
R  INDICATES RECORD WAS SET OR TIED.
MM INDICATES DATA IS MISSING.
T  INDICATES TRACE AMOUNT.




$$
