000
CDUS46 KSEW 280830
CLIHQM


CLIMATE REPORT
NATIONAL WEATHER SERVICE SEATTLE WA
130 AM PDT FRI APR 28 2017


...................................

...THE HOQUIAM WA AIRPORT CLIMATE SUMMARY FOR APRIL 27 2017...

CLIMATE NORMAL PERIOD 1981 TO 2010
CLIMATE RECORD PERIOD 1953 TO 2017


WEATHER ITEM   OBSERVED TIME   RECORD YEAR NORMAL DEPARTURE LAST
                VALUE   (LST)  VALUE       VALUE  FROM      YEAR
                                                  NORMAL
..................................................................
TEMPERATURE (F)
 YESTERDAY
  MAXIMUM         54    220 PM  83    1987  57     -3       62
  MINIMUM         43   1117 PM  29    1954  43      0       46
  AVERAGE         49                        50     -1       54

PRECIPITATION (IN)
  YESTERDAY        T             2.23 1981   0.14  -0.14     0.02
  MONTH TO DATE    7.49                      4.70   2.79     2.68
  SINCE OCT 1     77.76                     56.89  20.87    71.87
  SINCE JAN 1     36.22                     29.23   6.99    38.45

DEGREE DAYS
 HEATING
  YESTERDAY       16                        15      1       11
  MONTH TO DATE  420                       444    -24      294
  SINCE MAR 1   1023                      1033    -10      822

 COOLING
  YESTERDAY        0                         0      0        0
  MONTH TO DATE    0                         0      0        4
  SINCE MAR 1      0                         0      0        4
  SINCE JAN 1      0                         0      0        4
..................................................................


WIND (MPH)
  RESULTANT WIND SPEED   9   RESULTANT WIND DIRECTION   W (260)
  HIGHEST WIND SPEED    23   HIGHEST WIND DIRECTION     W (260)
  HIGHEST GUST SPEED    32   HIGHEST GUST DIRECTION     W (250)
  AVERAGE WIND SPEED    10.0


SKY COVER
  AVERAGE SKY COVER 0.5


WEATHER CONDITIONS
 THE FOLLOWING WEATHER WAS RECORDED YESTERDAY.
  LIGHT RAIN
  HAZE


RELATIVE HUMIDITY (PERCENT)
 HIGHEST    89           600 AM
 LOWEST     59           100 PM
 AVERAGE    74

..........................................................


THE HOQUIAM WA AIRPORT CLIMATE NORMALS FOR TODAY
                         NORMAL    RECORD    YEAR
 MAXIMUM TEMPERATURE (F)   57        73      1957
 MINIMUM TEMPERATURE (F)   43        31      1964


SUNRISE AND SUNSET
APRIL 28 2017.........SUNRISE   604 AM PDT   SUNSET   823 PM PDT
APRIL 29 2017.........SUNRISE   603 AM PDT   SUNSET   824 PM PDT


-  INDICATES NEGATIVE NUMBERS.
R  INDICATES RECORD WAS SET OR TIED.
MM INDICATES DATA IS MISSING.
T  INDICATES TRACE AMOUNT.




$$
