410
CDUS46 KSEW 240120
CLIHQM


CLIMATE REPORT
NATIONAL WEATHER SERVICE SEATTLE WA
620 PM PDT MON OCT 23 2017


...................................

...THE HOQUIAM WA AIRPORT CLIMATE SUMMARY FOR OCTOBER 23 2017...
VALID TODAY AS OF 0600 PM LOCAL TIME.

CLIMATE NORMAL PERIOD 1981 TO 2010
CLIMATE RECORD PERIOD 1953 TO 2017


WEATHER ITEM   OBSERVED TIME   RECORD YEAR NORMAL DEPARTURE LAST
                VALUE   (LST)  VALUE       VALUE  FROM      YEAR
                                                  NORMAL
..................................................................
TEMPERATURE (F)
 TODAY
  MAXIMUM         65    432 PM  73    2007  57      8       61
  MINIMUM         45   1210 AM  32    1954  44      1       51
  AVERAGE         55                        51      4       56

PRECIPITATION (IN)
  TODAY            0.00          2.20 1996   0.25  -0.25     0.08
  MONTH TO DATE    7.13                      4.23   2.90    13.50
  SINCE OCT 1      7.13                      4.23   2.90    13.50
  SINCE JAN 1     52.63                     44.12   8.51    58.41

DEGREE DAYS
 HEATING
  TODAY           10                        14     -4        9
  MONTH TO DATE  297                       271     26      253
  SINCE SEP 1    439                       467    -28      455

 COOLING
  TODAY            0                         0      0        0
  MONTH TO DATE    0                         0      0        0
  SINCE SEP 1     32                         7     25        1
  SINCE JAN 1     77                        23     54       50
..................................................................


WIND (MPH)
  RESULTANT WIND SPEED   7   RESULTANT WIND DIRECTION   E (70)
  HIGHEST WIND SPEED    10   HIGHEST WIND DIRECTION     E (80)
  HIGHEST GUST SPEED    12   HIGHEST GUST DIRECTION     E (80)
  AVERAGE WIND SPEED     7.3


SKY COVER
  AVERAGE SKY COVER 0.6


WEATHER CONDITIONS
 THE FOLLOWING WEATHER WAS RECORDED TODAY.
  FOG


RELATIVE HUMIDITY (PERCENT)
 HIGHEST   100          1200 AM
 LOWEST     56           400 PM
 AVERAGE    78

..........................................................


THE HOQUIAM WA AIRPORT CLIMATE NORMALS FOR TOMORROW
                         NORMAL    RECORD    YEAR
 MAXIMUM TEMPERATURE (F)   57        71      1965
 MINIMUM TEMPERATURE (F)   44        33      1954


SUNRISE AND SUNSET
OCTOBER 23 2017.......SUNRISE   746 AM PDT   SUNSET   614 PM PDT
OCTOBER 24 2017.......SUNRISE   747 AM PDT   SUNSET   612 PM PDT


-  INDICATES NEGATIVE NUMBERS.
R  INDICATES RECORD WAS SET OR TIED.
MM INDICATES DATA IS MISSING.
T  INDICATES TRACE AMOUNT.




$$
