000
CDUS46 KSEW 270122
CLIHQM


CLIMATE REPORT
NATIONAL WEATHER SERVICE SEATTLE WA
622 PM PDT SUN MAR 26 2017


...................................

...THE HOQUIAM WA AIRPORT CLIMATE SUMMARY FOR MARCH 26 2017...
VALID TODAY AS OF 0600 PM LOCAL TIME.

CLIMATE NORMAL PERIOD 1981 TO 2010
CLIMATE RECORD PERIOD 1953 TO 2017


WEATHER ITEM   OBSERVED TIME   RECORD YEAR NORMAL DEPARTURE LAST
                VALUE   (LST)  VALUE       VALUE  FROM      YEAR
                                                  NORMAL
..................................................................
TEMPERATURE (F)
 TODAY
  MAXIMUM         48    459 PM  70    1994  53     -5       57
                                      1969
  MINIMUM         42    543 AM  29    1972  41      1       42
  AVERAGE         45                        47     -2       50

PRECIPITATION (IN)
  TODAY            0.44          2.11 2005   0.22   0.22     0.18
  MONTH TO DATE   13.27                      5.91   7.36    13.08
  SINCE OCT 1     67.60                     51.11  16.49    69.02
  SINCE JAN 1     26.06                     23.45   2.61    35.60

DEGREE DAYS
 HEATING
  TODAY           20                        18      2       15
  MONTH TO DATE  516                       497     19      444
  SINCE MAR 1    516                       497     19      444

 COOLING
  TODAY            0                         0      0        0
  MONTH TO DATE    0                         0      0        0
  SINCE MAR 1      0                         0      0        0
  SINCE JAN 1      0                         0      0        0
..................................................................


WIND (MPH)
  RESULTANT WIND SPEED  11   RESULTANT WIND DIRECTION   E (70)
  HIGHEST WIND SPEED    16   HIGHEST WIND DIRECTION    NE (50)
  HIGHEST GUST SPEED    22   HIGHEST GUST DIRECTION    NE (50)
  AVERAGE WIND SPEED    10.8


SKY COVER
  AVERAGE SKY COVER 1.0


WEATHER CONDITIONS
 THE FOLLOWING WEATHER WAS RECORDED TODAY.
  LIGHT RAIN
  FOG


RELATIVE HUMIDITY (PERCENT)
 HIGHEST   100           500 AM
 LOWEST     89          1200 AM
 AVERAGE    95

..........................................................


THE HOQUIAM WA AIRPORT CLIMATE NORMALS FOR TOMORROW
                         NORMAL    RECORD    YEAR
 MAXIMUM TEMPERATURE (F)   53        77      1994
 MINIMUM TEMPERATURE (F)   41        30      1991


SUNRISE AND SUNSET
MARCH 26 2017.........SUNRISE   706 AM PDT   SUNSET   737 PM PDT
MARCH 27 2017.........SUNRISE   704 AM PDT   SUNSET   739 PM PDT


-  INDICATES NEGATIVE NUMBERS.
R  INDICATES RECORD WAS SET OR TIED.
MM INDICATES DATA IS MISSING.
T  INDICATES TRACE AMOUNT.




$$
