000
CDUS44 KBRO 022226
CLIHRL


CLIMATE REPORT
NATIONAL WEATHER SERVICE BROWNSVILLE TX
426 PM CST FRI DEC 2 2016


...................................

...THE HARLINGEN CLIMATE SUMMARY FOR DECEMBER 2 2016...
VALID TODAY AS OF 0400 PM LOCAL TIME.

CLIMATE NORMAL PERIOD 1981 TO 2010
CLIMATE RECORD PERIOD 1912 TO 2016


WEATHER ITEM   OBSERVED TIME   RECORD YEAR NORMAL DEPARTURE LAST
                VALUE   (LST)  VALUE       VALUE  FROM      YEAR
                                                  NORMAL
..................................................................
TEMPERATURE (F)
 TODAY
  MAXIMUM         82    348 PM  91    1921  74      8       67
  MINIMUM         69   1215 AM  36    1972  53     16       54
  AVERAGE         76                        63     13       61

PRECIPITATION (IN)
  TODAY            0.33R         0.31 1914   0.06   0.27     0.00
  MONTH TO DATE    0.33                      0.10   0.23     0.02
  SINCE DEC 1      0.33                      0.10   0.23     0.02
  SINCE JAN 1     20.59                     24.02  -3.43    32.92

SNOWFALL (IN)
  TODAY            0.0
  MONTH TO DATE    0.0
  SINCE DEC 1      0.0
  SINCE JUL 1      0.0
  SNOW DEPTH       0

DEGREE DAYS
 HEATING
  TODAY            0                         5     -5        4
  MONTH TO DATE    0                         9     -9        9
  SINCE DEC 1      0                         9     -9        9
  SINCE JUL 1     15                        66    -51       45

 COOLING
  TODAY           11                         3      8        0
  MONTH TO DATE   11                         6      5        0
  SINCE DEC 1     11                         6      5        0
  SINCE JAN 1   4649                      3940    709     4244
..................................................................


WIND (MPH)
  HIGHEST WIND SPEED    17   HIGHEST WIND DIRECTION     E (80)
  HIGHEST GUST SPEED    21   HIGHEST GUST DIRECTION     E (70)
  AVERAGE WIND SPEED     8.2



WEATHER CONDITIONS
 THE FOLLOWING WEATHER WAS RECORDED TODAY.
  HEAVY RAIN
  RAIN
  LIGHT RAIN
  FOG


RELATIVE HUMIDITY (PERCENT)
 HIGHEST   100
 LOWEST     79
 AVERAGE    90

..........................................................


THE HARLINGEN CLIMATE NORMALS FOR TOMORROW
                         NORMAL    RECORD    YEAR
 MAXIMUM TEMPERATURE (F)   74        93      1942
 MINIMUM TEMPERATURE (F)   52        32      1927


SUNRISE AND SUNSET
DECEMBER  2 2016......SUNRISE   702 AM CST   SUNSET   538 PM CST
DECEMBER  3 2016......SUNRISE   703 AM CST   SUNSET   538 PM CST


-  INDICATES NEGATIVE NUMBERS.
R  INDICATES RECORD WAS SET OR TIED.
MM INDICATES DATA IS MISSING.
T  INDICATES TRACE AMOUNT.




$$
