000
CDUS44 KBRO 190726
CLIHRL


CLIMATE REPORT
NATIONAL WEATHER SERVICE BROWNSVILLE TX
125 AM CST SUN NOV 19 2017


...................................

...THE HARLINGEN CLIMATE SUMMARY FOR NOVEMBER 18 2017...

CLIMATE NORMAL PERIOD 1981 TO 2010
CLIMATE RECORD PERIOD 1912 TO 2017


WEATHER ITEM   OBSERVED TIME   RECORD YEAR NORMAL DEPARTURE LAST
                VALUE   (LST)  VALUE       VALUE  FROM      YEAR
                                                  NORMAL
..................................................................
TEMPERATURE (F)
 YESTERDAY
  MAXIMUM         88    334 PM  90    1964  79      9       88
                                      1931
                                      1921
  MINIMUM         69    719 AM  33    1959  57     12       62
                                      1926
  AVERAGE         79                        68     11       75

PRECIPITATION (IN)
  YESTERDAY        T             0.89 1976   0.03  -0.03     0.58
  MONTH TO DATE    0.68                      1.11  -0.43     2.38
  SINCE SEP 1      6.12                      9.32  -3.20     5.34
  SINCE JAN 1     18.29                     23.53  -5.24    20.24

SNOWFALL (IN)
  YESTERDAY        0.0
  MONTH TO DATE    0.0
  SINCE SEP 1      0.0
  SINCE JUL 1      0.0

DEGREE DAYS
 HEATING
  YESTERDAY        0                         2     -2        0
  MONTH TO DATE    8                        17     -9        0
  SINCE SEP 1     22                        20      2        0
  SINCE JUL 1     22                        20      2        0

 COOLING
  YESTERDAY       14                         5      9       10
  MONTH TO DATE  197                       114     83      169
  SINCE SEP 1   1111                       966    145     1227
  SINCE JAN 1   4616                      3890    726     4546
..................................................................


WIND (MPH)
  HIGHEST WIND SPEED    24   HIGHEST WIND DIRECTION     N (20)
  HIGHEST GUST SPEED    34   HIGHEST GUST DIRECTION     N (20)
  AVERAGE WIND SPEED    12.7



WEATHER CONDITIONS
 THE FOLLOWING WEATHER WAS RECORDED YESTERDAY.
  LIGHT RAIN


RELATIVE HUMIDITY (PERCENT)
 HIGHEST   100
 LOWEST     46
 AVERAGE    73

..........................................................


THE HARLINGEN CLIMATE NORMALS FOR TODAY
                         NORMAL    RECORD    YEAR
 MAXIMUM TEMPERATURE (F)   79        92      2011
 MINIMUM TEMPERATURE (F)   56        35      1959


SUNRISE AND SUNSET
NOVEMBER 19 2017......SUNRISE   652 AM CST   SUNSET   540 PM CST
NOVEMBER 20 2017......SUNRISE   653 AM CST   SUNSET   539 PM CST


-  INDICATES NEGATIVE NUMBERS.
R  INDICATES RECORD WAS SET OR TIED.
MM INDICATES DATA IS MISSING.
T  INDICATES TRACE AMOUNT.




$$
