000
CDUS44 KBRO 240626
CLIHRL


CLIMATE REPORT
NATIONAL WEATHER SERVICE BROWNSVILLE TX
126 AM CDT FRI MAR 24 2017


...................................

...THE HARLINGEN CLIMATE SUMMARY FOR MARCH 23 2017...

CLIMATE NORMAL PERIOD 1981 TO 2010
CLIMATE RECORD PERIOD 1912 TO 2017


WEATHER ITEM   OBSERVED TIME   RECORD YEAR NORMAL DEPARTURE LAST
                VALUE   (LST)  VALUE       VALUE  FROM      YEAR
                                                  NORMAL
..................................................................
TEMPERATURE (F)
 YESTERDAY
  MAXIMUM         86    239 PM  99    1991  82      4       87
  MINIMUM         61    644 AM  39    1968  59      2       69
                                      1989
  AVERAGE         74                        70      4       78

PRECIPITATION (IN)
  YESTERDAY        0.00          1.30 1941   0.06  -0.06     0.00
  MONTH TO DATE    2.22                      0.88   1.34     1.71
  SINCE MAR 1      2.22                      0.88   1.34     1.71
  SINCE JAN 1      3.53                      3.35   0.18     3.62

SNOWFALL (IN)
  YESTERDAY        0.0
  MONTH TO DATE    0.0
  SINCE MAR 1      0.0
  SINCE JUL 1      0.0

DEGREE DAYS
 HEATING
  YESTERDAY        0                         1     -1        0
  MONTH TO DATE    4                        41    -37       11
  SINCE MAR 1      4                        41    -37       11
  SINCE JUL 1    234                       609   -375      387

 COOLING
  YESTERDAY        9                         6      3       13
  MONTH TO DATE  190                       113     77      211
  SINCE MAR 1    190                       113     77      211
  SINCE JAN 1    557                       238    319      351
..................................................................


WIND (MPH)
  HIGHEST WIND SPEED    31   HIGHEST WIND DIRECTION    SE (150)
  HIGHEST GUST SPEED    39   HIGHEST GUST DIRECTION    SE (150)
  AVERAGE WIND SPEED    17.0



WEATHER CONDITIONS
 THE FOLLOWING WEATHER WAS RECORDED YESTERDAY.
  FOG


RELATIVE HUMIDITY (PERCENT)
 HIGHEST   100
 LOWEST     48
 AVERAGE    74

..........................................................


THE HARLINGEN CLIMATE NORMALS FOR TODAY
                         NORMAL    RECORD    YEAR
 MAXIMUM TEMPERATURE (F)   82       102      1945
 MINIMUM TEMPERATURE (F)   60        37      1952


SUNRISE AND SUNSET
MARCH 24 2017.........SUNRISE   730 AM CDT   SUNSET   744 PM CDT
MARCH 25 2017.........SUNRISE   729 AM CDT   SUNSET   744 PM CDT


-  INDICATES NEGATIVE NUMBERS.
R  INDICATES RECORD WAS SET OR TIED.
MM INDICATES DATA IS MISSING.
T  INDICATES TRACE AMOUNT.




$$
