000
CDUS44 KBRO 270630
CLIHRL


CLIMATE REPORT
NATIONAL WEATHER SERVICE BROWNSVILLE TX
130 AM CDT SAT MAY 27 2017


...................................

...THE HARLINGEN CLIMATE SUMMARY FOR MAY 26 2017...

CLIMATE NORMAL PERIOD 1981 TO 2010
CLIMATE RECORD PERIOD 1912 TO 2017


WEATHER ITEM   OBSERVED TIME   RECORD YEAR NORMAL DEPARTURE LAST
                VALUE   (LST)  VALUE       VALUE  FROM      YEAR
                                                  NORMAL
..................................................................
TEMPERATURE (F)
 YESTERDAY
  MAXIMUM         98    157 PM 100    1924  92      6       95
  MINIMUM         79    546 AM  60    1913  72      7       77
                                      1940
                                      1967
  AVERAGE         89                        82      7       86

PRECIPITATION (IN)
  YESTERDAY        0.00          5.10 1948   0.09  -0.09     0.12
  MONTH TO DATE    0.18                      2.05  -1.87     1.63
  SINCE MAR 1      3.27                      5.01  -1.74     3.90
  SINCE JAN 1      4.58                      7.48  -2.90     5.81

SNOWFALL (IN)
  YESTERDAY        0.0
  MONTH TO DATE    0.0
  SINCE MAR 1      0.0
  SINCE JUL 1      0.0

DEGREE DAYS
 HEATING
  YESTERDAY        0                         0      0        0
  MONTH TO DATE    0                         0      0        0
  SINCE MAR 1      4                        54    -50       13
  SINCE JUL 1    234                       622   -388      389

 COOLING
  YESTERDAY       24                        17      7       21
  MONTH TO DATE  406                       399      7      445
  SINCE MAR 1   1075                       888    187     1117
  SINCE JAN 1   1442                      1013    429     1257
..................................................................


WIND (MPH)
  HIGHEST WIND SPEED    30   HIGHEST WIND DIRECTION     S (170)
  HIGHEST GUST SPEED    36   HIGHEST GUST DIRECTION     S (160)
  AVERAGE WIND SPEED    19.2



WEATHER CONDITIONS
 THE FOLLOWING WEATHER WAS RECORDED YESTERDAY.
  FOG


RELATIVE HUMIDITY (PERCENT)
 HIGHEST   100
 LOWEST     55
 AVERAGE    78

..........................................................


THE HARLINGEN CLIMATE NORMALS FOR TODAY
                         NORMAL    RECORD    YEAR
 MAXIMUM TEMPERATURE (F)   92        99      2011
 MINIMUM TEMPERATURE (F)   73        59      1913


SUNRISE AND SUNSET
MAY 27 2017...........SUNRISE   639 AM CDT   SUNSET   817 PM CDT
MAY 28 2017...........SUNRISE   639 AM CDT   SUNSET   817 PM CDT


-  INDICATES NEGATIVE NUMBERS.
R  INDICATES RECORD WAS SET OR TIED.
MM INDICATES DATA IS MISSING.
T  INDICATES TRACE AMOUNT.




$$
