000
CDUS44 KBRO 160727
CLIHRL


CLIMATE REPORT
NATIONAL WEATHER SERVICE BROWNSVILLE TX
127 AM CST TUE JAN 16 2018


...................................

...THE HARLINGEN CLIMATE SUMMARY FOR JANUARY 15 2018...

CLIMATE NORMAL PERIOD 1981 TO 2010
CLIMATE RECORD PERIOD 1912 TO 2018


WEATHER ITEM   OBSERVED TIME   RECORD YEAR NORMAL DEPARTURE LAST
                VALUE   (LST)  VALUE       VALUE  FROM      YEAR
                                                  NORMAL
..................................................................
TEMPERATURE (F)
 YESTERDAY
  MAXIMUM         76   1238 PM  87    1960  71      5       85
  MINIMUM         54   1205 AM  27    1975  49      5       69
                                      1982
  AVERAGE         65                        60      5       77

PRECIPITATION (IN)
  YESTERDAY        0.00          1.64 2011   0.02  -0.02     0.00
  MONTH TO DATE    0.08                      0.39  -0.31     0.01
  SINCE DEC 1      1.09                      1.65  -0.56     1.34
  SINCE JAN 1      0.08                      0.39  -0.31     0.01

SNOWFALL (IN)
  YESTERDAY        0.0
  MONTH TO DATE    0.0
  SINCE DEC 1      1.0
  SINCE JUL 1      1.0

DEGREE DAYS
 HEATING
  YESTERDAY        0                         7     -7        0
  MONTH TO DATE  153                       105     48       63
  SINCE DEC 1    380                       296     84      165
  SINCE JUL 1    423                       353     70      180

 COOLING
  YESTERDAY        0                         2     -2       12
  MONTH TO DATE    7                        30    -23       75
  SINCE DEC 1     92                        88      4      232
  SINCE JAN 1      7                        30    -23       75
..................................................................


WIND (MPH)
  HIGHEST WIND SPEED    24   HIGHEST WIND DIRECTION    SE (140)
  HIGHEST GUST SPEED    31   HIGHEST GUST DIRECTION    SE (150)
  AVERAGE WIND SPEED    12.7



WEATHER CONDITIONS
 THE FOLLOWING WEATHER WAS RECORDED YESTERDAY.
  NO SIGNIFICANT WEATHER WAS OBSERVED.


RELATIVE HUMIDITY (PERCENT)
 HIGHEST    89
 LOWEST     49
 AVERAGE    69

..........................................................


THE HARLINGEN CLIMATE NORMALS FOR TODAY
                         NORMAL    RECORD    YEAR
 MAXIMUM TEMPERATURE (F)   71        90      1943
 MINIMUM TEMPERATURE (F)   49        32      1930
                                             1944


SUNRISE AND SUNSET
JANUARY 16 2018.......SUNRISE   720 AM CST   SUNSET   601 PM CST
JANUARY 17 2018.......SUNRISE   720 AM CST   SUNSET   602 PM CST


-  INDICATES NEGATIVE NUMBERS.
R  INDICATES RECORD WAS SET OR TIED.
MM INDICATES DATA IS MISSING.
T  INDICATES TRACE AMOUNT.




$$
