000
CDUS44 KBRO 040630
CLIHRL


CLIMATE REPORT
NATIONAL WEATHER SERVICE BROWNSVILLE TX
129 AM CDT TUE AUG 4 2015


...................................

...THE HARLINGEN CLIMATE SUMMARY FOR AUGUST 3 2015...

CLIMATE NORMAL PERIOD 1981 TO 2010
CLIMATE RECORD PERIOD 1912 TO 2015


WEATHER ITEM   OBSERVED TIME   RECORD YEAR NORMAL DEPARTURE LAST
                VALUE   (LST)  VALUE       VALUE  FROM      YEAR
                                                  NORMAL
..................................................................
TEMPERATURE (F)
 YESTERDAY
  MAXIMUM        101    230 PM 102    1915  96      5       97
                                      1958
  MINIMUM         77    623 AM  70    1933  75      2       75
                                      1934
                                      1948
  AVERAGE         89                        86      3       86

PRECIPITATION (IN)
  YESTERDAY        0.00          1.25 1945   0.04  -0.04     0.00
  MONTH TO DATE    0.00                      0.14  -0.14      T
  SINCE JUN 1      3.33                      4.57  -1.24     0.88
  SINCE JAN 1     15.83                     12.49   3.34     5.72

SNOWFALL (IN)
  YESTERDAY        0.0
  MONTH TO DATE    0.0
  SINCE JUN 1      0.0
  SINCE JUL 1      0.0

DEGREE DAYS
 HEATING
  YESTERDAY        0                         0      0        0
  MONTH TO DATE    0                         0      0        0
  SINCE JUN 1      0                         0      0        0
  SINCE JUL 1      0                         0      0        0

 COOLING
  YESTERDAY       24                        21      3       21
  MONTH TO DATE   66                        63      3       66
  SINCE JUN 1   1288                      1254     34     1338
  SINCE JAN 1   2372                      2355     17     2274
..................................................................


WIND (MPH)
  HIGHEST WIND SPEED    25   HIGHEST WIND DIRECTION    SE (130)
  HIGHEST GUST SPEED    30   HIGHEST GUST DIRECTION    SE (130)
  AVERAGE WIND SPEED    12.1



WEATHER CONDITIONS
 THE FOLLOWING WEATHER WAS RECORDED YESTERDAY.
  FOG


RELATIVE HUMIDITY (PERCENT)
 HIGHEST    94
 LOWEST     39
 AVERAGE    67

..........................................................


THE HARLINGEN CLIMATE NORMALS FOR TODAY
                         NORMAL    RECORD    YEAR
 MAXIMUM TEMPERATURE (F)   96       104      1958
 MINIMUM TEMPERATURE (F)   75        69      1926


SUNRISE AND SUNSET
AUGUST  4 2015........SUNRISE   658 AM CDT   SUNSET   816 PM CDT
AUGUST  5 2015........SUNRISE   658 AM CDT   SUNSET   815 PM CDT


-  INDICATES NEGATIVE NUMBERS.
R  INDICATES RECORD WAS SET OR TIED.
MM INDICATES DATA IS MISSING.
T  INDICATES TRACE AMOUNT.




$$
