000
CDUS44 KBRO 230625
CLIHRL


CLIMATE REPORT
NATIONAL WEATHER SERVICE BROWNSVILLE TX
125 AM CDT SUN APR 23 2017


...................................

...THE HARLINGEN CLIMATE SUMMARY FOR APRIL 22 2017...

CLIMATE NORMAL PERIOD 1981 TO 2010
CLIMATE RECORD PERIOD 1912 TO 2017


WEATHER ITEM   OBSERVED TIME   RECORD YEAR NORMAL DEPARTURE LAST
                VALUE   (LST)  VALUE       VALUE  FROM      YEAR
                                                  NORMAL
..................................................................
TEMPERATURE (F)
 YESTERDAY
  MAXIMUM         93    232 PM  97    1920  87      6       91
  MINIMUM         70    550 AM  50    1931  67      3       67
  AVERAGE         82                        77      5       79

PRECIPITATION (IN)
  YESTERDAY        T             1.30 1936   0.05  -0.05     0.00
  MONTH TO DATE    0.87                      1.25  -0.38     0.11
  SINCE MAR 1      3.09                      2.54   0.55     1.89
  SINCE JAN 1      4.40                      5.01  -0.61     3.80

SNOWFALL (IN)
  YESTERDAY        0.0
  MONTH TO DATE    0.0
  SINCE MAR 1      0.0
  SINCE JUL 1      0.0

DEGREE DAYS
 HEATING
  YESTERDAY        0                         0      0        0
  MONTH TO DATE    0                         7     -7        2
  SINCE MAR 1      4                        53    -49       13
  SINCE JUL 1    234                       621   -387      389

 COOLING
  YESTERDAY       17                        12      5       14
  MONTH TO DATE  264                       219     45      239
  SINCE MAR 1    554                       389    165      524
  SINCE JAN 1    921                       514    407      664
..................................................................


WIND (MPH)
  HIGHEST WIND SPEED    22   HIGHEST WIND DIRECTION    NE (30)
  HIGHEST GUST SPEED    27   HIGHEST GUST DIRECTION     E (80)
  AVERAGE WIND SPEED    10.6



WEATHER CONDITIONS
 THE FOLLOWING WEATHER WAS RECORDED YESTERDAY.
  LIGHT RAIN


RELATIVE HUMIDITY (PERCENT)
 HIGHEST   100
 LOWEST     49
 AVERAGE    75

..........................................................


THE HARLINGEN CLIMATE NORMALS FOR TODAY
                         NORMAL    RECORD    YEAR
 MAXIMUM TEMPERATURE (F)   87       100      1997
 MINIMUM TEMPERATURE (F)   67        51      1982


SUNRISE AND SUNSET
APRIL 23 2017.........SUNRISE   700 AM CDT   SUNSET   759 PM CDT
APRIL 24 2017.........SUNRISE   659 AM CDT   SUNSET   759 PM CDT


-  INDICATES NEGATIVE NUMBERS.
R  INDICATES RECORD WAS SET OR TIED.
MM INDICATES DATA IS MISSING.
T  INDICATES TRACE AMOUNT.




$$
