000
CDUS44 KBRO 290731
CLIHRL


CLIMATE REPORT
NATIONAL WEATHER SERVICE BROWNSVILLE TX
130 AM CST SAT NOV 29 2014


...................................

...THE HARLINGEN CLIMATE SUMMARY FOR NOVEMBER 28 2014...

CLIMATE NORMAL PERIOD 1981 TO 2010
CLIMATE RECORD PERIOD 1912 TO 2014


WEATHER ITEM   OBSERVED TIME   RECORD YEAR NORMAL DEPARTURE LAST
                VALUE   (LST)  VALUE       VALUE  FROM      YEAR
                                                  NORMAL
..................................................................
TEMPERATURE (F)
 YESTERDAY
  MAXIMUM         78    240 PM  89    1994  75      3       67
                                      1979
                                      1948
  MINIMUM         48    532 AM  33    1993  54     -6       35
  AVERAGE         63                        64     -1       51

PRECIPITATION (IN)
  YESTERDAY        0.00          1.12 1963   0.04  -0.04     0.00
  MONTH TO DATE    5.11                      1.43   3.68     7.36
  SINCE SEP 1     15.14                      9.64   5.50    17.33
  SINCE JAN 1     21.79                     23.85  -2.06    29.17

SNOWFALL (IN)
  YESTERDAY       MM
  MONTH TO DATE    0.0
  SINCE SEP 1      0.0
  SINCE JUL 1      0.0

DEGREE DAYS
 HEATING
  YESTERDAY        2                         4     -2       14
  MONTH TO DATE  135                        46     89      127
  SINCE SEP 1    135                        49     86      127
  SINCE JUL 1    135                        49     86      127

 COOLING
  YESTERDAY        0                         3     -3        0
  MONTH TO DATE   68                       152    -84      116
  SINCE SEP 1    922                      1004    -82      996
  SINCE JAN 1   3819                      3928   -109     4013
..................................................................


WIND (MPH)
  HIGHEST WIND SPEED    20   HIGHEST WIND DIRECTION     S (180)
  HIGHEST GUST SPEED    25   HIGHEST GUST DIRECTION     S (170)
  AVERAGE WIND SPEED     7.5



WEATHER CONDITIONS
 THE FOLLOWING WEATHER WAS RECORDED YESTERDAY.
  FOG
  FOG W/VISIBILITY <= 1/4 MILE


RELATIVE HUMIDITY (PERCENT)
 HIGHEST   100
 LOWEST     45
 AVERAGE    73

..........................................................


THE HARLINGEN CLIMATE NORMALS FOR TODAY
                         NORMAL    RECORD    YEAR
 MAXIMUM TEMPERATURE (F)   75        89      1949
                                             1913
 MINIMUM TEMPERATURE (F)   53        31      1976


SUNRISE AND SUNSET
NOVEMBER 29 2014......SUNRISE   700 AM CST   SUNSET   538 PM CST
NOVEMBER 30 2014......SUNRISE   700 AM CST   SUNSET   538 PM CST


-  INDICATES NEGATIVE NUMBERS.
R  INDICATES RECORD WAS SET OR TIED.
MM INDICATES DATA IS MISSING.
T  INDICATES TRACE AMOUNT.




$$
