000
CDUS44 KBRO 242143
CLIHRL


CLIMATE REPORT
NATIONAL WEATHER SERVICE BROWNSVILLE TX
442 PM CDT SAT SEP 24 2016


...................................

...THE HARLINGEN CLIMATE SUMMARY FOR SEPTEMBER 24 2016...
VALID TODAY AS OF 0400 PM LOCAL TIME.

CLIMATE NORMAL PERIOD 1981 TO 2010
CLIMATE RECORD PERIOD 1912 TO 2016


WEATHER ITEM   OBSERVED TIME   RECORD YEAR NORMAL DEPARTURE LAST
                VALUE   (LST)  VALUE       VALUE  FROM      YEAR
                                                  NORMAL
..................................................................
TEMPERATURE (F)
 TODAY
  MAXIMUM         98    242 PM 103    2005  90      8       92
  MINIMUM         76    424 AM  55    1975  71      5       67
  AVERAGE         87                        80      7       80

PRECIPITATION (IN)
  TODAY            0.00          3.63 1970   0.17  -0.17     0.00
  MONTH TO DATE    2.23                      4.31  -2.08     4.21
  SINCE SEP 1      2.23                      4.31  -2.08     4.21
  SINCE JAN 1     17.13                     18.52  -1.39    23.77

DEGREE DAYS
 HEATING
  TODAY            0                         0      0        0
  MONTH TO DATE    0                         0      0        0
  SINCE SEP 1      0                         0      0        0
  SINCE JUL 1      0                         0      0        0

 COOLING
  TODAY           22                        15      7       15
  MONTH TO DATE  499                       417     82      459
  SINCE SEP 1    499                       417     82      459
  SINCE JAN 1   3818                      3341    477     3450
..................................................................


WIND (MPH)
  HIGHEST WIND SPEED    24   HIGHEST WIND DIRECTION     S (160)
  HIGHEST GUST SPEED    35   HIGHEST GUST DIRECTION    SE (150)
  AVERAGE WIND SPEED    11.8



WEATHER CONDITIONS
 THE FOLLOWING WEATHER WAS RECORDED TODAY.
  NO SIGNIFICANT WEATHER WAS OBSERVED.


RELATIVE HUMIDITY (PERCENT)
 HIGHEST    97
 LOWEST     42
 AVERAGE    70

..........................................................


THE HARLINGEN CLIMATE NORMALS FOR TOMORROW
                         NORMAL    RECORD    YEAR
 MAXIMUM TEMPERATURE (F)   90       102      2011
                                             1926
 MINIMUM TEMPERATURE (F)   71        55      1914
                                             1975


SUNRISE AND SUNSET
SEPTEMBER 24 2016.....SUNRISE   720 AM CDT   SUNSET   724 PM CDT
SEPTEMBER 25 2016.....SUNRISE   721 AM CDT   SUNSET   723 PM CDT


-  INDICATES NEGATIVE NUMBERS.
R  INDICATES RECORD WAS SET OR TIED.
MM INDICATES DATA IS MISSING.
T  INDICATES TRACE AMOUNT.

$$
