000
CDUS44 KLZK 230833
CLIHRO


CLIMATE REPORT
NATIONAL WEATHER SERVICE LITTLE ROCK AR
332 AM CDT FRI JUN 23 2017


...................................

...THE HARRISON CLIMATE SUMMARY FOR JUNE 22 2017...

CLIMATE NORMAL PERIOD 1981 TO 2010
CLIMATE RECORD PERIOD 1891 TO 2017


WEATHER ITEM   OBSERVED TIME   RECORD YEAR NORMAL DEPARTURE LAST
                VALUE   (LST)  VALUE       VALUE  FROM      YEAR
                                                  NORMAL
..................................................................
TEMPERATURE (F)
 YESTERDAY
  MAXIMUM         84    423 PM 101    1936  86     -2       93
                                      1933
  MINIMUM         70    632 AM  43    1902  65      5       71
  AVERAGE         77                        75      2       82

PRECIPITATION (IN)
  YESTERDAY        T             1.97 1929   0.15  -0.15     0.00
  MONTH TO DATE    1.74                      3.20  -1.46     2.24
  SINCE JUN 1      1.74                      3.20  -1.46     2.24
  SINCE JAN 1     27.82                     21.20   6.62    15.07

SNOWFALL (IN)
  YESTERDAY        0.0          MM      MM   0.0    0.0      0.0
  MONTH TO DATE    0.0                       0.0    0.0      0.0
  SINCE JUN 1      0.0                       0.0    0.0      0.0
  SINCE JUL 1      3.4                      11.5   -8.1      3.7
  SNOW DEPTH       0

DEGREE DAYS
 HEATING
  YESTERDAY        0                         0      0        0
  MONTH TO DATE    0                         3     -3        0
  SINCE JUN 1      0                         3     -3        0
  SINCE JUL 1   2996                      4001  -1005     3233

 COOLING
  YESTERDAY       12                        10      2       17
  MONTH TO DATE  178                       176      2      245
  SINCE JUN 1    178                       176      2      245
  SINCE JAN 1    329                       315     14      350
..................................................................


WIND (MPH)
  HIGHEST WIND SPEED    16   HIGHEST WIND DIRECTION    SE (140)
  HIGHEST GUST SPEED    20   HIGHEST GUST DIRECTION    SE (150)
  AVERAGE WIND SPEED     7.7


SKY COVER
  POSSIBLE SUNSHINE  MM
  AVERAGE SKY COVER 0.8


WEATHER CONDITIONS
 THE FOLLOWING WEATHER WAS RECORDED YESTERDAY.
  LIGHT RAIN
  FOG


RELATIVE HUMIDITY (PERCENT)
 HIGHEST   100           500 AM
 LOWEST     69           500 PM
 AVERAGE    85

..........................................................


THE HARRISON CLIMATE NORMALS FOR TODAY
                         NORMAL    RECORD    YEAR
 MAXIMUM TEMPERATURE (F)   86       101      1934
                                             1914
 MINIMUM TEMPERATURE (F)   65        42      1902


SUNRISE AND SUNSET
JUNE 23 2017..........SUNRISE   556 AM CDT   SUNSET   834 PM CDT
JUNE 24 2017..........SUNRISE   556 AM CDT   SUNSET   834 PM CDT


-  INDICATES NEGATIVE NUMBERS.
R  INDICATES RECORD WAS SET OR TIED.
MM INDICATES DATA IS MISSING.
T  INDICATES TRACE AMOUNT.




$$
