000
CDUS44 KLZK 222152
CLIHRO


CLIMATE REPORT
NATIONAL WEATHER SERVICE LITTLE ROCK AR
449 PM CDT SUN OCT 22 2017


...................................

...THE HARRISON CLIMATE SUMMARY FOR OCTOBER 22 2017...
VALID TODAY AS OF 0400 PM LOCAL TIME.

CLIMATE NORMAL PERIOD 1981 TO 2010
CLIMATE RECORD PERIOD 1891 TO 2017


WEATHER ITEM   OBSERVED TIME   RECORD YEAR NORMAL DEPARTURE LAST
                VALUE   (LST)  VALUE       VALUE  FROM      YEAR
                                                  NORMAL
..................................................................
TEMPERATURE (F)
 TODAY
  MAXIMUM         73   1227 AM  93    1927  68      5       77
  MINIMUM         51    333 PM  23    1952  46      5       40
  AVERAGE         62                        57      5       59

PRECIPITATION (IN)
  TODAY            1.38          2.05 1951   0.13   1.25     0.00
  MONTH TO DATE    2.29                      2.47  -0.18     3.23
  SINCE SEP 1      2.87                      6.67  -3.80     4.47
  SINCE JAN 1     38.05                     35.63   2.42    32.75

SNOWFALL (IN)
  TODAY            0.0          MM      MM   0.0    0.0      0.0
  MONTH TO DATE    0.0                       0.0    0.0      0.0
  SINCE SEP 1      0.0                       0.0    0.0      0.0
  SINCE JUL 1      0.0                       0.0    0.0      0.0
  SNOW DEPTH       0

DEGREE DAYS
 HEATING
  TODAY            3                         8     -5        6
  MONTH TO DATE   58                       133    -75       70
  SINCE SEP 1     62                       175   -113       82
  SINCE JUL 1     62                       176   -114       82

 COOLING
  TODAY            0                         1     -1        0
  MONTH TO DATE   81                        28     53       66
  SINCE SEP 1    287                       196     91      293
  SINCE JAN 1   1392                      1407    -15     1604
..................................................................


WIND (MPH)
  HIGHEST WIND SPEED    12   HIGHEST WIND DIRECTION     W (290)
  HIGHEST GUST SPEED    20   HIGHEST GUST DIRECTION     S (180)
  AVERAGE WIND SPEED     7.0


SKY COVER
  POSSIBLE SUNSHINE  MM
  AVERAGE SKY COVER 1.0


WEATHER CONDITIONS
 THE FOLLOWING WEATHER WAS RECORDED TODAY.
  THUNDERSTORM
  HEAVY RAIN
  RAIN
  LIGHT RAIN
  FOG


RELATIVE HUMIDITY (PERCENT)
 HIGHEST   100           200 AM
 LOWEST     84          1200 AM
 AVERAGE    92

..........................................................


THE HARRISON CLIMATE NORMALS FOR TOMORROW
                         NORMAL    RECORD    YEAR
 MAXIMUM TEMPERATURE (F)   68        96      1927
 MINIMUM TEMPERATURE (F)   46        21      1937


SUNRISE AND SUNSET
OCTOBER 22 2017.......SUNRISE   726 AM CDT   SUNSET   627 PM CDT
OCTOBER 23 2017.......SUNRISE   727 AM CDT   SUNSET   626 PM CDT


-  INDICATES NEGATIVE NUMBERS.
R  INDICATES RECORD WAS SET OR TIED.
MM INDICATES DATA IS MISSING.
T  INDICATES TRACE AMOUNT.




$$
