000
CDUS44 KLZK 300907
CLIHRO


CLIMATE REPORT
NATIONAL WEATHER SERVICE LITTLE ROCK AR
407 AM CDT SAT AUG 30 2014


...................................

...THE HARRISON CLIMATE SUMMARY FOR AUGUST 29 2014...

CLIMATE NORMAL PERIOD 1981 TO 2010
CLIMATE RECORD PERIOD 1891 TO 2014


WEATHER ITEM   OBSERVED TIME   RECORD YEAR NORMAL DEPARTURE LAST
                VALUE   (LST)  VALUE       VALUE  FROM      YEAR
                                                  NORMAL
..................................................................
TEMPERATURE (F)
 YESTERDAY
  MAXIMUM         87   1125 AM 105    1984  87      0       93
  MINIMUM         68    616 AM  47    1967  64      4       67
  AVERAGE         78                        76      2       80

PRECIPITATION (IN)
  YESTERDAY        0.14          1.86 1917   0.11   0.03     0.00
  MONTH TO DATE    1.15                      3.35  -2.20     7.45
  SINCE JUN 1     11.37                     10.73   0.64    14.70
  SINCE JAN 1     26.68                     28.73  -2.05    32.82

SNOWFALL (IN)
  YESTERDAY        0.0          MM      MM   0.0    0.0      0.0
  MONTH TO DATE    0.0                       0.0    0.0      0.0
  SINCE JUN 1      0.0                       0.0    0.0      0.0
  SINCE JUL 1      0.0                       0.0    0.0      0.0
  SNOW DEPTH       0

DEGREE DAYS
 HEATING
  YESTERDAY        0                         0      0        0
  MONTH TO DATE    0                         0      0        1
  SINCE JUN 1      1                         6     -5        6
  SINCE JUL 1      1                         0      1        1

 COOLING
  YESTERDAY       13                        11      2       15
  MONTH TO DATE  372                       376     -4      298
  SINCE JUN 1    916                      1055   -139      962
  SINCE JAN 1   1103                      1194    -91     1108
..................................................................


WIND (MPH)
  HIGHEST WIND SPEED    23   HIGHEST WIND DIRECTION    SE (150)
  HIGHEST GUST SPEED    29   HIGHEST GUST DIRECTION     S (180)
  AVERAGE WIND SPEED     7.0


SKY COVER
  POSSIBLE SUNSHINE  MM
  AVERAGE SKY COVER 0.4


WEATHER CONDITIONS
 THE FOLLOWING WEATHER WAS RECORDED YESTERDAY.
  THUNDERSTORM
  LIGHT RAIN
  HAZE


RELATIVE HUMIDITY (PERCENT)
 HIGHEST   100          1100 PM
 LOWEST     61          1100 AM
 AVERAGE    81

..........................................................


THE HARRISON CLIMATE NORMALS FOR TODAY
                         NORMAL    RECORD    YEAR
 MAXIMUM TEMPERATURE (F)   87       102      2000
 MINIMUM TEMPERATURE (F)   64        46      1917


SUNRISE AND SUNSET
AUGUST 30 2014........SUNRISE   643 AM CDT   SUNSET   743 PM CDT
AUGUST 31 2014........SUNRISE   643 AM CDT   SUNSET   742 PM CDT


-  INDICATES NEGATIVE NUMBERS.
R  INDICATES RECORD WAS SET OR TIED.
MM INDICATES DATA IS MISSING.
T  INDICATES TRACE AMOUNT.




$$
