000
CDUS44 KLZK 272213
CLIHRO


CLIMATE REPORT
NATIONAL WEATHER SERVICE LITTLE ROCK AR
413 PM CST MON FEB 27 2017


...................................

...THE HARRISON CLIMATE SUMMARY FOR FEBRUARY 27 2017...
VALID TODAY AS OF 0400 PM LOCAL TIME.

CLIMATE NORMAL PERIOD 1981 TO 2010
CLIMATE RECORD PERIOD 1891 TO 2017


WEATHER ITEM   OBSERVED TIME   RECORD YEAR NORMAL DEPARTURE LAST
                VALUE   (LST)  VALUE       VALUE  FROM      YEAR
                                                  NORMAL
..................................................................
TEMPERATURE (F)
 TODAY
  MAXIMUM         68    214 PM  77    1932  54     14       70
  MINIMUM         32    701 AM   6    1934  33     -1       39
  AVERAGE         50                        44      6       55

PRECIPITATION (IN)
  TODAY            0.00          1.07 1902   0.10  -0.10     0.00
  MONTH TO DATE    1.37                      2.54  -1.17     1.33
  SINCE DEC 1      4.87                      8.30  -3.43    10.72
  SINCE JAN 1      3.55                      5.10  -1.55     2.28

SNOWFALL (IN)
  TODAY            0.0           7.0  1984   0.1   -0.1      0.0
  MONTH TO DATE    0.0                       3.1   -3.1      3.0
  SINCE DEC 1      0.9                       8.6   -7.7      3.7
  SINCE JUL 1      0.9                       9.1   -8.2      3.7
  SNOW DEPTH       0

DEGREE DAYS
 HEATING
  TODAY           15                        21     -6       10
  MONTH TO DATE  406                       665   -259      584
  SINCE DEC 1   1956                      2387   -431     2008
  SINCE JUL 1   2406                      3151   -745     2594

 COOLING
  TODAY            0                         0      0        0
  MONTH TO DATE    4                         0      4        0
  SINCE DEC 1      4                         0      4        2
  SINCE JAN 1      4                         0      4        0
..................................................................


WIND (MPH)
  HIGHEST WIND SPEED    20   HIGHEST WIND DIRECTION     S (160)
  HIGHEST GUST SPEED    25   HIGHEST GUST DIRECTION     S (170)
  AVERAGE WIND SPEED     7.3


SKY COVER
  POSSIBLE SUNSHINE  MM
  AVERAGE SKY COVER 0.2


WEATHER CONDITIONS
 THE FOLLOWING WEATHER WAS RECORDED TODAY.
  NO SIGNIFICANT WEATHER WAS OBSERVED.


RELATIVE HUMIDITY (PERCENT)
 HIGHEST    85           700 AM
 LOWEST     45           200 PM
 AVERAGE    65

..........................................................


THE HARRISON CLIMATE NORMALS FOR TOMORROW
                         NORMAL    RECORD    YEAR
 MAXIMUM TEMPERATURE (F)   54        82      1952
 MINIMUM TEMPERATURE (F)   34         9      1962


SUNRISE AND SUNSET
FEBRUARY 27 2017......SUNRISE   645 AM CST   SUNSET   606 PM CST
FEBRUARY 28 2017......SUNRISE   644 AM CST   SUNSET   607 PM CST


-  INDICATES NEGATIVE NUMBERS.
R  INDICATES RECORD WAS SET OR TIED.
MM INDICATES DATA IS MISSING.
T  INDICATES TRACE AMOUNT.




$$
