000
CDUS44 KLZK 191006
CLIHRO


CLIMATE REPORT
NATIONAL WEATHER SERVICE LITTLE ROCK AR
406 AM CST FRI DEC 19 2014


...................................

...THE HARRISON CLIMATE SUMMARY FOR DECEMBER 18 2014...

CLIMATE NORMAL PERIOD 1981 TO 2010
CLIMATE RECORD PERIOD 1891 TO 2014


WEATHER ITEM   OBSERVED TIME   RECORD YEAR NORMAL DEPARTURE LAST
                VALUE   (LST)  VALUE       VALUE  FROM      YEAR
                                                  NORMAL
..................................................................
TEMPERATURE (F)
 YESTERDAY
  MAXIMUM         40    331 PM  72    1962  47     -7       61
  MINIMUM         32    252 AM   0    1901  28      4       28
  AVERAGE         36                        37     -1       45

PRECIPITATION (IN)
  YESTERDAY        T             1.14 1899   0.09  -0.09     0.00
  MONTH TO DATE    1.96                      1.96   0.00     2.24
  SINCE DEC 1      1.96                      1.96   0.00     2.24
  SINCE JAN 1     40.91                     42.90  -1.99    43.75

SNOWFALL (IN)
  YESTERDAY        0.0           1.5  1945   0.0    0.0      0.0
  MONTH TO DATE    T                         0.0    0.0      9.0
  SINCE DEC 1      T                         0.0    0.0      9.0
  SINCE JUL 1      0.6                       0.5    0.1      9.0
  SNOW DEPTH       0

DEGREE DAYS
 HEATING
  YESTERDAY       29                        28      1       20
  MONTH TO DATE  425                       462    -37      525
  SINCE DEC 1    425                       462    -37      525
  SINCE JUL 1   1279                      1226     53     1338

 COOLING
  YESTERDAY        0                         0      0        0
  MONTH TO DATE    0                         0      0        0
  SINCE DEC 1      0                         0      0        0
  SINCE JAN 1   1354                      1416    -62     1414
..................................................................


WIND (MPH)
  HIGHEST WIND SPEED    13   HIGHEST WIND DIRECTION    SE (130)
  HIGHEST GUST SPEED    17   HIGHEST GUST DIRECTION    SE (130)
  AVERAGE WIND SPEED     5.7


SKY COVER
  POSSIBLE SUNSHINE  MM
  AVERAGE SKY COVER 1.0


WEATHER CONDITIONS
 THE FOLLOWING WEATHER WAS RECORDED YESTERDAY.
  LIGHT RAIN
  FOG


RELATIVE HUMIDITY (PERCENT)
 HIGHEST   100           400 AM
 LOWEST     92          1100 AM
 AVERAGE    96

..........................................................


THE HARRISON CLIMATE NORMALS FOR TODAY
                         NORMAL    RECORD    YEAR
 MAXIMUM TEMPERATURE (F)   47        77      1941
 MINIMUM TEMPERATURE (F)   27         0      1945


SUNRISE AND SUNSET
DECEMBER 19 2014......SUNRISE   719 AM CST   SUNSET   501 PM CST
DECEMBER 20 2014......SUNRISE   720 AM CST   SUNSET   501 PM CST


-  INDICATES NEGATIVE NUMBERS.
R  INDICATES RECORD WAS SET OR TIED.
MM INDICATES DATA IS MISSING.
T  INDICATES TRACE AMOUNT.




$$
