000
CDUS42 KMHX 262247
CLIHSE


CLIMATE REPORT
NATIONAL WEATHER SERVICE NEWPORT/MOREHEAD CITY NC
547 PM EST FRI DEC 26 2014


...................................

...THE CAPE HATTERAS NC CLIMATE SUMMARY FOR DECEMBER 26 2014...
VALID TODAY AS OF 0500 PM LOCAL TIME.

CLIMATE NORMAL PERIOD 1981 TO 2010
CLIMATE RECORD PERIOD 1874 TO 2014


WEATHER ITEM   OBSERVED TIME   RECORD YEAR NORMAL DEPARTURE LAST
                VALUE   (LST)  VALUE       VALUE  FROM      YEAR
                                                  NORMAL
..................................................................
TEMPERATURE (F)
 TODAY
  MAXIMUM         56    251 PM  74    1964  54      2       54
  MINIMUM         39    336 AM  15    1983  40     -1       44
  AVERAGE         48                        47      1       49

PRECIPITATION (IN)
  TODAY            0.00          2.14 1943   0.14  -0.14     0.11
  MONTH TO DATE    2.23                      3.57  -1.34     3.22
  SINCE DEC 1      2.23                      3.57  -1.34     3.22
  SINCE JAN 1     61.62                     57.34   4.28    52.63

SNOWFALL (IN)
  TODAY            0.0
  MONTH TO DATE    0.0
  SINCE NOV 1      0.0
  SINCE JUL 1      0.0
  SNOW DEPTH       0

DEGREE DAYS
 HEATING
  TODAY           17                        18     -1       16
  MONTH TO DATE  383                       397    -14      327
  SINCE DEC 1    383                       397    -14      327
  SINCE JUL 1    784                       715     69      642

 COOLING
  TODAY            0                         0      0        0
  MONTH TO DATE    0                         0      0        7
  SINCE DEC 1      0                         0      0        7
  SINCE JAN 1   1764                      1711     53     1997
..................................................................


WIND (MPH)
  HIGHEST WIND SPEED     9   HIGHEST WIND DIRECTION    NW (300)
  HIGHEST GUST SPEED    11   HIGHEST GUST DIRECTION    NW (300)
  AVERAGE WIND SPEED     4.5


SKY COVER
  POSSIBLE SUNSHINE  MM
  AVERAGE SKY COVER 0.0


WEATHER CONDITIONS
 THE FOLLOWING WEATHER WAS RECORDED TODAY.
  NO SIGNIFICANT WEATHER WAS OBSERVED.


RELATIVE HUMIDITY (PERCENT)
 HIGHEST    96           400 AM
 LOWEST     55           300 PM
 AVERAGE    76

..........................................................


THE CAPE HATTERAS NC CLIMATE NORMALS FOR TOMORROW
                         NORMAL    RECORD    YEAR
 MAXIMUM TEMPERATURE (F)   54        71      1982
 MINIMUM TEMPERATURE (F)   40        20      1983


SUNRISE AND SUNSET
DECEMBER 26 2014......SUNRISE   709 AM EST   SUNSET   457 PM EST
DECEMBER 27 2014......SUNRISE   710 AM EST   SUNSET   458 PM EST


-  INDICATES NEGATIVE NUMBERS.
R  INDICATES RECORD WAS SET OR TIED.
MM INDICATES DATA IS MISSING.
T  INDICATES TRACE AMOUNT.




$$
