000
CDUS42 KMHX 190527
CLIHSE


CLIMATE REPORT
NATIONAL WEATHER SERVICE NEWPORT/MOREHEAD CITY NC
127 AM EDT SAT AUG 19 2017


...................................

...THE CAPE HATTERAS NC CLIMATE SUMMARY FOR AUGUST 18 2017...

CLIMATE NORMAL PERIOD 1981 TO 2010
CLIMATE RECORD PERIOD 1874 TO 2017


WEATHER ITEM   OBSERVED TIME   RECORD YEAR NORMAL DEPARTURE LAST
                VALUE   (LST)  VALUE       VALUE  FROM      YEAR
                                                  NORMAL
..................................................................
TEMPERATURE (F)
 YESTERDAY
  MAXIMUM         91    136 PM  93    1988  84      7       89
  MINIMUM         83    650 AM  56    1979  73     10       78
  AVERAGE         87                        78      9       84

PRECIPITATION (IN)
  YESTERDAY        T             5.30 1991   0.22  -0.22     0.05
  MONTH TO DATE    4.41                      3.79   0.62     2.56
  SINCE JUN 1     11.06                     12.81  -1.75    15.12
  SINCE JAN 1     37.79                     34.05   3.74    49.18

SNOWFALL (IN)
  YESTERDAY        0.0
  MONTH TO DATE    0.0
  SINCE NOV 1      T
  SINCE JUL 1      0.0
  SNOW DEPTH       0

DEGREE DAYS
 HEATING
  YESTERDAY        0                         0      0        0
  MONTH TO DATE    0                         0      0        0
  SINCE JUN 1      0                         3     -3        0
  SINCE JUL 1      0                         0      0        0

 COOLING
  YESTERDAY       22                        13      9       19
  MONTH TO DATE  262                       251     11      333
  SINCE JUN 1   1140                       996    144     1217
  SINCE JAN 1   1567                      1139    428     1426
..................................................................


WIND (MPH)
  HIGHEST WIND SPEED    17   HIGHEST WIND DIRECTION    SW (220)
  HIGHEST GUST SPEED    24   HIGHEST GUST DIRECTION    SW (220)
  AVERAGE WIND SPEED    11.4


SKY COVER
  POSSIBLE SUNSHINE  MM
  AVERAGE SKY COVER 0.2


WEATHER CONDITIONS
 THE FOLLOWING WEATHER WAS RECORDED YESTERDAY.
  NO SIGNIFICANT WEATHER WAS OBSERVED.


RELATIVE HUMIDITY (PERCENT)
 HIGHEST    94           600 PM
 LOWEST     75          1100 AM
 AVERAGE    85

..........................................................


THE CAPE HATTERAS NC CLIMATE NORMALS FOR TODAY
                         NORMAL    RECORD    YEAR
 MAXIMUM TEMPERATURE (F)   84        91      1987
 MINIMUM TEMPERATURE (F)   73        65      1972
                                             1960


SUNRISE AND SUNSET
AUGUST 19 2017........SUNRISE   625 AM EDT   SUNSET   746 PM EDT
AUGUST 20 2017........SUNRISE   626 AM EDT   SUNSET   745 PM EDT


-  INDICATES NEGATIVE NUMBERS.
R  INDICATES RECORD WAS SET OR TIED.
MM INDICATES DATA IS MISSING.
T  INDICATES TRACE AMOUNT.




$$
