000
CDUS42 KMHX 270526
CLIHSE


CLIMATE REPORT
NATIONAL WEATHER SERVICE NEWPORT/MOREHEAD CITY NC
125 AM EDT MON MAR 27 2017


...................................

...THE CAPE HATTERAS NC CLIMATE SUMMARY FOR MARCH 26 2017...

CLIMATE NORMAL PERIOD 1981 TO 2010
CLIMATE RECORD PERIOD 1874 TO 2017


WEATHER ITEM   OBSERVED TIME   RECORD YEAR NORMAL DEPARTURE LAST
                VALUE   (LST)  VALUE       VALUE  FROM      YEAR
                                                  NORMAL
..................................................................
TEMPERATURE (F)
 YESTERDAY
  MAXIMUM         78R   258 PM  75    1921  61     17       66
  MINIMUM         60    443 AM  29    1981  47     13       58
  AVERAGE         69                        54     15       62

PRECIPITATION (IN)
  YESTERDAY        0.00          3.48 1992   0.17  -0.17      T
  MONTH TO DATE    4.07                      3.97   0.10     4.17
  SINCE MAR 1      4.07                      3.97   0.10     4.17
  SINCE JAN 1     10.38                     13.23  -2.85    17.28

SNOWFALL (IN)
  YESTERDAY        0.0
  MONTH TO DATE    0.0
  SINCE NOV 1      T
  SINCE JUL 1      T
  SNOW DEPTH       0

DEGREE DAYS
 HEATING
  YESTERDAY        0                        11    -11        3
  MONTH TO DATE  344                       366    -22      181
  SINCE MAR 1    344                       366    -22      181
  SINCE JUL 1   1666                      2290   -624     1494

 COOLING
  YESTERDAY        4                         0      4        0
  MONTH TO DATE   12                         0     12       17
  SINCE MAR 1     12                         0     12       17
  SINCE JAN 1     20                         0     20       18
..................................................................


WIND (MPH)
  HIGHEST WIND SPEED    12   HIGHEST WIND DIRECTION     S (170)
  HIGHEST GUST SPEED    14   HIGHEST GUST DIRECTION     S (170)
  AVERAGE WIND SPEED     5.0


SKY COVER
  POSSIBLE SUNSHINE  MM
  AVERAGE SKY COVER 0.4


WEATHER CONDITIONS
 THE FOLLOWING WEATHER WAS RECORDED YESTERDAY.
  HAZE


RELATIVE HUMIDITY (PERCENT)
 HIGHEST    84           300 AM
 LOWEST     43           200 PM
 AVERAGE    64

..........................................................


THE CAPE HATTERAS NC CLIMATE NORMALS FOR TODAY
                         NORMAL    RECORD    YEAR
 MAXIMUM TEMPERATURE (F)   61        78      1921
 MINIMUM TEMPERATURE (F)   47        23      1895


SUNRISE AND SUNSET
MARCH 27 2017.........SUNRISE   656 AM EDT   SUNSET   720 PM EDT
MARCH 28 2017.........SUNRISE   654 AM EDT   SUNSET   721 PM EDT


-  INDICATES NEGATIVE NUMBERS.
R  INDICATES RECORD WAS SET OR TIED.
MM INDICATES DATA IS MISSING.
T  INDICATES TRACE AMOUNT.




$$
