000
CDUS42 KMHX 280531
CLIHSE


CLIMATE REPORT
NATIONAL WEATHER SERVICE NEWPORT/MOREHEAD CITY NC
130 AM EDT SAT MAR 28 2015


...................................

...THE CAPE HATTERAS NC CLIMATE SUMMARY FOR MARCH 27 2015...

CLIMATE NORMAL PERIOD 1981 TO 2010
CLIMATE RECORD PERIOD 1874 TO 2015


WEATHER ITEM   OBSERVED TIME   RECORD YEAR NORMAL DEPARTURE LAST
                VALUE   (LST)  VALUE       VALUE  FROM      YEAR
                                                  NORMAL
..................................................................
TEMPERATURE (F)
 YESTERDAY
  MAXIMUM         65   1224 AM  78    1921  61      4       51
  MINIMUM         42   1159 PM  23    1895  47     -5       35
  AVERAGE         54                        54      0       43

PRECIPITATION (IN)
  YESTERDAY        0.18          2.58 1943   0.16   0.02     0.00
  MONTH TO DATE    2.50                      4.13  -1.63     5.11
  SINCE MAR 1      2.50                      4.13  -1.63     5.11
  SINCE JAN 1     14.45                     13.39   1.06    15.20

SNOWFALL (IN)
  YESTERDAY        0.0
  MONTH TO DATE    0.0
  SINCE NOV 1      2.0
  SINCE JUL 1      2.0
  SNOW DEPTH       0

DEGREE DAYS
 HEATING
  YESTERDAY       11                        11      0       22
  MONTH TO DATE  346                       377    -31      461
  SINCE MAR 1    346                       377    -31      461
  SINCE JUL 1   2519                      2301    218     2294

 COOLING
  YESTERDAY        0                         0      0        0
  MONTH TO DATE    1                         0      1        0
  SINCE MAR 1      1                         0      1        0
  SINCE JAN 1      3                         0      3        0
..................................................................


WIND (MPH)
  HIGHEST WIND SPEED    23   HIGHEST WIND DIRECTION    NE (40)
  HIGHEST GUST SPEED    36   HIGHEST GUST DIRECTION    NE (30)
  AVERAGE WIND SPEED    12.6


SKY COVER
  POSSIBLE SUNSHINE  MM
  AVERAGE SKY COVER 0.9


WEATHER CONDITIONS
 THE FOLLOWING WEATHER WAS RECORDED YESTERDAY.
  LIGHT RAIN


RELATIVE HUMIDITY (PERCENT)
 HIGHEST    97           700 AM
 LOWEST     83           400 PM
 AVERAGE    90

..........................................................


THE CAPE HATTERAS NC CLIMATE NORMALS FOR TODAY
                         NORMAL    RECORD    YEAR
 MAXIMUM TEMPERATURE (F)   62        77      1994
 MINIMUM TEMPERATURE (F)   48        29      1966


SUNRISE AND SUNSET
MARCH 28 2015.........SUNRISE   655 AM EDT   SUNSET   721 PM EDT
MARCH 29 2015.........SUNRISE   654 AM EDT   SUNSET   721 PM EDT


-  INDICATES NEGATIVE NUMBERS.
R  INDICATES RECORD WAS SET OR TIED.
MM INDICATES DATA IS MISSING.
T  INDICATES TRACE AMOUNT.




$$
