000
CDUS42 KMHX 210626
CLIHSE


CLIMATE REPORT
NATIONAL WEATHER SERVICE NEWPORT/MOREHEAD CITY NC
125 AM EST TUE FEB 21 2017


...................................

...THE CAPE HATTERAS NC CLIMATE SUMMARY FOR FEBRUARY 20 2017...

CLIMATE NORMAL PERIOD 1981 TO 2010
CLIMATE RECORD PERIOD 1874 TO 2017


WEATHER ITEM   OBSERVED TIME   RECORD YEAR NORMAL DEPARTURE LAST
                VALUE   (LST)  VALUE       VALUE  FROM      YEAR
                                                  NORMAL
..................................................................
TEMPERATURE (F)
 YESTERDAY
  MAXIMUM         61    201 PM  71    1994  54      7       61
                                      1991
                                      1948
  MINIMUM         47    102 AM  12    2015  40      7       44
  AVERAGE         54                        47      7       53

PRECIPITATION (IN)
  YESTERDAY        0.00          1.33 1944   0.14  -0.14     0.00
  MONTH TO DATE    1.21                      2.88  -1.67     6.96
  SINCE DEC 1     11.20                     12.39  -1.19    16.80
  SINCE JAN 1      6.19                      8.12  -1.93    11.83

SNOWFALL (IN)
  YESTERDAY        0.0
  MONTH TO DATE    0.0
  SINCE NOV 1      T
  SINCE JUL 1      T
  SNOW DEPTH       0

DEGREE DAYS
 HEATING
  YESTERDAY       11                        18     -7       12
  MONTH TO DATE  233                       373   -140      361
  SINCE DEC 1   1019                      1468   -449     1050
  SINCE JUL 1   1291                      1786   -495     1222

 COOLING
  YESTERDAY        0                         0      0        0
  MONTH TO DATE    0                         0      0        1
  SINCE DEC 1      3                         3      0       65
  SINCE JAN 1      0                         0      0        1
..................................................................


WIND (MPH)
  HIGHEST WIND SPEED    14   HIGHEST WIND DIRECTION     N (20)
  HIGHEST GUST SPEED    22   HIGHEST GUST DIRECTION     N (20)
  AVERAGE WIND SPEED     6.4


SKY COVER
  POSSIBLE SUNSHINE  MM
  AVERAGE SKY COVER 0.0


WEATHER CONDITIONS
 THE FOLLOWING WEATHER WAS RECORDED YESTERDAY.
  FOG
  HAZE


RELATIVE HUMIDITY (PERCENT)
 HIGHEST    89           300 AM
 LOWEST     57          1100 AM
 AVERAGE    73

..........................................................


THE CAPE HATTERAS NC CLIMATE NORMALS FOR TODAY
                         NORMAL    RECORD    YEAR
 MAXIMUM TEMPERATURE (F)   54        75      1989
 MINIMUM TEMPERATURE (F)   41        12      2015


SUNRISE AND SUNSET
FEBRUARY 21 2017......SUNRISE   642 AM EST   SUNSET   551 PM EST
FEBRUARY 22 2017......SUNRISE   640 AM EST   SUNSET   552 PM EST


-  INDICATES NEGATIVE NUMBERS.
R  INDICATES RECORD WAS SET OR TIED.
MM INDICATES DATA IS MISSING.
T  INDICATES TRACE AMOUNT.




$$
