000
CDUS42 KMHX 250628
CLIHSE


CLIMATE REPORT
NATIONAL WEATHER SERVICE NEWPORT/MOREHEAD CITY NC
128 AM EST SUN JAN 25 2015


...................................

...THE CAPE HATTERAS NC CLIMATE SUMMARY FOR JANUARY 24 2015...

CLIMATE NORMAL PERIOD 1981 TO 2010
CLIMATE RECORD PERIOD 1874 TO 2015


WEATHER ITEM   OBSERVED TIME   RECORD YEAR NORMAL DEPARTURE LAST
                VALUE   (LST)  VALUE       VALUE  FROM      YEAR
                                                  NORMAL
..................................................................
TEMPERATURE (F)
 YESTERDAY
  MAXIMUM         65    424 AM  72    1950  52     13       33
  MINIMUM         43    335 PM  13    2014  39      4       13
  AVERAGE         54                        45      9       23

PRECIPITATION (IN)
  YESTERDAY        1.71          2.76 1915   0.17   1.54     0.00
  MONTH TO DATE    4.57                      4.08   0.49     4.20
  SINCE DEC 1      7.02                      8.35  -1.33     8.10
  SINCE JAN 1      4.57                      4.08   0.49     4.20

SNOWFALL (IN)
  YESTERDAY       MM
  MONTH TO DATE    0.0
  SINCE NOV 1      0.0
  SINCE JUL 1      0.0
  SNOW DEPTH       0

DEGREE DAYS
 HEATING
  YESTERDAY       11                        20     -9       42
  MONTH TO DATE  408                       473    -65      454
  SINCE DEC 1    870                       962    -92      841
  SINCE JUL 1   1271                      1280     -9     1156

 COOLING
  YESTERDAY        0                         0      0        0
  MONTH TO DATE    2                         0      2        0
  SINCE DEC 1      2                         3     -1        7
  SINCE JAN 1      2                         0      2        0
..................................................................


WIND (MPH)
  HIGHEST WIND SPEED    38   HIGHEST WIND DIRECTION     S (190)
  HIGHEST GUST SPEED    48   HIGHEST GUST DIRECTION     S (190)
  AVERAGE WIND SPEED    16.0


SKY COVER
  POSSIBLE SUNSHINE  MM
  AVERAGE SKY COVER 0.9


WEATHER CONDITIONS
 THE FOLLOWING WEATHER WAS RECORDED YESTERDAY.
  HEAVY RAIN
  RAIN
  LIGHT RAIN
  FOG


RELATIVE HUMIDITY (PERCENT)
 HIGHEST   100           300 AM
 LOWEST     83           500 PM
 AVERAGE    92

..........................................................


THE CAPE HATTERAS NC CLIMATE NORMALS FOR TODAY
                         NORMAL    RECORD    YEAR
 MAXIMUM TEMPERATURE (F)   52        74      1950
 MINIMUM TEMPERATURE (F)   39        14      2014


SUNRISE AND SUNSET
JANUARY 25 2015.......SUNRISE   706 AM EST   SUNSET   523 PM EST
JANUARY 26 2015.......SUNRISE   706 AM EST   SUNSET   524 PM EST


-  INDICATES NEGATIVE NUMBERS.
R  INDICATES RECORD WAS SET OR TIED.
MM INDICATES DATA IS MISSING.
T  INDICATES TRACE AMOUNT.




$$
