000
CDUS43 KGID 060627
CLIHSI


CLIMATE REPORT
NATIONAL WEATHER SERVICE HASTINGS NE
125 AM CDT MON JUL 6 2015


...................................

...THE HASTINGS NE CLIMATE SUMMARY FOR JULY 5 2015...

CLIMATE NORMAL PERIOD 1981 TO 2010
CLIMATE RECORD PERIOD 1894 TO 2015


WEATHER ITEM   OBSERVED TIME   RECORD YEAR NORMAL DEPARTURE LAST
                VALUE   (LST)  VALUE       VALUE  FROM      YEAR
                                                  NORMAL
..................................................................
TEMPERATURE (F)
 YESTERDAY
  MAXIMUM         97    459 PM 108    1937  88      9       89
                                      1911
  MINIMUM         71    717 AM  48    1915  66      5       71
  AVERAGE         84                        77      7       80

PRECIPITATION (IN)
  YESTERDAY        0.00          1.65 1998   0.14  -0.14      T
  MONTH TO DATE    0.50                      0.74  -0.24      T
  SINCE JUN 1      8.55                      4.54   4.01     8.69
  SINCE JAN 1     17.27                     14.36   2.91    15.63

SNOWFALL (IN)
  YESTERDAY        0.0                       0.0    0.0      0.0
  MONTH TO DATE    0.0                       0.0    0.0      0.0
  SINCE JUN 1      0.0                       0.0    0.0      0.0
  SINCE JUL 1      0.0                       0.0    0.0      0.0
  SNOW DEPTH       0

DEGREE DAYS
 HEATING
  YESTERDAY        0                         0      0        0
  MONTH TO DATE    0                         0      0        2
  SINCE JUN 1      3                        21    -18       10
  SINCE JUL 1      0                         0      0        2

 COOLING
  YESTERDAY       19                        12      7       15
  MONTH TO DATE   57                        57      0       34
  SINCE JUN 1    277                       282     -5      265
  SINCE JAN 1    308                       341    -33      383
..................................................................


WIND (MPH)
  HIGHEST WIND SPEED    21   HIGHEST WIND DIRECTION    SE (150)
  HIGHEST GUST SPEED    28   HIGHEST GUST DIRECTION    SE (140)
  AVERAGE WIND SPEED    12.1


SKY COVER
  AVERAGE SKY COVER 0.0


WEATHER CONDITIONS
 THE FOLLOWING WEATHER WAS RECORDED YESTERDAY.
  NO SIGNIFICANT WEATHER WAS OBSERVED.


RELATIVE HUMIDITY (PERCENT)
 HIGHEST    84           700 AM
 LOWEST     40           300 PM
 AVERAGE    62

..........................................................


THE HASTINGS NE CLIMATE NORMALS FOR TODAY
                         NORMAL    RECORD    YEAR
 MAXIMUM TEMPERATURE (F)   88       105      1937
 MINIMUM TEMPERATURE (F)   66        49      1940


SUNRISE AND SUNSET
JULY  6 2015..........SUNRISE   609 AM CDT   SUNSET   907 PM CDT
JULY  7 2015..........SUNRISE   610 AM CDT   SUNSET   907 PM CDT


-  INDICATES NEGATIVE NUMBERS.
R  INDICATES RECORD WAS SET OR TIED.
MM INDICATES DATA IS MISSING.
T  INDICATES TRACE AMOUNT.




$$

BRYANT
