000
CDUS43 KGID 300633
CLIHSI


CLIMATE REPORT
NATIONAL WEATHER SERVICE HASTINGS NE
130 AM CDT TUE MAY 30 2017


...................................

...THE HASTINGS NE CLIMATE SUMMARY FOR MAY 29 2017...

CLIMATE NORMAL PERIOD 1981 TO 2010
CLIMATE RECORD PERIOD 1894 TO 2017


WEATHER ITEM   OBSERVED TIME   RECORD YEAR NORMAL DEPARTURE LAST
                VALUE   (LST)  VALUE       VALUE  FROM      YEAR
                                                  NORMAL
..................................................................
TEMPERATURE (F)
 YESTERDAY
  MAXIMUM         76    254 PM 105    1934  77     -1       84
  MINIMUM         53   1136 PM  29    1947  56     -3       53
  AVERAGE         65                        66     -1       69

PRECIPITATION (IN)
  YESTERDAY        0.00          2.20 1969   0.12  -0.12     0.06
  MONTH TO DATE    6.29                      4.32   1.97     2.85
  SINCE MAR 1     10.61                      8.67   1.94     9.08
  SINCE JAN 1     11.71                      9.57   2.14    11.00

SNOWFALL (IN)
  YESTERDAY        0.0                       0.0    0.0      0.0
  MONTH TO DATE    0.6                       0.0    0.6      0.0
  SINCE MAR 1      2.0                       6.4   -4.4      2.1
  SINCE JUL 1     11.1                      28.8  -17.7     32.4
  6 AM SNOW DEPTH  0

DEGREE DAYS
 HEATING
  YESTERDAY        0                         2     -2        0
  MONTH TO DATE  163                       165     -2      176
  SINCE MAR 1   1213                      1374   -161     1106
  SINCE JUL 1   5143                      6004   -861     5016

 COOLING
  YESTERDAY        0                         3     -3        4
  MONTH TO DATE   52                        48      4       23
  SINCE MAR 1     60                        53      7       23
  SINCE JAN 1     60                        53      7       23
..................................................................


WIND (MPH)
  HIGHEST WIND SPEED    22   HIGHEST WIND DIRECTION    NW (320)
  HIGHEST GUST SPEED    27   HIGHEST GUST DIRECTION    NW (320)
  AVERAGE WIND SPEED     9.6


SKY COVER
  AVERAGE SKY COVER 0.1


WEATHER CONDITIONS
 THE FOLLOWING WEATHER WAS RECORDED YESTERDAY.
  HAZE


RELATIVE HUMIDITY (PERCENT)
 HIGHEST    77           600 AM
 LOWEST     25           200 PM
 AVERAGE    51

..........................................................


THE HASTINGS NE CLIMATE NORMALS FOR TODAY
                         NORMAL    RECORD    YEAR
 MAXIMUM TEMPERATURE (F)   77       103      1934
 MINIMUM TEMPERATURE (F)   56        41      1930


SUNRISE AND SUNSET
MAY 30 2017...........SUNRISE   606 AM CDT   SUNSET   857 PM CDT
MAY 31 2017...........SUNRISE   605 AM CDT   SUNSET   858 PM CDT


-  INDICATES NEGATIVE NUMBERS.
R  INDICATES RECORD WAS SET OR TIED.
MM INDICATES DATA IS MISSING.
T  INDICATES TRACE AMOUNT.




$$
