000
CDUS43 KGID 222335
CLIHSI


CLIMATE REPORT
NATIONAL WEATHER SERVICE HASTINGS NE
535 PM CST MON DEC 22 2014


...................................

...THE HASTINGS NE CLIMATE SUMMARY FOR DECEMBER 22 2014...
VALID TODAY AS OF 0500 PM LOCAL TIME.

CLIMATE NORMAL PERIOD 1981 TO 2010
CLIMATE RECORD PERIOD 1894 TO 2014


WEATHER ITEM   OBSERVED TIME   RECORD YEAR NORMAL DEPARTURE LAST
                VALUE   (LST)  VALUE       VALUE  FROM      YEAR
                                                  NORMAL
..................................................................
TEMPERATURE (F)
 TODAY
  MAXIMUM         49    141 PM  69    1933  35     14       25
  MINIMUM         36    559 AM -23    1989  17     19       11
  AVERAGE         43                        26     17       18

PRECIPITATION (IN)
  TODAY            T             1.20 1968   0.01  -0.01      T
  MONTH TO DATE    0.32                      0.49  -0.17     0.13
  SINCE DEC 1      0.32                      0.49  -0.17     0.13
  SINCE JAN 1     28.99                     26.99   2.00    25.20

SNOWFALL (IN)
  TODAY            0.0           4.0  1952   0.3   -0.3       T
  MONTH TO DATE    0.2                       4.3   -4.1      4.6
  SINCE DEC 1      0.2                       4.3   -4.1      4.6
  SINCE JUL 1      1.9                       8.1   -6.2      5.0
  SNOW DEPTH       0

DEGREE DAYS
 HEATING
  TODAY           22                        39    -17       47
  MONTH TO DATE  673                       806   -133      922
  SINCE DEC 1    673                       806   -133      922
  SINCE JUL 1   2011                      2087    -76     2187

 COOLING
  TODAY            0                         0      0        0
  MONTH TO DATE    0                         0      0        0
  SINCE DEC 1      0                         0      0        0
  SINCE JAN 1   1018                      1077    -59     1158
..................................................................


WIND (MPH)
  HIGHEST WIND SPEED    31   HIGHEST WIND DIRECTION    NW (320)
  HIGHEST GUST SPEED    38   HIGHEST GUST DIRECTION    NW (330)
  AVERAGE WIND SPEED    14.0


SKY COVER
  AVERAGE SKY COVER 0.9


WEATHER CONDITIONS
 THE FOLLOWING WEATHER WAS RECORDED TODAY.
  LIGHT RAIN
  FOG


RELATIVE HUMIDITY (PERCENT)
 HIGHEST    92           600 AM
 LOWEST     49           400 PM
 AVERAGE    71

..........................................................


THE HASTINGS NE CLIMATE NORMALS FOR TOMORROW
                         NORMAL    RECORD    YEAR
 MAXIMUM TEMPERATURE (F)   35        80      1964
 MINIMUM TEMPERATURE (F)   17       -23      1989


SUNRISE AND SUNSET
DECEMBER 22 2014......SUNRISE   754 AM CST   SUNSET   510 PM CST
DECEMBER 23 2014......SUNRISE   755 AM CST   SUNSET   511 PM CST


-  INDICATES NEGATIVE NUMBERS.
R  INDICATES RECORD WAS SET OR TIED.
MM INDICATES DATA IS MISSING.
T  INDICATES TRACE AMOUNT.




$$
