000
CDUS43 KGID 280626
CLIHSI


CLIMATE REPORT
NATIONAL WEATHER SERVICE HASTINGS NE
125 AM CDT SAT MAR 28 2015


...................................

...THE HASTINGS NE CLIMATE SUMMARY FOR MARCH 27 2015...

CLIMATE NORMAL PERIOD 1981 TO 2010
CLIMATE RECORD PERIOD 1894 TO 2015


WEATHER ITEM   OBSERVED TIME   RECORD YEAR NORMAL DEPARTURE LAST
                VALUE   (LST)  VALUE       VALUE  FROM      YEAR
                                                  NORMAL
..................................................................
TEMPERATURE (F)
 YESTERDAY
  MAXIMUM         45    608 PM  86    1989  56    -11       46
  MINIMUM         24    615 AM   4    1913  32     -8       24
  AVERAGE         35                        44     -9       35

PRECIPITATION (IN)
  YESTERDAY        T             1.12 1991   0.08  -0.08     0.02
  MONTH TO DATE    0.20                      1.42  -1.22     0.15
  SINCE MAR 1      0.20                      1.42  -1.22     0.15
  SINCE JAN 1      1.31                      2.32  -1.01     0.86

SNOWFALL (IN)
  YESTERDAY        T             3.0  1948   0.1   -0.1       T
  MONTH TO DATE    0.8                       4.6   -3.8      1.2
  SINCE MAR 1      0.8                       4.6   -3.8      1.2
  SINCE JUL 1     17.0                      27.0  -10.0     19.5
  SNOW DEPTH       0

DEGREE DAYS
 HEATING
  YESTERDAY       30                        21      9       30
  MONTH TO DATE  581                       697   -116      787
  SINCE MAR 1    581                       697   -116      787
  SINCE JUL 1   5204                      5327   -123     5667

 COOLING
  YESTERDAY        0                         0      0        0
  MONTH TO DATE    0                         0      0        0
  SINCE MAR 1      0                         0      0        0
  SINCE JAN 1      0                         0      0        0
..................................................................


WIND (MPH)
  HIGHEST WIND SPEED    18   HIGHEST WIND DIRECTION    SE (150)
  HIGHEST GUST SPEED    23   HIGHEST GUST DIRECTION    SE (150)
  AVERAGE WIND SPEED     7.5


SKY COVER
  AVERAGE SKY COVER 0.5


WEATHER CONDITIONS
 THE FOLLOWING WEATHER WAS RECORDED YESTERDAY.
  NO SIGNIFICANT WEATHER WAS OBSERVED.


RELATIVE HUMIDITY (PERCENT)
 HIGHEST    92           100 AM
 LOWEST     48           300 PM
 AVERAGE    70

..........................................................


THE HASTINGS NE CLIMATE NORMALS FOR TODAY
                         NORMAL    RECORD    YEAR
 MAXIMUM TEMPERATURE (F)   57        84      1910
 MINIMUM TEMPERATURE (F)   33         8      1913


SUNRISE AND SUNSET
MARCH 28 2015.........SUNRISE   724 AM CDT   SUNSET   754 PM CDT
MARCH 29 2015.........SUNRISE   723 AM CDT   SUNSET   755 PM CDT


-  INDICATES NEGATIVE NUMBERS.
R  INDICATES RECORD WAS SET OR TIED.
MM INDICATES DATA IS MISSING.
T  INDICATES TRACE AMOUNT.




$$
