000
CDUS43 KGID 290718
CLIHSI


CLIMATE REPORT
NATIONAL WEATHER SERVICE HASTINGS NE
216 AM CDT FRI AUG 29 2014


...................................

...THE HASTINGS NE CLIMATE SUMMARY FOR AUGUST 28 2014...

CLIMATE NORMAL PERIOD 1981 TO 2010
CLIMATE RECORD PERIOD 1894 TO 2014


WEATHER ITEM   OBSERVED TIME   RECORD YEAR NORMAL DEPARTURE LAST
                VALUE   (LST)  VALUE       VALUE  FROM      YEAR
                                                  NORMAL
..................................................................
TEMPERATURE (F)
 YESTERDAY
  MAXIMUM         80    525 PM 103    1984  83     -3       92
  MINIMUM         67    556 AM  44    1911  61      6       65
  AVERAGE         74                        72      2       79

PRECIPITATION (IN)
  YESTERDAY        0.66          1.73 1935   0.15   0.51     0.00
  MONTH TO DATE    7.54                      2.89   4.65     3.25
  SINCE JUN 1     17.71                     10.43   7.28     6.26
  SINCE JAN 1     24.65                     20.25   4.40    18.06

SNOWFALL (IN)
  YESTERDAY        0.0                       0.0    0.0      0.0
  MONTH TO DATE    0.0                       0.0    0.0      0.0
  SINCE JUN 1      0.0                       0.0    0.0      0.0
  SINCE JUL 1      0.0                       0.0    0.0      0.0
  SNOW DEPTH       0

DEGREE DAYS
 HEATING
  YESTERDAY        0                         0      0        0
  MONTH TO DATE    0                         0      0        0
  SINCE JUN 1     14                        22     -8       33
  SINCE JUL 1      6                         1      5        6

 COOLING
  YESTERDAY        9                         7      2       14
  MONTH TO DATE  268                       272     -4      265
  SINCE JUN 1    779                       873    -94      834
  SINCE JAN 1    897                       932    -35      908
..................................................................


WIND (MPH)
  HIGHEST WIND SPEED    17   HIGHEST WIND DIRECTION    SE (140)
  HIGHEST GUST SPEED    25   HIGHEST GUST DIRECTION    SE (140)
  AVERAGE WIND SPEED     7.1


SKY COVER
  AVERAGE SKY COVER 0.6


WEATHER CONDITIONS
 THE FOLLOWING WEATHER WAS RECORDED YESTERDAY.
  THUNDERSTORM
  HEAVY RAIN
  RAIN
  LIGHT RAIN
  FOG


RELATIVE HUMIDITY (PERCENT)
 HIGHEST    93           400 AM
 LOWEST     62           500 PM
 AVERAGE    78

..........................................................


THE HASTINGS NE CLIMATE NORMALS FOR TODAY
                         NORMAL    RECORD    YEAR
 MAXIMUM TEMPERATURE (F)   83       102      1947
                                             1937
 MINIMUM TEMPERATURE (F)   60        45      1946


SUNRISE AND SUNSET
AUGUST 29 2014........SUNRISE   658 AM CDT   SUNSET   811 PM CDT
AUGUST 30 2014........SUNRISE   659 AM CDT   SUNSET   809 PM CDT


-  INDICATES NEGATIVE NUMBERS.
R  INDICATES RECORD WAS SET OR TIED.
MM INDICATES DATA IS MISSING.
T  INDICATES TRACE AMOUNT.




$$
