000
CDUS43 KGID 290627
CLIHSI


CLIMATE REPORT
NATIONAL WEATHER SERVICE HASTINGS NE
125 AM CDT WED MAR 29 2017


...................................

...THE HASTINGS NE CLIMATE SUMMARY FOR MARCH 28 2017...

CLIMATE NORMAL PERIOD 1981 TO 2010
CLIMATE RECORD PERIOD 1894 TO 2017


WEATHER ITEM   OBSERVED TIME   RECORD YEAR NORMAL DEPARTURE LAST
                VALUE   (LST)  VALUE       VALUE  FROM      YEAR
                                                  NORMAL
..................................................................
TEMPERATURE (F)
 YESTERDAY
  MAXIMUM         53        MM  84    1910  57     -4       67
  MINIMUM         36        MM   8    1913  33      3       34
  AVERAGE         45                        44      1       51

PRECIPITATION (IN)
  YESTERDAY        0.32          1.46 1977   0.09   0.23     0.00
  MONTH TO DATE    0.66                      1.51  -0.85     0.45
  SINCE MAR 1      0.66                      1.51  -0.85     0.45
  SINCE JAN 1      1.76                      2.41  -0.65     2.37

SNOWFALL (IN)
  YESTERDAY        0.0           3.5  1987   0.2   -0.2      0.0
  MONTH TO DATE    1.2                       4.8   -3.6      2.1
  SINCE MAR 1      1.2                       4.8   -3.6      2.1
  SINCE JUL 1     10.3                      27.2  -16.9     32.4
  SNOW DEPTH       0

DEGREE DAYS
 HEATING
  YESTERDAY       20                        21     -1       14
  MONTH TO DATE  595                       718   -123      530
  SINCE MAR 1    595                       718   -123      530
  SINCE JUL 1   4525                      5348   -823     4440

 COOLING
  YESTERDAY        0                         0      0        0
  MONTH TO DATE    0                         0      0        0
  SINCE MAR 1      0                         0      0        0
  SINCE JAN 1      0                         0      0        0
..................................................................


WIND (MPH)
  HIGHEST WIND SPEED    16   HIGHEST WIND DIRECTION     E (70)
  HIGHEST GUST SPEED    MM   HIGHEST GUST DIRECTION    MM
  AVERAGE WIND SPEED    10.1


SKY COVER
  AVERAGE SKY COVER 0.8


WEATHER CONDITIONS
 THE FOLLOWING WEATHER WAS RECORDED YESTERDAY.
  RAIN
  LIGHT RAIN
  FOG
  HAZE


RELATIVE HUMIDITY (PERCENT)
 HIGHEST   100           500 AM
 LOWEST     66           400 PM
 AVERAGE    83

..........................................................


THE HASTINGS NE CLIMATE NORMALS FOR TODAY
                         NORMAL    RECORD    YEAR
 MAXIMUM TEMPERATURE (F)   57        88      1986
 MINIMUM TEMPERATURE (F)   33        14      1987
                                             1969


SUNRISE AND SUNSET
MARCH 29 2017.........SUNRISE   722 AM CDT   SUNSET   756 PM CDT
MARCH 30 2017.........SUNRISE   720 AM CDT   SUNSET   757 PM CDT


-  INDICATES NEGATIVE NUMBERS.
R  INDICATES RECORD WAS SET OR TIED.
MM INDICATES DATA IS MISSING.
T  INDICATES TRACE AMOUNT.




$$
