000
CDUS43 KGID 260628
CLIHSI


CLIMATE REPORT
NATIONAL WEATHER SERVICE HASTINGS NE
126 AM CDT TUE SEP 26 2017


...................................

...THE HASTINGS NE CLIMATE SUMMARY FOR SEPTEMBER 25 2017...

CLIMATE NORMAL PERIOD 1981 TO 2010
CLIMATE RECORD PERIOD 1894 TO 2017


WEATHER ITEM   OBSERVED TIME   RECORD YEAR NORMAL DEPARTURE LAST
                VALUE   (LST)  VALUE       VALUE  FROM      YEAR
                                                  NORMAL
..................................................................
TEMPERATURE (F)
 YESTERDAY
  MAXIMUM         56   1240 AM  99    1998  74    -18       72
  MINIMUM         51   1159 PM  28    1926  50      1       43
  AVERAGE         54                        62     -8       58

PRECIPITATION (IN)
  YESTERDAY        1.64R         1.17 1955   0.08   1.56     0.00
  MONTH TO DATE    2.16                      2.20  -0.04     1.80
  SINCE SEP 1      2.16                      2.20  -0.04     1.80
  SINCE JAN 1     25.60                     22.86   2.74    18.37

SNOWFALL (IN)
  YESTERDAY        0.0                       0.0    0.0      0.0
  MONTH TO DATE    0.0                       0.1   -0.1      0.0
  SINCE SEP 1      0.0                       0.1   -0.1      0.0
  SINCE JUL 1      0.0                       0.1   -0.1      0.0
  SNOW DEPTH       0

DEGREE DAYS
 HEATING
  YESTERDAY       11                         5      6        7
  MONTH TO DATE   34                        59    -25       33
  SINCE SEP 1     34                        59    -25       33
  SINCE JUL 1     38                        65    -27       37

 COOLING
  YESTERDAY        0                         2     -2        0
  MONTH TO DATE  161                       101     60      137
  SINCE SEP 1    161                       101     60      137
  SINCE JAN 1   1118                      1054     64     1185
..................................................................


WIND (MPH)
  HIGHEST WIND SPEED    20   HIGHEST WIND DIRECTION    NE (50)
  HIGHEST GUST SPEED    27   HIGHEST GUST DIRECTION    NE (60)
  AVERAGE WIND SPEED    12.0


SKY COVER
  AVERAGE SKY COVER 0.9


WEATHER CONDITIONS
 THE FOLLOWING WEATHER WAS RECORDED YESTERDAY.
  THUNDERSTORM
  HEAVY RAIN
  RAIN
  LIGHT RAIN
  FOG


RELATIVE HUMIDITY (PERCENT)
 HIGHEST    96          1000 PM
 LOWEST     89           500 PM
 AVERAGE    93

..........................................................


THE HASTINGS NE CLIMATE NORMALS FOR TODAY
                         NORMAL    RECORD    YEAR
 MAXIMUM TEMPERATURE (F)   73        92      1974
                                             1938
 MINIMUM TEMPERATURE (F)   50        29      1942


SUNRISE AND SUNSET
SEPTEMBER 26 2017.....SUNRISE   725 AM CDT   SUNSET   724 PM CDT
SEPTEMBER 27 2017.....SUNRISE   726 AM CDT   SUNSET   722 PM CDT


-  INDICATES NEGATIVE NUMBERS.
R  INDICATES RECORD WAS SET OR TIED.
MM INDICATES DATA IS MISSING.
T  INDICATES TRACE AMOUNT.




$$
