000
CDUS44 KHUN 222236
CLIHSV


CLIMATE REPORT
NATIONAL WEATHER SERVICE HUNTSVILLE AL
435 PM CST THU FEB 22 2018


...................................

...THE HUNTSVILLE CLIMATE SUMMARY FOR FEBRUARY 22 2018...
VALID TODAY AS OF 0400 PM LOCAL TIME.

CLIMATE NORMAL PERIOD 1981 TO 2010
CLIMATE RECORD PERIOD 1894 TO 2018


WEATHER ITEM   OBSERVED TIME   RECORD YEAR NORMAL DEPARTURE LAST
                VALUE   (LST)  VALUE       VALUE  FROM      YEAR
                                                  NORMAL
..................................................................
TEMPERATURE (F)
 TODAY
  MAXIMUM         77R   348 PM  76    1980  58     19       71
                                      1909
  MINIMUM         65   1155 AM   5    1963  37     28       57
  AVERAGE         71                        48     23       64

PRECIPITATION (IN)
  TODAY            0.10          2.69 1961   0.19  -0.09      T
  MONTH TO DATE    5.21                      3.77   1.44     1.02
  SINCE DEC 1     11.21                     14.43  -3.22    13.33
  SINCE JAN 1      6.73                      8.66  -1.93     7.42

SNOWFALL (IN)
  TODAY            0.0
  MONTH TO DATE    0.0
  SINCE DEC 1      0.4
  SINCE JUL 1      0.4
  SNOW DEPTH       0

DEGREE DAYS
 HEATING
  TODAY            0                        18    -18        1
  MONTH TO DATE  294                       443   -149      270
  SINCE DEC 1   1779                      1826    -47     1251
  SINCE JUL 1   2257                      2353    -96     1515

 COOLING
  TODAY            6                         0      6        0
  MONTH TO DATE   26                         0     26        0
  SINCE DEC 1     26                         2     24        5
  SINCE JAN 1     26                         0     26        1
..................................................................


WIND (MPH)
  HIGHEST WIND SPEED    24   HIGHEST WIND DIRECTION     W (270)
  HIGHEST GUST SPEED    34   HIGHEST GUST DIRECTION     W (260)
  AVERAGE WIND SPEED     8.5


SKY COVER
  POSSIBLE SUNSHINE  MM
  AVERAGE SKY COVER 0.7


WEATHER CONDITIONS
 THE FOLLOWING WEATHER WAS RECORDED TODAY.
  THUNDERSTORM
  HEAVY RAIN
  RAIN
  LIGHT RAIN
  FOG


RELATIVE HUMIDITY (PERCENT)
 HIGHEST   100          1200 PM
 LOWEST     64           400 PM
 AVERAGE    82

..........................................................


THE HUNTSVILLE CLIMATE NORMALS FOR TOMORROW
                         NORMAL    RECORD    YEAR
 MAXIMUM TEMPERATURE (F)   58        83      1996
 MINIMUM TEMPERATURE (F)   37        15      1939


SUNRISE AND SUNSET
FEBRUARY 22 2018......SUNRISE   625 AM CST   SUNSET   537 PM CST
FEBRUARY 23 2018......SUNRISE   624 AM CST   SUNSET   538 PM CST


-  INDICATES NEGATIVE NUMBERS.
R  INDICATES RECORD WAS SET OR TIED.
MM INDICATES DATA IS MISSING.
T  INDICATES TRACE AMOUNT.




$$
