000
CDUS44 KHUN 302127
CLIHSV


CLIMATE REPORT
NATIONAL WEATHER SERVICE HUNTSVILLE AL
427 PM CDT SAT MAY 30 2015


...................................

...THE HUNTSVILLE CLIMATE SUMMARY FOR MAY 30 2015...
VALID TODAY AS OF 0400 PM LOCAL TIME.

CLIMATE NORMAL PERIOD 1981 TO 2010
CLIMATE RECORD PERIOD 1894 TO 2015


WEATHER ITEM   OBSERVED TIME   RECORD YEAR NORMAL DEPARTURE LAST
                VALUE   (LST)  VALUE       VALUE  FROM      YEAR
                                                  NORMAL
..................................................................
TEMPERATURE (F)
 TODAY
  MAXIMUM         86    248 PM  99    1914  85      1       88
  MINIMUM         68    503 AM  42    1984  63      5       68
  AVERAGE         77                        74      3       78

PRECIPITATION (IN)
  TODAY            0.04          1.52 1949   0.15  -0.11     0.11
  MONTH TO DATE    4.80                      4.95  -0.15     2.80
  SINCE MAR 1     17.36                     14.48   2.88    13.60
  SINCE JAN 1     25.10                     24.21   0.89    23.47

SNOWFALL (IN)
  TODAY            0.0
  MONTH TO DATE    0.0
  SINCE MAR 1      1.0
  SINCE JUL 1      9.8
  SNOW DEPTH       0

DEGREE DAYS
 HEATING
  TODAY            0                         0      0        0
  MONTH TO DATE   14                        25    -11       38
  SINCE MAR 1    389                       547   -158      628
  SINCE JUL 1   3030                      2999     31     3463

 COOLING
  TODAY           12                         9      3       13
  MONTH TO DATE  250                       181     69      214
  SINCE MAR 1    313                       252     61      256
  SINCE JAN 1    313                       253     60      257
..................................................................


WIND (MPH)
  HIGHEST WIND SPEED    20   HIGHEST WIND DIRECTION     S (190)
  HIGHEST GUST SPEED    25   HIGHEST GUST DIRECTION     S (190)
  AVERAGE WIND SPEED     7.5


SKY COVER
  POSSIBLE SUNSHINE  MM
  AVERAGE SKY COVER 0.4


WEATHER CONDITIONS
 THE FOLLOWING WEATHER WAS RECORDED TODAY.
  LIGHT RAIN


RELATIVE HUMIDITY (PERCENT)
 HIGHEST    90           100 AM
 LOWEST     48           100 PM
 AVERAGE    69

..........................................................


THE HUNTSVILLE CLIMATE NORMALS FOR TOMORROW
                         NORMAL    RECORD    YEAR
 MAXIMUM TEMPERATURE (F)   85        98      1925
                                             1911
 MINIMUM TEMPERATURE (F)   64        43      1984
                                             1947


SUNRISE AND SUNSET
MAY 30 2015...........SUNRISE   536 AM CDT   SUNSET   753 PM CDT
MAY 31 2015...........SUNRISE   536 AM CDT   SUNSET   754 PM CDT


-  INDICATES NEGATIVE NUMBERS.
R  INDICATES RECORD WAS SET OR TIED.
MM INDICATES DATA IS MISSING.
T  INDICATES TRACE AMOUNT.




$$
