000
CDUS44 KHUN 300703
CLIHSV


CLIMATE REPORT
NATIONAL WEATHER SERVICE HUNTSVILLE AL
203 AM CDT SAT AUG 30 2014


...................................

...THE HUNTSVILLE CLIMATE SUMMARY FOR AUGUST 29 2014...

CLIMATE NORMAL PERIOD 1981 TO 2010
CLIMATE RECORD PERIOD 1894 TO 2014


WEATHER ITEM   OBSERVED TIME   RECORD YEAR NORMAL DEPARTURE LAST
                VALUE   (LST)  VALUE       VALUE  FROM      YEAR
                                                  NORMAL
..................................................................
TEMPERATURE (F)
 YESTERDAY
  MAXIMUM         94    313 PM 102    2000  90      4       94
                                      1990
                                      1924
  MINIMUM         69    546 AM  52    1992  68      1       67
  AVERAGE         82                        79      3       81

PRECIPITATION (IN)
  YESTERDAY        0.00          3.26 1991   0.11  -0.11     0.00
  MONTH TO DATE    2.09                      3.39  -1.30     1.81
  SINCE JUN 1     13.69                     11.73   1.96    14.50
  SINCE JAN 1     37.16                     36.10   1.06    43.62

SNOWFALL (IN)
  YESTERDAY        0.0
  MONTH TO DATE    0.0
  SINCE JUN 1      0.0
  SINCE JUL 1      0.0
  SNOW DEPTH       0

DEGREE DAYS
 HEATING
  YESTERDAY        0                         0      0        0
  MONTH TO DATE    0                         0      0        0
  SINCE JUN 1      0                         1     -1        0
  SINCE JUL 1      0                         0      0        0

 COOLING
  YESTERDAY       17                        14      3       16
  MONTH TO DATE  456                       445     11      351
  SINCE JUN 1   1250                      1307    -57     1196
  SINCE JAN 1   1521                      1570    -49     1429
..................................................................


WIND (MPH)
  HIGHEST WIND SPEED    14   HIGHEST WIND DIRECTION    SW (210)
  HIGHEST GUST SPEED    20   HIGHEST GUST DIRECTION    SW (210)
  AVERAGE WIND SPEED     5.2


SKY COVER
  POSSIBLE SUNSHINE  MM
  AVERAGE SKY COVER 0.4


WEATHER CONDITIONS
 THE FOLLOWING WEATHER WAS RECORDED YESTERDAY.
  NO SIGNIFICANT WEATHER WAS OBSERVED.


RELATIVE HUMIDITY (PERCENT)
 HIGHEST    90           400 AM
 LOWEST     30           100 PM
 AVERAGE    60

..........................................................


THE HUNTSVILLE CLIMATE NORMALS FOR TODAY
                         NORMAL    RECORD    YEAR
 MAXIMUM TEMPERATURE (F)   90        99      1951
 MINIMUM TEMPERATURE (F)   68        51      1931


SUNRISE AND SUNSET
AUGUST 30 2014........SUNRISE   619 AM CDT   SUNSET   716 PM CDT
AUGUST 31 2014........SUNRISE   619 AM CDT   SUNSET   715 PM CDT


-  INDICATES NEGATIVE NUMBERS.
R  INDICATES RECORD WAS SET OR TIED.
MM INDICATES DATA IS MISSING.
T  INDICATES TRACE AMOUNT.


$$
