000
CDUS44 KHUN 210801
CLIHSV


CLIMATE REPORT
NATIONAL WEATHER SERVICE HUNTSVILLE AL
201 AM CST TUE NOV 21 2017


...................................

...THE HUNTSVILLE CLIMATE SUMMARY FOR NOVEMBER 20 2017...

CLIMATE NORMAL PERIOD 1981 TO 2010
CLIMATE RECORD PERIOD 1894 TO 2017


WEATHER ITEM   OBSERVED TIME   RECORD YEAR NORMAL DEPARTURE LAST
                VALUE   (LST)  VALUE       VALUE  FROM      YEAR
                                                  NORMAL
..................................................................
TEMPERATURE (F)
 YESTERDAY
  MAXIMUM         57    316 PM  79    1942  62     -5       56
  MINIMUM         27    714 AM  10    1914  41    -14       29
  AVERAGE         42                        51     -9       43

PRECIPITATION (IN)
  YESTERDAY        0.00          1.31 1991   0.18  -0.18     0.00
  MONTH TO DATE    0.85                      3.07  -2.22     0.21
  SINCE SEP 1      8.87                     10.38  -1.51     1.45
  SINCE JAN 1     49.08                     46.70   2.38    33.96

SNOWFALL (IN)
  YESTERDAY        0.0
  MONTH TO DATE    0.0
  SINCE SEP 1      0.0
  SINCE JUL 1      0.0
  SNOW DEPTH       0

DEGREE DAYS
 HEATING
  YESTERDAY       23                        14      9       22
  MONTH TO DATE  190                       218    -28      120
  SINCE SEP 1    332                       369    -37      144
  SINCE JUL 1    332                       369    -37      144

 COOLING
  YESTERDAY        0                         0      0        0
  MONTH TO DATE   29                         7     22       28
  SINCE SEP 1    386                       352     34      643
  SINCE JAN 1   2114                      1947    167     2548
..................................................................


WIND (MPH)
  HIGHEST WIND SPEED    10   HIGHEST WIND DIRECTION    SE (150)
  HIGHEST GUST SPEED    11   HIGHEST GUST DIRECTION    SE (140)
  AVERAGE WIND SPEED     2.3


SKY COVER
  POSSIBLE SUNSHINE  MM
  AVERAGE SKY COVER 0.3


WEATHER CONDITIONS
 THE FOLLOWING WEATHER WAS RECORDED YESTERDAY.
  NO SIGNIFICANT WEATHER WAS OBSERVED.


RELATIVE HUMIDITY (PERCENT)
 HIGHEST    92           700 AM
 LOWEST     28           300 PM
 AVERAGE    60

..........................................................


THE HUNTSVILLE CLIMATE NORMALS FOR TODAY
                         NORMAL    RECORD    YEAR
 MAXIMUM TEMPERATURE (F)   61        78      1942
 MINIMUM TEMPERATURE (F)   40        17      1937


SUNRISE AND SUNSET
NOVEMBER 21 2017......SUNRISE   627 AM CST   SUNSET   439 PM CST
NOVEMBER 22 2017......SUNRISE   628 AM CST   SUNSET   439 PM CST


-  INDICATES NEGATIVE NUMBERS.
R  INDICATES RECORD WAS SET OR TIED.
MM INDICATES DATA IS MISSING.
T  INDICATES TRACE AMOUNT.




$$
