000
CDUS44 KHUN 240703
CLIHSV


CLIMATE REPORT
NATIONAL WEATHER SERVICE HUNTSVILLE AL
203 AM CDT THU APR 24 2014


...................................

...THE HUNTSVILLE CLIMATE SUMMARY FOR APRIL 23 2014...

CLIMATE NORMAL PERIOD 1981 TO 2010
CLIMATE RECORD PERIOD 1894 TO 2014


WEATHER ITEM   OBSERVED TIME   RECORD YEAR NORMAL DEPARTURE LAST
                VALUE   (LST)  VALUE       VALUE  FROM      YEAR
                                                  NORMAL
..................................................................
TEMPERATURE (F)
 YESTERDAY
  MAXIMUM         75    426 PM  94    1925  76     -1       77
  MINIMUM         49    517 AM  32    1927  52     -3       54
  AVERAGE         62                        64     -2       66

PRECIPITATION (IN)
  YESTERDAY        0.00          1.69 1983   0.14  -0.14     0.00
  MONTH TO DATE    4.38                      3.27   1.11     3.04
  SINCE MAR 1      7.06                      8.48  -1.42     8.59
  SINCE JAN 1     16.93                     18.21  -1.28    20.47

SNOWFALL (IN)
  YESTERDAY        0.0
  MONTH TO DATE    T
  SINCE MAR 1      T
  SINCE JUL 1      5.2
  SNOW DEPTH       0

DEGREE DAYS
 HEATING
  YESTERDAY        3                         4     -1        0
  MONTH TO DATE  125                       135    -10      138
  SINCE MAR 1    587                       503     84      674
  SINCE JUL 1   3422                      2955    467     2946

 COOLING
  YESTERDAY        0                         2     -2        1
  MONTH TO DATE   21                        37    -16       51
  SINCE MAR 1     21                        50    -29       51
  SINCE JAN 1     22                        51    -29       57
..................................................................


WIND (MPH)
  HIGHEST WIND SPEED    15   HIGHEST WIND DIRECTION     N (10)
  HIGHEST GUST SPEED    22   HIGHEST GUST DIRECTION    NE (50)
  AVERAGE WIND SPEED     6.3


SKY COVER
  POSSIBLE SUNSHINE  MM
  AVERAGE SKY COVER 0.0


WEATHER CONDITIONS
 THE FOLLOWING WEATHER WAS RECORDED YESTERDAY.
  NO SIGNIFICANT WEATHER WAS OBSERVED.


RELATIVE HUMIDITY (PERCENT)
 HIGHEST    80           500 AM
 LOWEST     23           500 PM
 AVERAGE    52

..........................................................


THE HUNTSVILLE CLIMATE NORMALS FOR TODAY
                         NORMAL    RECORD    YEAR
 MAXIMUM TEMPERATURE (F)   76        91      1960
 MINIMUM TEMPERATURE (F)   53        32      1910


SUNRISE AND SUNSET
APRIL 24 2014.........SUNRISE   605 AM CDT   SUNSET   726 PM CDT
APRIL 25 2014.........SUNRISE   603 AM CDT   SUNSET   727 PM CDT


-  INDICATES NEGATIVE NUMBERS.
R  INDICATES RECORD WAS SET OR TIED.
MM INDICATES DATA IS MISSING.
T  INDICATES TRACE AMOUNT.




$$
