845
CDUS44 KHUN 070803
CLIHSV


CLIMATE REPORT
NATIONAL WEATHER SERVICE HUNTSVILLE AL
203 AM CST SUN FEB 7 2016


...................................

...THE HUNTSVILLE CLIMATE SUMMARY FOR FEBRUARY 6 2016...

CLIMATE NORMAL PERIOD 1981 TO 2010
CLIMATE RECORD PERIOD 1894 TO 2016


WEATHER ITEM   OBSERVED TIME   RECORD YEAR NORMAL DEPARTURE LAST
                VALUE   (LST)  VALUE       VALUE  FROM      YEAR
                                                  NORMAL
..................................................................
TEMPERATURE (F)
 YESTERDAY
  MAXIMUM         51    217 PM  71    2008  54     -3       54
                                      1931
  MINIMUM         30    543 AM  10    1988  34     -4       MM
  AVERAGE         41                        44     -3       MM

PRECIPITATION (IN)
  YESTERDAY        0.00          2.25 1955   0.17  -0.17     0.00
  MONTH TO DATE    2.27                      1.02   1.25     0.52
  SINCE DEC 1     16.52                     11.68   4.84    10.22
  SINCE JAN 1      5.84                      5.91  -0.07     4.49

SNOWFALL (IN)
  YESTERDAY        0.0
  MONTH TO DATE    0.0
  SINCE DEC 1      0.4
  SINCE JUL 1      0.4
  SNOW DEPTH       0

DEGREE DAYS
 HEATING
  YESTERDAY       24                        21      3       MM
  MONTH TO DATE   91                       131    -40      120
  SINCE DEC 1   1174                      1514   -340     1400
  SINCE JUL 1   1468                      2041   -573     2016

 COOLING
  YESTERDAY        0                         0      0       MM
  MONTH TO DATE    1                         0      1        0
  SINCE DEC 1     24                         2     22        0
  SINCE JAN 1      1                         0      1        0
..................................................................


WIND (MPH)
  HIGHEST WIND SPEED    12   HIGHEST WIND DIRECTION    NE (60)
  HIGHEST GUST SPEED    14   HIGHEST GUST DIRECTION    NE (60)
  AVERAGE WIND SPEED     2.6


SKY COVER
  POSSIBLE SUNSHINE  MM
  AVERAGE SKY COVER 0.5


WEATHER CONDITIONS
 THE FOLLOWING WEATHER WAS RECORDED YESTERDAY.
  NO SIGNIFICANT WEATHER WAS OBSERVED.


RELATIVE HUMIDITY (PERCENT)
 HIGHEST    85           500 AM
 LOWEST     26           200 PM
 AVERAGE    56

..........................................................


THE HUNTSVILLE CLIMATE NORMALS FOR TODAY
                         NORMAL    RECORD    YEAR
 MAXIMUM TEMPERATURE (F)   54        73      1999
 MINIMUM TEMPERATURE (F)   34        12      1988


SUNRISE AND SUNSET
FEBRUARY  7 2016......SUNRISE   641 AM CST   SUNSET   522 PM CST
FEBRUARY  8 2016......SUNRISE   640 AM CST   SUNSET   523 PM CST


-  INDICATES NEGATIVE NUMBERS.
R  INDICATES RECORD WAS SET OR TIED.
MM INDICATES DATA IS MISSING.
T  INDICATES TRACE AMOUNT.


$$
