000
CDUS44 KHUN 220803
CLIHSV


CLIMATE REPORT
NATIONAL WEATHER SERVICE HUNTSVILLE AL
203 AM CST WED FEB 22 2017


...................................

...THE HUNTSVILLE CLIMATE SUMMARY FOR FEBRUARY 21 2017...

CLIMATE NORMAL PERIOD 1981 TO 2010
CLIMATE RECORD PERIOD 1894 TO 2017


WEATHER ITEM   OBSERVED TIME   RECORD YEAR NORMAL DEPARTURE LAST
                VALUE   (LST)  VALUE       VALUE  FROM      YEAR
                                                  NORMAL
..................................................................
TEMPERATURE (F)
 YESTERDAY
  MAXIMUM         65   1155 AM  76    1922  58      7       63
  MINIMUM         58   1159 PM  12    1963  37     21       56
                                      1958
  AVERAGE         62                        47     15       60

PRECIPITATION (IN)
  YESTERDAY        0.06          2.48 1971   0.17  -0.11     0.25
  MONTH TO DATE    1.02                      3.58  -2.56     4.84
  SINCE DEC 1     13.33                     14.24  -0.91    19.09
  SINCE JAN 1      7.42                      8.47  -1.05     8.41

SNOWFALL (IN)
  YESTERDAY        0.0
  MONTH TO DATE    0.0
  SINCE DEC 1      T
  SINCE JUL 1      T
  SNOW DEPTH       0

DEGREE DAYS
 HEATING
  YESTERDAY        3                        18    -15        5
  MONTH TO DATE  269                       425   -156      410
  SINCE DEC 1   1250                      1808   -558     1493
  SINCE JUL 1   1514                      2335   -821     1787

 COOLING
  YESTERDAY        0                         0      0        0
  MONTH TO DATE    0                         0      0        1
  SINCE DEC 1      5                         2      3       24
  SINCE JAN 1      1                         0      1        1
..................................................................


WIND (MPH)
  HIGHEST WIND SPEED    23   HIGHEST WIND DIRECTION    SE (150)
  HIGHEST GUST SPEED    27   HIGHEST GUST DIRECTION    SE (140)
  AVERAGE WIND SPEED     9.9


SKY COVER
  POSSIBLE SUNSHINE  MM
  AVERAGE SKY COVER 0.8


WEATHER CONDITIONS
 THE FOLLOWING WEATHER WAS RECORDED YESTERDAY.
  LIGHT RAIN


RELATIVE HUMIDITY (PERCENT)
 HIGHEST   100           600 PM
 LOWEST     72           100 AM
 AVERAGE    86

..........................................................


THE HUNTSVILLE CLIMATE NORMALS FOR TODAY
                         NORMAL    RECORD    YEAR
 MAXIMUM TEMPERATURE (F)   58        76      1980
                                             1909
 MINIMUM TEMPERATURE (F)   37         5      1963


SUNRISE AND SUNSET
FEBRUARY 22 2017......SUNRISE   624 AM CST   SUNSET   537 PM CST
FEBRUARY 23 2017......SUNRISE   623 AM CST   SUNSET   538 PM CST


-  INDICATES NEGATIVE NUMBERS.
R  INDICATES RECORD WAS SET OR TIED.
MM INDICATES DATA IS MISSING.
T  INDICATES TRACE AMOUNT.




$$
