000
CDUS44 KHUN 282141
CLIHSV


CLIMATE REPORT
NATIONAL WEATHER SERVICE HUNTSVILLE AL
440 PM CDT MON JUL 28 2014


...................................

...THE HUNTSVILLE CLIMATE SUMMARY FOR JULY 28 2014...
VALID TODAY AS OF 0400 PM LOCAL TIME.

CLIMATE NORMAL PERIOD 1981 TO 2010
CLIMATE RECORD PERIOD 1894 TO 2014


WEATHER ITEM   OBSERVED TIME   RECORD YEAR NORMAL DEPARTURE LAST
                VALUE   (LST)  VALUE       VALUE  FROM      YEAR
                                                  NORMAL
..................................................................
TEMPERATURE (F)
 TODAY
  MAXIMUM         87    216 PM 110    1930  91     -4       86
  MINIMUM         74    602 AM  56    1911  70      4       70
  AVERAGE         81                        81      0       78

PRECIPITATION (IN)
  TODAY            T             2.04 1923   0.12  -0.12     0.00
  MONTH TO DATE    4.47                      3.70   0.77     9.22
  SINCE JUN 1     11.60                      7.99   3.61    11.43
  SINCE JAN 1     35.07                     32.36   2.71    40.55

SNOWFALL (IN)
  TODAY            0.0
  MONTH TO DATE    0.0
  SINCE JUN 1      0.0
  SINCE JUL 1      0.0
  SNOW DEPTH       0

DEGREE DAYS
 HEATING
  TODAY            0                         0      0        0
  MONTH TO DATE    0                         0      0        0
  SINCE JUN 1      0                         1     -1        0
  SINCE JUL 1      0                         0      0        0

 COOLING
  TODAY           16                        16      0       13
  MONTH TO DATE  372                       440    -68      384
  SINCE JUN 1    773                       820    -47      808
  SINCE JAN 1   1044                      1083    -39     1041
..................................................................


WIND (MPH)
  HIGHEST WIND SPEED    16   HIGHEST WIND DIRECTION    NW (330)
  HIGHEST GUST SPEED    22   HIGHEST GUST DIRECTION    NW (330)
  AVERAGE WIND SPEED     8.1


SKY COVER
  POSSIBLE SUNSHINE  MM
  AVERAGE SKY COVER 0.3


WEATHER CONDITIONS
 THE FOLLOWING WEATHER WAS RECORDED TODAY.
  NO SIGNIFICANT WEATHER WAS OBSERVED.


RELATIVE HUMIDITY (PERCENT)
 HIGHEST    91          1200 AM
 LOWEST     44          1200 PM
 AVERAGE    68

..........................................................


THE HUNTSVILLE CLIMATE NORMALS FOR TOMORROW
                         NORMAL    RECORD    YEAR
 MAXIMUM TEMPERATURE (F)   91       111      1930
 MINIMUM TEMPERATURE (F)   70        58      1944


SUNRISE AND SUNSET
JULY 28 2014..........SUNRISE   554 AM CDT   SUNSET   752 PM CDT
JULY 29 2014..........SUNRISE   555 AM CDT   SUNSET   752 PM CDT


-  INDICATES NEGATIVE NUMBERS.
R  INDICATES RECORD WAS SET OR TIED.
MM INDICATES DATA IS MISSING.
T  INDICATES TRACE AMOUNT.




$$
