000
CDUS43 KAPX 280528
CLIHTL


CLIMATE REPORT
NATIONAL WEATHER SERVICE GAYLORD MI
127 AM EDT SUN MAY 28 2017


...................................

...THE HOUGHTON LAKE MI CLIMATE SUMMARY FOR MAY 27 2017...

CLIMATE NORMAL PERIOD 1981 TO 2010
CLIMATE RECORD PERIOD 1913 TO 2017


WEATHER ITEM   OBSERVED TIME   RECORD YEAR NORMAL DEPARTURE LAST
                VALUE   (LST)  VALUE       VALUE  FROM      YEAR
                                                  NORMAL
..................................................................
TEMPERATURE (F)
 YESTERDAY
  MAXIMUM         75    516 PM  89    1978  70      5       83
                                      1944
  MINIMUM         48    409 AM  23    1930  45      3       53
                                      1927
  AVERAGE         62                        57      5       68

PRECIPITATION (IN)
  YESTERDAY        0.00          1.53 2012   0.09  -0.09     0.15
  MONTH TO DATE    2.46                      2.42   0.04     3.91
  SINCE MAR 1     10.36                      6.74   3.62    10.78
  SINCE JAN 1     15.84                      9.46   6.38    13.90

DEGREE DAYS
 HEATING
  YESTERDAY        3                         8     -5        0
  MONTH TO DATE  342                       326     16      307
  SINCE MAR 1   1961                      2115   -154     1990
  SINCE JUL 1   6811                      7987  -1176     6903

 COOLING
  YESTERDAY        0                         1     -1        3
  MONTH TO DATE   13                         8      5       12
  SINCE MAR 1     14                        10      4       12
  SINCE JAN 1     14                        10      4       12
..................................................................


WIND (MPH)
  HIGHEST WIND SPEED    10   HIGHEST WIND DIRECTION    SW (220)
  HIGHEST GUST SPEED    14   HIGHEST GUST DIRECTION     S (200)
  AVERAGE WIND SPEED     3.7




RELATIVE HUMIDITY (PERCENT)
 HIGHEST    96
 LOWEST     46
 AVERAGE    71

..........................................................


THE HOUGHTON LAKE MI CLIMATE NORMALS FOR TODAY
                         NORMAL    RECORD    YEAR
 MAXIMUM TEMPERATURE (F)   70        90      1931
 MINIMUM TEMPERATURE (F)   45        27      2008
                                             1949


SUNRISE AND SUNSET
MAY 28 2017...........SUNRISE   600 AM EDT   SUNSET   913 PM EDT
MAY 29 2017...........SUNRISE   559 AM EDT   SUNSET   914 PM EDT


-  INDICATES NEGATIVE NUMBERS.
R  INDICATES RECORD WAS SET OR TIED.
MM INDICATES DATA IS MISSING.
T  INDICATES TRACE AMOUNT.




$$
