000
CDUS43 KAPX 062145
CLIHTL


CLIMATE REPORT
NATIONAL WEATHER SERVICE GAYLORD MI
532 PM EDT FRI MAY 6 2016


...................................

...THE HOUGHTON LAKE MI CLIMATE SUMMARY FOR MAY 6 2016...
VALID TODAY AS OF 0500 PM LOCAL TIME.

CLIMATE NORMAL PERIOD 1981 TO 2010
CLIMATE RECORD PERIOD 1913 TO 2016


WEATHER ITEM   OBSERVED TIME   RECORD YEAR NORMAL DEPARTURE LAST
                VALUE   (LST)  VALUE       VALUE  FROM      YEAR
                                                  NORMAL
..................................................................
TEMPERATURE (F)
 TODAY
  MAXIMUM         75    358 PM  88    1949  63     12       73
                                      1934
                                      1930
  MINIMUM         34    546 AM  23    1968  39     -5       38
                                      1935
  AVERAGE         55                        51      4       56

PRECIPITATION (IN)
  TODAY            0.00          0.81 1956   0.08  -0.08     0.00
  MONTH TO DATE    1.00                      0.48   0.52      T
  SINCE MAR 1      7.87                      4.80   3.07     2.73
  SINCE JAN 1     10.99                      7.52   3.47     4.54

DEGREE DAYS
 HEATING
  TODAY           10                        14     -4        9
  MONTH TO DATE   92                        91      1       49
  SINCE MAR 1   1775                      1880   -105     1903
  SINCE JUL 1   6688                      7752  -1064     8270

 COOLING
  TODAY            0                         0      0        0
  MONTH TO DATE    0                         0      0        0
  SINCE MAR 1      0                         2     -2        0
  SINCE JAN 1      0                         2     -2        0
..................................................................


WIND (MPH)
  RESULTANT WIND SPEED   2   RESULTANT WIND DIRECTION   W (260)
  HIGHEST WIND SPEED     8   HIGHEST WIND DIRECTION     W (270)
  HIGHEST GUST SPEED    10   HIGHEST GUST DIRECTION     S (200)
  AVERAGE WIND SPEED     2.8


SKY COVER
  POSSIBLE SUNSHINE  MM
  AVERAGE SKY COVER 0.0


WEATHER CONDITIONS
 THE FOLLOWING WEATHER WAS RECORDED TODAY.
  FOG


RELATIVE HUMIDITY (PERCENT)
 HIGHEST   100           300 AM
 LOWEST     23           400 PM
 AVERAGE    62

..........................................................


THE HOUGHTON LAKE MI CLIMATE NORMALS FOR TOMORROW
                         NORMAL    RECORD    YEAR
 MAXIMUM TEMPERATURE (F)   64        89      1936
 MINIMUM TEMPERATURE (F)   39        20      1928


SUNRISE AND SUNSET
MAY  6 2016...........SUNRISE   622 AM EDT   SUNSET   849 PM EDT
MAY  7 2016...........SUNRISE   621 AM EDT   SUNSET   851 PM EDT


-  INDICATES NEGATIVE NUMBERS.
R  INDICATES RECORD WAS SET OR TIED.
MM INDICATES DATA IS MISSING.
T  INDICATES TRACE AMOUNT.




$$
