000
CDUS43 KAPX 260543
CLIHTL


CLIMATE REPORT
NATIONAL WEATHER SERVICE GAYLORD MI
1240 AM EST FRI DEC 26 2014


...................................

...THE HOUGHTON LAKE MI CLIMATE SUMMARY FOR DECEMBER 25 2014...

CLIMATE NORMAL PERIOD 1981 TO 2010
CLIMATE RECORD PERIOD 1913 TO 2014


WEATHER ITEM   OBSERVED TIME   RECORD YEAR NORMAL DEPARTURE LAST
                VALUE   (LST)  VALUE       VALUE  FROM      YEAR
                                                  NORMAL
..................................................................
TEMPERATURE (F)
 YESTERDAY
  MAXIMUM         34   1159 PM  59    1982  28      6       21
  MINIMUM         32    710 AM -20    1921  14     18        6
  AVERAGE         33                        21     12       14

PRECIPITATION (IN)
  YESTERDAY        T             0.47 2009   0.05  -0.05     0.13
  MONTH TO DATE    1.38                      1.37   0.01     2.14
  SINCE DEC 1      1.38                      1.37   0.01     2.14
  SINCE JAN 1     30.74                     28.47   2.27    30.64

SNOWFALL (IN)
  YESTERDAY        T             4.5  2013   0.5   -0.5      4.5
  MONTH TO DATE    6.0                      12.8   -6.8     20.9
  SINCE OCT 1     18.9                      21.9   -3.0     24.7
  SINCE JUL 1     18.9                      21.9   -3.0     24.7
  SNOW DEPTH       2

DEGREE DAYS
 HEATING
  YESTERDAY       32                        44    -12       51
  MONTH TO DATE  929                      1007    -78     1163
  SINCE DEC 1    929                      1007    -78     1163
  SINCE JUL 1   2932                      2890     42     3028
..................................................................


WIND (MPH)
  HIGHEST WIND SPEED    20   HIGHEST WIND DIRECTION     W (290)
  HIGHEST GUST SPEED    28   HIGHEST GUST DIRECTION    SW (240)
  AVERAGE WIND SPEED    12.0




RELATIVE HUMIDITY (PERCENT)
 HIGHEST    92
 LOWEST     75
 AVERAGE    84

..........................................................


THE HOUGHTON LAKE MI CLIMATE NORMALS FOR TODAY
                         NORMAL    RECORD    YEAR
 MAXIMUM TEMPERATURE (F)   28        49      1994
 MINIMUM TEMPERATURE (F)   14       -14      1948
                                             1918


SUNRISE AND SUNSET
DECEMBER 26 2014......SUNRISE   814 AM EST   SUNSET   505 PM EST
DECEMBER 27 2014......SUNRISE   814 AM EST   SUNSET   506 PM EST


-  INDICATES NEGATIVE NUMBERS.
R  INDICATES RECORD WAS SET OR TIED.
MM INDICATES DATA IS MISSING.
T  INDICATES TRACE AMOUNT.




$$
