000
CDUS43 KAPX 162235
CLIHTL


CLIMATE REPORT
NATIONAL WEATHER SERVICE GAYLORD MI
535 PM EST TUE JAN 16 2018


...................................

...THE HOUGHTON LAKE MI CLIMATE SUMMARY FOR JANUARY 16 2018...
VALID TODAY AS OF 0500 PM LOCAL TIME.

CLIMATE NORMAL PERIOD 1981 TO 2010
CLIMATE RECORD PERIOD 1913 TO 2018


WEATHER ITEM   OBSERVED TIME   RECORD YEAR NORMAL DEPARTURE LAST
                VALUE   (LST)  VALUE       VALUE  FROM      YEAR
                                                  NORMAL
..................................................................
TEMPERATURE (F)
 TODAY
  MAXIMUM         19    250 PM  50    1953  26     -7       34
                                      1949
  MINIMUM          2    134 AM -18    1966  10     -8        6
  AVERAGE         11                        18     -7       20

PRECIPITATION (IN)
  TODAY            T             0.60 1924   0.05  -0.05     0.05
  MONTH TO DATE    0.84                      0.85  -0.01     1.39
  SINCE DEC 1      2.32                      2.50  -0.18     3.61
  SINCE JAN 1      0.84                      0.85  -0.01     1.39

SNOWFALL (IN)
  TODAY            T             6.0  1924   0.5             0.0
  MONTH TO DATE    2.6                       8.7            10.3
  SINCE OCT 1     22.6                      33.7            52.5
  SINCE JUL 1     22.6                      33.7            52.5

DEGREE DAYS
 HEATING
  TODAY           54                        47      7       45
  MONTH TO DATE  818                       743     75      737
  SINCE DEC 1   2216                      2017    199     1979
  SINCE JUL 1   3817                      3900    -83     3299
..................................................................


WIND (MPH)
  RESULTANT WIND SPEED   7   RESULTANT WIND DIRECTION   N (10)
  HIGHEST WIND SPEED    13   HIGHEST WIND DIRECTION    NE (30)
  HIGHEST GUST SPEED    16   HIGHEST GUST DIRECTION     N (20)
  AVERAGE WIND SPEED     7.6


SKY COVER
  POSSIBLE SUNSHINE  MM
  AVERAGE SKY COVER 0.8


WEATHER CONDITIONS
 THE FOLLOWING WEATHER WAS RECORDED TODAY.
  LIGHT SNOW
  FOG
  HAZE


RELATIVE HUMIDITY (PERCENT)
 HIGHEST    92           400 AM
 LOWEST     61           300 PM
 AVERAGE    77

..........................................................


THE HOUGHTON LAKE MI CLIMATE NORMALS FOR TOMORROW
                         NORMAL    RECORD    YEAR
 MAXIMUM TEMPERATURE (F)   26        51      1913
 MINIMUM TEMPERATURE (F)    9       -19      1923


SUNRISE AND SUNSET
JANUARY 16 2018.......SUNRISE   811 AM EST   SUNSET   527 PM EST
JANUARY 17 2018.......SUNRISE   810 AM EST   SUNSET   528 PM EST


-  INDICATES NEGATIVE NUMBERS.
R  INDICATES RECORD WAS SET OR TIED.
MM INDICATES DATA IS MISSING.
T  INDICATES TRACE AMOUNT.




$$
