000
CDUS43 KAPX 250526
CLIHTL


CLIMATE REPORT
NATIONAL WEATHER SERVICE GAYLORD MI
126 AM EDT MON SEP 25 2017


...................................

...THE HOUGHTON LAKE MI CLIMATE SUMMARY FOR SEPTEMBER 24 2017...

CLIMATE NORMAL PERIOD 1981 TO 2010
CLIMATE RECORD PERIOD 1913 TO 2017


WEATHER ITEM   OBSERVED TIME   RECORD YEAR NORMAL DEPARTURE LAST
                VALUE   (LST)  VALUE       VALUE  FROM      YEAR
                                                  NORMAL
..................................................................
TEMPERATURE (F)
 YESTERDAY
  MAXIMUM         91R   300 PM  86    2007  65     26       66
                                      1920
  MINIMUM         58    646 AM  22    1943  43     15       40
  AVERAGE         75                        54     21       53

PRECIPITATION (IN)
  YESTERDAY        0.00          1.26 1968   0.11  -0.11     0.00
  MONTH TO DATE    0.68                      2.49  -1.81     2.16
  SINCE SEP 1      0.68                      2.49  -1.81     2.16
  SINCE JAN 1     26.29                     21.61   4.68    25.77

DEGREE DAYS
 HEATING
  YESTERDAY        0                        11    -11       12
  MONTH TO DATE  128                       178    -50       75
  SINCE SEP 1    128                       178    -50       75
  SINCE JUL 1    218                       305    -87      108

 COOLING
  YESTERDAY       10                         0     10        0
  MONTH TO DATE   58                        18     40       48
  SINCE SEP 1     58                        18     40       48
  SINCE JAN 1    302                       283     19      457
..................................................................


WIND (MPH)
  HIGHEST WIND SPEED    12   HIGHEST WIND DIRECTION     S (180)
  HIGHEST GUST SPEED    16   HIGHEST GUST DIRECTION     S (190)
  AVERAGE WIND SPEED     4.4




RELATIVE HUMIDITY (PERCENT)
 HIGHEST   100
 LOWEST     34
 AVERAGE    67

..........................................................


THE HOUGHTON LAKE MI CLIMATE NORMALS FOR TODAY
                         NORMAL    RECORD    YEAR
 MAXIMUM TEMPERATURE (F)   65        91      1920
 MINIMUM TEMPERATURE (F)   42        23      1932


SUNRISE AND SUNSET
SEPTEMBER 25 2017.....SUNRISE   730 AM EDT   SUNSET   730 PM EDT
SEPTEMBER 26 2017.....SUNRISE   731 AM EDT   SUNSET   728 PM EDT


-  INDICATES NEGATIVE NUMBERS.
R  INDICATES RECORD WAS SET OR TIED.
MM INDICATES DATA IS MISSING.
T  INDICATES TRACE AMOUNT.




$$
