000
CDUS43 KAPX 272127
CLIHTL


CLIMATE REPORT
NATIONAL WEATHER SERVICE GAYLORD MI
527 PM EDT THU JUL 27 2017


...................................

...THE HOUGHTON LAKE MI CLIMATE SUMMARY FOR JULY 27 2017...
VALID TODAY AS OF 0500 PM LOCAL TIME.

CLIMATE NORMAL PERIOD 1981 TO 2010
CLIMATE RECORD PERIOD 1913 TO 2017


WEATHER ITEM   OBSERVED TIME   RECORD YEAR NORMAL DEPARTURE LAST
                VALUE   (LST)  VALUE       VALUE  FROM      YEAR
                                                  NORMAL
..................................................................
TEMPERATURE (F)
 TODAY
  MAXIMUM         83    321 PM  98    1941  79      4       86
  MINIMUM         67    603 AM  36    2001  55     12       68
                                      1920
  AVERAGE         75                        67      8       77

PRECIPITATION (IN)
  TODAY            T             3.50 2000   0.10  -0.10     0.05
  MONTH TO DATE    2.14                      2.37  -0.23     2.81
  SINCE JUN 1      6.98                      5.47   1.51     5.57
  SINCE JAN 1     22.89                     15.33   7.56    19.64

DEGREE DAYS
 HEATING
  TODAY            0                         1     -1        0
  MONTH TO DATE    9                        39    -30       27
  SINCE JUN 1     77                       163    -86      132
  SINCE JUL 1      9                        39    -30       27

 COOLING
  TODAY           10                         3      7       12
  MONTH TO DATE   97                       104     -7      153
  SINCE JUN 1    180                       163     17      197
  SINCE JAN 1    194                       179     15      226
..................................................................


WIND (MPH)
  RESULTANT WIND SPEED   2   RESULTANT WIND DIRECTION   N (20)
  HIGHEST WIND SPEED    14   HIGHEST WIND DIRECTION    NE (60)
  HIGHEST GUST SPEED    19   HIGHEST GUST DIRECTION     N (360)
  AVERAGE WIND SPEED     5.1


SKY COVER
  POSSIBLE SUNSHINE  MM
  AVERAGE SKY COVER 0.5


WEATHER CONDITIONS
 THE FOLLOWING WEATHER WAS RECORDED TODAY.
  FOG


RELATIVE HUMIDITY (PERCENT)
 HIGHEST   100           500 AM
 LOWEST     40           300 PM
 AVERAGE    70

..........................................................


THE HOUGHTON LAKE MI CLIMATE NORMALS FOR TOMORROW
                         NORMAL    RECORD    YEAR
 MAXIMUM TEMPERATURE (F)   79        98      1931
 MINIMUM TEMPERATURE (F)   55        40      1978
                                             1943
                                             1925


SUNRISE AND SUNSET
JULY 27 2017..........SUNRISE   621 AM EDT   SUNSET   909 PM EDT
JULY 28 2017..........SUNRISE   622 AM EDT   SUNSET   908 PM EDT


-  INDICATES NEGATIVE NUMBERS.
R  INDICATES RECORD WAS SET OR TIED.
MM INDICATES DATA IS MISSING.
T  INDICATES TRACE AMOUNT.




$$
