000
CDUS43 KAPX 200544
CLIHTL


CLIMATE REPORT
NATIONAL WEATHER SERVICE GAYLORD MI
1244 AM EST MON NOV 20 2017


...................................

...THE HOUGHTON LAKE MI CLIMATE SUMMARY FOR NOVEMBER 19 2017...

CLIMATE NORMAL PERIOD 1981 TO 2010
CLIMATE RECORD PERIOD 1913 TO 2017


WEATHER ITEM   OBSERVED TIME   RECORD YEAR NORMAL DEPARTURE LAST
                VALUE   (LST)  VALUE       VALUE  FROM      YEAR
                                                  NORMAL
..................................................................
TEMPERATURE (F)
 YESTERDAY
  MAXIMUM         34   1246 AM  69    1953  41     -7       47
  MINIMUM         25   1152 PM   6    1936  27     -2       28
  AVERAGE         30                        34     -4       38

PRECIPITATION (IN)
  YESTERDAY        0.08          1.08 1913   0.08   0.00     0.33
  MONTH TO DATE    2.28                      1.50   0.78     0.40
  SINCE SEP 1      9.78                      7.16   2.62     6.24
  SINCE JAN 1     35.39                     26.28   9.11    29.85

SNOWFALL (IN)
  YESTERDAY        1.6           7.0  2016   0.3    1.3      7.0
  MONTH TO DATE    4.0                       4.1   -0.1      7.0
  SINCE OCT 1      4.0                       4.7   -0.7      9.0
  SINCE JUL 1      4.0                       4.7   -0.7      9.0
  SNOW DEPTH       1

DEGREE DAYS
 HEATING
  YESTERDAY       35                        31      4       27
  MONTH TO DATE  605                       533     72      367
  SINCE SEP 1   1190                      1384   -194      950
  SINCE JUL 1   1280                      1511   -231      983
..................................................................


WIND (MPH)
  HIGHEST WIND SPEED    22   HIGHEST WIND DIRECTION     W (280)
  HIGHEST GUST SPEED    30   HIGHEST GUST DIRECTION    NW (320)
  AVERAGE WIND SPEED    12.9




RELATIVE HUMIDITY (PERCENT)
 HIGHEST    MM
 LOWEST     MM
 AVERAGE    MM

..........................................................


THE HOUGHTON LAKE MI CLIMATE NORMALS FOR TODAY
                         NORMAL    RECORD    YEAR
 MAXIMUM TEMPERATURE (F)   40        64      1953
 MINIMUM TEMPERATURE (F)   26        -3      1951


SUNRISE AND SUNSET
NOVEMBER 20 2017......SUNRISE   742 AM EST   SUNSET   507 PM EST
NOVEMBER 21 2017......SUNRISE   743 AM EST   SUNSET   506 PM EST


-  INDICATES NEGATIVE NUMBERS.
R  INDICATES RECORD WAS SET OR TIED.
MM INDICATES DATA IS MISSING.
T  INDICATES TRACE AMOUNT.




$$
