000
CDUS43 KAPX 010540
CLIHTL


CLIMATE REPORT
NATIONAL WEATHER SERVICE GAYLORD MI
1240 AM EST SUN FEB 1 2015


...................................

...THE HOUGHTON LAKE MI CLIMATE SUMMARY FOR JANUARY 31 2015...

CLIMATE NORMAL PERIOD 1981 TO 2010
CLIMATE RECORD PERIOD 1913 TO 2015


WEATHER ITEM   OBSERVED TIME   RECORD YEAR NORMAL DEPARTURE LAST
                VALUE   (LST)  VALUE       VALUE  FROM      YEAR
                                                  NORMAL
..................................................................
TEMPERATURE (F)
 YESTERDAY
  MAXIMUM         26    412 PM  49    2012  26      0       26
  MINIMUM          6   1205 AM -23    1994   9     -3        2
  AVERAGE         16                        18     -2       14

PRECIPITATION (IN)
  YESTERDAY        T             0.49 1988   0.04  -0.04     0.02
  MONTH TO DATE    1.19                      1.51  -0.32     1.61
  SINCE DEC 1      2.62                      3.16  -0.54     3.81
  SINCE JAN 1      1.19                      1.51  -0.32     1.61

SNOWFALL (IN)
  YESTERDAY        T             5.0  1982   0.6   -0.6      0.4
  MONTH TO DATE   11.8                      17.1   -5.3     15.4
  SINCE OCT 1     30.7                      42.1  -11.4     40.3
  SINCE JUL 1     30.7                      42.1  -11.4     40.3
  SNOW DEPTH      90

DEGREE DAYS
 HEATING
  YESTERDAY       49                        47      2       51
  MONTH TO DATE 1542                      1454     88     1631
  SINCE DEC 1   2713                      2729    -16     3070
  SINCE JUL 1   4716                      4612    104     4935
..................................................................


WIND (MPH)
  HIGHEST WIND SPEED    13   HIGHEST WIND DIRECTION     N (340)
  HIGHEST GUST SPEED    20   HIGHEST GUST DIRECTION     N (350)
  AVERAGE WIND SPEED     6.0




RELATIVE HUMIDITY (PERCENT)
 HIGHEST    84
 LOWEST     71
 AVERAGE    78

..........................................................


THE HOUGHTON LAKE MI CLIMATE NORMALS FOR TODAY
                         NORMAL    RECORD    YEAR
 MAXIMUM TEMPERATURE (F)   27        43      1970
                                             1933
                                             1922
 MINIMUM TEMPERATURE (F)    9       -48      1918


SUNRISE AND SUNSET
FEBRUARY  1 2015......SUNRISE   757 AM EST   SUNSET   548 PM EST
FEBRUARY  2 2015......SUNRISE   756 AM EST   SUNSET   549 PM EST


-  INDICATES NEGATIVE NUMBERS.
R  INDICATES RECORD WAS SET OR TIED.
MM INDICATES DATA IS MISSING.
T  INDICATES TRACE AMOUNT.




$$
