000
CDUS43 KAPX 230529
CLIHTL


CLIMATE REPORT
NATIONAL WEATHER SERVICE GAYLORD MI
1228 AM EST MON JAN 23 2017


...................................

...THE HOUGHTON LAKE MI CLIMATE SUMMARY FOR JANUARY 22 2017...

CLIMATE NORMAL PERIOD 1981 TO 2010
CLIMATE RECORD PERIOD 1913 TO 2017


WEATHER ITEM   OBSERVED TIME   RECORD YEAR NORMAL DEPARTURE LAST
                VALUE   (LST)  VALUE       VALUE  FROM      YEAR
                                                  NORMAL
..................................................................
TEMPERATURE (F)
 YESTERDAY
  MAXIMUM         47    352 PM  48    1933  26     21       27
  MINIMUM         36   1112 PM -17    1991   9     27       18
  AVERAGE         42                        18     24       23

PRECIPITATION (IN)
  YESTERDAY        0.00          0.75 1957   0.04  -0.04      T
  MONTH TO DATE    1.91                      1.12   0.79     1.20
  SINCE DEC 1      4.13                      2.77   1.36     4.77
  SINCE JAN 1      1.91                      1.12   0.79     1.20

SNOWFALL (IN)
  YESTERDAY        0.0           5.6  1941   0.6   -0.6       T
  MONTH TO DATE   10.3                      12.1   -1.8     12.3
  SINCE OCT 1     52.5                      37.1   15.4     20.2
  SINCE JUL 1     52.5                      37.1   15.4     20.2
  SNOW DEPTH       5

DEGREE DAYS
 HEATING
  YESTERDAY       23                        48    -25       42
  MONTH TO DATE  912                      1027   -115      981
  SINCE DEC 1   2154                      2301   -147     1895
  SINCE JUL 1   3474                      4184   -710     3374
..................................................................


WIND (MPH)
  HIGHEST WIND SPEED     9   HIGHEST WIND DIRECTION     S (190)
  HIGHEST GUST SPEED    11   HIGHEST GUST DIRECTION     S (190)
  AVERAGE WIND SPEED     1.3




RELATIVE HUMIDITY (PERCENT)
 HIGHEST   100
 LOWEST     76
 AVERAGE    88

..........................................................


THE HOUGHTON LAKE MI CLIMATE NORMALS FOR TODAY
                         NORMAL    RECORD    YEAR
 MAXIMUM TEMPERATURE (F)   26        47      1999
 MINIMUM TEMPERATURE (F)    9       -28      1948


SUNRISE AND SUNSET
JANUARY 23 2017.......SUNRISE   806 AM EST   SUNSET   536 PM EST
JANUARY 24 2017.......SUNRISE   805 AM EST   SUNSET   538 PM EST


-  INDICATES NEGATIVE NUMBERS.
R  INDICATES RECORD WAS SET OR TIED.
MM INDICATES DATA IS MISSING.
T  INDICATES TRACE AMOUNT.




$$
