000
CDUS43 KAPX 070528
CLIHTL


CLIMATE REPORT
NATIONAL WEATHER SERVICE GAYLORD MI
1227 AM EST SUN FEB 7 2016


...................................

...THE HOUGHTON LAKE MI CLIMATE SUMMARY FOR FEBRUARY 6 2016...

CLIMATE NORMAL PERIOD 1981 TO 2010
CLIMATE RECORD PERIOD 1913 TO 2016


WEATHER ITEM   OBSERVED TIME   RECORD YEAR NORMAL DEPARTURE LAST
                VALUE   (LST)  VALUE       VALUE  FROM      YEAR
                                                  NORMAL
..................................................................
TEMPERATURE (F)
 YESTERDAY
  MAXIMUM         30   1159 PM  50    1925  27      3       26
  MINIMUM         19    105 AM -22    1967   9     10       13
  AVERAGE         25                        18      7       20

PRECIPITATION (IN)
  YESTERDAY        T             0.66 1943   0.04  -0.04      T
  MONTH TO DATE    0.76                      0.22   0.54     0.22
  SINCE DEC 1      6.09                      3.38   2.71     2.84
  SINCE JAN 1      2.52                      1.73   0.79     1.41

SNOWFALL (IN)
  YESTERDAY        T             6.0  1943   0.5   -0.5       T
  MONTH TO DATE    3.5                       3.0    0.5      2.6
  SINCE OCT 1     26.4                      45.1  -18.7     33.3
  SINCE JUL 1     26.4                      45.1  -18.7     33.3
  SNOW DEPTH      11

DEGREE DAYS
 HEATING
  YESTERDAY       40                        47     -7       45
  MONTH TO DATE  234                       282    -48      328
  SINCE DEC 1   2474                      3011   -537     3041
  SINCE JUL 1   3953                      4894   -941     5044
..................................................................


WIND (MPH)
  HIGHEST WIND SPEED    17   HIGHEST WIND DIRECTION     W (250)
  HIGHEST GUST SPEED    25   HIGHEST GUST DIRECTION     W (250)
  AVERAGE WIND SPEED     8.1




RELATIVE HUMIDITY (PERCENT)
 HIGHEST    85
 LOWEST     69
 AVERAGE    77

..........................................................


THE HOUGHTON LAKE MI CLIMATE NORMALS FOR TODAY
                         NORMAL    RECORD    YEAR
 MAXIMUM TEMPERATURE (F)   28        52      1925
 MINIMUM TEMPERATURE (F)    9       -24      1936


SUNRISE AND SUNSET
FEBRUARY  7 2016......SUNRISE   750 AM EST   SUNSET   556 PM EST
FEBRUARY  8 2016......SUNRISE   749 AM EST   SUNSET   557 PM EST


-  INDICATES NEGATIVE NUMBERS.
R  INDICATES RECORD WAS SET OR TIED.
MM INDICATES DATA IS MISSING.
T  INDICATES TRACE AMOUNT.




$$
