000
CDUS43 KAPX 262131
CLIHTL


CLIMATE REPORT
NATIONAL WEATHER SERVICE GAYLORD MI
531 PM EDT SUN MAR 26 2017


...................................

...THE HOUGHTON LAKE MI CLIMATE SUMMARY FOR MARCH 26 2017...
VALID TODAY AS OF 0500 PM LOCAL TIME.

CLIMATE NORMAL PERIOD 1981 TO 2010
CLIMATE RECORD PERIOD 1913 TO 2017


WEATHER ITEM   OBSERVED TIME   RECORD YEAR NORMAL DEPARTURE LAST
                VALUE   (LST)  VALUE       VALUE  FROM      YEAR
                                                  NORMAL
..................................................................
TEMPERATURE (F)
 TODAY
  MAXIMUM         41    359 PM  75    1925  44     -3       47
  MINIMUM         34    236 AM -12    2014  22     12       21
                                      1923
  AVERAGE         38                        33      5       34

PRECIPITATION (IN)
  TODAY            0.43          1.10 1963   0.07   0.36     0.00
  MONTH TO DATE    2.46                      1.50   0.96     3.08
  SINCE MAR 1      2.46                      1.50   0.96     3.08
  SINCE JAN 1      7.94                      4.22   3.72     6.20

SNOWFALL (IN)
  TODAY            T            11.7  1970   0.2             0.0
  MONTH TO DATE    9.4                       7.2            13.1
  SINCE OCT 1     75.8                      61.7            46.5
  SINCE JUL 1     75.8                      61.7            46.5

DEGREE DAYS
 HEATING
  TODAY           27                        32     -5       31
  MONTH TO DATE  964                       962      2      811
  SINCE MAR 1    964                       962      2      811
  SINCE JUL 1   5814                      6834  -1020     5724

 COOLING
  TODAY            0                         0      0        0
  MONTH TO DATE    0                         0      0        0
  SINCE MAR 1      0                         0      0        0
  SINCE JAN 1      0                         0      0        0
..................................................................


WIND (MPH)
  RESULTANT WIND SPEED   9   RESULTANT WIND DIRECTION   E (100)
  HIGHEST WIND SPEED    16   HIGHEST WIND DIRECTION     E (80)
  HIGHEST GUST SPEED    22   HIGHEST GUST DIRECTION     E (80)
  AVERAGE WIND SPEED     8.9


SKY COVER
  POSSIBLE SUNSHINE  MM
  AVERAGE SKY COVER 1.0


WEATHER CONDITIONS
 THE FOLLOWING WEATHER WAS RECORDED TODAY.
  RAIN
  LIGHT RAIN
  FOG


RELATIVE HUMIDITY (PERCENT)
 HIGHEST   100           200 AM
 LOWEST     92           300 AM
 AVERAGE    96

..........................................................


THE HOUGHTON LAKE MI CLIMATE NORMALS FOR TOMORROW
                         NORMAL    RECORD    YEAR
 MAXIMUM TEMPERATURE (F)   45        77      1945
 MINIMUM TEMPERATURE (F)   23        -7      1947


SUNRISE AND SUNSET
MARCH 26 2017.........SUNRISE   730 AM EDT   SUNSET   759 PM EDT
MARCH 27 2017.........SUNRISE   729 AM EDT   SUNSET   800 PM EDT


-  INDICATES NEGATIVE NUMBERS.
R  INDICATES RECORD WAS SET OR TIED.
MM INDICATES DATA IS MISSING.
T  INDICATES TRACE AMOUNT.




$$
