000
CDUS41 KRLX 090830
CLIHTS


CLIMATE REPORT
NATIONAL WEATHER SERVICE CHARLESTON WV
327 AM EST TUE FEB 9 2016


...................................

...THE HUNTINGTON WV CLIMATE SUMMARY FOR FEBRUARY 8 2016...

CLIMATE NORMAL PERIOD 1981 TO 2010
CLIMATE RECORD PERIOD 1897 TO 2016


WEATHER ITEM   OBSERVED TIME   RECORD YEAR NORMAL DEPARTURE LAST
                VALUE   (LST)  VALUE       VALUE  FROM      YEAR
                                                  NORMAL
..................................................................
TEMPERATURE (F)
 YESTERDAY
  MAXIMUM         44    136 PM  77    1937  45     -1       62
                                      1900
  MINIMUM         32   1159 PM  -5    1899  27      5       47
                                      1895
  AVERAGE         38                        36      2       55

PRECIPITATION (IN)
  YESTERDAY        0.01          1.44 1994   0.11  -0.10     0.00
  MONTH TO DATE    1.60                      0.86   0.74     0.54
  SINCE JAN 1      3.59                      3.83  -0.24     2.71

SNOWFALL (IN)
  YESTERDAY        0.0
  MONTH TO DATE    0.0
  SINCE SEP 1     13.8
  SNOW DEPTH       0

DEGREE DAYS
 HEATING
  YESTERDAY       27                        29     -2       10
  MONTH TO DATE  181                       238    -57      229
  SINCE DEC 1   1740                      2075   -335     2058
  SINCE JUL 1   2460                      2962   -502     3137

 COOLING
  YESTERDAY        0                         0      0        0
  MONTH TO DATE    0                         0      0        0
  SINCE DEC 1      0                         1     -1        0
  SINCE JAN 1      0                         0      0        0
..................................................................


WIND (MPH)
  HIGHEST WIND SPEED    16   HIGHEST WIND DIRECTION     W (260)
  HIGHEST GUST SPEED    23   HIGHEST GUST DIRECTION    SW (240)
  AVERAGE WIND SPEED     7.0


SKY COVER
  POSSIBLE SUNSHINE  MM


WEATHER CONDITIONS
 THE FOLLOWING WEATHER WAS RECORDED YESTERDAY.
  LIGHT RAIN
  LIGHT SNOW
  FOG


RELATIVE HUMIDITY (PERCENT)
 HIGHEST    85           900 AM
 LOWEST     45           600 AM
 AVERAGE    65

..........................................................


THE HUNTINGTON WV CLIMATE NORMALS FOR TODAY
                         NORMAL    RECORD    YEAR
 MAXIMUM TEMPERATURE (F)   45        74      1937
 MINIMUM TEMPERATURE (F)   27       -24      1899


SUNRISE AND SUNSET
FEBRUARY  9 2016......SUNRISE   728 AM EST   SUNSET   601 PM EST
FEBRUARY 10 2016......SUNRISE   727 AM EST   SUNSET   602 PM EST


-  INDICATES NEGATIVE NUMBERS.
R  INDICATES RECORD WAS SET OR TIED.
MM INDICATES DATA IS MISSING.
T  INDICATES TRACE AMOUNT.




$$
