000
CDUS41 KRLX 260726
CLIHTS


CLIMATE REPORT
NATIONAL WEATHER SERVICE CHARLESTON WV
324 AM EDT TUE SEP 26 2017


...................................

...THE HUNTINGTON WV CLIMATE SUMMARY FOR SEPTEMBER 25 2017...

CLIMATE NORMAL PERIOD 1981 TO 2010
CLIMATE RECORD PERIOD 1897 TO 2017


WEATHER ITEM   OBSERVED TIME   RECORD YEAR NORMAL DEPARTURE LAST
                VALUE   (LST)  VALUE       VALUE  FROM      YEAR
                                                  NORMAL
..................................................................
TEMPERATURE (F)
 YESTERDAY
  MAXIMUM         88    359 PM  96    2007  75     13       88
  MINIMUM         60    632 AM  35    1983  53      7       63
  AVERAGE         74                        64     10       76

PRECIPITATION (IN)
  YESTERDAY        0.00          2.17 1940   0.08  -0.08     0.00
  MONTH TO DATE    2.72                      2.34   0.38     0.34
  SINCE JAN 1     36.13                     32.59   3.54    36.43

SNOWFALL (IN)
  YESTERDAY        0.0           0.0  2016   0.0    0.0      0.0
  MONTH TO DATE    0.0                       0.0    0.0      0.0
  SINCE SEP 1      0.0                       0.0    0.0      0.0
  SNOW DEPTH       0

DEGREE DAYS
 HEATING
  YESTERDAY        0                         4     -4        0
  MONTH TO DATE   26                        33     -7        0
  SINCE SEP 1     26                        33     -7        0
  SINCE JUL 1     26                        35     -9        0

 COOLING
  YESTERDAY        9                         2      7       11
  MONTH TO DATE  107                       123    -16      269
  SINCE SEP 1    107                       123    -16      269
  SINCE JAN 1   1109                      1100      9     1519
..................................................................


WIND (MPH)
  HIGHEST WIND SPEED     7   HIGHEST WIND DIRECTION    SW (230)
  HIGHEST GUST SPEED     8   HIGHEST GUST DIRECTION     E (90)
  AVERAGE WIND SPEED     1.1


SKY COVER
  POSSIBLE SUNSHINE  MM
  AVERAGE SKY COVER 0.1


WEATHER CONDITIONS
 THE FOLLOWING WEATHER WAS RECORDED YESTERDAY.
  FOG


RELATIVE HUMIDITY (PERCENT)
 HIGHEST    97           600 AM
 LOWEST     43           300 PM
 AVERAGE    70

..........................................................


THE HUNTINGTON WV CLIMATE NORMALS FOR TODAY
                         NORMAL    RECORD    YEAR
 MAXIMUM TEMPERATURE (F)   75        95      1908
 MINIMUM TEMPERATURE (F)   52        37      1899


SUNRISE AND SUNSET
SEPTEMBER 26 2017.....SUNRISE   722 AM EDT   SUNSET   720 PM EDT
SEPTEMBER 27 2017.....SUNRISE   723 AM EDT   SUNSET   719 PM EDT


-  INDICATES NEGATIVE NUMBERS.
R  INDICATES RECORD WAS SET OR TIED.
MM INDICATES DATA IS MISSING.
T  INDICATES TRACE AMOUNT.




$$
