000
CDUS41 KRLX 242117
CLIHTS


CLIMATE REPORT
NATIONAL WEATHER SERVICE CHARLESTON WV
517 PM EDT MON JUL 24 2017


...................................

...THE HUNTINGTON WV CLIMATE SUMMARY FOR JULY 24 2017...
VALID TODAY AS OF 0500 PM LOCAL TIME.

CLIMATE NORMAL PERIOD 1981 TO 2010
CLIMATE RECORD PERIOD 1897 TO 2017


WEATHER ITEM   OBSERVED TIME   RECORD YEAR NORMAL DEPARTURE LAST
                VALUE   (LST)  VALUE       VALUE  FROM      YEAR
                                                  NORMAL
..................................................................
TEMPERATURE (F)
 TODAY
  MAXIMUM         88    216 PM 103    1934  86      2       95
  MINIMUM         70    611 AM  50    1947  66      4       73
                                      1905
  AVERAGE         79                        76      3       84

PRECIPITATION (IN)
  TODAY            0.00          1.30 1923   0.16  -0.16     0.00
  MONTH TO DATE    4.90                      3.50   1.40     3.44
  SINCE JUN 1      9.76                      7.38   2.38    10.69
  SINCE JAN 1     27.97                     25.46   2.51    30.33

DEGREE DAYS
 HEATING
  TODAY            0                         0      0        0
  MONTH TO DATE    0                         0      0        0
  SINCE JUN 1      4                        12     -8        1
  SINCE JUL 1      0                         0      0        0

 COOLING
  TODAY           14                        11      3       19
  MONTH TO DATE  305                       261     44      291
  SINCE JUN 1    528                       486     42      571
  SINCE JAN 1    700                       599    101      711
..................................................................


WIND (MPH)
  HIGHEST WIND SPEED    15   HIGHEST WIND DIRECTION    NW (300)
  HIGHEST GUST SPEED    22   HIGHEST GUST DIRECTION    NW (300)
  AVERAGE WIND SPEED     6.4


SKY COVER
  POSSIBLE SUNSHINE  MM
  AVERAGE SKY COVER 0.1


WEATHER CONDITIONS
 THE FOLLOWING WEATHER WAS RECORDED TODAY.
  NO SIGNIFICANT WEATHER WAS OBSERVED.


RELATIVE HUMIDITY (PERCENT)
 HIGHEST    97           500 AM
 LOWEST     46           300 PM
 AVERAGE    72

..........................................................


THE HUNTINGTON WV CLIMATE NORMALS FOR TOMORROW
                         NORMAL    RECORD    YEAR
 MAXIMUM TEMPERATURE (F)   86       104      1934
 MINIMUM TEMPERATURE (F)   66        52      1947


SUNRISE AND SUNSET
JULY 24 2017..........SUNRISE   626 AM EDT   SUNSET   847 PM EDT
JULY 25 2017..........SUNRISE   627 AM EDT   SUNSET   846 PM EDT


-  INDICATES NEGATIVE NUMBERS.
R  INDICATES RECORD WAS SET OR TIED.
MM INDICATES DATA IS MISSING.
T  INDICATES TRACE AMOUNT.




$$
