000
CDUS41 KRLX 100820
CLIHTS


CLIMATE REPORT
NATIONAL WEATHER SERVICE CHARLESTON WV
320 AM EST SAT DEC 10 2016


...................................

...THE HUNTINGTON WV CLIMATE SUMMARY FOR DECEMBER 9 2016...

CLIMATE NORMAL PERIOD 1981 TO 2010
CLIMATE RECORD PERIOD 1897 TO 2016


WEATHER ITEM   OBSERVED TIME   RECORD YEAR NORMAL DEPARTURE LAST
                VALUE   (LST)  VALUE       VALUE  FROM      YEAR
                                                  NORMAL
..................................................................
TEMPERATURE (F)
 YESTERDAY
  MAXIMUM         26    357 PM  72    1952  47    -21       56
  MINIMUM         23   1041 AM   0    1917  30     -7       31
  AVERAGE         25                        38    -13       44

PRECIPITATION (IN)
  YESTERDAY        0.01          1.56 2007   0.11  -0.10      T
  MONTH TO DATE    0.58                      1.00  -0.42     2.58
  SINCE JAN 1     42.87                     40.28   2.59    45.49

SNOWFALL (IN)
  YESTERDAY        0.5
  MONTH TO DATE    0.5
  SINCE SEP 1      0.5
  SNOW DEPTH       0

DEGREE DAYS
 HEATING
  YESTERDAY       40                        27     13       21
  MONTH TO DATE  236                       228      8      205
  SINCE DEC 1    236                       228      8      205
  SINCE JUL 1    834                      1115   -281      925

 COOLING
  YESTERDAY        0                         0      0        0
  MONTH TO DATE    0                         0      0        0
  SINCE DEC 1      0                         0      0        0
  SINCE JAN 1   1589                      1134    455     1137
..................................................................


WIND (MPH)
  HIGHEST WIND SPEED    13   HIGHEST WIND DIRECTION    NW (310)
  HIGHEST GUST SPEED    18   HIGHEST GUST DIRECTION    NW (310)
  AVERAGE WIND SPEED     6.2


SKY COVER
  POSSIBLE SUNSHINE  MM


WEATHER CONDITIONS
 THE FOLLOWING WEATHER WAS RECORDED YESTERDAY.
  LIGHT SNOW
  HAZE


RELATIVE HUMIDITY (PERCENT)
 HIGHEST    74          1100 AM
 LOWEST     55           300 AM
 AVERAGE    65

..........................................................


THE HUNTINGTON WV CLIMATE NORMALS FOR TODAY
                         NORMAL    RECORD    YEAR
 MAXIMUM TEMPERATURE (F)   47        76      1971
 MINIMUM TEMPERATURE (F)   30         0      1917


SUNRISE AND SUNSET
DECEMBER 10 2016......SUNRISE   737 AM EST   SUNSET   510 PM EST
DECEMBER 11 2016......SUNRISE   737 AM EST   SUNSET   510 PM EST


-  INDICATES NEGATIVE NUMBERS.
R  INDICATES RECORD WAS SET OR TIED.
MM INDICATES DATA IS MISSING.
T  INDICATES TRACE AMOUNT.




$$
