000
CDUS41 KRLX 290717
CLIHTS


CLIMATE REPORT
NATIONAL WEATHER SERVICE CHARLESTON WV
317 AM EDT WED MAR 29 2017


...................................

...THE HUNTINGTON WV CLIMATE SUMMARY FOR MARCH 28 2017...

CLIMATE NORMAL PERIOD 1981 TO 2010
CLIMATE RECORD PERIOD 1897 TO 2017


WEATHER ITEM   OBSERVED TIME   RECORD YEAR NORMAL DEPARTURE LAST
                VALUE   (LST)  VALUE       VALUE  FROM      YEAR
                                                  NORMAL
..................................................................
TEMPERATURE (F)
 YESTERDAY
  MAXIMUM         68    228 PM  86    1989  61      7       63
                                      1907
  MINIMUM         54    512 AM  10    1947  39     15       47
  AVERAGE         61                        50     11       55

PRECIPITATION (IN)
  YESTERDAY        0.07          1.09 1956   0.12  -0.05     0.18
  MONTH TO DATE    3.14                      3.53  -0.39     2.67
  SINCE JAN 1      9.94                      9.57   0.37    10.13

SNOWFALL (IN)
  YESTERDAY        0.0
  MONTH TO DATE    T
  SINCE SEP 1      5.9
  SNOW DEPTH       0

DEGREE DAYS
 HEATING
  YESTERDAY        4                        15    -11       10
  MONTH TO DATE  537                       553    -16      351
  SINCE MAR 1    537                       553    -16      351
  SINCE JUL 1   3186                      4054   -868     3386

 COOLING
  YESTERDAY        0                         0      0        0
  MONTH TO DATE    2                         0      2        5
  SINCE MAR 1      2                         0      2        5
  SINCE JAN 1      3                         0      3        5
..................................................................


WIND (MPH)
  HIGHEST WIND SPEED    10   HIGHEST WIND DIRECTION     W (270)
  HIGHEST GUST SPEED    14   HIGHEST GUST DIRECTION    SW (230)
  AVERAGE WIND SPEED     4.4


SKY COVER
  POSSIBLE SUNSHINE  MM


WEATHER CONDITIONS
 THE FOLLOWING WEATHER WAS RECORDED YESTERDAY.
  LIGHT RAIN
  FOG


RELATIVE HUMIDITY (PERCENT)
 HIGHEST    93           100 AM
 LOWEST     63           300 PM
 AVERAGE    78

..........................................................


THE HUNTINGTON WV CLIMATE NORMALS FOR TODAY
                         NORMAL    RECORD    YEAR
 MAXIMUM TEMPERATURE (F)   62        87      1910
 MINIMUM TEMPERATURE (F)   39        17      2015


SUNRISE AND SUNSET
MARCH 29 2017.........SUNRISE   719 AM EDT   SUNSET   751 PM EDT
MARCH 30 2017.........SUNRISE   718 AM EDT   SUNSET   752 PM EDT


-  INDICATES NEGATIVE NUMBERS.
R  INDICATES RECORD WAS SET OR TIED.
MM INDICATES DATA IS MISSING.
T  INDICATES TRACE AMOUNT.




$$
