613
CDUS41 KRLX 292118
CLIHTS


CLIMATE REPORT
NATIONAL WEATHER SERVICE CHARLESTON WV
518 PM EDT FRI APR 29 2016


...................................

...THE HUNTINGTON WV CLIMATE SUMMARY FOR APRIL 29 2016...
VALID TODAY AS OF 0500 PM LOCAL TIME.

CLIMATE NORMAL PERIOD 1981 TO 2010
CLIMATE RECORD PERIOD 1897 TO 2016


WEATHER ITEM   OBSERVED TIME   RECORD YEAR NORMAL DEPARTURE LAST
                VALUE   (LST)  VALUE       VALUE  FROM      YEAR
                                                  NORMAL
..................................................................
TEMPERATURE (F)
 TODAY
  MAXIMUM         76    314 PM  91    1914  72      4       70
  MINIMUM         56    637 AM  31    1967  48      8       40
  AVERAGE         66                        60      6       55

PRECIPITATION (IN)
  TODAY            0.00          2.41 2014   0.12  -0.12     0.00
  MONTH TO DATE    3.80                      3.32   0.48     7.38
  SINCE MAR 1      6.47                      7.22  -0.75    13.71
  SINCE JAN 1     13.93                     13.26   0.67    19.15

DEGREE DAYS
 HEATING
  TODAY            0                         6     -6       10
  MONTH TO DATE  244                       285    -41      259
  SINCE MAR 1    619                       881   -262      888
  SINCE JUL 1   3654                      4382   -728     4904

 COOLING
  TODAY            1                         1      0        0
  MONTH TO DATE   38                        28     10        9
  SINCE MAR 1     47                        33     14        9
  SINCE JAN 1     47                        33     14        9
..................................................................


WIND (MPH)
  HIGHEST WIND SPEED    16   HIGHEST WIND DIRECTION     W (250)
  HIGHEST GUST SPEED    22   HIGHEST GUST DIRECTION     W (250)
  AVERAGE WIND SPEED     6.1


SKY COVER
  POSSIBLE SUNSHINE  MM
  AVERAGE SKY COVER 0.4


WEATHER CONDITIONS
 THE FOLLOWING WEATHER WAS RECORDED TODAY.
  FOG
  FOG W/VISIBILITY <= 1/4 MILE


RELATIVE HUMIDITY (PERCENT)
 HIGHEST    97           200 AM
 LOWEST     41           200 PM
 AVERAGE    69

..........................................................


THE HUNTINGTON WV CLIMATE NORMALS FOR TOMORROW
                         NORMAL    RECORD    YEAR
 MAXIMUM TEMPERATURE (F)   72        92      1942
                                             1899
 MINIMUM TEMPERATURE (F)   49        30      2008


SUNRISE AND SUNSET
APRIL 29 2016.........SUNRISE   635 AM EDT   SUNSET   820 PM EDT
APRIL 30 2016.........SUNRISE   634 AM EDT   SUNSET   821 PM EDT


-  INDICATES NEGATIVE NUMBERS.
R  INDICATES RECORD WAS SET OR TIED.
MM INDICATES DATA IS MISSING.
T  INDICATES TRACE AMOUNT.




$$
