000
CDUS41 KRLX 250823
CLIHTS


CLIMATE REPORT
NATIONAL WEATHER SERVICE CHARLESTON WV
321 AM EST THU DEC 25 2014


...................................

...THE HUNTINGTON WV CLIMATE SUMMARY FOR DECEMBER 24 2014...

CLIMATE NORMAL PERIOD 1981 TO 2010
CLIMATE RECORD PERIOD 1897 TO 2014


WEATHER ITEM   OBSERVED TIME   RECORD YEAR NORMAL DEPARTURE LAST
                VALUE   (LST)  VALUE       VALUE  FROM      YEAR
                                                  NORMAL
..................................................................
TEMPERATURE (F)
 YESTERDAY
  MAXIMUM         65    431 PM  75    1964  43     22       32
  MINIMUM         42   1159 PM  -9    1989  27     15       17
  AVERAGE         54                        35     19       25

PRECIPITATION (IN)
  YESTERDAY        0.05          1.40 2008   0.11  -0.06     0.01
  MONTH TO DATE    3.25                      2.60   0.65     4.86
  SINCE JAN 1     48.45                     41.88   6.57    44.22

SNOWFALL (IN)
  YESTERDAY       MM
  MONTH TO DATE    0.0
  SINCE SEP 1      T
  SNOW DEPTH       0

DEGREE DAYS
 HEATING
  YESTERDAY       11                        30    -19       40
  MONTH TO DATE  599                       656    -57      587
  SINCE DEC 1    599                       656    -57      587
  SINCE JUL 1   1678                      1543    135     1538

 COOLING
  YESTERDAY        0                         0      0        0
  MONTH TO DATE    0                         0      0        2
  SINCE DEC 1      0                         0      0        2
  SINCE JAN 1    971                      1134   -163     1217
..................................................................


WIND (MPH)
  HIGHEST WIND SPEED    28   HIGHEST WIND DIRECTION     W (270)
  HIGHEST GUST SPEED    41   HIGHEST GUST DIRECTION     W (280)
  AVERAGE WIND SPEED     7.1


SKY COVER
  POSSIBLE SUNSHINE  MM


WEATHER CONDITIONS
 THE FOLLOWING WEATHER WAS RECORDED YESTERDAY.
  HEAVY RAIN
  RAIN
  LIGHT RAIN
  FOG


RELATIVE HUMIDITY (PERCENT)
 HIGHEST   100          1200 AM
 LOWEST     67           400 PM
 AVERAGE    84

..........................................................


THE HUNTINGTON WV CLIMATE NORMALS FOR TODAY
                         NORMAL    RECORD    YEAR
 MAXIMUM TEMPERATURE (F)   43        76      1982
 MINIMUM TEMPERATURE (F)   27        -9      1983


SUNRISE AND SUNSET
DECEMBER 25 2014......SUNRISE   745 AM EST   SUNSET   515 PM EST
DECEMBER 26 2014......SUNRISE   746 AM EST   SUNSET   516 PM EST


-  INDICATES NEGATIVE NUMBERS.
R  INDICATES RECORD WAS SET OR TIED.
MM INDICATES DATA IS MISSING.
T  INDICATES TRACE AMOUNT.




$$
