000
CDUS41 KRLX 272238
CLIHTS


CLIMATE REPORT
NATIONAL WEATHER SERVICE CHARLESTON WV
526 PM EST THU NOV 27 2014


...................................

...THE HUNTINGTON WV CLIMATE SUMMARY FOR NOVEMBER 27 2014...
VALID TODAY AS OF 0500 PM LOCAL TIME.

CLIMATE NORMAL PERIOD 1981 TO 2010
CLIMATE RECORD PERIOD 1897 TO 2014


WEATHER ITEM   OBSERVED TIME   RECORD YEAR NORMAL DEPARTURE LAST
                VALUE   (LST)  VALUE       VALUE  FROM      YEAR
                                                  NORMAL
..................................................................
TEMPERATURE (F)
 TODAY
  MAXIMUM         35   1206 AM  81    1990  52    -17       32
  MINIMUM         30    748 AM   8    1930  34     -4       24
  AVERAGE         33                        42     -9       28

PRECIPITATION (IN)
  TODAY            T             2.24 1973   0.12  -0.12     0.10
  MONTH TO DATE    2.08                      3.09  -1.01     3.12
  SINCE SEP 1     10.63                      8.68   1.95     6.94
  SINCE JAN 1     44.97                     38.93   6.04    39.36

DEGREE DAYS
 HEATING
  TODAY           32                        22     10       37
  MONTH TO DATE  657                       479    178      548
  SINCE SEP 1   1014                       816    198      847
  SINCE JUL 1   1017                       818    199      851

 COOLING
  TODAY            0                         0      0        0
  MONTH TO DATE    0                         0      0        1
  SINCE SEP 1    130                       155    -25      183
  SINCE JAN 1    971                      1132   -161     1215
..................................................................


WIND (MPH)
  HIGHEST WIND SPEED    13   HIGHEST WIND DIRECTION     W (260)
  HIGHEST GUST SPEED    19   HIGHEST GUST DIRECTION     W (260)
  AVERAGE WIND SPEED     6.6


SKY COVER
  POSSIBLE SUNSHINE  MM
  AVERAGE SKY COVER 0.8


WEATHER CONDITIONS
 THE FOLLOWING WEATHER WAS RECORDED TODAY.
  LIGHT SNOW
  HAZE


RELATIVE HUMIDITY (PERCENT)
 HIGHEST    82           100 AM
 LOWEST     61           200 PM
 AVERAGE    72

..........................................................


THE HUNTINGTON WV CLIMATE NORMALS FOR TOMORROW
                         NORMAL    RECORD    YEAR
 MAXIMUM TEMPERATURE (F)   51        76      2005
 MINIMUM TEMPERATURE (F)   33        13      1930


SUNRISE AND SUNSET
NOVEMBER 27 2014......SUNRISE   724 AM EST   SUNSET   511 PM EST
NOVEMBER 28 2014......SUNRISE   725 AM EST   SUNSET   511 PM EST


-  INDICATES NEGATIVE NUMBERS.
R  INDICATES RECORD WAS SET OR TIED.
MM INDICATES DATA IS MISSING.
T  INDICATES TRACE AMOUNT.




$$
