000
CDUS41 KRLX 182228
CLIHTS


CLIMATE REPORT
NATIONAL WEATHER SERVICE CHARLESTON WV
528 PM EST SAT NOV 18 2017


...................................

...THE HUNTINGTON WV CLIMATE SUMMARY FOR NOVEMBER 18 2017...
VALID TODAY AS OF 0500 PM LOCAL TIME.

CLIMATE NORMAL PERIOD 1981 TO 2010
CLIMATE RECORD PERIOD 1897 TO 2017


WEATHER ITEM   OBSERVED TIME   RECORD YEAR NORMAL DEPARTURE LAST
                VALUE   (LST)  VALUE       VALUE  FROM      YEAR
                                                  NORMAL
..................................................................
TEMPERATURE (F)
 TODAY
  MAXIMUM         69    302 PM  82    1958  56     13       79
  MINIMUM         40   1219 AM  15    1959  36      4       42
  AVERAGE         55                        46      9       61

PRECIPITATION (IN)
  TODAY            T             1.90 1957   0.12  -0.12     0.00
  MONTH TO DATE    1.91                      2.02  -0.11     0.56
  SINCE SEP 1      9.42                      7.61   1.81     4.68
  SINCE JAN 1     42.83                     37.86   4.97    40.77

DEGREE DAYS
 HEATING
  TODAY           10                        19     -9        4
  MONTH TO DATE  277                       291    -14      213
  SINCE SEP 1    522                       628   -106      359
  SINCE JUL 1    522                       630   -108      359

 COOLING
  TODAY            0                         0      0        0
  MONTH TO DATE    3                         0      3        7
  SINCE SEP 1    189                       155     34      339
  SINCE JAN 1   1191                      1132     59     1589
..................................................................


WIND (MPH)
  HIGHEST WIND SPEED    26   HIGHEST WIND DIRECTION     S (200)
  HIGHEST GUST SPEED    41   HIGHEST GUST DIRECTION     S (180)
  AVERAGE WIND SPEED    11.7


SKY COVER
  POSSIBLE SUNSHINE  MM
  AVERAGE SKY COVER 0.8


WEATHER CONDITIONS
 THE FOLLOWING WEATHER WAS RECORDED TODAY.
  LIGHT RAIN


RELATIVE HUMIDITY (PERCENT)
 HIGHEST    65          1200 AM
 LOWEST     35           300 AM
 AVERAGE    50

..........................................................


THE HUNTINGTON WV CLIMATE NORMALS FOR TOMORROW
                         NORMAL    RECORD    YEAR
 MAXIMUM TEMPERATURE (F)   55        78      1985
                                             1934
 MINIMUM TEMPERATURE (F)   36        12      2014


SUNRISE AND SUNSET
NOVEMBER 18 2017......SUNRISE   715 AM EST   SUNSET   515 PM EST
NOVEMBER 19 2017......SUNRISE   716 AM EST   SUNSET   515 PM EST


-  INDICATES NEGATIVE NUMBERS.
R  INDICATES RECORD WAS SET OR TIED.
MM INDICATES DATA IS MISSING.
T  INDICATES TRACE AMOUNT.




$$
