000
CDUS43 KIND 200537
CLIHUF


CLIMATE REPORT
NATIONAL WEATHER SERVICE INDIANAPOLIS IN
135 AM EDT SAT SEP 20 2014


...................................

...THE TERRE HAUTE IN CLIMATE SUMMARY FOR SEPTEMBER 19 2014...

CLIMATE NORMAL PERIOD 1981 TO 2010
CLIMATE RECORD PERIOD 9999 TO 9999


WEATHER ITEM   OBSERVED TIME   NORMAL DEPARTURE LAST
                VALUE   (LST)  VALUE  FROM      YEAR
                                      NORMAL
......................................................
TEMPERATURE (F)
 YESTERDAY
  MAXIMUM         75    307 PM  77     -2       87
  MINIMUM         46    658 AM  52     -6       68
  AVERAGE         61            65     -4       78

PRECIPITATION (IN)
  YESTERDAY        0.00          0.10  -0.10     0.11
  MONTH TO DATE    2.81          2.32   0.49     0.16
  SINCE SEP 1      2.81          2.32   0.49     0.16
  SINCE JAN 1     30.94         33.60  -2.66    33.19

DEGREE DAYS
 HEATING
  YESTERDAY        4             3      1        0
  MONTH TO DATE   69            21     48       24
  SINCE SEP 1     69            21     48       24
  SINCE JUL 1     80            26     54       34

 COOLING
  YESTERDAY        0             2     -2       13
  MONTH TO DATE   67            79    -12      137
  SINCE SEP 1     67            79    -12      137
  SINCE JAN 1    918           958    -40     1012
......................................................


WIND (MPH)
  HIGHEST WIND SPEED    16   HIGHEST WIND DIRECTION    SE (120)
  HIGHEST GUST SPEED    20   HIGHEST GUST DIRECTION     E (110)
  AVERAGE WIND SPEED     5.5


SKY COVER
  AVERAGE SKY COVER 0.0


WEATHER CONDITIONS
 THE FOLLOWING WEATHER WAS RECORDED YESTERDAY.
  NO SIGNIFICANT WEATHER WAS OBSERVED.


RELATIVE HUMIDITY (PERCENT)
 HIGHEST    93           300 AM
 LOWEST     41           200 PM
 AVERAGE    67

..........................................................


THE TERRE HAUTE IN CLIMATE NORMALS FOR TODAY
                         NORMAL
 MAXIMUM TEMPERATURE (F)   77
 MINIMUM TEMPERATURE (F)   52


SUNRISE AND SUNSET
SEPTEMBER 20 2014.....SUNRISE   735 AM EDT   SUNSET   750 PM EDT
SEPTEMBER 21 2014.....SUNRISE   736 AM EDT   SUNSET   748 PM EDT


-  INDICATES NEGATIVE NUMBERS.
R  INDICATES RECORD WAS SET OR TIED.
MM INDICATES DATA IS MISSING.
T  INDICATES TRACE AMOUNT.




$$
