000
CDUS43 KIND 290537
CLIHUF


CLIMATE REPORT
NATIONAL WEATHER SERVICE INDIANAPOLIS IN
136 AM EDT FRI MAY 29 2015


...................................

...THE TERRE HAUTE IN CLIMATE SUMMARY FOR MAY 28 2015...

CLIMATE NORMAL PERIOD 1981 TO 2010
CLIMATE RECORD PERIOD 9999 TO 9999


WEATHER ITEM   OBSERVED TIME   NORMAL DEPARTURE LAST
                VALUE   (LST)  VALUE  FROM      YEAR
                                      NORMAL
......................................................
TEMPERATURE (F)
 YESTERDAY
  MAXIMUM         86    447 PM  78      8       85
  MINIMUM         56    544 AM  56      0       63
  AVERAGE         71            67      4       74

PRECIPITATION (IN)
  YESTERDAY        0.00          0.15  -0.15     0.00
  MONTH TO DATE    2.47          6.22  -3.75     2.61
  SINCE MAR 1     10.49         13.74  -3.25    10.64
  SINCE JAN 1     13.39         18.03  -4.64    14.67

DEGREE DAYS
 HEATING
  YESTERDAY        0             2     -2        0
  MONTH TO DATE   77           129    -52      126
  SINCE MAR 1   1196          1186     10     1302
  SINCE JUL 1   5830          5349    481     6037

 COOLING
  YESTERDAY        6             4      2        9
  MONTH TO DATE  121            60     61       94
  SINCE MAR 1    127            75     52      100
  SINCE JAN 1    127            75     52      100
......................................................


WIND (MPH)
  HIGHEST WIND SPEED    14   HIGHEST WIND DIRECTION     S (160)
  HIGHEST GUST SPEED    18   HIGHEST GUST DIRECTION     S (170)
  AVERAGE WIND SPEED     5.6


SKY COVER
  AVERAGE SKY COVER 0.1


WEATHER CONDITIONS
 THE FOLLOWING WEATHER WAS RECORDED YESTERDAY.
  FOG W/VISIBILITY <= 1/4 MILE
  HAZE


RELATIVE HUMIDITY (PERCENT)
 HIGHEST    90           100 AM
 LOWEST     40           300 PM
 AVERAGE    65

..........................................................


THE TERRE HAUTE IN CLIMATE NORMALS FOR TODAY
                         NORMAL
 MAXIMUM TEMPERATURE (F)   78
 MINIMUM TEMPERATURE (F)   56


SUNRISE AND SUNSET
MAY 29 2015...........SUNRISE   626 AM EDT   SUNSET   908 PM EDT
MAY 30 2015...........SUNRISE   625 AM EDT   SUNSET   909 PM EDT


-  INDICATES NEGATIVE NUMBERS.
R  INDICATES RECORD WAS SET OR TIED.
MM INDICATES DATA IS MISSING.
T  INDICATES TRACE AMOUNT.




$$
