000
CDUS43 KIND 050536
CLIHUF


CLIMATE REPORT
NATIONAL WEATHER SERVICE INDIANAPOLIS IN
1235 AM EST THU MAR 5 2015


...................................

...THE TERRE HAUTE IN CLIMATE SUMMARY FOR MARCH 4 2015...

CLIMATE NORMAL PERIOD 1981 TO 2010
CLIMATE RECORD PERIOD 9999 TO 9999


WEATHER ITEM   OBSERVED TIME   NORMAL DEPARTURE LAST
                VALUE   (LST)  VALUE  FROM      YEAR
                                      NORMAL
......................................................
TEMPERATURE (F)
 YESTERDAY
  MAXIMUM         35    216 AM  48    -13       32
  MINIMUM         18   1159 PM  28    -10        6
  AVERAGE         27            38    -11       19

PRECIPITATION (IN)
  YESTERDAY        0.06          0.09  -0.03     0.00
  MONTH TO DATE    0.79          0.32   0.47     0.23
  SINCE MAR 1      0.79          0.32   0.47     0.23
  SINCE JAN 1      3.69          4.61  -0.92     4.26

DEGREE DAYS
 HEATING
  YESTERDAY       38            27     11       46
  MONTH TO DATE  150           110     40      169
  SINCE MAR 1    150           110     40      169
  SINCE JUL 1   4784          4273    511     4904

 COOLING
  YESTERDAY        0             0      0        0
  MONTH TO DATE    0             0      0        0
  SINCE MAR 1      0             0      0        0
  SINCE JAN 1      0             0      0        0
......................................................


WIND (MPH)
  HIGHEST WIND SPEED    18   HIGHEST WIND DIRECTION    NW (330)
  HIGHEST GUST SPEED    24   HIGHEST GUST DIRECTION    NW (320)
  AVERAGE WIND SPEED    10.4


SKY COVER
  AVERAGE SKY COVER 0.9


WEATHER CONDITIONS
 THE FOLLOWING WEATHER WAS RECORDED YESTERDAY.
  RAIN
  LIGHT RAIN
  LIGHT SNOW
  FOG
  HAZE


RELATIVE HUMIDITY (PERCENT)
 HIGHEST    96           300 AM
 LOWEST     56           800 PM
 AVERAGE    76

..........................................................


THE TERRE HAUTE IN CLIMATE NORMALS FOR TODAY
                         NORMAL
 MAXIMUM TEMPERATURE (F)   48
 MINIMUM TEMPERATURE (F)   29


SUNRISE AND SUNSET
MARCH  5 2015.........SUNRISE   716 AM EST   SUNSET   646 PM EST
MARCH  6 2015.........SUNRISE   715 AM EST   SUNSET   647 PM EST


-  INDICATES NEGATIVE NUMBERS.
R  INDICATES RECORD WAS SET OR TIED.
MM INDICATES DATA IS MISSING.
T  INDICATES TRACE AMOUNT.




$$
