000
CDUS43 KIND 220536
CLIHUF


CLIMATE REPORT
NATIONAL WEATHER SERVICE INDIANAPOLIS IN
1236 AM EST SAT NOV 22 2014


...................................

...THE TERRE HAUTE IN CLIMATE SUMMARY FOR NOVEMBER 21 2014...

CLIMATE NORMAL PERIOD 1981 TO 2010
CLIMATE RECORD PERIOD 9999 TO 9999


WEATHER ITEM   OBSERVED TIME   NORMAL DEPARTURE LAST
                VALUE   (LST)  VALUE  FROM      YEAR
                                      NORMAL
......................................................
TEMPERATURE (F)
 YESTERDAY
  MAXIMUM         37    422 PM  50    -13       51
  MINIMUM         11    703 AM  32    -21       45
  AVERAGE         24            41    -17       48

PRECIPITATION (IN)
  YESTERDAY        0.00          0.12  -0.12     0.50
  MONTH TO DATE    0.49          2.69  -2.20     2.74
  SINCE SEP 1     10.73          9.68   1.05     8.27
  SINCE JAN 1     38.86         40.96  -2.10    41.30

DEGREE DAYS
 HEATING
  YESTERDAY       41            24     17       17
  MONTH TO DATE  626           415    211      394
  SINCE SEP 1   1058           837    221      793
  SINCE JUL 1   1069           842    227      803

 COOLING
  YESTERDAY        0             0      0        0
  MONTH TO DATE    0             0      0        0
  SINCE SEP 1     88           114    -26      181
  SINCE JAN 1    939           993    -54     1056
......................................................


WIND (MPH)
  HIGHEST WIND SPEED    13   HIGHEST WIND DIRECTION    SE (150)
  HIGHEST GUST SPEED    15   HIGHEST GUST DIRECTION     S (160)
  AVERAGE WIND SPEED     5.8


SKY COVER
  AVERAGE SKY COVER 0.1


WEATHER CONDITIONS
 THE FOLLOWING WEATHER WAS RECORDED YESTERDAY.
  NO SIGNIFICANT WEATHER WAS OBSERVED.


RELATIVE HUMIDITY (PERCENT)
 HIGHEST    84           700 AM
 LOWEST     32           400 PM
 AVERAGE    58

..........................................................


THE TERRE HAUTE IN CLIMATE NORMALS FOR TODAY
                         NORMAL
 MAXIMUM TEMPERATURE (F)   49
 MINIMUM TEMPERATURE (F)   32


SUNRISE AND SUNSET
NOVEMBER 22 2014......SUNRISE   741 AM EST   SUNSET   530 PM EST
NOVEMBER 23 2014......SUNRISE   742 AM EST   SUNSET   529 PM EST


-  INDICATES NEGATIVE NUMBERS.
R  INDICATES RECORD WAS SET OR TIED.
MM INDICATES DATA IS MISSING.
T  INDICATES TRACE AMOUNT.




$$
