000
CDUS43 KIND 230608
CLIHUF


CLIMATE REPORT
NATIONAL WEATHER SERVICE INDIANAPOLIS IN
158 AM EDT FRI JUN 23 2017


...................................

...THE TERRE HAUTE IN CLIMATE SUMMARY FOR JUNE 22 2017...

CLIMATE NORMAL PERIOD 1981 TO 2010
CLIMATE RECORD PERIOD 9999 TO 9999


WEATHER ITEM   OBSERVED TIME   NORMAL DEPARTURE LAST
                VALUE   (LST)  VALUE  FROM      YEAR
                                      NORMAL
......................................................
TEMPERATURE (F)
 YESTERDAY
  MAXIMUM         83   1216 PM  85     -2       86
  MINIMUM         71    545 AM  64      7       67
  AVERAGE         77            74      3       77

PRECIPITATION (IN)
  YESTERDAY        0.04          0.11  -0.07     2.09
  MONTH TO DATE    2.60          3.36  -0.76     2.80
  SINCE JUN 1      2.60          3.36  -0.76     2.80
  SINCE JAN 1     25.52         21.80   3.72    16.58

DEGREE DAYS
 HEATING
  YESTERDAY        0             0      0        0
  MONTH TO DATE    2            11     -9        1
  SINCE JUN 1      2            11     -9        1
  SINCE JUL 1   4245          5366  -1121     4418

 COOLING
  YESTERDAY       12             9      3       12
  MONTH TO DATE  205           155     50      230
  SINCE JUN 1    205           155     50      230
  SINCE JAN 1    321           241     80      318
......................................................


WIND (MPH)
  HIGHEST WIND SPEED    24   HIGHEST WIND DIRECTION     S (190)
  HIGHEST GUST SPEED    29   HIGHEST GUST DIRECTION     S (170)
  AVERAGE WIND SPEED    10.4


SKY COVER
  AVERAGE SKY COVER 0.5


WEATHER CONDITIONS
 THE FOLLOWING WEATHER WAS RECORDED YESTERDAY.
  LIGHT RAIN
  FOG
  HAZE


RELATIVE HUMIDITY (PERCENT)
 HIGHEST    87           500 PM
 LOWEST     65          1000 AM
 AVERAGE    76

..........................................................


THE TERRE HAUTE IN CLIMATE NORMALS FOR TODAY
                         NORMAL
 MAXIMUM TEMPERATURE (F)   85
 MINIMUM TEMPERATURE (F)   64


SUNRISE AND SUNSET
JUNE 23 2017..........SUNRISE   623 AM EDT   SUNSET   920 PM EDT
JUNE 24 2017..........SUNRISE   623 AM EDT   SUNSET   920 PM EDT


-  INDICATES NEGATIVE NUMBERS.
R  INDICATES RECORD WAS SET OR TIED.
MM INDICATES DATA IS MISSING.
T  INDICATES TRACE AMOUNT.




$$
