000
CDUS43 KIND 270533
CLIHUF


CLIMATE REPORT
NATIONAL WEATHER SERVICE INDIANAPOLIS IN
131 AM EDT SAT AUG 27 2016


...................................

...THE TERRE HAUTE IN CLIMATE SUMMARY FOR AUGUST 26 2016...

CLIMATE NORMAL PERIOD 1981 TO 2010
CLIMATE RECORD PERIOD 9999 TO 9999


WEATHER ITEM   OBSERVED TIME   NORMAL DEPARTURE LAST
                VALUE   (LST)  VALUE  FROM      YEAR
                                      NORMAL
......................................................
TEMPERATURE (F)
 YESTERDAY
  MAXIMUM         89   1232 PM  83      6       78
  MINIMUM         71   1120 PM  61     10       50
  AVERAGE         80            72      8       64

PRECIPITATION (IN)
  YESTERDAY        0.08          0.15  -0.07     0.00
  MONTH TO DATE    1.33          2.85  -1.52     0.65
  SINCE JUN 1     13.14         12.08   1.06    10.75
  SINCE JAN 1     26.92         30.52  -3.60    25.38

DEGREE DAYS
 HEATING
  YESTERDAY        0             0      0        1
  MONTH TO DATE    0             0      0        4
  SINCE JUN 1      5            14     -9       17
  SINCE JUL 1      4             1      3        4

 COOLING
  YESTERDAY       15             7      8        0
  MONTH TO DATE  316           214    102      186
  SINCE JUN 1    988           760    228      754
  SINCE JAN 1   1076           846    230      898
......................................................


WIND (MPH)
  HIGHEST WIND SPEED    17   HIGHEST WIND DIRECTION     N (360)
  HIGHEST GUST SPEED    24   HIGHEST GUST DIRECTION     N (20)
  AVERAGE WIND SPEED     4.1


SKY COVER
  AVERAGE SKY COVER 0.3


WEATHER CONDITIONS
 THE FOLLOWING WEATHER WAS RECORDED YESTERDAY.
  THUNDERSTORM
  HEAVY RAIN
  LIGHT RAIN
  FOG


RELATIVE HUMIDITY (PERCENT)
 HIGHEST    94           500 PM
 LOWEST     62           300 PM
 AVERAGE    78

..........................................................


THE TERRE HAUTE IN CLIMATE NORMALS FOR TODAY
                         NORMAL
 MAXIMUM TEMPERATURE (F)   83
 MINIMUM TEMPERATURE (F)   61


SUNRISE AND SUNSET
AUGUST 27 2016........SUNRISE   713 AM EDT   SUNSET   827 PM EDT
AUGUST 28 2016........SUNRISE   714 AM EDT   SUNSET   825 PM EDT


-  INDICATES NEGATIVE NUMBERS.
R  INDICATES RECORD WAS SET OR TIED.
MM INDICATES DATA IS MISSING.
T  INDICATES TRACE AMOUNT.




$$
