000
CDUS43 KIND 250534
CLIHUF


CLIMATE REPORT
NATIONAL WEATHER SERVICE INDIANAPOLIS IN
133 AM EDT FRI APR 25 2014


...................................

...THE TERRE HAUTE IN CLIMATE SUMMARY FOR APRIL 24 2014...

CLIMATE NORMAL PERIOD 1981 TO 2010
CLIMATE RECORD PERIOD 9999 TO 9999


WEATHER ITEM   OBSERVED TIME   NORMAL DEPARTURE LAST
                VALUE   (LST)  VALUE  FROM      YEAR
                                      NORMAL
......................................................
TEMPERATURE (F)
 YESTERDAY
  MAXIMUM         73    424 PM  67      6       50
  MINIMUM         47    635 AM  45      2       36
  AVERAGE         60            56      4       43

PRECIPITATION (IN)
  YESTERDAY        0.02          0.18  -0.16     0.59
  MONTH TO DATE    4.71          2.82   1.89     7.01
  SINCE MAR 1      6.46          6.19   0.27     8.54
  SINCE JAN 1     10.49         10.48   0.01    16.19

DEGREE DAYS
 HEATING
  YESTERDAY        5            10     -5       22
  MONTH TO DATE  293           315    -22      318
  SINCE MAR 1   1155          1006    149     1202
  SINCE JUL 1   5890          5169    721     5123

 COOLING
  YESTERDAY        0             1     -1        0
  MONTH TO DATE    3            10     -7        5
  SINCE MAR 1      3            11     -8        5
  SINCE JAN 1      3            11     -8        5
......................................................


WIND (MPH)
  HIGHEST WIND SPEED    23   HIGHEST WIND DIRECTION     S (190)
  HIGHEST GUST SPEED    30   HIGHEST GUST DIRECTION     S (190)
  AVERAGE WIND SPEED    10.9


SKY COVER
  AVERAGE SKY COVER 0.3


WEATHER CONDITIONS
 THE FOLLOWING WEATHER WAS RECORDED YESTERDAY.
  LIGHT RAIN


RELATIVE HUMIDITY (PERCENT)
 HIGHEST    61           500 AM
 LOWEST     29           400 PM
 AVERAGE    45

..........................................................


THE TERRE HAUTE IN CLIMATE NORMALS FOR TODAY
                         NORMAL
 MAXIMUM TEMPERATURE (F)   67
 MINIMUM TEMPERATURE (F)   45


SUNRISE AND SUNSET
APRIL 25 2014.........SUNRISE   658 AM EDT   SUNSET   837 PM EDT
APRIL 26 2014.........SUNRISE   657 AM EDT   SUNSET   838 PM EDT


-  INDICATES NEGATIVE NUMBERS.
R  INDICATES RECORD WAS SET OR TIED.
MM INDICATES DATA IS MISSING.
T  INDICATES TRACE AMOUNT.




$$
