000
CDUS43 KIND 270532
CLIHUF


CLIMATE REPORT
NATIONAL WEATHER SERVICE INDIANAPOLIS IN
131 AM EDT FRI MAR 27 2015


...................................

...THE TERRE HAUTE IN CLIMATE SUMMARY FOR MARCH 26 2015...

CLIMATE NORMAL PERIOD 1981 TO 2010
CLIMATE RECORD PERIOD 9999 TO 9999


WEATHER ITEM   OBSERVED TIME   NORMAL DEPARTURE LAST
                VALUE   (LST)  VALUE  FROM      YEAR
                                      NORMAL
......................................................
TEMPERATURE (F)
 YESTERDAY
  MAXIMUM         47    459 PM  57    -10       43
  MINIMUM         33   1150 PM  36     -3       17
  AVERAGE         40            46     -6       30

PRECIPITATION (IN)
  YESTERDAY        0.47          0.11   0.36     0.00
  MONTH TO DATE    3.37          2.75   0.62     1.07
  SINCE MAR 1      3.37          2.75   0.62     1.07
  SINCE JAN 1      6.27          7.04  -0.77     5.10

DEGREE DAYS
 HEATING
  YESTERDAY       25            19      6       35
  MONTH TO DATE  683           603     80      759
  SINCE MAR 1    683           603     80      759
  SINCE JUL 1   5317          4766    551     5494

 COOLING
  YESTERDAY        0             0      0        0
  MONTH TO DATE    0             0      0        0
  SINCE MAR 1      0             0      0        0
  SINCE JAN 1      0             0      0        0
......................................................


WIND (MPH)
  HIGHEST WIND SPEED    18   HIGHEST WIND DIRECTION    NW (300)
  HIGHEST GUST SPEED    23   HIGHEST GUST DIRECTION    NW (310)
  AVERAGE WIND SPEED     9.8


SKY COVER
  AVERAGE SKY COVER 0.7


WEATHER CONDITIONS
 THE FOLLOWING WEATHER WAS RECORDED YESTERDAY.
  LIGHT RAIN
  FOG


RELATIVE HUMIDITY (PERCENT)
 HIGHEST    93           400 AM
 LOWEST     58           600 PM
 AVERAGE    76

..........................................................


THE TERRE HAUTE IN CLIMATE NORMALS FOR TODAY
                         NORMAL
 MAXIMUM TEMPERATURE (F)   58
 MINIMUM TEMPERATURE (F)   36


SUNRISE AND SUNSET
MARCH 27 2015.........SUNRISE   742 AM EDT   SUNSET   808 PM EDT
MARCH 28 2015.........SUNRISE   740 AM EDT   SUNSET   809 PM EDT


-  INDICATES NEGATIVE NUMBERS.
R  INDICATES RECORD WAS SET OR TIED.
MM INDICATES DATA IS MISSING.
T  INDICATES TRACE AMOUNT.




$$
