000
CDUS41 KCAR 242025
CLIHUL


CLIMATE REPORT
NATIONAL WEATHER SERVICE CARIBOU, ME
425 PM EDT SAT SEP 24 2016


...................................

...THE HOULTON ME CLIMATE SUMMARY FOR SEPTEMBER 24 2016...
VALID TODAY AS OF 0400 PM LOCAL TIME.

CLIMATE NORMAL PERIOD 1981 TO 2010
CLIMATE RECORD PERIOD 1948 TO 2016


WEATHER ITEM   OBSERVED TIME   RECORD YEAR NORMAL DEPARTURE LAST
                VALUE   (LST)  VALUE       VALUE  FROM      YEAR
                                                  NORMAL
..................................................................
TEMPERATURE (F)
 TODAY
  MAXIMUM         57    259 PM  81    1958  63     -6       66
  MINIMUM         31    523 AM  25    1995  40     -9       34
  AVERAGE         44                        52     -8       50

PRECIPITATION (IN)
  TODAY            0.00          1.93 1981   0.12  -0.12     0.00
  MONTH TO DATE    0.99                      2.66  -1.67     3.11
  SINCE SEP 1      0.99                      2.66  -1.67     3.11
  SINCE JAN 1     27.85                     28.28  -0.43    21.87

SNOWFALL (IN)
  TODAY           MM             T    1950   0.0   MM       MM
  MONTH TO DATE   MM                         0.0   MM       MM
  SINCE SEP 1     MM                         0.0   MM       MM
  SINCE JUL 1     MM                         0.0   MM       MM
  SNOW DEPTH      MM

DEGREE DAYS
 HEATING
  TODAY           21                        14      7       15
  MONTH TO DATE  133                       223    -90      101
  SINCE SEP 1    133                       223    -90      101
  SINCE JUL 1    227                       379   -152      188

 COOLING
  TODAY            0                         0      0        0
  MONTH TO DATE   23                        12     11       46
  SINCE SEP 1     23                        12     11       46
  SINCE JAN 1    229                       190     39      236
..................................................................


WIND (MPH)
  HIGHEST WIND SPEED    17   HIGHEST WIND DIRECTION    NW (330)
  HIGHEST GUST SPEED    24   HIGHEST GUST DIRECTION    NW (330)
  AVERAGE WIND SPEED     3.9


SKY COVER
  POSSIBLE SUNSHINE  MM
  AVERAGE SKY COVER 0.2


WEATHER CONDITIONS
 THE FOLLOWING WEATHER WAS RECORDED TODAY.
  NO SIGNIFICANT WEATHER WAS OBSERVED.


RELATIVE HUMIDITY (PERCENT)
 HIGHEST   100          1200 AM
 LOWEST     43           300 PM
 AVERAGE    72

..........................................................


THE HOULTON ME CLIMATE NORMALS FOR TOMORROW
                         NORMAL    RECORD    YEAR
 MAXIMUM TEMPERATURE (F)   63        82      1970
 MINIMUM TEMPERATURE (F)   40        21      1974


SUNRISE AND SUNSET
SEPTEMBER 24 2016.....SUNRISE   621 AM EDT   SUNSET   624 PM EDT
SEPTEMBER 25 2016.....SUNRISE   622 AM EDT   SUNSET   622 PM EDT


-  INDICATES NEGATIVE NUMBERS.
R  INDICATES RECORD WAS SET OR TIED.
MM INDICATES DATA IS MISSING.
T  INDICATES TRACE AMOUNT.




$$
