000
CDUS41 KCAR 310529
CLIHUL


CLIMATE REPORT
NATIONAL WEATHER SERVICE CARIBOU, ME
129 AM EDT TUE MAY 31 2016


...................................

...THE HOULTON ME CLIMATE SUMMARY FOR MAY 30 2016...

CLIMATE NORMAL PERIOD 1981 TO 2010
CLIMATE RECORD PERIOD 1948 TO 2016


WEATHER ITEM   OBSERVED TIME   RECORD YEAR NORMAL DEPARTURE LAST
                VALUE   (LST)  VALUE       VALUE  FROM      YEAR
                                                  NORMAL
..................................................................
TEMPERATURE (F)
 YESTERDAY
  MAXIMUM         72    523 PM  89    1972  68      4       83
  MINIMUM         48    450 AM  28    2008  43      5       58
  AVERAGE         60                        55      5       71

PRECIPITATION (IN)
  YESTERDAY        0.08          1.43 1990   0.11  -0.03     0.03
  MONTH TO DATE    2.66                      3.19  -0.53     3.51
  SINCE MAR 1      9.42                      9.66  -0.24     6.85
  SINCE JAN 1     14.38                     14.52  -0.14     8.95

SNOWFALL (IN)
  YESTERDAY       MM             0.0  2003   0.0   MM       MM
  MONTH TO DATE   MM                         0.1   MM       MM
  SINCE MAR 1     MM                        23.9   MM       MM
  SINCE JUL 1     MM                        89.5   MM       MM
  SNOW DEPTH      MM

DEGREE DAYS
 HEATING
  YESTERDAY        5                        10     -5        0
  MONTH TO DATE  371                       425    -54      305
  SINCE MAR 1   2399                      2425    -26     2540
  SINCE JUL 1   8017                      8998   -981     9108

 COOLING
  YESTERDAY        0                         0      0        6
  MONTH TO DATE    3                         0      3       25
  SINCE MAR 1      3                         0      3       25
  SINCE JAN 1      3                         0      3       25
..................................................................


WIND (MPH)
  HIGHEST WIND SPEED    14   HIGHEST WIND DIRECTION    SW (220)
  HIGHEST GUST SPEED    21   HIGHEST GUST DIRECTION     S (200)
  AVERAGE WIND SPEED     7.5


SKY COVER
  POSSIBLE SUNSHINE  MM
  AVERAGE SKY COVER 0.5


WEATHER CONDITIONS
 THE FOLLOWING WEATHER WAS RECORDED YESTERDAY.
  LIGHT RAIN
  FOG


RELATIVE HUMIDITY (PERCENT)
 HIGHEST    93           400 AM
 LOWEST     68           400 PM
 AVERAGE    81

..........................................................


THE HOULTON ME CLIMATE NORMALS FOR TODAY
                         NORMAL    RECORD    YEAR
 MAXIMUM TEMPERATURE (F)   68        90      1937
 MINIMUM TEMPERATURE (F)   43        30      1998


SUNRISE AND SUNSET
MAY 31 2016...........SUNRISE   444 AM EDT   SUNSET   815 PM EDT
JUNE  1 2016..........SUNRISE   443 AM EDT   SUNSET   815 PM EDT


-  INDICATES NEGATIVE NUMBERS.
R  INDICATES RECORD WAS SET OR TIED.
MM INDICATES DATA IS MISSING.
T  INDICATES TRACE AMOUNT.




$$
