000
CDUS41 KCAR 270542
CLIHUL


CLIMATE REPORT
NATIONAL WEATHER SERVICE CARIBOU, ME
142 AM EDT WED MAY 27 2015


...................................

...THE HOULTON ME CLIMATE SUMMARY FOR MAY 26 2015...

CLIMATE NORMAL PERIOD 1981 TO 2010
CLIMATE RECORD PERIOD 1948 TO 2015


WEATHER ITEM   OBSERVED TIME   RECORD YEAR NORMAL DEPARTURE LAST
                VALUE   (LST)  VALUE       VALUE  FROM      YEAR
                                                  NORMAL
..................................................................
TEMPERATURE (F)
 YESTERDAY
  MAXIMUM         80    523 PM  88    1950  67     13       69
  MINIMUM         59    309 AM  29    1990  41     18       47
  AVERAGE         70                        54     16       58

PRECIPITATION (IN)
  YESTERDAY        0.43          1.40 1967   0.10   0.33     0.41
  MONTH TO DATE    2.30                      2.76  -0.46     3.03
  SINCE MAR 1      5.64                      9.23  -3.59     9.12
  SINCE JAN 1      7.74                     14.09  -6.35    14.70

SNOWFALL (IN)
  YESTERDAY       MM             T    1998   0.0   MM       MM
  MONTH TO DATE   MM                         0.1   MM       MM
  SINCE MAR 1     MM                        23.9   MM       MM
  SINCE JUL 1     MM                        89.5   MM       MM
  SNOW DEPTH      MM

DEGREE DAYS
 HEATING
  YESTERDAY        0                        11    -11        7
  MONTH TO DATE  305                       383    -78      348
  SINCE MAR 1   2540                      2383    157     2650
  SINCE JUL 1   9108                      8956    152     9240

 COOLING
  YESTERDAY        5                         0      5        0
  MONTH TO DATE    7                         0      7        1
  SINCE MAR 1      7                         0      7        1
  SINCE JAN 1      7                         0      7        1
..................................................................


WIND (MPH)
  HIGHEST WIND SPEED    20   HIGHEST WIND DIRECTION    SW (230)
  HIGHEST GUST SPEED    26   HIGHEST GUST DIRECTION    SW (230)
  AVERAGE WIND SPEED     9.1


SKY COVER
  POSSIBLE SUNSHINE  MM
  AVERAGE SKY COVER 0.5


WEATHER CONDITIONS
 THE FOLLOWING WEATHER WAS RECORDED YESTERDAY.
  HEAVY RAIN
  RAIN
  LIGHT RAIN
  FOG


RELATIVE HUMIDITY (PERCENT)
 HIGHEST    93           800 AM
 LOWEST     48           600 PM
 AVERAGE    71

..........................................................


THE HOULTON ME CLIMATE NORMALS FOR TODAY
                         NORMAL    RECORD    YEAR
 MAXIMUM TEMPERATURE (F)   67        89      1972
 MINIMUM TEMPERATURE (F)   42        27      1977


SUNRISE AND SUNSET
MAY 27 2015...........SUNRISE   447 AM EDT   SUNSET   810 PM EDT
MAY 28 2015...........SUNRISE   446 AM EDT   SUNSET   811 PM EDT


-  INDICATES NEGATIVE NUMBERS.
R  INDICATES RECORD WAS SET OR TIED.
MM INDICATES DATA IS MISSING.
T  INDICATES TRACE AMOUNT.




$$
