000
CDUS41 KCAR 230537
CLIHUL


CLIMATE REPORT
NATIONAL WEATHER SERVICE CARIBOU, ME
133 AM EDT FRI JUN 23 2017


...................................

...THE HOULTON ME CLIMATE SUMMARY FOR JUNE 22 2017...

CLIMATE NORMAL PERIOD 1981 TO 2010
CLIMATE RECORD PERIOD 1948 TO 2017


WEATHER ITEM   OBSERVED TIME   RECORD YEAR NORMAL DEPARTURE LAST
                VALUE   (LST)  VALUE       VALUE  FROM      YEAR
                                                  NORMAL
..................................................................
TEMPERATURE (F)
 YESTERDAY
  MAXIMUM         77    148 PM  92    1983  74      3       77
  MINIMUM         48   1158 PM  36    1948  50     -2       40
  AVERAGE         63                        62      1       59

PRECIPITATION (IN)
  YESTERDAY        0.00          2.53 1992   0.13  -0.13     0.00
  MONTH TO DATE    1.54                      2.60  -1.06     2.05
  SINCE JUN 1      1.54                      2.60  -1.06     2.05
  SINCE JAN 1     16.29                     17.23  -0.94    16.43

SNOWFALL (IN)
  YESTERDAY       MM             0.0  2003   0.0   MM       MM
  MONTH TO DATE   MM                         0.0   MM       MM
  SINCE JUN 1     MM                         0.0   MM       MM
  SINCE JUL 1     MM                        89.5   MM       MM
  SNOW DEPTH      MM

DEGREE DAYS
 HEATING
  YESTERDAY        2                         4     -2        6
  MONTH TO DATE  130                       149    -19      159
  SINCE JUN 1    130                       149    -19      159
  SINCE JUL 1   8548                      9156   -608     8176

 COOLING
  YESTERDAY        0                         2     -2        0
  MONTH TO DATE   39                        19     20       11
  SINCE JUN 1     39                        19     20       11
  SINCE JAN 1     45                        23     22       18
..................................................................


WIND (MPH)
  HIGHEST WIND SPEED    20   HIGHEST WIND DIRECTION     W (260)
  HIGHEST GUST SPEED    30   HIGHEST GUST DIRECTION     W (280)
  AVERAGE WIND SPEED     9.2


SKY COVER
  POSSIBLE SUNSHINE  MM
  AVERAGE SKY COVER 0.1


WEATHER CONDITIONS
 THE FOLLOWING WEATHER WAS RECORDED YESTERDAY.
  NO SIGNIFICANT WEATHER WAS OBSERVED.


RELATIVE HUMIDITY (PERCENT)
 HIGHEST   100          1100 PM
 LOWEST     31           100 PM
 AVERAGE    66

..........................................................


THE HOULTON ME CLIMATE NORMALS FOR TODAY
                         NORMAL    RECORD    YEAR
 MAXIMUM TEMPERATURE (F)   75        93      1975
 MINIMUM TEMPERATURE (F)   50        35      2005


SUNRISE AND SUNSET
JUNE 23 2017..........SUNRISE   440 AM EDT   SUNSET   826 PM EDT
JUNE 24 2017..........SUNRISE   441 AM EDT   SUNSET   827 PM EDT


-  INDICATES NEGATIVE NUMBERS.
R  INDICATES RECORD WAS SET OR TIED.
MM INDICATES DATA IS MISSING.
T  INDICATES TRACE AMOUNT.




$$
