000
CDUS41 KCAR 050528
CLIHUL


CLIMATE REPORT
NATIONAL WEATHER SERVICE CARIBOU, ME
127 AM EDT SUN JUL 5 2015


...................................

...THE HOULTON ME CLIMATE SUMMARY FOR JULY 4 2015...

CLIMATE NORMAL PERIOD 1981 TO 2010
CLIMATE RECORD PERIOD 1948 TO 2015


WEATHER ITEM   OBSERVED TIME   RECORD YEAR NORMAL DEPARTURE LAST
                VALUE   (LST)  VALUE       VALUE  FROM      YEAR
                                                  NORMAL
..................................................................
TEMPERATURE (F)
 YESTERDAY
  MAXIMUM         79    158 PM  93    1989  77      2       72
  MINIMUM         46    407 AM  33    1982  53     -7       62
  AVERAGE         63                        65     -2       67

PRECIPITATION (IN)
  YESTERDAY        0.00          2.21 2002   0.13  -0.13     0.84
  MONTH TO DATE    0.04                      0.51  -0.47     1.06
  SINCE JUN 1      4.06                      4.16  -0.10     5.32
  SINCE JAN 1     13.41                     18.79  -5.38    20.02

SNOWFALL (IN)
  YESTERDAY       MM             0.0  2003   0.0   MM       MM
  MONTH TO DATE   MM                         0.0   MM       MM
  SINCE JUN 1     MM                         0.0   MM       MM
  SINCE JUL 1     MM                         0.0   MM       MM
  SNOW DEPTH      MM

DEGREE DAYS
 HEATING
  YESTERDAY        2                         3     -1        0
  MONTH TO DATE   10                        12     -2        0
  SINCE JUN 1    247                       193     54      129
  SINCE JUL 1     10                        12     -2        0

 COOLING
  YESTERDAY        0                         3     -3        2
  MONTH TO DATE    0                        10    -10       42
  SINCE JUN 1     12                        45    -33       67
  SINCE JAN 1     37                        49    -12       68
..................................................................


WIND (MPH)
  HIGHEST WIND SPEED    12   HIGHEST WIND DIRECTION    SW (240)
  HIGHEST GUST SPEED    16   HIGHEST GUST DIRECTION    SW (240)
  AVERAGE WIND SPEED     3.9


SKY COVER
  POSSIBLE SUNSHINE  MM
  AVERAGE SKY COVER 0.0


WEATHER CONDITIONS
 THE FOLLOWING WEATHER WAS RECORDED YESTERDAY.
  NO SIGNIFICANT WEATHER WAS OBSERVED.


RELATIVE HUMIDITY (PERCENT)
 HIGHEST    93           300 AM
 LOWEST     36           200 PM
 AVERAGE    65

..........................................................


THE HOULTON ME CLIMATE NORMALS FOR TODAY
                         NORMAL    RECORD    YEAR
 MAXIMUM TEMPERATURE (F)   77        93      1983
                                             2000
 MINIMUM TEMPERATURE (F)   53        36      1982


SUNRISE AND SUNSET
JULY  5 2015..........SUNRISE   446 AM EDT   SUNSET   825 PM EDT
JULY  6 2015..........SUNRISE   447 AM EDT   SUNSET   825 PM EDT


-  INDICATES NEGATIVE NUMBERS.
R  INDICATES RECORD WAS SET OR TIED.
MM INDICATES DATA IS MISSING.
T  INDICATES TRACE AMOUNT.




$$
