000
CDUS41 KCAR 310529
CLIHUL


CLIMATE REPORT
NATIONAL WEATHER SERVICE CARIBOU, ME
128 AM EDT FRI JUL 31 2015


...................................

...THE HOULTON ME CLIMATE SUMMARY FOR JULY 30 2015...

CLIMATE NORMAL PERIOD 1981 TO 2010
CLIMATE RECORD PERIOD 1948 TO 2015


WEATHER ITEM   OBSERVED TIME   RECORD YEAR NORMAL DEPARTURE LAST
                VALUE   (LST)  VALUE       VALUE  FROM      YEAR
                                                  NORMAL
..................................................................
TEMPERATURE (F)
 YESTERDAY
  MAXIMUM         84    136 PM  92    1970  78      6       78
  MINIMUM         50    405 AM  38    1952  54     -4       45
  AVERAGE         67                        66      1       62

PRECIPITATION (IN)
  YESTERDAY        0.10          1.04 2011   0.13  -0.03     0.01
  MONTH TO DATE    1.60                      3.54  -1.94     6.43
  SINCE JUN 1      5.62                      7.19  -1.57    10.69
  SINCE JAN 1     14.97                     21.82  -6.85    25.39

SNOWFALL (IN)
  YESTERDAY       MM             0.0  2003   0.0   MM       MM
  MONTH TO DATE   MM                         0.0   MM       MM
  SINCE JUN 1     MM                         0.0   MM       MM
  SINCE JUL 1     MM                         0.0   MM       MM
  SNOW DEPTH      MM

DEGREE DAYS
 HEATING
  YESTERDAY        0                         2     -2        3
  MONTH TO DATE   63                        63      0       37
  SINCE JUN 1    300                       244     56      166
  SINCE JUL 1     63                        63      0       37

 COOLING
  YESTERDAY        2                         3     -1        0
  MONTH TO DATE   36                        88    -52      129
  SINCE JUN 1     48                       123    -75      154
  SINCE JAN 1     73                       127    -54      155
..................................................................


WIND (MPH)
  HIGHEST WIND SPEED    15   HIGHEST WIND DIRECTION    SW (220)
  HIGHEST GUST SPEED    20   HIGHEST GUST DIRECTION    SW (210)
  AVERAGE WIND SPEED     5.1


SKY COVER
  POSSIBLE SUNSHINE  MM
  AVERAGE SKY COVER 0.2


WEATHER CONDITIONS
 THE FOLLOWING WEATHER WAS RECORDED YESTERDAY.
  THUNDERSTORM
  HEAVY RAIN
  LIGHT RAIN
  FOG
  HAZE


RELATIVE HUMIDITY (PERCENT)
 HIGHEST    96           300 AM
 LOWEST     48          1000 AM
 AVERAGE    72

..........................................................


THE HOULTON ME CLIMATE NORMALS FOR TODAY
                         NORMAL    RECORD    YEAR
 MAXIMUM TEMPERATURE (F)   78        91      1995
 MINIMUM TEMPERATURE (F)   54        34      1978


SUNRISE AND SUNSET
JULY 31 2015..........SUNRISE   512 AM EDT   SUNSET   803 PM EDT
AUGUST  1 2015........SUNRISE   513 AM EDT   SUNSET   801 PM EDT


-  INDICATES NEGATIVE NUMBERS.
R  INDICATES RECORD WAS SET OR TIED.
MM INDICATES DATA IS MISSING.
T  INDICATES TRACE AMOUNT.




$$
