000
CDUS45 KTFX 261030
CLIHVR


CLIMATE REPORT
NATIONAL WEATHER SERVICE GREAT FALLS MT
428 AM MDT TUE MAY 26 2015


...................................

...THE HAVRE MT CLIMATE SUMMARY FOR MAY 25 2015...

CLIMATE NORMAL PERIOD 1981 TO 2010
CLIMATE RECORD PERIOD 1880 TO 2015


WEATHER ITEM   OBSERVED TIME   RECORD YEAR NORMAL DEPARTURE LAST
                VALUE   (LST)  VALUE       VALUE  FROM      YEAR
                                                  NORMAL
..................................................................
TEMPERATURE (F)
 YESTERDAY
  MAXIMUM         78    352 PM  94    1928  70      8       77
  MINIMUM         41    402 AM  29    1918  44     -3       51
                                      1893
  AVERAGE         60                        57      3       64

PRECIPITATION (IN)
  YESTERDAY        0.00          0.94 1916   0.07  -0.07     0.00
  MONTH TO DATE    1.04                      1.33  -0.29     0.80
  SINCE OCT 1      5.10                      4.73   0.37     5.53
  SINCE JAN 1      3.53                      3.32   0.21     3.52

SNOWFALL (IN)
  YESTERDAY        0.0           T    1916   0.1   -0.1      0.0
                                      1998
  MONTH TO DATE    0.0                       1.5   -1.5      0.0
  SINCE MAR 1      0.2                      10.8  -10.6      7.0
  SINCE JUL 1     20.8                      38.7  -17.9     44.4
  SNOW DEPTH       0

DEGREE DAYS
 HEATING
  YESTERDAY        5                         9     -4        1
  MONTH TO DATE  357                       305     52      339
  SINCE MAR 1   1697                      1922   -225     2111
  SINCE JUL 1   7365                      8042   -677     8352

 COOLING
  YESTERDAY        0                         0      0        0
  MONTH TO DATE    0                         0      0        3
  SINCE MAR 1      0                         1     -1        3
  SINCE JAN 1      0                         1     -1        3
..................................................................


WIND (MPH)
  HIGHEST WIND SPEED    18   HIGHEST WIND DIRECTION     E (100)
  HIGHEST GUST SPEED    23   HIGHEST GUST DIRECTION     E (90)
  AVERAGE WIND SPEED     4.7


SKY COVER
  AVERAGE SKY COVER 0.0


WEATHER CONDITIONS
 THE FOLLOWING WEATHER WAS RECORDED YESTERDAY.
  NO SIGNIFICANT WEATHER WAS OBSERVED.


RELATIVE HUMIDITY (PERCENT)
 HIGHEST    93           100 AM
 LOWEST     19           300 PM
 AVERAGE    56

..........................................................


THE HAVRE MT CLIMATE NORMALS FOR TODAY
                         NORMAL    RECORD    YEAR
 MAXIMUM TEMPERATURE (F)   70        96      1936
 MINIMUM TEMPERATURE (F)   44        25      1918


SUNRISE AND SUNSET
MAY 26 2015...........SUNRISE   526 AM MDT   SUNSET   907 PM MDT
MAY 27 2015...........SUNRISE   525 AM MDT   SUNSET   908 PM MDT


-  INDICATES NEGATIVE NUMBERS.
R  INDICATES RECORD WAS SET OR TIED.
MM INDICATES DATA IS MISSING.
T  INDICATES TRACE AMOUNT.




$$
