000
CDUS45 KTFX 302218
CLIHVR


CLIMATE REPORT
NATIONAL WEATHER SERVICE GREAT FALLS MT
417 PM MDT THU JUL 30 2015


...................................

...THE HAVRE MT CLIMATE SUMMARY FOR JULY 30 2015...
VALID TODAY AS OF 0400 PM LOCAL TIME.

CLIMATE NORMAL PERIOD 1981 TO 2010
CLIMATE RECORD PERIOD 1880 TO 2015


WEATHER ITEM   OBSERVED TIME   RECORD YEAR NORMAL DEPARTURE LAST
                VALUE   (LST)  VALUE       VALUE  FROM      YEAR
                                                  NORMAL
..................................................................
TEMPERATURE (F)
 TODAY
  MAXIMUM         87    259 PM 102    1926  88     -1       98
  MINIMUM         52    524 AM  40    2009  55     -3       61
  AVERAGE         70                        71     -1       80

PRECIPITATION (IN)
  TODAY            0.00          1.35 1950   0.03  -0.03     0.00
  MONTH TO DATE    3.27                      1.60   1.67     0.26
  SINCE OCT 1      9.40                      8.93   0.47     8.65
  SINCE JAN 1      7.83                      7.52   0.31     6.64

SNOWFALL (IN)
  TODAY            0.0           0.0  1999   0.0    0.0      0.0
                                      2001
                                      1998
  MONTH TO DATE    0.0                       0.0    0.0      0.0
  SINCE JUN 1      0.0                       0.0    0.0      0.0
  SINCE JUL 1      0.0                       0.0    0.0      0.0
  SNOW DEPTH       0

DEGREE DAYS
 HEATING
  TODAY            0                         0      0        0
  MONTH TO DATE   25                        29     -4        0
  SINCE JUN 1     82                       162    -80      175
  SINCE JUL 1     25                        29     -4        0

 COOLING
  TODAY            5                         7     -2       15
  MONTH TO DATE  145                       156    -11      189
  SINCE JUN 1    255                       204     51      195
  SINCE JAN 1    255                       215     40      202
..................................................................


WIND (MPH)
  HIGHEST WIND SPEED    16   HIGHEST WIND DIRECTION     W (270)
  HIGHEST GUST SPEED    22   HIGHEST GUST DIRECTION     W (280)
  AVERAGE WIND SPEED     5.1


SKY COVER
  AVERAGE SKY COVER 0.3


WEATHER CONDITIONS
 THE FOLLOWING WEATHER WAS RECORDED TODAY.
  NO SIGNIFICANT WEATHER WAS OBSERVED.


RELATIVE HUMIDITY (PERCENT)
 HIGHEST    93           600 AM
 LOWEST     21           200 PM
 AVERAGE    57

..........................................................


THE HAVRE MT CLIMATE NORMALS FOR TOMORROW
                         NORMAL    RECORD    YEAR
 MAXIMUM TEMPERATURE (F)   88       103      2005
                                             1908
 MINIMUM TEMPERATURE (F)   55        42      1968


SUNRISE AND SUNSET
JULY 30 2015..........SUNRISE   551 AM MDT   SUNSET   900 PM MDT
JULY 31 2015..........SUNRISE   552 AM MDT   SUNSET   858 PM MDT


-  INDICATES NEGATIVE NUMBERS.
R  INDICATES RECORD WAS SET OR TIED.
MM INDICATES DATA IS MISSING.
T  INDICATES TRACE AMOUNT.




$$
