000
CDUS45 KTFX 280907
CLIHVR


CLIMATE REPORT
NATIONAL WEATHER SERVICE GREAT FALLS MT
206 AM MST SAT FEB 28 2015


...................................

...THE HAVRE MT CLIMATE SUMMARY FOR FEBRUARY 27 2015...

CLIMATE NORMAL PERIOD 1981 TO 2010
CLIMATE RECORD PERIOD 1880 TO 2015


WEATHER ITEM   OBSERVED TIME   RECORD YEAR NORMAL DEPARTURE LAST
                VALUE   (LST)  VALUE       VALUE  FROM      YEAR
                                                  NORMAL
..................................................................
TEMPERATURE (F)
 YESTERDAY
  MAXIMUM         25    348 PM  74    1992  37    -12       30
  MINIMUM          0    544 AM -34    1891  14    -14        3
  AVERAGE         13                        26    -13       17

PRECIPITATION (IN)
  YESTERDAY        T             0.59 1886   0.01  -0.01      T
  MONTH TO DATE    0.33                      0.27   0.06     0.24
  SINCE OCT 1      3.20                      2.01   1.19     2.67
  SINCE JAN 1      1.63                      0.60   1.03     0.66

SNOWFALL (IN)
  YESTERDAY        T             3.4  1958   0.2   -0.2       T
  MONTH TO DATE    5.2                       5.6   -0.4      4.2
  SINCE DEC 1     16.0                      20.1   -4.1     31.6
  SINCE JUL 1     20.6                      27.7   -7.1     37.4
  SNOW DEPTH       0

DEGREE DAYS
 HEATING
  YESTERDAY       52                        39     13       48
  MONTH TO DATE 1072                      1156    -84     1401
  SINCE DEC 1   3684                      4036   -352     4253
  SINCE JUL 1   5621                      6079   -458     6179

 COOLING
  YESTERDAY        0                         0      0        0
  MONTH TO DATE    0                         0      0        0
  SINCE DEC 1      0                         0      0        0
  SINCE JAN 1      0                         0      0        0
..................................................................


WIND (MPH)
  HIGHEST WIND SPEED    22   HIGHEST WIND DIRECTION    NW (300)
  HIGHEST GUST SPEED    26   HIGHEST GUST DIRECTION     W (290)
  AVERAGE WIND SPEED     6.8


SKY COVER
  AVERAGE SKY COVER 0.3


WEATHER CONDITIONS
 THE FOLLOWING WEATHER WAS RECORDED YESTERDAY.
  LIGHT SNOW


RELATIVE HUMIDITY (PERCENT)
 HIGHEST    87          1200 AM
 LOWEST     44           300 PM
 AVERAGE    66

..........................................................


THE HAVRE MT CLIMATE NORMALS FOR TODAY
                         NORMAL    RECORD    YEAR
 MAXIMUM TEMPERATURE (F)   38        68      1992
 MINIMUM TEMPERATURE (F)   14       -30      1962


SUNRISE AND SUNSET
FEBRUARY 28 2015......SUNRISE   703 AM MST   SUNSET   601 PM MST
MARCH  1 2015.........SUNRISE   701 AM MST   SUNSET   603 PM MST


-  INDICATES NEGATIVE NUMBERS.
R  INDICATES RECORD WAS SET OR TIED.
MM INDICATES DATA IS MISSING.
T  INDICATES TRACE AMOUNT.




$$
