000
CDUS45 KTFX 020739
CLIHVR


CLIMATE REPORT
NATIONAL WEATHER SERVICE GREAT FALLS MT
139 AM MDT WED SEP 2 2015


...................................

...THE HAVRE MT CLIMATE SUMMARY FOR SEPTEMBER 1 2015...

CLIMATE NORMAL PERIOD 1981 TO 2010
CLIMATE RECORD PERIOD 1880 TO 2015


WEATHER ITEM   OBSERVED TIME   RECORD YEAR NORMAL DEPARTURE LAST
                VALUE   (LST)  VALUE       VALUE  FROM      YEAR
                                                  NORMAL
..................................................................
TEMPERATURE (F)
 YESTERDAY
  MAXIMUM         86    224 PM  99    1983  78      8       75
  MINIMUM         48    405 AM  35    1999  47      1       50
                                      1930
                                      1917
  AVERAGE         67                        62      5       63

PRECIPITATION (IN)
  YESTERDAY        T             1.09 1896   0.03  -0.03     0.00
  MONTH TO DATE    T                         0.03  -0.03     0.00
  SINCE OCT 1     10.14                     10.11   0.03    12.33
  SINCE JAN 1      8.57                      8.70  -0.13    10.32

SNOWFALL (IN)
  YESTERDAY        0.0           0.0  1999   0.0    0.0      0.0
                                      1998
  MONTH TO DATE    0.0                       0.0    0.0      0.0
  SINCE SEP 1      0.0                       0.0    0.0      0.0
  SINCE JUL 1      T                         0.0    0.0      0.0
  SNOW DEPTH       0

DEGREE DAYS
 HEATING
  YESTERDAY        0                         5     -5        2
  MONTH TO DATE    0                         5     -5        2
  SINCE SEP 1      0                         5     -5        2
  SINCE JUL 1     75                        88    -13       46

 COOLING
  YESTERDAY        2                         2      0        0
  MONTH TO DATE    2                         2      0        0
  SINCE SEP 1      2                         2      0        0
  SINCE JAN 1    412                       369     43      390
..................................................................


WIND (MPH)
  HIGHEST WIND SPEED    30   HIGHEST WIND DIRECTION    SW (240)
  HIGHEST GUST SPEED    37   HIGHEST GUST DIRECTION    SW (240)
  AVERAGE WIND SPEED    10.9


SKY COVER
  AVERAGE SKY COVER 0.0


WEATHER CONDITIONS
 THE FOLLOWING WEATHER WAS RECORDED YESTERDAY.
  NO SIGNIFICANT WEATHER WAS OBSERVED.


RELATIVE HUMIDITY (PERCENT)
 HIGHEST    71           400 AM
 LOWEST     12           100 PM
 AVERAGE    42

..........................................................


THE HAVRE MT CLIMATE NORMALS FOR TODAY
                         NORMAL    RECORD    YEAR
 MAXIMUM TEMPERATURE (F)   77       101      1998
 MINIMUM TEMPERATURE (F)   47        32      1974


SUNRISE AND SUNSET
SEPTEMBER  2 2015.....SUNRISE   637 AM MDT   SUNSET   759 PM MDT
SEPTEMBER  3 2015.....SUNRISE   639 AM MDT   SUNSET   757 PM MDT


-  INDICATES NEGATIVE NUMBERS.
R  INDICATES RECORD WAS SET OR TIED.
MM INDICATES DATA IS MISSING.
T  INDICATES TRACE AMOUNT.




$$
