000
CDUS45 KTFX 220732
CLIHVR


CLIMATE REPORT
NATIONAL WEATHER SERVICE GREAT FALLS MT
132 AM MDT SUN OCT 22 2017


...................................

...THE HAVRE MT CLIMATE SUMMARY FOR OCTOBER 21 2017...

CLIMATE NORMAL PERIOD 1981 TO 2010
CLIMATE RECORD PERIOD 1880 TO 2017


WEATHER ITEM   OBSERVED TIME   RECORD YEAR NORMAL DEPARTURE LAST
                VALUE   (LST)  VALUE       VALUE  FROM      YEAR
                                                  NORMAL
..................................................................
TEMPERATURE (F)
 YESTERDAY
  MAXIMUM         57    204 PM  83    2003  56      1       62
  MINIMUM         32   1004 PM   9    1881  29      3       39
  AVERAGE         45                        42      3       51

PRECIPITATION (IN)
  YESTERDAY        0.07          0.77 1980   0.01   0.06     0.00
  MONTH TO DATE    1.87                      0.42   1.45     2.68
  SINCE OCT 1      1.87                      0.42   1.45     2.68
  SINCE JAN 1      6.43                     10.21  -3.78    17.97

SNOWFALL (IN)
  YESTERDAY        0.0           1.7  1961   0.0    0.0      0.0
  MONTH TO DATE   13.0                       1.1   11.9      5.5
  SINCE SEP 1     13.0                       1.4   11.6      5.5
  SINCE JUL 1     13.0                       1.4   11.6      5.5
  SNOW DEPTH       0

DEGREE DAYS
 HEATING
  YESTERDAY       20                        23     -3       14
  MONTH TO DATE  480                       389     91      513
  SINCE SEP 1    732                       663     69      768
  SINCE JUL 1    744                       746     -2      829

 COOLING
  YESTERDAY        0                         0      0        0
  MONTH TO DATE    0                         0      0        0
  SINCE SEP 1     39                        19     20       20
  SINCE JAN 1    526                       386    140      344
..................................................................


WIND (MPH)
  HIGHEST WIND SPEED    31   HIGHEST WIND DIRECTION     W (290)
  HIGHEST GUST SPEED    39   HIGHEST GUST DIRECTION     W (290)
  AVERAGE WIND SPEED    16.2


SKY COVER
  AVERAGE SKY COVER 0.2


WEATHER CONDITIONS
 THE FOLLOWING WEATHER WAS RECORDED YESTERDAY.
  LIGHT RAIN


RELATIVE HUMIDITY (PERCENT)
 HIGHEST    92           600 AM
 LOWEST     26           200 PM
 AVERAGE    59

..........................................................


THE HAVRE MT CLIMATE NORMALS FOR TODAY
                         NORMAL    RECORD    YEAR
 MAXIMUM TEMPERATURE (F)   55        82      1915
 MINIMUM TEMPERATURE (F)   28         8      1881


SUNRISE AND SUNSET
OCTOBER 22 2017.......SUNRISE   750 AM MDT   SUNSET   616 PM MDT
OCTOBER 23 2017.......SUNRISE   752 AM MDT   SUNSET   614 PM MDT


-  INDICATES NEGATIVE NUMBERS.
R  INDICATES RECORD WAS SET OR TIED.
MM INDICATES DATA IS MISSING.
T  INDICATES TRACE AMOUNT.




$$
