000
CDUS45 KTFX 250848
CLIHVR


CLIMATE REPORT
NATIONAL WEATHER SERVICE GREAT FALLS MT
247 AM MDT SAT MAR 25 2017


...................................

...THE HAVRE MT CLIMATE SUMMARY FOR MARCH 24 2017...

CLIMATE NORMAL PERIOD 1981 TO 2010
CLIMATE RECORD PERIOD 1880 TO 2017


WEATHER ITEM   OBSERVED TIME   RECORD YEAR NORMAL DEPARTURE LAST
                VALUE   (LST)  VALUE       VALUE  FROM      YEAR
                                                  NORMAL
..................................................................
TEMPERATURE (F)
 YESTERDAY
  MAXIMUM         66    457 PM  76    2007  48     18       58
                                      1939
  MINIMUM         26    601 AM -17    1965  25      1       29
  AVERAGE         46                        36     10       44

PRECIPITATION (IN)
  YESTERDAY        0.00          0.87 1883   0.02  -0.02      T
  MONTH TO DATE    0.15                      0.39  -0.24     0.22
  SINCE OCT 1      5.52                      2.41   3.11     2.61
  SINCE JAN 1      1.53                      1.00   0.53     0.68

SNOWFALL (IN)
  YESTERDAY        0.0           6.0  1908   0.2   -0.2      0.0
  MONTH TO DATE    1.0                       4.9   -3.9       T
  SINCE MAR 1      1.0                       4.9   -3.9       T
  SINCE JUL 1     31.9                      32.8   -0.9     14.3
  SNOW DEPTH       0

DEGREE DAYS
 HEATING
  YESTERDAY       19                        29    -10       21
  MONTH TO DATE  784                       810    -26      589
  SINCE MAR 1    784                       810    -26      589
  SINCE JUL 1   6783                      6930   -147     6014

 COOLING
  YESTERDAY        0                         0      0        0
  MONTH TO DATE    0                         0      0        0
  SINCE MAR 1      0                         0      0        0
  SINCE JAN 1      0                         0      0        0
..................................................................


WIND (MPH)
  HIGHEST WIND SPEED    24   HIGHEST WIND DIRECTION    NW (300)
  HIGHEST GUST SPEED    30   HIGHEST GUST DIRECTION     W (290)
  AVERAGE WIND SPEED     7.9


SKY COVER
  AVERAGE SKY COVER 0.2


WEATHER CONDITIONS
 THE FOLLOWING WEATHER WAS RECORDED YESTERDAY.
  NO SIGNIFICANT WEATHER WAS OBSERVED.


RELATIVE HUMIDITY (PERCENT)
 HIGHEST    85           300 AM
 LOWEST     19           200 PM
 AVERAGE    52

..........................................................


THE HAVRE MT CLIMATE NORMALS FOR TODAY
                         NORMAL    RECORD    YEAR
 MAXIMUM TEMPERATURE (F)   49        77      1999
 MINIMUM TEMPERATURE (F)   25       -18      1913


SUNRISE AND SUNSET
MARCH 25 2017.........SUNRISE   711 AM MDT   SUNSET   740 PM MDT
MARCH 26 2017.........SUNRISE   709 AM MDT   SUNSET   741 PM MDT


-  INDICATES NEGATIVE NUMBERS.
R  INDICATES RECORD WAS SET OR TIED.
MM INDICATES DATA IS MISSING.
T  INDICATES TRACE AMOUNT.




$$
