057
CDUS45 KTFX 282230
CLIHVR


CLIMATE REPORT
NATIONAL WEATHER SERVICE GREAT FALLS MT
430 PM MDT WED JUN 28 2017


...................................

...THE HAVRE MT CLIMATE SUMMARY FOR JUNE 28 2017...
VALID TODAY AS OF 0400 PM LOCAL TIME.

CLIMATE NORMAL PERIOD 1981 TO 2010
CLIMATE RECORD PERIOD 1880 TO 2017


WEATHER ITEM   OBSERVED TIME   RECORD YEAR NORMAL DEPARTURE LAST
                VALUE   (LST)  VALUE       VALUE  FROM      YEAR
                                                  NORMAL
..................................................................
TEMPERATURE (F)
 TODAY
  MAXIMUM         83    242 PM 103    2015  80      3       85
  MINIMUM         49    352 AM  38    2008  51     -2       55
                                      1915
  AVERAGE         66                        65      1       70

PRECIPITATION (IN)
  TODAY            0.00          1.02 1884   0.07  -0.07     0.01
  MONTH TO DATE    0.54                      2.05  -1.51     1.89
  SINCE OCT 1      7.06                      7.19  -0.13    11.71
  SINCE JAN 1      3.07                      5.78  -2.71     9.78

SNOWFALL (IN)
  TODAY            0.0           0.0  1999   0.0    0.0      0.0
                                      1998
  MONTH TO DATE    0.0                       0.5   -0.5      0.0
  SINCE JUN 1      0.0                       0.5   -0.5      0.0
  SINCE JUL 1     32.9                      39.5   -6.6     17.3

DEGREE DAYS
 HEATING
  TODAY            0                         3     -3        0
  MONTH TO DATE   79                       130    -51       85
  SINCE JUN 1     79                       130    -51       85
  SINCE JUL 1   7856                      8218   -362     7168

 COOLING
  TODAY            1                         3     -2        5
  MONTH TO DATE   62                        43     19       38
  SINCE JUN 1     62                        43     19       38
  SINCE JAN 1     73                        54     19       39
..................................................................


WIND (MPH)
  HIGHEST WIND SPEED    24   HIGHEST WIND DIRECTION     W (250)
  HIGHEST GUST SPEED    30   HIGHEST GUST DIRECTION     W (290)
  AVERAGE WIND SPEED    10.5


SKY COVER
  AVERAGE SKY COVER 0.0


WEATHER CONDITIONS
 THE FOLLOWING WEATHER WAS RECORDED TODAY.
  NO SIGNIFICANT WEATHER WAS OBSERVED.


RELATIVE HUMIDITY (PERCENT)
 HIGHEST    80           300 AM
 LOWEST     15          1200 PM
 AVERAGE    48

..........................................................


THE HAVRE MT CLIMATE NORMALS FOR TOMORROW
                         NORMAL    RECORD    YEAR
 MAXIMUM TEMPERATURE (F)   80       105      1984
 MINIMUM TEMPERATURE (F)   51        36      1893


SUNRISE AND SUNSET
JUNE 28 2017..........SUNRISE   520 AM MDT   SUNSET   925 PM MDT
JUNE 29 2017..........SUNRISE   520 AM MDT   SUNSET   925 PM MDT


-  INDICATES NEGATIVE NUMBERS.
R  INDICATES RECORD WAS SET OR TIED.
MM INDICATES DATA IS MISSING.
T  INDICATES TRACE AMOUNT.




$$
