000
CDUS45 KTFX 251018
CLIHVR


CLIMATE REPORT
NATIONAL WEATHER SERVICE GREAT FALLS MT
417 AM MDT FRI JUL 25 2014


...................................

...THE HAVRE MT CLIMATE SUMMARY FOR JULY 24 2014...

CLIMATE NORMAL PERIOD 1981 TO 2010
CLIMATE RECORD PERIOD 1880 TO 2014


WEATHER ITEM   OBSERVED TIME   RECORD YEAR NORMAL DEPARTURE LAST
                VALUE   (LST)  VALUE       VALUE  FROM      YEAR
                                                  NORMAL
..................................................................
TEMPERATURE (F)
 YESTERDAY
  MAXIMUM         82   1256 PM 104    1929  87     -5       92
  MINIMUM         53   1137 PM  40    1896  55     -2       55
  AVERAGE         68                        71     -3       74

PRECIPITATION (IN)
  YESTERDAY        0.05          1.05 1981   0.05   0.00     0.00
  MONTH TO DATE    0.26                      1.39  -1.13     1.38
  SINCE OCT 1      8.65                      8.72  -0.07    15.07
  SINCE JAN 1      6.64                      7.31  -0.67    12.59

SNOWFALL (IN)
  YESTERDAY        0.0           0.0  1999   0.0    0.0      0.0
                                      1998
  MONTH TO DATE    0.0                       0.0    0.0      0.0
  SINCE JUN 1      0.0                       0.0    0.0      0.0
  SINCE JUL 1      0.0                       0.0    0.0      0.0
  SNOW DEPTH       0

DEGREE DAYS
 HEATING
  YESTERDAY        0                         0      0        0
  MONTH TO DATE    0                        29    -29        5
  SINCE JUN 1    175                       162     13      118
  SINCE JUL 1      0                        29    -29        5

 COOLING
  YESTERDAY        3                         6     -3        9
  MONTH TO DATE  148                       114     34      132
  SINCE JUN 1    154                       162     -8      175
  SINCE JAN 1    161                       173    -12      182
..................................................................


WIND (MPH)
  HIGHEST WIND SPEED    51   HIGHEST WIND DIRECTION     W (270)
  HIGHEST GUST SPEED    62   HIGHEST GUST DIRECTION     W (270)
  AVERAGE WIND SPEED    16.1


SKY COVER
  AVERAGE SKY COVER 0.2


WEATHER CONDITIONS
 THE FOLLOWING WEATHER WAS RECORDED YESTERDAY.
  THUNDERSTORM
  HEAVY RAIN
  RAIN
  LIGHT RAIN


RELATIVE HUMIDITY (PERCENT)
 HIGHEST    87           400 AM
 LOWEST     22           500 PM
 AVERAGE    55

..........................................................


THE HAVRE MT CLIMATE NORMALS FOR TODAY
                         NORMAL    RECORD    YEAR
 MAXIMUM TEMPERATURE (F)   87       107      1933
 MINIMUM TEMPERATURE (F)   55        44      1999


SUNRISE AND SUNSET
JULY 25 2014..........SUNRISE   545 AM MDT   SUNSET   906 PM MDT
JULY 26 2014..........SUNRISE   546 AM MDT   SUNSET   905 PM MDT


-  INDICATES NEGATIVE NUMBERS.
R  INDICATES RECORD WAS SET OR TIED.
MM INDICATES DATA IS MISSING.
T  INDICATES TRACE AMOUNT.




$$
