310
CDUS45 KTFX 220902
CLIHVR


CLIMATE REPORT
NATIONAL WEATHER SERVICE GREAT FALLS MT
301 AM MDT TUE AUG 22 2017


...................................

...THE HAVRE MT CLIMATE SUMMARY FOR AUGUST 21 2017...

CLIMATE NORMAL PERIOD 1981 TO 2010
CLIMATE RECORD PERIOD 1880 TO 2017


WEATHER ITEM   OBSERVED TIME   RECORD YEAR NORMAL DEPARTURE LAST
                VALUE   (LST)  VALUE       VALUE  FROM      YEAR
                                                  NORMAL
..................................................................
TEMPERATURE (F)
 YESTERDAY
  MAXIMUM         79    442 PM 102    1969  83     -4       93
  MINIMUM         52    546 AM  40    2000  51      1       47
                                      1913
                                      1904
  AVERAGE         66                        67     -1       70

PRECIPITATION (IN)
  YESTERDAY        0.00          1.57 1933   0.04  -0.04     0.00
  MONTH TO DATE    0.15                      0.75  -0.60     0.99
  SINCE OCT 1      7.58                      9.72  -2.14    15.17
  SINCE JAN 1      3.59                      8.31  -4.72    13.24

SNOWFALL (IN)
  YESTERDAY        0.0           0.0  1999   0.0    0.0      0.0
                                      1998
  MONTH TO DATE    0.0                       0.0    0.0      0.0
  SINCE JUN 1      0.0                       0.0    0.0      0.0
  SINCE JUL 1      0.0                       0.0    0.0      0.0
  SNOW DEPTH       0

DEGREE DAYS
 HEATING
  YESTERDAY        0                         2     -2        0
  MONTH TO DATE   11                        23    -12       12
  SINCE JUN 1     95                       186    -91      116
  SINCE JUL 1     12                        53    -41       31

 COOLING
  YESTERDAY        1                         4     -3        5
  MONTH TO DATE   44                       120    -76       86
  SINCE JUN 1    414                       330     84      291
  SINCE JAN 1    425                       341     84      292
..................................................................


WIND (MPH)
  HIGHEST WIND SPEED    20   HIGHEST WIND DIRECTION     E (80)
  HIGHEST GUST SPEED    23   HIGHEST GUST DIRECTION     E (80)
  AVERAGE WIND SPEED     7.7


SKY COVER
  AVERAGE SKY COVER 0.2


WEATHER CONDITIONS
 THE FOLLOWING WEATHER WAS RECORDED YESTERDAY.
  HAZE


RELATIVE HUMIDITY (PERCENT)
 HIGHEST    50           600 AM
 LOWEST     21           300 PM
 AVERAGE    36

..........................................................


THE HAVRE MT CLIMATE NORMALS FOR TODAY
                         NORMAL    RECORD    YEAR
 MAXIMUM TEMPERATURE (F)   82       102      1976
 MINIMUM TEMPERATURE (F)   51        35      1992


SUNRISE AND SUNSET
AUGUST 22 2017........SUNRISE   623 AM MDT   SUNSET   820 PM MDT
AUGUST 23 2017........SUNRISE   624 AM MDT   SUNSET   818 PM MDT


-  INDICATES NEGATIVE NUMBERS.
R  INDICATES RECORD WAS SET OR TIED.
MM INDICATES DATA IS MISSING.
T  INDICATES TRACE AMOUNT.




$$
