000
CDUS45 KTFX 300759
CLIHVR


CLIMATE REPORT
NATIONAL WEATHER SERVICE GREAT FALLS MT
159 AM MDT SAT APR 30 2016


...................................

...THE HAVRE MT CLIMATE SUMMARY FOR APRIL 29 2016...

CLIMATE NORMAL PERIOD 1981 TO 2010
CLIMATE RECORD PERIOD 1880 TO 2016


WEATHER ITEM   OBSERVED TIME   RECORD YEAR NORMAL DEPARTURE LAST
                VALUE   (LST)  VALUE       VALUE  FROM      YEAR
                                                  NORMAL
..................................................................
TEMPERATURE (F)
 YESTERDAY
  MAXIMUM         56    208 PM  95    1939  63     -7       82
  MINIMUM         41    627 AM  12    1966  34      7       32
  AVERAGE         49                        48      1       57

PRECIPITATION (IN)
  YESTERDAY        T             0.67 1913   0.04  -0.04     0.00
  MONTH TO DATE    3.55                      0.80   2.75     0.33
  SINCE OCT 1      6.34                      3.36   2.98     4.06
  SINCE JAN 1      4.41                      1.95   2.46     2.49

SNOWFALL (IN)
  YESTERDAY        0.0           5.0  1913   0.0    0.0      0.0
  MONTH TO DATE    T                         2.9   -2.9      0.2
  SINCE MAR 1      T                         9.2   -9.2      0.2
  SINCE JUL 1     14.3                      37.1  -22.8     20.8
  SNOW DEPTH       0

DEGREE DAYS
 HEATING
  YESTERDAY       16                        17     -1        8
  MONTH TO DATE  499                       603   -104      594
  SINCE MAR 1   1278                      1601   -323     1326
  SINCE JUL 1   6703                      7721  -1018     6994

 COOLING
  YESTERDAY        0                         0      0        0
  MONTH TO DATE    0                         0      0        0
  SINCE MAR 1      0                         0      0        0
  SINCE JAN 1      0                         0      0        0
..................................................................


WIND (MPH)
  HIGHEST WIND SPEED    23   HIGHEST WIND DIRECTION    SE (140)
  HIGHEST GUST SPEED    29   HIGHEST GUST DIRECTION    SE (130)
  AVERAGE WIND SPEED    12.5


SKY COVER
  AVERAGE SKY COVER 0.9


WEATHER CONDITIONS
 THE FOLLOWING WEATHER WAS RECORDED YESTERDAY.
  LIGHT RAIN


RELATIVE HUMIDITY (PERCENT)
 HIGHEST    86           200 AM
 LOWEST     47           100 PM
 AVERAGE    67

..........................................................


THE HAVRE MT CLIMATE NORMALS FOR TODAY
                         NORMAL    RECORD    YEAR
 MAXIMUM TEMPERATURE (F)   63        87      1968
 MINIMUM TEMPERATURE (F)   35        12      1909


SUNRISE AND SUNSET
APRIL 30 2016.........SUNRISE   600 AM MDT   SUNSET   833 PM MDT
MAY  1 2016...........SUNRISE   558 AM MDT   SUNSET   835 PM MDT


-  INDICATES NEGATIVE NUMBERS.
R  INDICATES RECORD WAS SET OR TIED.
MM INDICATES DATA IS MISSING.
T  INDICATES TRACE AMOUNT.




$$
