000
CDUS45 KTFX 211017
CLIHVR


CLIMATE REPORT
NATIONAL WEATHER SERVICE GREAT FALLS MT
316 AM MST SUN DEC 21 2014


...................................

...THE HAVRE MT CLIMATE SUMMARY FOR DECEMBER 20 2014...

CLIMATE NORMAL PERIOD 1981 TO 2010
CLIMATE RECORD PERIOD 1880 TO 2014


WEATHER ITEM   OBSERVED TIME   RECORD YEAR NORMAL DEPARTURE LAST
                VALUE   (LST)  VALUE       VALUE  FROM      YEAR
                                                  NORMAL
..................................................................
TEMPERATURE (F)
 YESTERDAY
  MAXIMUM         43    246 PM  62    1941  29     14       14
  MINIMUM         25   1151 PM -30    1887   7     18      -13
                                      1884
  AVERAGE         34                        18     16        1

PRECIPITATION (IN)
  YESTERDAY        0.00          0.37 1953   0.02  -0.02      T
  MONTH TO DATE    0.11                      0.25  -0.14     0.86
  SINCE OCT 1      1.34                      1.26   0.08     1.58
  SINCE JAN 1     12.50                     11.05   1.45    18.73

SNOWFALL (IN)
  YESTERDAY        0.0           2.7  1949   0.2   -0.2       T
  MONTH TO DATE    0.1                       4.3   -4.2     14.1
  SINCE DEC 1      0.1                       4.3   -4.2     14.1
  SINCE JUL 1      4.7                      11.9   -7.2     19.9
  SNOW DEPTH       T

DEGREE DAYS
 HEATING
  YESTERDAY       31                        47    -16       64
  MONTH TO DATE  774                       897   -123     1120
  SINCE DEC 1    774                       897   -123     1120
  SINCE JUL 1   2711                      2940   -229     3046

 COOLING
  YESTERDAY        0                         0      0        0
  MONTH TO DATE    0                         0      0        0
  SINCE DEC 1      0                         0      0        0
  SINCE JAN 1    402                       387     15      445
..................................................................


WIND (MPH)
  HIGHEST WIND SPEED    22   HIGHEST WIND DIRECTION    SW (220)
  HIGHEST GUST SPEED    27   HIGHEST GUST DIRECTION    SW (220)
  AVERAGE WIND SPEED    11.5


SKY COVER
  AVERAGE SKY COVER 0.3


WEATHER CONDITIONS
 THE FOLLOWING WEATHER WAS RECORDED YESTERDAY.
  NO SIGNIFICANT WEATHER WAS OBSERVED.


RELATIVE HUMIDITY (PERCENT)
 HIGHEST    96          1200 AM
 LOWEST     53           300 PM
 AVERAGE    75

..........................................................


THE HAVRE MT CLIMATE NORMALS FOR TODAY
                         NORMAL    RECORD    YEAR
 MAXIMUM TEMPERATURE (F)   29        61      1888
 MINIMUM TEMPERATURE (F)    6       -44      1989


SUNRISE AND SUNSET
DECEMBER 21 2014......SUNRISE   808 AM MST   SUNSET   426 PM MST
DECEMBER 22 2014......SUNRISE   809 AM MST   SUNSET   427 PM MST


-  INDICATES NEGATIVE NUMBERS.
R  INDICATES RECORD WAS SET OR TIED.
MM INDICATES DATA IS MISSING.
T  INDICATES TRACE AMOUNT.




$$
