000
CDUS45 KTFX 170954
CLIHVR


CLIMATE REPORT
NATIONAL WEATHER SERVICE GREAT FALLS MT
253 AM MST TUE JAN 17 2017


...................................

...THE HAVRE MT CLIMATE SUMMARY FOR JANUARY 16 2017...

CLIMATE NORMAL PERIOD 1981 TO 2010
CLIMATE RECORD PERIOD 1880 TO 2017


WEATHER ITEM   OBSERVED TIME   RECORD YEAR NORMAL DEPARTURE LAST
                VALUE   (LST)  VALUE       VALUE  FROM      YEAR
                                                  NORMAL
..................................................................
TEMPERATURE (F)
 YESTERDAY
  MAXIMUM         31   1159 PM  60    1973  29      2        9
  MINIMUM          7    724 AM -34    1982   7      0       -1
                                      1907
  AVERAGE         19                        18      1        4

PRECIPITATION (IN)
  YESTERDAY        0.00          0.33 1883   0.01  -0.01     0.01
  MONTH TO DATE    0.54                      0.20   0.34     0.23
  SINCE OCT 1      4.53                      1.61   2.92     2.16
  SINCE JAN 1      0.54                      0.20   0.34     0.23

SNOWFALL (IN)
  YESTERDAY        0.0           3.6  1994   0.3   -0.3      0.3
  MONTH TO DATE    6.0                       4.3    1.7      4.4
  SINCE DEC 1     13.2                      11.7    1.5      9.8
  SINCE JUL 1     18.7                      19.3   -0.6     12.8
  SNOW DEPTH       8

DEGREE DAYS
 HEATING
  YESTERDAY       46                        47     -1       61
  MONTH TO DATE 1011                       763    248      824
  SINCE DEC 1   2577                      2186    391     2133
  SINCE JUL 1   4324                      4229     95     3986

 COOLING
  YESTERDAY        0                         0      0        0
  MONTH TO DATE    0                         0      0        0
  SINCE DEC 1      0                         0      0        0
  SINCE JAN 1      0                         0      0        0
..................................................................


WIND (MPH)
  HIGHEST WIND SPEED    31   HIGHEST WIND DIRECTION    SW (220)
  HIGHEST GUST SPEED    36   HIGHEST GUST DIRECTION    SW (220)
  AVERAGE WIND SPEED    10.6


SKY COVER
  AVERAGE SKY COVER 0.0


WEATHER CONDITIONS
 THE FOLLOWING WEATHER WAS RECORDED YESTERDAY.
  NO SIGNIFICANT WEATHER WAS OBSERVED.


RELATIVE HUMIDITY (PERCENT)
 HIGHEST    80           300 AM
 LOWEST     65           300 PM
 AVERAGE    73

..........................................................


THE HAVRE MT CLIMATE NORMALS FOR TODAY
                         NORMAL    RECORD    YEAR
 MAXIMUM TEMPERATURE (F)   29        55      1919
 MINIMUM TEMPERATURE (F)    7       -38      1943


SUNRISE AND SUNSET
JANUARY 17 2017.......SUNRISE   804 AM MST   SUNSET   455 PM MST
JANUARY 18 2017.......SUNRISE   803 AM MST   SUNSET   456 PM MST


-  INDICATES NEGATIVE NUMBERS.
R  INDICATES RECORD WAS SET OR TIED.
MM INDICATES DATA IS MISSING.
T  INDICATES TRACE AMOUNT.




$$
