000
CDUS41 KLWX 120606 CCA
CLIIAD

CLIMATE REPORT
NATIONAL WEATHER SERVICE BALTIMORE MD/WASHINGTON DC
106 AM EST TUE DEC 12 2017
...CORRECTED SNOW DEPTH...

...................................

...THE WASHINGTON DULLES DC CLIMATE SUMMARY FOR DECEMBER 11 2017...

CLIMATE NORMAL PERIOD 1981 TO 2010
CLIMATE RECORD PERIOD 1960 TO 2017


WEATHER ITEM   OBSERVED TIME   RECORD YEAR NORMAL DEPARTURE LAST
                VALUE   (LST)  VALUE       VALUE  FROM      YEAR
                                                  NORMAL
..................................................................
TEMPERATURE (F)
 YESTERDAY
  MAXIMUM         48    235 PM  71    1979  47      1       40
  MINIMUM         30    640 AM   3    1968  28      2       22
  AVERAGE         39                        38      1       31

PRECIPITATION (IN)
  YESTERDAY        0.00          1.34 2008   0.10  -0.10     0.00
  MONTH TO DATE    0.34                      1.19  -0.85     1.36
  SINCE DEC 1      0.34                      1.19  -0.85     1.36
  SINCE JAN 1     40.23                     39.77   0.46    34.33

SNOWFALL (IN)
  YESTERDAY        0.0           0.5  1962   0.1   -0.1
  MONTH TO DATE    4.0                       1.0    3.0
  SINCE JUL 1      4.0                       1.5    2.5
  SNOW DEPTH       T

DEGREE DAYS
 HEATING
  YESTERDAY       26                        27     -1       34
  MONTH TO DATE  276                       284     -8      279
  SINCE DEC 1    276                       284     -8      279
  SINCE JUL 1   1070                      1200   -130     1006

 COOLING
  YESTERDAY        0                         0      0        0
  MONTH TO DATE    0                         0      0        0
  SINCE DEC 1      0                         0      0        0
  SINCE JAN 1   1281                      1178    103     1559
..................................................................


WIND (MPH)
  HIGHEST WIND SPEED    14   HIGHEST WIND DIRECTION     S (160)
  HIGHEST GUST SPEED    19   HIGHEST GUST DIRECTION     S (160)
  AVERAGE WIND SPEED     5.5


SKY COVER
  POSSIBLE SUNSHINE  MM
  AVERAGE SKY COVER 0.6


WEATHER CONDITIONS
 THE FOLLOWING WEATHER WAS RECORDED YESTERDAY.
  NO SIGNIFICANT WEATHER WAS OBSERVED.


RELATIVE HUMIDITY (PERCENT)
 HIGHEST    92           600 AM
 LOWEST     42           100 PM
 AVERAGE    67

..........................................................


THE WASHINGTON DULLES DC CLIMATE NORMALS FOR TODAY
                         NORMAL    RECORD    YEAR
 MAXIMUM TEMPERATURE (F)   47        72      1979
 MINIMUM TEMPERATURE (F)   28         9      1988


SUNRISE AND SUNSET
DECEMBER 12 2017......SUNRISE   719 AM EST   SUNSET   448 PM EST
DECEMBER 13 2017......SUNRISE   720 AM EST   SUNSET   448 PM EST


-  INDICATES NEGATIVE NUMBERS.
R  INDICATES RECORD WAS SET OR TIED.
MM INDICATES DATA IS MISSING.
T  INDICATES TRACE AMOUNT.




$$
