000
CDUS43 KUNR 230833
CLIICR


CLIMATE REPORT
NATIONAL WEATHER SERVICE RAPID CITY SD
232 AM MDT TUE SEP 23 2014


...................................

...THE WINNER REGIONAL AIRPORT SD CLIMATE SUMMARY FOR SEPTEMBER 22 2014...

CLIMATE NORMAL PERIOD 1981 TO 2010
CLIMATE RECORD PERIOD 9999 TO 9999


WEATHER ITEM   OBSERVED TIME   NORMAL DEPARTURE LAST
                VALUE   (LST)  VALUE  FROM      YEAR
                                      NORMAL
......................................................
TEMPERATURE (F)
 YESTERDAY
  MAXIMUM         81    151 PM  74      7       90
  MINIMUM         48   1253 AM  48      0       63
  AVERAGE         65            61      4       77

PRECIPITATION (IN)
  YESTERDAY        T             0.06  -0.06     0.00
  MONTH TO DATE    0.91          1.49  -0.58     0.38
  SINCE SEP 1      0.91          1.49  -0.58     0.38
  SINCE JAN 1     13.98         18.49  -4.51    16.37

DEGREE DAYS
 HEATING
  YESTERDAY        0             6     -6        0
  MONTH TO DATE  102            71     31       28
  SINCE SEP 1    102            71     31       28
  SINCE JUL 1    115            85     30       35

 COOLING
  YESTERDAY        0             2     -2       12
  MONTH TO DATE   70            91    -21      197
  SINCE SEP 1     70            91    -21      197
  SINCE JAN 1    800           897    -97      988
......................................................


WIND (MPH)
  HIGHEST WIND SPEED    26   HIGHEST WIND DIRECTION     S (200)
  HIGHEST GUST SPEED    35   HIGHEST GUST DIRECTION     S (160)
  AVERAGE WIND SPEED    17.7


SKY COVER
  AVERAGE SKY COVER 0.2


WEATHER CONDITIONS
 THE FOLLOWING WEATHER WAS RECORDED YESTERDAY.
  LIGHT RAIN


RELATIVE HUMIDITY (PERCENT)
 HIGHEST    80           200 AM
 LOWEST     28           200 PM
 AVERAGE    54

..........................................................




SUNRISE AND SUNSET
SEPTEMBER 23 2014.....SUNRISE   728 AM CDT   SUNSET   735 PM CDT
SEPTEMBER 24 2014.....SUNRISE   729 AM CDT   SUNSET   733 PM CDT


-  INDICATES NEGATIVE NUMBERS.
R  INDICATES RECORD WAS SET OR TIED.
MM INDICATES DATA IS MISSING.
T  INDICATES TRACE AMOUNT.




$$
