000
CDUS43 KUNR 070831
CLIICR


CLIMATE REPORT
NATIONAL WEATHER SERVICE RAPID CITY SD
231 AM MDT TUE JUL 7 2015


...................................

...THE WINNER REGIONAL AIRPORT SD CLIMATE SUMMARY FOR JULY 6 2015...

CLIMATE NORMAL PERIOD 1981 TO 2010
CLIMATE RECORD PERIOD 9999 TO 9999


WEATHER ITEM   OBSERVED TIME   NORMAL DEPARTURE LAST
                VALUE   (LST)  VALUE  FROM      YEAR
                                      NORMAL
......................................................
TEMPERATURE (F)
 YESTERDAY
  MAXIMUM         78    434 PM  87     -9       90
  MINIMUM         60   1159 PM  62     -2       65
  AVERAGE         69            74     -5       78

PRECIPITATION (IN)
  YESTERDAY        0.13          0.11   0.02     0.00
  MONTH TO DATE    0.61          0.73  -0.12     0.03
  SINCE JUN 1      4.63          4.38   0.25     4.19
  SINCE JAN 1      8.30         12.45  -4.15     8.98

DEGREE DAYS
 HEATING
  YESTERDAY        0             0      0        0
  MONTH TO DATE    0             0      0        7
  SINCE JUN 1      3            54    -51       44
  SINCE JUL 1      0             0      0        7

 COOLING
  YESTERDAY        4             9     -5       13
  MONTH TO DATE   63            53     10       50
  SINCE JUN 1    281           198     83      167
  SINCE JAN 1    316           228     88      248
......................................................


WIND (MPH)
  HIGHEST WIND SPEED    24   HIGHEST WIND DIRECTION     N (10)
  HIGHEST GUST SPEED    31   HIGHEST GUST DIRECTION     N (360)
  AVERAGE WIND SPEED    13.5


SKY COVER
  AVERAGE SKY COVER 0.6


WEATHER CONDITIONS
 THE FOLLOWING WEATHER WAS RECORDED YESTERDAY.
  LIGHT RAIN
  FOG
  HAZE


RELATIVE HUMIDITY (PERCENT)
 HIGHEST    93           200 AM
 LOWEST     40           400 PM
 AVERAGE    67

..........................................................




SUNRISE AND SUNSET
JULY  7 2015..........SUNRISE   606 AM CDT   SUNSET   922 PM CDT
JULY  8 2015..........SUNRISE   607 AM CDT   SUNSET   922 PM CDT


-  INDICATES NEGATIVE NUMBERS.
R  INDICATES RECORD WAS SET OR TIED.
MM INDICATES DATA IS MISSING.
T  INDICATES TRACE AMOUNT.




$$
