000
CDUS43 KUNR 250831
CLIICR


CLIMATE REPORT
NATIONAL WEATHER SERVICE RAPID CITY SD
231 AM MDT SUN SEP 25 2016


...................................

...THE WINNER REGIONAL AIRPORT SD CLIMATE SUMMARY FOR SEPTEMBER 24 2016...

CLIMATE NORMAL PERIOD 1981 TO 2010
CLIMATE RECORD PERIOD 9999 TO 9999


WEATHER ITEM   OBSERVED TIME   NORMAL DEPARTURE LAST
                VALUE   (LST)  VALUE  FROM      YEAR
                                      NORMAL
......................................................
TEMPERATURE (F)
 YESTERDAY
  MAXIMUM         80    442 PM  73      7       MM
  MINIMUM         54   1159 PM  47      7       MM
  AVERAGE         67            60      7       MM

PRECIPITATION (IN)
  YESTERDAY        0.00          0.06  -0.06     0.27
  MONTH TO DATE    2.03          1.62   0.41     1.11
  SINCE SEP 1      2.03          1.62   0.41     1.11
  SINCE JAN 1     16.89         18.62  -1.73    13.91

DEGREE DAYS
 HEATING
  YESTERDAY        0             6     -6       MM
  MONTH TO DATE   38            83    -45       24
  SINCE SEP 1     38            83    -45       24
  SINCE JUL 1     46            97    -51       38

 COOLING
  YESTERDAY        2             2      0       MM
  MONTH TO DATE  116            95     21      175
  SINCE SEP 1    116            95     21      175
  SINCE JAN 1   1160           901    259     1115
......................................................


WIND (MPH)
  HIGHEST WIND SPEED    24   HIGHEST WIND DIRECTION     W (270)
  HIGHEST GUST SPEED    30   HIGHEST GUST DIRECTION     W (280)
  AVERAGE WIND SPEED    12.7


SKY COVER
  AVERAGE SKY COVER 0.2


WEATHER CONDITIONS
 THE FOLLOWING WEATHER WAS RECORDED YESTERDAY.
  NO SIGNIFICANT WEATHER WAS OBSERVED.


RELATIVE HUMIDITY (PERCENT)
 HIGHEST    78           500 AM
 LOWEST     23           400 PM
 AVERAGE    51

..........................................................




SUNRISE AND SUNSET
SEPTEMBER 25 2016.....SUNRISE   731 AM CDT   SUNSET   730 PM CDT
SEPTEMBER 26 2016.....SUNRISE   732 AM CDT   SUNSET   728 PM CDT


-  INDICATES NEGATIVE NUMBERS.
R  INDICATES RECORD WAS SET OR TIED.
MM INDICATES DATA IS MISSING.
T  INDICATES TRACE AMOUNT.




$$
