000
CDUS43 KUNR 030834
CLIICR


CLIMATE REPORT
NATIONAL WEATHER SERVICE RAPID CITY SD
233 AM MDT THU SEP 3 2015


...................................

...THE WINNER REGIONAL AIRPORT SD CLIMATE SUMMARY FOR SEPTEMBER 2 2015...

CLIMATE NORMAL PERIOD 1981 TO 2010
CLIMATE RECORD PERIOD 9999 TO 9999


WEATHER ITEM   OBSERVED TIME   NORMAL DEPARTURE LAST
                VALUE   (LST)  VALUE  FROM      YEAR
                                      NORMAL
......................................................
TEMPERATURE (F)
 YESTERDAY
  MAXIMUM        101    423 PM  83     18       83
  MINIMUM         65    636 AM  57      8       53
  AVERAGE         83            70     13       68

PRECIPITATION (IN)
  YESTERDAY        0.00          0.07  -0.07     0.00
  MONTH TO DATE    T             0.15  -0.15     0.22
  SINCE SEP 1      T             0.15  -0.15     0.22
  SINCE JAN 1     12.80         17.15  -4.35    13.29

DEGREE DAYS
 HEATING
  YESTERDAY        0             2     -2        0
  MONTH TO DATE    0             3     -3        0
  SINCE SEP 1      0             3     -3        0
  SINCE JUL 1     14            17     -3       13

 COOLING
  YESTERDAY       18             7     11        3
  MONTH TO DATE   30            14     16        5
  SINCE SEP 1     30            14     16        5
  SINCE JAN 1    970           820    150      735
......................................................


WIND (MPH)
  HIGHEST WIND SPEED    21   HIGHEST WIND DIRECTION     S (190)
  HIGHEST GUST SPEED    26   HIGHEST GUST DIRECTION     S (180)
  AVERAGE WIND SPEED    10.4


SKY COVER
  AVERAGE SKY COVER 0.0


WEATHER CONDITIONS
 THE FOLLOWING WEATHER WAS RECORDED YESTERDAY.
  NO SIGNIFICANT WEATHER WAS OBSERVED.


RELATIVE HUMIDITY (PERCENT)
 HIGHEST    78           600 AM
 LOWEST     19           500 PM
 AVERAGE    49

..........................................................




SUNRISE AND SUNSET
SEPTEMBER  3 2015.....SUNRISE   705 AM CDT   SUNSET   811 PM CDT
SEPTEMBER  4 2015.....SUNRISE   706 AM CDT   SUNSET   810 PM CDT


-  INDICATES NEGATIVE NUMBERS.
R  INDICATES RECORD WAS SET OR TIED.
MM INDICATES DATA IS MISSING.
T  INDICATES TRACE AMOUNT.




$$
