000
CDUS43 KUNR 210832
CLIICR


CLIMATE REPORT
NATIONAL WEATHER SERVICE RAPID CITY SD
131 AM MST SUN DEC 21 2014


...................................

...THE WINNER REGIONAL AIRPORT SD CLIMATE SUMMARY FOR DECEMBER 20 2014...

CLIMATE NORMAL PERIOD 1981 TO 2010
CLIMATE RECORD PERIOD 9999 TO 9999


WEATHER ITEM   OBSERVED TIME   NORMAL DEPARTURE LAST
                VALUE   (LST)  VALUE  FROM      YEAR
                                      NORMAL
......................................................
TEMPERATURE (F)
 YESTERDAY
  MAXIMUM         38    416 PM  34      4       19
  MINIMUM         21    253 AM  14      7        2
  AVERAGE         30            24      6       11

PRECIPITATION (IN)
  YESTERDAY        0.00          0.01  -0.01     0.00
  MONTH TO DATE    0.10          0.25  -0.15     0.04
  SINCE DEC 1      0.10          0.25  -0.15     0.04
  SINCE JAN 1     14.68         21.50  -6.82    20.89

DEGREE DAYS
 HEATING
  YESTERDAY       35            41     -6       54
  MONTH TO DATE  539           788   -249      913
  SINCE DEC 1    539           788   -249      913
  SINCE JUL 1   1995          2259   -264     2350

 COOLING
  YESTERDAY        0             0      0        0
  MONTH TO DATE    0             0      0        0
  SINCE DEC 1      0             0      0        0
  SINCE JAN 1    863           916    -53     1014
......................................................


WIND (MPH)
  HIGHEST WIND SPEED    15   HIGHEST WIND DIRECTION     W (260)
  HIGHEST GUST SPEED    19   HIGHEST GUST DIRECTION     W (260)
  AVERAGE WIND SPEED     5.0


SKY COVER
  AVERAGE SKY COVER 0.2


WEATHER CONDITIONS
 THE FOLLOWING WEATHER WAS RECORDED YESTERDAY.
  NO SIGNIFICANT WEATHER WAS OBSERVED.


RELATIVE HUMIDITY (PERCENT)
 HIGHEST    77           200 AM
 LOWEST     58           900 AM
 AVERAGE    68

..........................................................




SUNRISE AND SUNSET
DECEMBER 21 2014......SUNRISE   809 AM CST   SUNSET   506 PM CST
DECEMBER 22 2014......SUNRISE   809 AM CST   SUNSET   507 PM CST


-  INDICATES NEGATIVE NUMBERS.
R  INDICATES RECORD WAS SET OR TIED.
MM INDICATES DATA IS MISSING.
T  INDICATES TRACE AMOUNT.




$$
