000
CDUS43 KUNR 050849
CLIICR


CLIMATE REPORT
NATIONAL WEATHER SERVICE RAPID CITY SD
146 AM MST THU MAR 5 2015


...................................

...THE WINNER REGIONAL AIRPORT SD CLIMATE SUMMARY FOR MARCH 4 2015...

CLIMATE NORMAL PERIOD 1981 TO 2010
CLIMATE RECORD PERIOD 9999 TO 9999


WEATHER ITEM   OBSERVED TIME   NORMAL DEPARTURE LAST
                VALUE   (LST)  VALUE  FROM      YEAR
                                      NORMAL
......................................................
TEMPERATURE (F)
 YESTERDAY
  MAXIMUM         16    232 PM  43    -27       23
  MINIMUM         -2   1143 PM  22    -24        5
  AVERAGE          7            32    -25       14

PRECIPITATION (IN)
  YESTERDAY        0.00          0.01  -0.01     0.00
  MONTH TO DATE    0.05          0.05   0.00     0.01
  SINCE MAR 1      0.05          0.05   0.00     0.01
  SINCE JAN 1      0.14          0.81  -0.67     0.09

DEGREE DAYS
 HEATING
  YESTERDAY       58            33     25       51
  MONTH TO DATE  179           133     46      244
  SINCE MAR 1    179           133     46      244
  SINCE JUL 1   4939          5142   -203     5577

 COOLING
  YESTERDAY        0             0      0        0
  MONTH TO DATE    0             0      0        0
  SINCE MAR 1      0             0      0        0
  SINCE JAN 1      0             0      0        0
......................................................


WIND (MPH)
  HIGHEST WIND SPEED    25   HIGHEST WIND DIRECTION    NW (320)
  HIGHEST GUST SPEED    30   HIGHEST GUST DIRECTION    NW (320)
  AVERAGE WIND SPEED    12.1


SKY COVER
  AVERAGE SKY COVER 0.1


WEATHER CONDITIONS
 THE FOLLOWING WEATHER WAS RECORDED YESTERDAY.
  NO SIGNIFICANT WEATHER WAS OBSERVED.


RELATIVE HUMIDITY (PERCENT)
 HIGHEST    68           200 AM
 LOWEST     46           400 PM
 AVERAGE    57

..........................................................




SUNRISE AND SUNSET
MARCH  5 2015.........SUNRISE   709 AM CST   SUNSET   633 PM CST
MARCH  6 2015.........SUNRISE   708 AM CST   SUNSET   634 PM CST


-  INDICATES NEGATIVE NUMBERS.
R  INDICATES RECORD WAS SET OR TIED.
MM INDICATES DATA IS MISSING.
T  INDICATES TRACE AMOUNT.




$$
