000
CDUS43 KUNR 300832
CLIICR


CLIMATE REPORT
NATIONAL WEATHER SERVICE RAPID CITY SD
231 AM MDT SAT AUG 30 2014


...................................

...THE WINNER REGIONAL AIRPORT SD CLIMATE SUMMARY FOR AUGUST 29 2014...

CLIMATE NORMAL PERIOD 1981 TO 2010
CLIMATE RECORD PERIOD 9999 TO 9999


WEATHER ITEM   OBSERVED TIME   NORMAL DEPARTURE LAST
                VALUE   (LST)  VALUE  FROM      YEAR
                                      NORMAL
......................................................
TEMPERATURE (F)
 YESTERDAY
  MAXIMUM         85    249 PM  84      1      103
  MINIMUM         59   1159 PM  59      0       73
  AVERAGE         72            72      0       88

PRECIPITATION (IN)
  YESTERDAY        T             0.05  -0.05     0.00
  MONTH TO DATE    3.44          2.20   1.24     2.49
  SINCE JUN 1      7.85          8.81  -0.96     8.60
  SINCE JAN 1     12.64         16.88  -4.24    15.99

DEGREE DAYS
 HEATING
  YESTERDAY        0             1     -1        0
  MONTH TO DATE    1             3     -2        0
  SINCE JUN 1     50            62    -12       60
  SINCE JUL 1     13             8      5        7

 COOLING
  YESTERDAY        7             7      0       23
  MONTH TO DATE  240           286    -46      303
  SINCE JUN 1    643           762   -119      723
  SINCE JAN 1    724           792    -68      762
......................................................


WIND (MPH)
  HIGHEST WIND SPEED    24   HIGHEST WIND DIRECTION     N (340)
  HIGHEST GUST SPEED    30   HIGHEST GUST DIRECTION     N (340)
  AVERAGE WIND SPEED     9.1


SKY COVER
  AVERAGE SKY COVER 0.3


WEATHER CONDITIONS
 THE FOLLOWING WEATHER WAS RECORDED YESTERDAY.
  THUNDERSTORM
  LIGHT RAIN


RELATIVE HUMIDITY (PERCENT)
 HIGHEST   100           100 AM
 LOWEST     43           500 PM
 AVERAGE    72

..........................................................




SUNRISE AND SUNSET
AUGUST 30 2014........SUNRISE   701 AM CDT   SUNSET   818 PM CDT
AUGUST 31 2014........SUNRISE   702 AM CDT   SUNSET   816 PM CDT


-  INDICATES NEGATIVE NUMBERS.
R  INDICATES RECORD WAS SET OR TIED.
MM INDICATES DATA IS MISSING.
T  INDICATES TRACE AMOUNT.




$$
