000
CDUS43 KUNR 220850
CLIICR


CLIMATE REPORT
NATIONAL WEATHER SERVICE RAPID CITY SD
246 AM MDT FRI MAY 22 2015


...................................

...THE WINNER REGIONAL AIRPORT SD CLIMATE SUMMARY FOR MAY 21 2015...

CLIMATE NORMAL PERIOD 1981 TO 2010
CLIMATE RECORD PERIOD 9999 TO 9999


WEATHER ITEM   OBSERVED TIME   NORMAL DEPARTURE LAST
                VALUE   (LST)  VALUE  FROM      YEAR
                                      NORMAL
......................................................
TEMPERATURE (F)
 YESTERDAY
  MAXIMUM         71    401 PM  72     -1       70
  MINIMUM         40    532 AM  48     -8       50
  AVERAGE         56            60     -4       60

PRECIPITATION (IN)
  YESTERDAY        0.00          0.10  -0.10     0.02
  MONTH TO DATE    2.40          2.22   0.18     1.81
  SINCE MAR 1      3.25          6.09  -2.84     4.16
  SINCE JAN 1      3.34          6.85  -3.51     4.24

DEGREE DAYS
 HEATING
  YESTERDAY        9             6      3        5
  MONTH TO DATE  202           192     10      246
  SINCE MAR 1   1215          1587   -372     1675
  SINCE JUL 1   5975          6596   -621     7008

 COOLING
  YESTERDAY        0             1     -1        0
  MONTH TO DATE   12            16     -4        4
  SINCE MAR 1     24            18      6        7
  SINCE JAN 1     24            18      6        7
......................................................


WIND (MPH)
  HIGHEST WIND SPEED    17   HIGHEST WIND DIRECTION     W (290)
  HIGHEST GUST SPEED    19   HIGHEST GUST DIRECTION     W (290)
  AVERAGE WIND SPEED     7.7


SKY COVER
  AVERAGE SKY COVER 0.0


WEATHER CONDITIONS
 THE FOLLOWING WEATHER WAS RECORDED YESTERDAY.
  NO SIGNIFICANT WEATHER WAS OBSERVED.


RELATIVE HUMIDITY (PERCENT)
 HIGHEST    76           300 AM
 LOWEST     23           500 PM
 AVERAGE    50

..........................................................




SUNRISE AND SUNSET
MAY 22 2015...........SUNRISE   609 AM CDT   SUNSET   904 PM CDT
MAY 23 2015...........SUNRISE   608 AM CDT   SUNSET   905 PM CDT


-  INDICATES NEGATIVE NUMBERS.
R  INDICATES RECORD WAS SET OR TIED.
MM INDICATES DATA IS MISSING.
T  INDICATES TRACE AMOUNT.




$$
