000
CDUS43 KUNR 250835
CLIICR


CLIMATE REPORT
NATIONAL WEATHER SERVICE RAPID CITY SD
234 AM MDT TUE JUL 25 2017


...................................

...THE WINNER REGIONAL AIRPORT SD CLIMATE SUMMARY FOR JULY 24 2017...

CLIMATE NORMAL PERIOD 1981 TO 2010
CLIMATE RECORD PERIOD 9999 TO 9999


WEATHER ITEM   OBSERVED TIME   NORMAL DEPARTURE LAST
                VALUE   (LST)  VALUE  FROM      YEAR
                                      NORMAL
......................................................
TEMPERATURE (F)
 YESTERDAY
  MAXIMUM        108    340 PM  89     19       89
  MINIMUM         68    351 AM  64      4       62
  AVERAGE         88            76     12       76

PRECIPITATION (IN)
  YESTERDAY        0.06          0.08  -0.02      T
  MONTH TO DATE    0.23          2.25  -2.02     1.22
  SINCE JUN 1      0.48          5.90  -5.42     2.27
  SINCE JAN 1      7.57         13.97  -6.40    11.62

DEGREE DAYS
 HEATING
  YESTERDAY        0             0      0        0
  MONTH TO DATE    0             0      0        1
  SINCE JUN 1      8            54    -46        4
  SINCE JUL 1      0             0      0        1

 COOLING
  YESTERDAY       23            12     11       11
  MONTH TO DATE  432           248    184      306
  SINCE JUN 1    662           393    269      592
  SINCE JAN 1    690           423    267      639
......................................................


WIND (MPH)
  HIGHEST WIND SPEED    43   HIGHEST WIND DIRECTION     S (200)
  HIGHEST GUST SPEED    52   HIGHEST GUST DIRECTION     S (200)
  AVERAGE WIND SPEED    19.0


SKY COVER
  AVERAGE SKY COVER 0.1


WEATHER CONDITIONS
 THE FOLLOWING WEATHER WAS RECORDED YESTERDAY.
  THUNDERSTORM
  RAIN
  LIGHT RAIN


RELATIVE HUMIDITY (PERCENT)
 HIGHEST    68          1200 AM
 LOWEST     14           400 PM
 AVERAGE    41

..........................................................




SUNRISE AND SUNSET
JULY 25 2017..........SUNRISE   622 AM CDT   SUNSET   909 PM CDT
JULY 26 2017..........SUNRISE   623 AM CDT   SUNSET   908 PM CDT


-  INDICATES NEGATIVE NUMBERS.
R  INDICATES RECORD WAS SET OR TIED.
MM INDICATES DATA IS MISSING.
T  INDICATES TRACE AMOUNT.




$$
