000
CDUS43 KUNR 290841
CLIICR


CLIMATE REPORT
NATIONAL WEATHER SERVICE RAPID CITY SD
240 AM MDT WED JUL 29 2015


...................................

...THE WINNER REGIONAL AIRPORT SD CLIMATE SUMMARY FOR JULY 28 2015...

CLIMATE NORMAL PERIOD 1981 TO 2010
CLIMATE RECORD PERIOD 9999 TO 9999


WEATHER ITEM   OBSERVED TIME   NORMAL DEPARTURE LAST
                VALUE   (LST)  VALUE  FROM      YEAR
                                      NORMAL
......................................................
TEMPERATURE (F)
 YESTERDAY
  MAXIMUM         83    536 PM  89     -6       83
  MINIMUM         62   1159 PM  64     -2       51
  AVERAGE         73            77     -4       67

PRECIPITATION (IN)
  YESTERDAY        0.02          0.09  -0.07     0.00
  MONTH TO DATE    2.02          2.62  -0.60     0.25
  SINCE JUN 1      6.04          6.27  -0.23     4.41
  SINCE JAN 1      9.71         14.34  -4.63     9.20

DEGREE DAYS
 HEATING
  YESTERDAY        0             0      0        0
  MONTH TO DATE    0             0      0       12
  SINCE JUN 1      3            54    -51       49
  SINCE JUL 1      0             0      0       12

 COOLING
  YESTERDAY        8            12     -4        2
  MONTH TO DATE  338           296     42      269
  SINCE JUN 1    556           441    115      386
  SINCE JAN 1    591           471    120      467
......................................................


WIND (MPH)
  HIGHEST WIND SPEED    26   HIGHEST WIND DIRECTION    NW (310)
  HIGHEST GUST SPEED    34   HIGHEST GUST DIRECTION    NW (300)
  AVERAGE WIND SPEED    14.1


SKY COVER
  AVERAGE SKY COVER 0.0


WEATHER CONDITIONS
 THE FOLLOWING WEATHER WAS RECORDED YESTERDAY.
  THUNDERSTORM
  HEAVY RAIN
  FOG


RELATIVE HUMIDITY (PERCENT)
 HIGHEST    93           200 AM
 LOWEST     26           400 PM
 AVERAGE    60

..........................................................




SUNRISE AND SUNSET
JULY 29 2015..........SUNRISE   626 AM CDT   SUNSET   905 PM CDT
JULY 30 2015..........SUNRISE   627 AM CDT   SUNSET   904 PM CDT


-  INDICATES NEGATIVE NUMBERS.
R  INDICATES RECORD WAS SET OR TIED.
MM INDICATES DATA IS MISSING.
T  INDICATES TRACE AMOUNT.




$$
