000
CDUS43 KUNR 220843
CLIICR


CLIMATE REPORT
NATIONAL WEATHER SERVICE RAPID CITY SD
243 AM MDT FRI SEP 22 2017


...................................

...THE WINNER REGIONAL AIRPORT SD CLIMATE SUMMARY FOR SEPTEMBER 21 2017...

CLIMATE NORMAL PERIOD 1981 TO 2010
CLIMATE RECORD PERIOD 9999 TO 9999


WEATHER ITEM   OBSERVED TIME   NORMAL DEPARTURE LAST
                VALUE   (LST)  VALUE  FROM      YEAR
                                      NORMAL
......................................................
TEMPERATURE (F)
 YESTERDAY
  MAXIMUM         88    445 PM  75     13       77
  MINIMUM         52    445 AM  48      4       56
  AVERAGE         70            62      8       67

PRECIPITATION (IN)
  YESTERDAY        0.00          0.08  -0.08     0.00
  MONTH TO DATE    0.66          1.43  -0.77     2.01
  SINCE SEP 1      0.66          1.43  -0.77     2.01
  SINCE JAN 1     16.18         18.43  -2.25    16.87

DEGREE DAYS
 HEATING
  YESTERDAY        0             5     -5        0
  MONTH TO DATE   47            65    -18       35
  SINCE SEP 1     47            65    -18       35
  SINCE JUL 1     49            79    -30       43

 COOLING
  YESTERDAY        5             2      3        2
  MONTH TO DATE  129            89     40      100
  SINCE SEP 1    129            89     40      100
  SINCE JAN 1   1105           895    210     1144
......................................................


WIND (MPH)
  HIGHEST WIND SPEED    23   HIGHEST WIND DIRECTION     S (160)
  HIGHEST GUST SPEED    29   HIGHEST GUST DIRECTION    SE (150)
  AVERAGE WIND SPEED    12.7


SKY COVER
  AVERAGE SKY COVER 0.0


WEATHER CONDITIONS
 THE FOLLOWING WEATHER WAS RECORDED YESTERDAY.
  NO SIGNIFICANT WEATHER WAS OBSERVED.


RELATIVE HUMIDITY (PERCENT)
 HIGHEST    81          1000 PM
 LOWEST     36           200 PM
 AVERAGE    59

..........................................................




SUNRISE AND SUNSET
SEPTEMBER 22 2017.....SUNRISE   727 AM CDT   SUNSET   736 PM CDT
SEPTEMBER 23 2017.....SUNRISE   728 AM CDT   SUNSET   734 PM CDT


-  INDICATES NEGATIVE NUMBERS.
R  INDICATES RECORD WAS SET OR TIED.
MM INDICATES DATA IS MISSING.
T  INDICATES TRACE AMOUNT.




$$
