000
CDUS43 KICT 310621
CLIICT


CLIMATE REPORT
NATIONAL WEATHER SERVICE WICHITA KS
121 AM CDT TUE MAY 31 2016


...................................

...THE WICHITA EISENHOWER NATIONAL CLIMATE SUMMARY FOR MAY 30 2016...

CLIMATE NORMAL PERIOD 1981 TO 2010
CLIMATE RECORD PERIOD 1888 TO 2016


WEATHER ITEM   OBSERVED TIME   RECORD YEAR NORMAL DEPARTURE LAST
                VALUE   (LST)  VALUE       VALUE  FROM      YEAR
                                                  NORMAL
..................................................................
TEMPERATURE (F)
 YESTERDAY
  MAXIMUM         83    336 PM  99    1998  81      2       69
                                      1985
  MINIMUM         63    600 AM  42    1889  60      3       55
  AVERAGE         73                        70      3       62

PRECIPITATION (IN)
  YESTERDAY        T             1.88 2013   0.18  -0.18      T
  MONTH TO DATE    6.70                      4.40   2.30    11.77
  SINCE MAR 1     14.46                      9.68   4.78    14.67
  SINCE JAN 1     15.20                     11.69   3.51    16.44

SNOWFALL (IN)
  YESTERDAY        0.0           0.0  2007   0.0    0.0      0.0
                                      2001
  MONTH TO DATE    0.0                       0.0    0.0      0.0
  SINCE MAR 1      3.5                       2.5    1.0      1.1
  SINCE JUL 1      4.3                      14.9  -10.6     18.0
  SNOW DEPTH       0

DEGREE DAYS
 HEATING
  YESTERDAY        0                         1     -1        3
  MONTH TO DATE   91                        79     12       77
  SINCE MAR 1    654                       947   -293      714
  SINCE JUL 1   3504                      4587  -1083     4279

 COOLING
  YESTERDAY        8                         6      2        0
  MONTH TO DATE   86                       104    -18       83
  SINCE MAR 1    123                       130     -7      111
  SINCE JAN 1    123                       130     -7      111
..................................................................


WIND (MPH)
  HIGHEST WIND SPEED    21   HIGHEST WIND DIRECTION    SE (130)
  HIGHEST GUST SPEED    25   HIGHEST GUST DIRECTION     S (170)
  AVERAGE WIND SPEED     9.5


SKY COVER
  POSSIBLE SUNSHINE  MM
  AVERAGE SKY COVER 0.5


WEATHER CONDITIONS
 THE FOLLOWING WEATHER WAS RECORDED YESTERDAY.
  NO SIGNIFICANT WEATHER WAS OBSERVED.


RELATIVE HUMIDITY (PERCENT)
 HIGHEST    84          1200 AM
 LOWEST     43           400 PM
 AVERAGE    64

..........................................................


THE WICHITA EISENHOWER NATIONAL CLIMATE NORMALS FOR TODAY
                         NORMAL    RECORD    YEAR
 MAXIMUM TEMPERATURE (F)   81       100      1934
 MINIMUM TEMPERATURE (F)   60        44      1975


SUNRISE AND SUNSET
MAY 31 2016...........SUNRISE   610 AM CDT   SUNSET   845 PM CDT
JUNE  1 2016..........SUNRISE   610 AM CDT   SUNSET   846 PM CDT


-  INDICATES NEGATIVE NUMBERS.
R  INDICATES RECORD WAS SET OR TIED.
MM INDICATES DATA IS MISSING.
T  INDICATES TRACE AMOUNT.




$$
