000
CDUS43 KICT 050704
CLIICT


CLIMATE REPORT
NATIONAL WEATHER SERVICE WICHITA KS
103 AM CST MON DEC 5 2016


...................................

...THE WICHITA EISENHOWER NATIONAL CLIMATE SUMMARY FOR DECEMBER 4 2016...

CLIMATE NORMAL PERIOD 1981 TO 2010
CLIMATE RECORD PERIOD 1888 TO 2016


WEATHER ITEM   OBSERVED TIME   RECORD YEAR NORMAL DEPARTURE LAST
                VALUE   (LST)  VALUE       VALUE  FROM      YEAR
                                                  NORMAL
..................................................................
TEMPERATURE (F)
 YESTERDAY
  MAXIMUM         52    332 PM  70    2001  47      5       59
  MINIMUM         31   1159 PM   8    1902  27      4       31
  AVERAGE         42                        37      5       45

PRECIPITATION (IN)
  YESTERDAY        0.16          2.81 1944   0.04   0.12     0.00
  MONTH TO DATE    0.37                      0.18   0.19     0.00
  SINCE DEC 1      0.37                      0.18   0.19     0.00
  SINCE JAN 1     50.31                     31.62  18.69    39.80

SNOWFALL (IN)
  YESTERDAY        0.0           5.1  2002   0.2   -0.2      0.0
  MONTH TO DATE    0.0                       0.5   -0.5      0.0
  SINCE DEC 1      0.0                       0.5   -0.5      0.0
  SINCE JUL 1      0.0                       1.9   -1.9      0.3
  SNOW DEPTH       0

DEGREE DAYS
 HEATING
  YESTERDAY       23                        28     -5       20
  MONTH TO DATE   96                       111    -15       98
  SINCE DEC 1     96                       111    -15       98
  SINCE JUL 1    549                       987   -438      667

 COOLING
  YESTERDAY        0                         0      0        0
  MONTH TO DATE    0                         0      0        0
  SINCE DEC 1      0                         0      0        0
  SINCE JAN 1   2054                      1686    368     1907
..................................................................


WIND (MPH)
  HIGHEST WIND SPEED    14   HIGHEST WIND DIRECTION    NW (320)
  HIGHEST GUST SPEED    16   HIGHEST GUST DIRECTION    NW (320)
  AVERAGE WIND SPEED     5.7


SKY COVER
  POSSIBLE SUNSHINE  MM
  AVERAGE SKY COVER 0.5


WEATHER CONDITIONS
 THE FOLLOWING WEATHER WAS RECORDED YESTERDAY.
  LIGHT RAIN
  FOG


RELATIVE HUMIDITY (PERCENT)
 HIGHEST   100           100 AM
 LOWEST     50           400 PM
 AVERAGE    75

..........................................................


THE WICHITA EISENHOWER NATIONAL CLIMATE NORMALS FOR TODAY
                         NORMAL    RECORD    YEAR
 MAXIMUM TEMPERATURE (F)   46        73      2001
 MINIMUM TEMPERATURE (F)   26         3      1964


SUNRISE AND SUNSET
DECEMBER  5 2016......SUNRISE   730 AM CST   SUNSET   511 PM CST
DECEMBER  6 2016......SUNRISE   731 AM CST   SUNSET   511 PM CST


-  INDICATES NEGATIVE NUMBERS.
R  INDICATES RECORD WAS SET OR TIED.
MM INDICATES DATA IS MISSING.
T  INDICATES TRACE AMOUNT.




$$
