000
CDUS43 KICT 130635
CLIICT


CLIMATE REPORT
NATIONAL WEATHER SERVICE WICHITA KS
1234 AM CST SAT FEB 13 2016


...................................

...THE WICHITA EISENHOWER NATIONAL CLIMATE SUMMARY FOR FEBRUARY 12 2016...

CLIMATE NORMAL PERIOD 1981 TO 2010
CLIMATE RECORD PERIOD 1888 TO 2016


WEATHER ITEM   OBSERVED TIME   RECORD YEAR NORMAL DEPARTURE LAST
                VALUE   (LST)  VALUE       VALUE  FROM      YEAR
                                                  NORMAL
..................................................................
TEMPERATURE (F)
 YESTERDAY
  MAXIMUM         46    317 PM  81    1962  47     -1       34
  MINIMUM         27    114 AM -22    1899  25      2       22
  AVERAGE         37                        36      1       28

PRECIPITATION (IN)
  YESTERDAY        0.00          1.25 1978   0.05  -0.05     0.00
  MONTH TO DATE    0.55                      0.46   0.09     0.03
  SINCE DEC 1      2.96                      2.49   0.47     2.43
  SINCE JAN 1      0.74                      1.29  -0.55     1.14

SNOWFALL (IN)
  YESTERDAY        0.0           1.3  1948   0.2   -0.2      0.0
  MONTH TO DATE    0.0                       1.7   -1.7      0.1
  SINCE DEC 1      0.5                       9.5   -9.0      8.3
  SINCE JUL 1      0.8                      10.9  -10.1     10.1
  SNOW DEPTH       0

DEGREE DAYS
 HEATING
  YESTERDAY       28                        29     -1       37
  MONTH TO DATE  310                       361    -51      342
  SINCE DEC 1   1992                      2345   -353     2116
  SINCE JUL 1   2561                      3221   -660     2996

 COOLING
  YESTERDAY        0                         0      0        0
  MONTH TO DATE    0                         0      0        0
  SINCE DEC 1      0                         0      0        0
  SINCE JAN 1      0                         0      0        0
..................................................................


WIND (MPH)
  HIGHEST WIND SPEED    20   HIGHEST WIND DIRECTION    NE (40)
  HIGHEST GUST SPEED    26   HIGHEST GUST DIRECTION     N (20)
  AVERAGE WIND SPEED    12.6


SKY COVER
  POSSIBLE SUNSHINE  MM
  AVERAGE SKY COVER 0.7


WEATHER CONDITIONS
 THE FOLLOWING WEATHER WAS RECORDED YESTERDAY.
  FOG
  HAZE


RELATIVE HUMIDITY (PERCENT)
 HIGHEST    85           400 AM
 LOWEST     49           300 PM
 AVERAGE    67

..........................................................


THE WICHITA EISENHOWER NATIONAL CLIMATE NORMALS FOR TODAY
                         NORMAL    RECORD    YEAR
 MAXIMUM TEMPERATURE (F)   48        77      1921
 MINIMUM TEMPERATURE (F)   26       -18      1905


SUNRISE AND SUNSET
FEBRUARY 13 2016......SUNRISE   722 AM CST   SUNSET   606 PM CST
FEBRUARY 14 2016......SUNRISE   721 AM CST   SUNSET   607 PM CST


-  INDICATES NEGATIVE NUMBERS.
R  INDICATES RECORD WAS SET OR TIED.
MM INDICATES DATA IS MISSING.
T  INDICATES TRACE AMOUNT.




$$
