000
CDUS45 KPIH 020731
CLIIDA


CLIMATE REPORT
NATIONAL WEATHER SERVICE POCATELLO ID
1230 AM MST FRI DEC 2 2016


...................................

...THE IDAHO FALLS ID CLIMATE SUMMARY FOR DECEMBER 1 2016...

CLIMATE NORMAL PERIOD 1981 TO 2010
CLIMATE RECORD PERIOD 1948 TO 2016


WEATHER ITEM   OBSERVED TIME   RECORD YEAR NORMAL DEPARTURE LAST
                VALUE   (LST)  VALUE       VALUE  FROM      YEAR
                                                  NORMAL
..................................................................
TEMPERATURE (F)
 YESTERDAY
  MAXIMUM         29    306 PM  54    2012  33     -4       22
  MINIMUM         13   1144 PM  -2    2015  16     -3       -2
                                      1967
  AVERAGE         21                        25     -4       10

PRECIPITATION (IN)
  YESTERDAY        0.03          0.20 2005   0.03   0.00     0.00
                                      1955
  MONTH TO DATE    0.03                      0.03   0.00     0.00
  SINCE OCT 1      2.98                      1.73   1.25     1.93
  SINCE JAN 1     10.20                      9.55   0.65    10.01

SNOWFALL (IN)
  YESTERDAY       MM
  MONTH TO DATE   MM
  SINCE DEC 1     MM
  SINCE JUL 1     MM
  SNOW DEPTH      MM

DEGREE DAYS
 HEATING
  YESTERDAY       44                        40      4       55
  MONTH TO DATE   44                        40      4       55
  SINCE DEC 1     44                        40      4       55
  SINCE JUL 1   1662                      1943   -281     1755

 COOLING
  YESTERDAY        0                         0      0        0
  MONTH TO DATE    0                         0      0        0
  SINCE DEC 1      0                         0      0        0
  SINCE JAN 1    260                       264     -4      326
..................................................................


WIND (MPH)
  HIGHEST WIND SPEED    20   HIGHEST WIND DIRECTION    SW (210)
  HIGHEST GUST SPEED    24   HIGHEST GUST DIRECTION    SW (210)
  AVERAGE WIND SPEED     9.9


SKY COVER
  POSSIBLE SUNSHINE  MM
  AVERAGE SKY COVER 1.0


WEATHER CONDITIONS
 THE FOLLOWING WEATHER WAS RECORDED YESTERDAY.
  LIGHT SNOW
  FOG


RELATIVE HUMIDITY (PERCENT)
 HIGHEST    92           200 AM
 LOWEST     75           200 PM
 AVERAGE    84

..........................................................


THE IDAHO FALLS ID CLIMATE NORMALS FOR TODAY
                         NORMAL    RECORD    YEAR
 MAXIMUM TEMPERATURE (F)   33        53      1959
 MINIMUM TEMPERATURE (F)   15        -1      2015


SUNRISE AND SUNSET
DECEMBER  2 2016......SUNRISE   743 AM MST   SUNSET   453 PM MST
DECEMBER  3 2016......SUNRISE   744 AM MST   SUNSET   452 PM MST


-  INDICATES NEGATIVE NUMBERS.
R  INDICATES RECORD WAS SET OR TIED.
MM INDICATES DATA IS MISSING.
T  INDICATES TRACE AMOUNT.




$$
