000
CDUS45 KPIH 020750
CLIIDA


CLIMATE REPORT
NATIONAL WEATHER SERVICE POCATELLO ID
140 AM MDT SUN AUG 2 2015


...................................

...THE IDAHO FALLS ID CLIMATE SUMMARY FOR AUGUST 1 2015...

CLIMATE NORMAL PERIOD 1981 TO 2010
CLIMATE RECORD PERIOD 1948 TO 2015


WEATHER ITEM   OBSERVED TIME   RECORD YEAR NORMAL DEPARTURE LAST
                VALUE   (LST)  VALUE       VALUE  FROM      YEAR
                                                  NORMAL
..................................................................
TEMPERATURE (F)
 YESTERDAY
  MAXIMUM         94    442 PM  97    1949  88      6       91
  MINIMUM         46    436 AM  39    1975  50     -4       49
  AVERAGE         70                        69      1       70

PRECIPITATION (IN)
  YESTERDAY        0.00          0.47 2011   0.01  -0.01      T
  MONTH TO DATE    0.00                      0.01  -0.01      T
  SINCE OCT 1      7.81                      9.02  -1.21     5.25
  SINCE JAN 1      6.35                      6.45  -0.10     3.95

SNOWFALL (IN)
  YESTERDAY       MM
  MONTH TO DATE   MM
  SINCE JUN 1     MM
  SINCE JUL 1     MM
  SNOW DEPTH      MM

DEGREE DAYS
 HEATING
  YESTERDAY        0                         0      0        0
  MONTH TO DATE    0                         0      0        0
  SINCE JUN 1     88                       180    -92      130
  SINCE JUL 1     42                        27     15        2

 COOLING
  YESTERDAY        5                         4      1        5
  MONTH TO DATE    5                         4      1        5
  SINCE JUN 1    200                       157     43      207
  SINCE JAN 1    201                       159     42      208
..................................................................


WIND (MPH)
  HIGHEST WIND SPEED    10   HIGHEST WIND DIRECTION     W (270)
  HIGHEST GUST SPEED    13   HIGHEST GUST DIRECTION     W (270)
  AVERAGE WIND SPEED     4.6


SKY COVER
  POSSIBLE SUNSHINE  MM
  AVERAGE SKY COVER 0.0


WEATHER CONDITIONS
 THE FOLLOWING WEATHER WAS RECORDED YESTERDAY.
  HAZE


RELATIVE HUMIDITY (PERCENT)
 HIGHEST    80           200 AM
 LOWEST     11           200 PM
 AVERAGE    46

..........................................................


THE IDAHO FALLS ID CLIMATE NORMALS FOR TODAY
                         NORMAL    RECORD    YEAR
 MAXIMUM TEMPERATURE (F)   88        98      1992
 MINIMUM TEMPERATURE (F)   50        42      2006
                                             1975


SUNRISE AND SUNSET
AUGUST  2 2015........SUNRISE   619 AM MDT   SUNSET   850 PM MDT
AUGUST  3 2015........SUNRISE   620 AM MDT   SUNSET   848 PM MDT


-  INDICATES NEGATIVE NUMBERS.
R  INDICATES RECORD WAS SET OR TIED.
MM INDICATES DATA IS MISSING.
T  INDICATES TRACE AMOUNT.




$$
