000
CDUS45 KPIH 192328
CLIIDA


CLIMATE REPORT
NATIONAL WEATHER SERVICE POCATELLO ID
527 PM MDT FRI SEP 19 2014


...................................

...THE IDAHO FALLS ID CLIMATE SUMMARY FOR SEPTEMBER 19 2014...
VALID TODAY AS OF 0500 PM LOCAL TIME.

CLIMATE NORMAL PERIOD 1981 TO 2010
CLIMATE RECORD PERIOD 1948 TO 2014


WEATHER ITEM   OBSERVED TIME   RECORD YEAR NORMAL DEPARTURE LAST
                VALUE   (LST)  VALUE       VALUE  FROM      YEAR
                                                  NORMAL
..................................................................
TEMPERATURE (F)
 TODAY
  MAXIMUM         81    355 PM  90    1956  73      8       64
  MINIMUM         47    603 AM  22    1965  39      8       33
  AVERAGE         64                        56      8       49

PRECIPITATION (IN)
  TODAY            0.00          0.48 1948   0.02  -0.02     0.00
  MONTH TO DATE    0.02                      0.51  -0.49     2.05
  SINCE OCT 1      7.66                     10.06  -2.40     7.44
  SINCE JAN 1      6.36                      7.49  -1.13     4.75

SNOWFALL (IN)
  TODAY           MM
  MONTH TO DATE   MM
  SINCE SEP 1     MM
  SINCE JUL 1     MM
  SNOW DEPTH      MM

DEGREE DAYS
 HEATING
  TODAY            1                         9     -8       16
  MONTH TO DATE  103                       113    -10       33
  SINCE SEP 1    103                       113    -10       33
  SINCE JUL 1    158                       178    -20       33

 COOLING
  TODAY            0                         0      0        0
  MONTH TO DATE   14                        10      4       50
  SINCE SEP 1     14                        10      4       50
  SINCE JAN 1    296                       262     34      510
..................................................................


WIND (MPH)
  HIGHEST WIND SPEED    22   HIGHEST WIND DIRECTION    SW (210)
  HIGHEST GUST SPEED    27   HIGHEST GUST DIRECTION    SW (210)
  AVERAGE WIND SPEED    10.5


SKY COVER
  POSSIBLE SUNSHINE  MM
  AVERAGE SKY COVER 0.0


WEATHER CONDITIONS
 THE FOLLOWING WEATHER WAS RECORDED TODAY.
  HAZE


RELATIVE HUMIDITY (PERCENT)
 HIGHEST    89           700 AM
 LOWEST     23           300 PM
 AVERAGE    56

..........................................................


THE IDAHO FALLS ID CLIMATE NORMALS FOR TOMORROW
                         NORMAL    RECORD    YEAR
 MAXIMUM TEMPERATURE (F)   72        83      1966
 MINIMUM TEMPERATURE (F)   39        18      1983


SUNRISE AND SUNSET
SEPTEMBER 19 2014.....SUNRISE   712 AM MDT   SUNSET   731 PM MDT
SEPTEMBER 20 2014.....SUNRISE   713 AM MDT   SUNSET   729 PM MDT


-  INDICATES NEGATIVE NUMBERS.
R  INDICATES RECORD WAS SET OR TIED.
MM INDICATES DATA IS MISSING.
T  INDICATES TRACE AMOUNT.




$$
