000
CDUS45 KPIH 220733
CLIIDA


CLIMATE REPORT
NATIONAL WEATHER SERVICE POCATELLO ID
1232 AM MST THU FEB 22 2018


...................................

...THE IDAHO FALLS ID CLIMATE SUMMARY FOR FEBRUARY 21 2018...

CLIMATE NORMAL PERIOD 1981 TO 2010
CLIMATE RECORD PERIOD 1948 TO 2018


WEATHER ITEM   OBSERVED TIME   RECORD YEAR NORMAL DEPARTURE LAST
                VALUE   (LST)  VALUE       VALUE  FROM      YEAR
                                                  NORMAL
..................................................................
TEMPERATURE (F)
 YESTERDAY
  MAXIMUM         29    415 PM  59    1982  36     -7       42
  MINIMUM          6    243 AM -12    1975  16    -10       32
  AVERAGE         18                        26     -8       37

PRECIPITATION (IN)
  YESTERDAY        0.00          0.20 1977   0.02  -0.02     0.18
  MONTH TO DATE    0.04                      0.47  -0.43     1.14
  SINCE OCT 1      2.45                      3.73  -1.28     6.31
  SINCE JAN 1      0.52                      1.16  -0.64     2.03

SNOWFALL (IN)
  YESTERDAY       MM
  MONTH TO DATE   MM
  SINCE DEC 1     MM
  SINCE JUL 1     MM
  SNOW DEPTH      MM

DEGREE DAYS
 HEATING
  YESTERDAY       47                        39      8       28
  MONTH TO DATE  689                       880   -191      715
  SINCE DEC 1   3154                      3640   -486     3874
  SINCE JUL 1   4978                      5543   -565     5492

 COOLING
  YESTERDAY        0                         0      0        0
  MONTH TO DATE    0                         0      0        0
  SINCE DEC 1      0                         0      0        0
  SINCE JAN 1      0                         0      0        0
..................................................................


WIND (MPH)
  HIGHEST WIND SPEED    18   HIGHEST WIND DIRECTION    SW (210)
  HIGHEST GUST SPEED    24   HIGHEST GUST DIRECTION    SW (210)
  AVERAGE WIND SPEED     7.1


SKY COVER
  POSSIBLE SUNSHINE  MM
  AVERAGE SKY COVER 0.3


WEATHER CONDITIONS
 THE FOLLOWING WEATHER WAS RECORDED YESTERDAY.
  NO SIGNIFICANT WEATHER WAS OBSERVED.


RELATIVE HUMIDITY (PERCENT)
 HIGHEST    88           700 AM
 LOWEST     39           200 PM
 AVERAGE    64

..........................................................


THE IDAHO FALLS ID CLIMATE NORMALS FOR TODAY
                         NORMAL    RECORD    YEAR
 MAXIMUM TEMPERATURE (F)   36        56      1991
 MINIMUM TEMPERATURE (F)   17       -14      1975


SUNRISE AND SUNSET
FEBRUARY 22 2018......SUNRISE   716 AM MST   SUNSET   608 PM MST
FEBRUARY 23 2018......SUNRISE   714 AM MST   SUNSET   609 PM MST


-  INDICATES NEGATIVE NUMBERS.
R  INDICATES RECORD WAS SET OR TIED.
MM INDICATES DATA IS MISSING.
T  INDICATES TRACE AMOUNT.




$$
