000
CDUS45 KPIH 260733
CLIIDA


CLIMATE REPORT
NATIONAL WEATHER SERVICE POCATELLO ID
132 AM MDT THU MAR 26 2015


...................................

...THE IDAHO FALLS ID CLIMATE SUMMARY FOR MARCH 25 2015...

CLIMATE NORMAL PERIOD 1981 TO 2010
CLIMATE RECORD PERIOD 1948 TO 2015


WEATHER ITEM   OBSERVED TIME   RECORD YEAR NORMAL DEPARTURE LAST
                VALUE   (LST)  VALUE       VALUE  FROM      YEAR
                                                  NORMAL
..................................................................
TEMPERATURE (F)
 YESTERDAY
  MAXIMUM         50    327 PM  71    2012  50      0       67
  MINIMUM         24    635 AM   3    1964  28     -4       25
  AVERAGE         37                        39     -2       46

PRECIPITATION (IN)
  YESTERDAY        0.00          0.44 1975   0.03  -0.03     0.00
  MONTH TO DATE    0.07                      0.69  -0.62     0.52
  SINCE OCT 1      1.98                      4.61  -2.63     2.71
  SINCE JAN 1      0.52                      2.04  -1.52     1.41

SNOWFALL (IN)
  YESTERDAY       MM
  MONTH TO DATE   MM
  SINCE MAR 1     MM
  SINCE JUL 1     MM
  SNOW DEPTH      MM

DEGREE DAYS
 HEATING
  YESTERDAY       28                        26      2       19
  MONTH TO DATE  590                       754   -164      646
  SINCE MAR 1    590                       754   -164      646
  SINCE JUL 1   5408                      6556  -1148     6163

 COOLING
  YESTERDAY        0                         0      0        0
  MONTH TO DATE    0                         0      0        0
  SINCE MAR 1      0                         0      0        0
  SINCE JAN 1      0                         0      0        0
..................................................................


WIND (MPH)
  HIGHEST WIND SPEED    21   HIGHEST WIND DIRECTION    SW (220)
  HIGHEST GUST SPEED    28   HIGHEST GUST DIRECTION     S (200)
  AVERAGE WIND SPEED    12.6


SKY COVER
  POSSIBLE SUNSHINE  MM
  AVERAGE SKY COVER 0.4


WEATHER CONDITIONS
 THE FOLLOWING WEATHER WAS RECORDED YESTERDAY.
  NO SIGNIFICANT WEATHER WAS OBSERVED.


RELATIVE HUMIDITY (PERCENT)
 HIGHEST    88           600 AM
 LOWEST     31           300 PM
 AVERAGE    60

..........................................................


THE IDAHO FALLS ID CLIMATE NORMALS FOR TODAY
                         NORMAL    RECORD    YEAR
 MAXIMUM TEMPERATURE (F)   51        68      2007
 MINIMUM TEMPERATURE (F)   29         8      1955


SUNRISE AND SUNSET
MARCH 26 2015.........SUNRISE   721 AM MDT   SUNSET   748 PM MDT
MARCH 27 2015.........SUNRISE   719 AM MDT   SUNSET   749 PM MDT


-  INDICATES NEGATIVE NUMBERS.
R  INDICATES RECORD WAS SET OR TIED.
MM INDICATES DATA IS MISSING.
T  INDICATES TRACE AMOUNT.




$$
