000
CDUS45 KPIH 272327
CLIIDA


CLIMATE REPORT
NATIONAL WEATHER SERVICE POCATELLO ID
424 PM MST TUE JAN 27 2015


...................................

...THE IDAHO FALLS ID CLIMATE SUMMARY FOR JANUARY 27 2015...
VALID TODAY AS OF 0400 PM LOCAL TIME.

CLIMATE NORMAL PERIOD 1981 TO 2010
CLIMATE RECORD PERIOD 1948 TO 2015


WEATHER ITEM   OBSERVED TIME   RECORD YEAR NORMAL DEPARTURE LAST
                VALUE   (LST)  VALUE       VALUE  FROM      YEAR
                                                  NORMAL
..................................................................
TEMPERATURE (F)
 TODAY
  MAXIMUM         44R   352 PM  42    1970  29     15       34
  MINIMUM         23    743 AM -29    2009  12     11       10
  AVERAGE         34                        21     13       22

PRECIPITATION (IN)
  TODAY            T             0.32 1970   0.02  -0.02     0.00
  MONTH TO DATE    0.22                      0.61  -0.39     0.19
  SINCE OCT 1      1.68                      3.18  -1.50     1.49
  SINCE JAN 1      0.22                      0.61  -0.39     0.19

SNOWFALL (IN)
  TODAY           MM
  MONTH TO DATE   MM
  SINCE DEC 1     MM
  SINCE JUL 1     MM
  SNOW DEPTH      MM

DEGREE DAYS
 HEATING
  TODAY           31                        44    -13       43
  MONTH TO DATE 1101                      1213   -112     1105
  SINCE DEC 1   2222                      2583   -361     2646
  SINCE JUL 1   3911                      4486   -575     4370

 COOLING
  TODAY            0                         0      0        0
  MONTH TO DATE    0                         0      0        0
  SINCE DEC 1      0                         0      0        0
  SINCE JAN 1      0                         0      0        0
..................................................................


WIND (MPH)
  HIGHEST WIND SPEED    12   HIGHEST WIND DIRECTION    SW (210)
  HIGHEST GUST SPEED    16   HIGHEST GUST DIRECTION     S (200)
  AVERAGE WIND SPEED     5.1


SKY COVER
  POSSIBLE SUNSHINE  MM
  AVERAGE SKY COVER 0.2


WEATHER CONDITIONS
 THE FOLLOWING WEATHER WAS RECORDED TODAY.
  LIGHT RAIN


RELATIVE HUMIDITY (PERCENT)
 HIGHEST    92          1200 AM
 LOWEST     75          1100 AM
 AVERAGE    84

..........................................................


THE IDAHO FALLS ID CLIMATE NORMALS FOR TOMORROW
                         NORMAL    RECORD    YEAR
 MAXIMUM TEMPERATURE (F)   29        46      1967
 MINIMUM TEMPERATURE (F)   12       -25      1949


SUNRISE AND SUNSET
JANUARY 27 2015.......SUNRISE   750 AM MST   SUNSET   533 PM MST
JANUARY 28 2015.......SUNRISE   749 AM MST   SUNSET   534 PM MST


-  INDICATES NEGATIVE NUMBERS.
R  INDICATES RECORD WAS SET OR TIED.
MM INDICATES DATA IS MISSING.
T  INDICATES TRACE AMOUNT.




$$
