201
CDUS43 KUNR 120837
CLIIEN


CLIMATE REPORT
NATIONAL WEATHER SERVICE RAPID CITY SD
137 AM MST FRI FEB 12 2016


...................................

...THE PINE RIDGE SD CLIMATE SUMMARY FOR FEBRUARY 11 2016...

CLIMATE NORMAL PERIOD 1981 TO 2010
CLIMATE RECORD PERIOD 9999 TO 9999


WEATHER ITEM   OBSERVED TIME   NORMAL DEPARTURE LAST
                VALUE   (LST)  VALUE  FROM      YEAR
                                      NORMAL
......................................................
TEMPERATURE (F)
 YESTERDAY
  MAXIMUM         60    137 PM  39     21       47
  MINIMUM         22    402 AM  12     10       20
  AVERAGE         41            26     15       34

PRECIPITATION (IN)
  YESTERDAY        0.00          0.02  -0.02     0.00
  MONTH TO DATE    0.06          0.20  -0.14     0.06
  SINCE DEC 1      1.29          0.87   0.42     0.80
  SINCE JAN 1      0.27          0.52  -0.25     0.25

DEGREE DAYS
 HEATING
  YESTERDAY       24            39    -15       31
  MONTH TO DATE  378           442    -64      325
  SINCE DEC 1   2921          3029   -108     2722
  SINCE JUL 1   4409          4719   -310     4521

 COOLING
  YESTERDAY        0             0      0        0
  MONTH TO DATE    0             0      0        0
  SINCE DEC 1      0             0      0        0
  SINCE JAN 1      0             0      0        0
......................................................


WIND (MPH)
  HIGHEST WIND SPEED    20   HIGHEST WIND DIRECTION     N (350)
  HIGHEST GUST SPEED    26   HIGHEST GUST DIRECTION    NW (320)
  AVERAGE WIND SPEED     6.7


SKY COVER
  AVERAGE SKY COVER 0.4


WEATHER CONDITIONS
 THE FOLLOWING WEATHER WAS RECORDED YESTERDAY.
  FOG


RELATIVE HUMIDITY (PERCENT)
 HIGHEST    88           200 AM
 LOWEST     30           300 PM
 AVERAGE    59

..........................................................




SUNRISE AND SUNSET
FEBRUARY 12 2016......SUNRISE   652 AM MST   SUNSET   517 PM MST
FEBRUARY 13 2016......SUNRISE   651 AM MST   SUNSET   518 PM MST


-  INDICATES NEGATIVE NUMBERS.
R  INDICATES RECORD WAS SET OR TIED.
MM INDICATES DATA IS MISSING.
T  INDICATES TRACE AMOUNT.




$$
