000
CDUS43 KUNR 230847
CLIIEN


CLIMATE REPORT
NATIONAL WEATHER SERVICE RAPID CITY SD
147 AM MST TUE JAN 23 2018


...................................

...THE PINE RIDGE SD CLIMATE SUMMARY FOR JANUARY 22 2018...

CLIMATE NORMAL PERIOD 1981 TO 2010
CLIMATE RECORD PERIOD 9999 TO 9999


WEATHER ITEM   OBSERVED TIME   NORMAL DEPARTURE LAST
                VALUE   (LST)  VALUE  FROM      YEAR
                                      NORMAL
......................................................
TEMPERATURE (F)
 YESTERDAY
  MAXIMUM         26    335 PM  37    -11       40
  MINIMUM          8    816 AM  10     -2       10
  AVERAGE         17            24     -7       25

PRECIPITATION (IN)
  YESTERDAY        0.00          0.01  -0.01     0.00
  MONTH TO DATE    0.37          0.19   0.18     0.05
  SINCE DEC 1      0.69          0.54   0.15     0.88
  SINCE JAN 1      0.37          0.19   0.18     0.05

DEGREE DAYS
 HEATING
  YESTERDAY       48            41      7       40
  MONTH TO DATE  948           917     31     1093
  SINCE DEC 1   2122          2217    -95     2666
  SINCE JUL 1   3619          3907   -288     3839

 COOLING
  YESTERDAY        0             0      0        0
  MONTH TO DATE    0             0      0        0
  SINCE DEC 1      0             0      0        0
  SINCE JAN 1      0             0      0        0
......................................................


WIND (MPH)
  HIGHEST WIND SPEED    13   HIGHEST WIND DIRECTION     W (260)
  HIGHEST GUST SPEED    17   HIGHEST GUST DIRECTION     W (270)
  AVERAGE WIND SPEED     5.6


SKY COVER
  AVERAGE SKY COVER 0.0


WEATHER CONDITIONS
 THE FOLLOWING WEATHER WAS RECORDED YESTERDAY.
  NO SIGNIFICANT WEATHER WAS OBSERVED.


RELATIVE HUMIDITY (PERCENT)
 HIGHEST    92           100 AM
 LOWEST     68          1100 AM
 AVERAGE    80

..........................................................




SUNRISE AND SUNSET
JANUARY 23 2018.......SUNRISE   713 AM MST   SUNSET   451 PM MST
JANUARY 24 2018.......SUNRISE   713 AM MST   SUNSET   452 PM MST


-  INDICATES NEGATIVE NUMBERS.
R  INDICATES RECORD WAS SET OR TIED.
MM INDICATES DATA IS MISSING.
T  INDICATES TRACE AMOUNT.




$$
