000
CDUS43 KUNR 300832
CLIIEN


CLIMATE REPORT
NATIONAL WEATHER SERVICE RAPID CITY SD
231 AM MDT SAT AUG 30 2014


...................................

...THE PINE RIDGE SD CLIMATE SUMMARY FOR AUGUST 29 2014...

CLIMATE NORMAL PERIOD 1981 TO 2010
CLIMATE RECORD PERIOD 9999 TO 9999


WEATHER ITEM   OBSERVED TIME   NORMAL DEPARTURE LAST
                VALUE   (LST)  VALUE  FROM      YEAR
                                      NORMAL
......................................................
TEMPERATURE (F)
 YESTERDAY
  MAXIMUM         77   1102 AM  85     -8       95
  MINIMUM         47    428 AM  52     -5       63
  AVERAGE         62            68     -6       79

PRECIPITATION (IN)
  YESTERDAY        0.00          0.05  -0.05     0.00
  MONTH TO DATE    3.31          1.75   1.56     2.58
  SINCE JUN 1     10.41          7.45   2.96     6.51
  SINCE JAN 1     18.01         13.69   4.32    14.27

DEGREE DAYS
 HEATING
  YESTERDAY        3             2      1        0
  MONTH TO DATE   13            19     -6        0
  SINCE JUN 1    149           118     31       80
  SINCE JUL 1     41            31     10        2

 COOLING
  YESTERDAY        0             5     -5       14
  MONTH TO DATE  157           231    -74      248
  SINCE JUN 1    390           622   -232      615
  SINCE JAN 1    415           639   -224      632
......................................................


WIND (MPH)
  HIGHEST WIND SPEED    23   HIGHEST WIND DIRECTION     N (360)
  HIGHEST GUST SPEED    33   HIGHEST GUST DIRECTION     N (10)
  AVERAGE WIND SPEED     5.2


SKY COVER
  AVERAGE SKY COVER 0.1


WEATHER CONDITIONS
 THE FOLLOWING WEATHER WAS RECORDED YESTERDAY.
  NO SIGNIFICANT WEATHER WAS OBSERVED.


RELATIVE HUMIDITY (PERCENT)
 HIGHEST   100           100 AM
 LOWEST     46          1000 AM
 AVERAGE    73

..........................................................




SUNRISE AND SUNSET
AUGUST 30 2014........SUNRISE   612 AM MDT   SUNSET   728 PM MDT
AUGUST 31 2014........SUNRISE   613 AM MDT   SUNSET   726 PM MDT


-  INDICATES NEGATIVE NUMBERS.
R  INDICATES RECORD WAS SET OR TIED.
MM INDICATES DATA IS MISSING.
T  INDICATES TRACE AMOUNT.




$$
