000
CDUS43 KUNR 180832
CLIIEN


CLIMATE REPORT
NATIONAL WEATHER SERVICE RAPID CITY SD
132 AM MST THU DEC 18 2014


...................................

...THE PINE RIDGE SD CLIMATE SUMMARY FOR DECEMBER 17 2014...

CLIMATE NORMAL PERIOD 1981 TO 2010
CLIMATE RECORD PERIOD 9999 TO 9999


WEATHER ITEM   OBSERVED TIME   NORMAL DEPARTURE LAST
                VALUE   (LST)  VALUE  FROM      YEAR
                                      NORMAL
......................................................
TEMPERATURE (F)
 YESTERDAY
  MAXIMUM         28   1224 PM  35     -7       43
  MINIMUM         16    833 PM   9      7       14
  AVERAGE         22            22      0       29

PRECIPITATION (IN)
  YESTERDAY        0.00          0.01  -0.01     0.00
  MONTH TO DATE    0.10          0.19  -0.09     0.16
  SINCE DEC 1      0.10          0.19  -0.09     0.16
  SINCE JAN 1     22.20         17.36   4.84    20.12

DEGREE DAYS
 HEATING
  YESTERDAY       43            43      0       36
  MONTH TO DATE  540           701   -161      698
  SINCE DEC 1    540           701   -161      698
  SINCE JUL 1   2339          2391    -52     2413

 COOLING
  YESTERDAY        0             0      0        0
  MONTH TO DATE    0             0      0        0
  SINCE DEC 1      0             0      0        0
  SINCE JAN 1    482           717   -235      804
......................................................


WIND (MPH)
  HIGHEST WIND SPEED    16   HIGHEST WIND DIRECTION     S (190)
  HIGHEST GUST SPEED    20   HIGHEST GUST DIRECTION     S (180)
  AVERAGE WIND SPEED     7.3


SKY COVER
  AVERAGE SKY COVER 0.9


WEATHER CONDITIONS
 THE FOLLOWING WEATHER WAS RECORDED YESTERDAY.
  FOG


RELATIVE HUMIDITY (PERCENT)
 HIGHEST    91           600 PM
 LOWEST     75           100 PM
 AVERAGE    83

..........................................................




SUNRISE AND SUNSET
DECEMBER 18 2014......SUNRISE   716 AM MST   SUNSET   417 PM MST
DECEMBER 19 2014......SUNRISE   717 AM MST   SUNSET   417 PM MST


-  INDICATES NEGATIVE NUMBERS.
R  INDICATES RECORD WAS SET OR TIED.
MM INDICATES DATA IS MISSING.
T  INDICATES TRACE AMOUNT.




$$
