000
CDUS43 KUNR 290841
CLIIEN


CLIMATE REPORT
NATIONAL WEATHER SERVICE RAPID CITY SD
240 AM MDT WED JUL 29 2015


...................................

...THE PINE RIDGE SD CLIMATE SUMMARY FOR JULY 28 2015...

CLIMATE NORMAL PERIOD 1981 TO 2010
CLIMATE RECORD PERIOD 9999 TO 9999


WEATHER ITEM   OBSERVED TIME   NORMAL DEPARTURE LAST
                VALUE   (LST)  VALUE  FROM      YEAR
                                      NORMAL
......................................................
TEMPERATURE (F)
 YESTERDAY
  MAXIMUM         81    343 PM  91    -10       83
  MINIMUM         45   1140 PM  59    -14       50
  AVERAGE         63            75    -12       67

PRECIPITATION (IN)
  YESTERDAY        0.00          0.08  -0.08     0.00
  MONTH TO DATE    2.64          1.99   0.65     2.56
  SINCE JUN 1      6.41          5.42   0.99     7.10
  SINCE JAN 1     16.09         11.66   4.43    14.70

DEGREE DAYS
 HEATING
  YESTERDAY        2             0      2        0
  MONTH TO DATE    5             4      1       25
  SINCE JUN 1     15            91    -76      133
  SINCE JUL 1      5             4      1       25

 COOLING
  YESTERDAY        0            10    -10        2
  MONTH TO DATE  185           249    -64      174
  SINCE JUN 1    306           359    -53      231
  SINCE JAN 1    306           376    -70      256
......................................................


WIND (MPH)
  HIGHEST WIND SPEED    24   HIGHEST WIND DIRECTION     W (280)
  HIGHEST GUST SPEED    30   HIGHEST GUST DIRECTION     W (270)
  AVERAGE WIND SPEED     9.8


SKY COVER
  AVERAGE SKY COVER 0.0


WEATHER CONDITIONS
 THE FOLLOWING WEATHER WAS RECORDED YESTERDAY.
  NO SIGNIFICANT WEATHER WAS OBSERVED.


RELATIVE HUMIDITY (PERCENT)
 HIGHEST    83           400 AM
 LOWEST     18           400 PM
 AVERAGE    51

..........................................................




SUNRISE AND SUNSET
JULY 29 2015..........SUNRISE   538 AM MDT   SUNSET   815 PM MDT
JULY 30 2015..........SUNRISE   539 AM MDT   SUNSET   814 PM MDT


-  INDICATES NEGATIVE NUMBERS.
R  INDICATES RECORD WAS SET OR TIED.
MM INDICATES DATA IS MISSING.
T  INDICATES TRACE AMOUNT.




$$
