000
CDUS43 KUNR 010832
CLIIEN


CLIMATE REPORT
NATIONAL WEATHER SERVICE RAPID CITY SD
231 AM MDT MON SEP 1 2014


...................................

...THE PINE RIDGE SD CLIMATE SUMMARY FOR AUGUST 31 2014...

CLIMATE NORMAL PERIOD 1981 TO 2010
CLIMATE RECORD PERIOD 9999 TO 9999


WEATHER ITEM   OBSERVED TIME   NORMAL DEPARTURE LAST
                VALUE   (LST)  VALUE  FROM      YEAR
                                      NORMAL
......................................................
TEMPERATURE (F)
 YESTERDAY
  MAXIMUM         77    212 PM  84     -7       89
  MINIMUM         47   1144 PM  51     -4       52
  AVERAGE         62            68     -6       71

PRECIPITATION (IN)
  YESTERDAY        0.14          0.05   0.09     0.00
  MONTH TO DATE    3.53          1.85   1.68     2.58
  SINCE JUN 1     10.63          7.55   3.08     6.51
  SINCE JAN 1     18.23         13.79   4.44    14.27

DEGREE DAYS
 HEATING
  YESTERDAY        3             2      1        0
  MONTH TO DATE   16            23     -7        0
  SINCE JUN 1    152           124     28       80
  SINCE JUL 1     44            37      7        2

 COOLING
  YESTERDAY        0             5     -5        6
  MONTH TO DATE  160           240    -80      268
  SINCE JUN 1    393           631   -238      635
  SINCE JAN 1    418           648   -230      652
......................................................


WIND (MPH)
  HIGHEST WIND SPEED    26   HIGHEST WIND DIRECTION    NW (310)
  HIGHEST GUST SPEED    33   HIGHEST GUST DIRECTION    NW (320)
  AVERAGE WIND SPEED     5.7


SKY COVER
  AVERAGE SKY COVER 0.2


WEATHER CONDITIONS
 THE FOLLOWING WEATHER WAS RECORDED YESTERDAY.
  THUNDERSTORM
  RAIN
  LIGHT RAIN
  FOG


RELATIVE HUMIDITY (PERCENT)
 HIGHEST   100           300 AM
 LOWEST     46           200 PM
 AVERAGE    73

..........................................................




SUNRISE AND SUNSET
SEPTEMBER  1 2014.....SUNRISE   614 AM MDT   SUNSET   725 PM MDT
SEPTEMBER  2 2014.....SUNRISE   616 AM MDT   SUNSET   723 PM MDT


-  INDICATES NEGATIVE NUMBERS.
R  INDICATES RECORD WAS SET OR TIED.
MM INDICATES DATA IS MISSING.
T  INDICATES TRACE AMOUNT.




$$
