000
CDUS45 KVEF 280832
CLIIGM


CLIMATE REPORT
NATIONAL WEATHER SERVICE LAS VEGAS, NV
1231 AM PST FRI NOV 28 2014


...................................

...THE KINGMAN AZ CLIMATE SUMMARY FOR NOVEMBER 27 2014...

CLIMATE NORMAL PERIOD 1981 TO 2010
CLIMATE RECORD PERIOD 1901 TO 2014


WEATHER ITEM   OBSERVED TIME   RECORD YEAR NORMAL DEPARTURE LAST
                VALUE   (LST)  VALUE       VALUE  FROM      YEAR
                                                  NORMAL
..................................................................
TEMPERATURE (F)
 YESTERDAY
  MAXIMUM         77    158 PM  80    1950  59     18       63
  MINIMUM         34    111 AM  19    2010  34      0       38
  AVERAGE         56                        47      9       51

PRECIPITATION (IN)
  YESTERDAY        0.00          0.65 1930   0.02  -0.02     0.00
  MONTH TO DATE    0.00                      0.59  -0.59     0.71
  SINCE OCT 1      0.76                      1.30  -0.54     0.84
  SINCE JAN 1      7.25                      7.59  -0.34     6.68

DEGREE DAYS
 HEATING
  YESTERDAY        9                        18     -9       14
  MONTH TO DATE  356                       369    -13      342
  SINCE SEP 1    383                       508   -125      579
  SINCE JUL 1    383                       508   -125      579

 COOLING
  YESTERDAY        0                         0      0        0
  MONTH TO DATE    0                         0      0        0
  SINCE SEP 1    388                       391     -3      232
  SINCE JAN 1   2070                      2092    -22     2106
..................................................................


WIND (MPH)
  RESULTANT WIND SPEED   2   RESULTANT WIND DIRECTION  NE (60)
  HIGHEST WIND SPEED    12   HIGHEST WIND DIRECTION     N (20)
  HIGHEST GUST SPEED    15   HIGHEST GUST DIRECTION     N (20)
  AVERAGE WIND SPEED     3.2


SKY COVER
  POSSIBLE SUNSHINE  MM
  AVERAGE SKY COVER 0.0


WEATHER CONDITIONS
 THE FOLLOWING WEATHER WAS RECORDED YESTERDAY.
  NO SIGNIFICANT WEATHER WAS OBSERVED.


RELATIVE HUMIDITY (PERCENT)
 HIGHEST    44          1200 AM
 LOWEST      9           100 PM
 AVERAGE    27

..........................................................


THE KINGMAN AZ CLIMATE NORMALS FOR TODAY
                         NORMAL    RECORD    YEAR
 MAXIMUM TEMPERATURE (F)   59        78      1999
 MINIMUM TEMPERATURE (F)   34        18      1976


SUNRISE AND SUNSET
NOVEMBER 28 2014......SUNRISE   723 AM MST   SUNSET   524 PM MST
NOVEMBER 29 2014......SUNRISE   724 AM MST   SUNSET   524 PM MST


-  INDICATES NEGATIVE NUMBERS.
R  INDICATES RECORD WAS SET OR TIED.
MM INDICATES DATA IS MISSING.
T  INDICATES TRACE AMOUNT.




$$
