000
CDUS45 KVEF 210826
CLIIGM


CLIMATE REPORT
NATIONAL WEATHER SERVICE LAS VEGAS, NV
126 AM PDT SAT OCT 21 2017


...................................

...THE KINGMAN AZ CLIMATE SUMMARY FOR OCTOBER 20 2017...

CLIMATE NORMAL PERIOD 1981 TO 2010
CLIMATE RECORD PERIOD 1901 TO 2017


WEATHER ITEM   OBSERVED TIME   RECORD YEAR NORMAL DEPARTURE LAST
                VALUE   (LST)  VALUE       VALUE  FROM      YEAR
                                                  NORMAL
..................................................................
TEMPERATURE (F)
 YESTERDAY
  MAXIMUM         77    212 PM  94    1921  75      2       83
  MINIMUM         52    649 AM  29    1949  47      5       43
  AVERAGE         65                        61      4       63

PRECIPITATION (IN)
  YESTERDAY        0.00          1.06 2004   0.03  -0.03     0.00
  MONTH TO DATE    0.00                      0.41  -0.41      T
  SINCE OCT 1      0.00                      0.41  -0.41      T
  SINCE JAN 1      7.97                      6.70   1.27     7.43

DEGREE DAYS
 HEATING
  YESTERDAY        0                         5     -5        2
  MONTH TO DATE   31                        55    -24       18
  SINCE SEP 1     58                        61     -3       28
  SINCE JUL 1     58                        61     -3       28

 COOLING
  YESTERDAY        0                         1     -1        0
  MONTH TO DATE   24                        58    -34       66
  SINCE SEP 1    300                       383    -83      324
  SINCE JAN 1   2170                      2084     86     2200
..................................................................


WIND (MPH)
  RESULTANT WIND SPEED  13   RESULTANT WIND DIRECTION   S (200)
  HIGHEST WIND SPEED    32   HIGHEST WIND DIRECTION    SW (210)
  HIGHEST GUST SPEED    42   HIGHEST GUST DIRECTION    SW (220)
  AVERAGE WIND SPEED    14.6


SKY COVER
  POSSIBLE SUNSHINE  MM
  AVERAGE SKY COVER 0.0


WEATHER CONDITIONS
 THE FOLLOWING WEATHER WAS RECORDED YESTERDAY.
  NO SIGNIFICANT WEATHER WAS OBSERVED.


RELATIVE HUMIDITY (PERCENT)
 HIGHEST    46          1000 PM
 LOWEST     23          1200 PM
 AVERAGE    35

..........................................................


THE KINGMAN AZ CLIMATE NORMALS FOR TODAY
                         NORMAL    RECORD    YEAR
 MAXIMUM TEMPERATURE (F)   75        95      1921
 MINIMUM TEMPERATURE (F)   46        29      1949


SUNRISE AND SUNSET
OCTOBER 21 2017.......SUNRISE   647 AM MST   SUNSET   553 PM MST
OCTOBER 22 2017.......SUNRISE   648 AM MST   SUNSET   552 PM MST


-  INDICATES NEGATIVE NUMBERS.
R  INDICATES RECORD WAS SET OR TIED.
MM INDICATES DATA IS MISSING.
T  INDICATES TRACE AMOUNT.




$$
