000
CDUS45 KVEF 240826
CLIIGM


CLIMATE REPORT
NATIONAL WEATHER SERVICE LAS VEGAS, NV
125 AM PDT THU AUG 24 2017


...................................

...THE KINGMAN AZ CLIMATE SUMMARY FOR AUGUST 23 2017...

CLIMATE NORMAL PERIOD 1981 TO 2010
CLIMATE RECORD PERIOD 1901 TO 2017


WEATHER ITEM   OBSERVED TIME   RECORD YEAR NORMAL DEPARTURE LAST
                VALUE   (LST)  VALUE       VALUE  FROM      YEAR
                                                  NORMAL
..................................................................
TEMPERATURE (F)
 YESTERDAY
  MAXIMUM        100    359 PM 106    1919  95      5       85
  MINIMUM         63    419 AM  52    1968  69     -6       60
  AVERAGE         82                        82      0       73

PRECIPITATION (IN)
  YESTERDAY        0.02          1.70 1922   0.03  -0.01     0.14
  MONTH TO DATE    0.54                      0.58  -0.04     3.00
  SINCE OCT 1      9.88                      6.98   2.90     8.60
  SINCE JAN 1      6.32                      4.88   1.44     7.08

DEGREE DAYS
 HEATING
  YESTERDAY        0                         0      0        0
  MONTH TO DATE    0                         0      0        0
  SINCE JUN 1      0                         3     -3        0
  SINCE JUL 1      0                         0      0        0

 COOLING
  YESTERDAY       17                        17      0        8
  MONTH TO DATE  381                       414    -33      402
  SINCE JUN 1   1540                      1375    165     1629
  SINCE JAN 1   1700                      1573    127     1769
..................................................................


WIND (MPH)
  RESULTANT WIND SPEED   3   RESULTANT WIND DIRECTION   S (170)
  HIGHEST WIND SPEED    22   HIGHEST WIND DIRECTION     S (160)
  HIGHEST GUST SPEED    29   HIGHEST GUST DIRECTION    SW (240)
  AVERAGE WIND SPEED     6.2


SKY COVER
  POSSIBLE SUNSHINE  MM
  AVERAGE SKY COVER 0.3


WEATHER CONDITIONS
 THE FOLLOWING WEATHER WAS RECORDED YESTERDAY.
  THUNDERSTORM
  LIGHT RAIN


RELATIVE HUMIDITY (PERCENT)
 HIGHEST    52           200 AM
 LOWEST     17           400 PM
 AVERAGE    35

..........................................................


THE KINGMAN AZ CLIMATE NORMALS FOR TODAY
                         NORMAL    RECORD    YEAR
 MAXIMUM TEMPERATURE (F)   95       107      2011
 MINIMUM TEMPERATURE (F)   68        52      1927


SUNRISE AND SUNSET
AUGUST 24 2017........SUNRISE   603 AM MST   SUNSET   713 PM MST
AUGUST 25 2017........SUNRISE   603 AM MST   SUNSET   712 PM MST


-  INDICATES NEGATIVE NUMBERS.
R  INDICATES RECORD WAS SET OR TIED.
MM INDICATES DATA IS MISSING.
T  INDICATES TRACE AMOUNT.




$$
