000
CDUS45 KVEF 240028
CLIIGM


CLIMATE REPORT
NATIONAL WEATHER SERVICE LAS VEGAS, NV
428 PM PST SUN NOV 23 2014


...................................

...THE KINGMAN AZ CLIMATE SUMMARY FOR NOVEMBER 23 2014...
VALID TODAY AS OF 0400 PM LOCAL TIME.

CLIMATE NORMAL PERIOD 1981 TO 2010
CLIMATE RECORD PERIOD 1901 TO 2014


WEATHER ITEM   OBSERVED TIME   RECORD YEAR NORMAL DEPARTURE LAST
                VALUE   (LST)  VALUE       VALUE  FROM      YEAR
                                                  NORMAL
..................................................................
TEMPERATURE (F)
 TODAY
  MAXIMUM         57    313 PM  82    1915  61     -4       47
  MINIMUM         44    736 AM  15    1931  35      9       41
  AVERAGE         51                        48      3       44

PRECIPITATION (IN)
  TODAY            0.00          1.93 1965   0.02  -0.02     0.49
  MONTH TO DATE    0.00                      0.51  -0.51     0.71
  SINCE OCT 1      0.76                      1.22  -0.46     0.84
  SINCE JAN 1      7.25                      7.51  -0.26     6.68

DEGREE DAYS
 HEATING
  TODAY           14                        17     -3       21
  MONTH TO DATE  284                       298    -14      271
  SINCE SEP 1    311                       437   -126      508
  SINCE JUL 1    311                       437   -126      508

 COOLING
  TODAY            0                         0      0        0
  MONTH TO DATE    0                         0      0        0
  SINCE SEP 1    388                       391     -3      232
  SINCE JAN 1   2070                      2092    -22     2106
..................................................................


WIND (MPH)
  RESULTANT WIND SPEED  11   RESULTANT WIND DIRECTION   N (340)
  HIGHEST WIND SPEED    29   HIGHEST WIND DIRECTION     N (340)
  HIGHEST GUST SPEED    34   HIGHEST GUST DIRECTION     N (340)
  AVERAGE WIND SPEED    13.9


SKY COVER
  POSSIBLE SUNSHINE  MM
  AVERAGE SKY COVER 0.0


WEATHER CONDITIONS
 THE FOLLOWING WEATHER WAS RECORDED TODAY.
  NO SIGNIFICANT WEATHER WAS OBSERVED.


RELATIVE HUMIDITY (PERCENT)
 HIGHEST    45           300 AM
 LOWEST     11           300 PM
 AVERAGE    28

..........................................................


THE KINGMAN AZ CLIMATE NORMALS FOR TOMORROW
                         NORMAL    RECORD    YEAR
 MAXIMUM TEMPERATURE (F)   60        84      1921
 MINIMUM TEMPERATURE (F)   35        18      1906


SUNRISE AND SUNSET
NOVEMBER 23 2014......SUNRISE   719 AM MST   SUNSET   526 PM MST
NOVEMBER 24 2014......SUNRISE   720 AM MST   SUNSET   525 PM MST


-  INDICATES NEGATIVE NUMBERS.
R  INDICATES RECORD WAS SET OR TIED.
MM INDICATES DATA IS MISSING.
T  INDICATES TRACE AMOUNT.




$$
