000
CDUS45 KVEF 160826
CLIIGM


CLIMATE REPORT
NATIONAL WEATHER SERVICE LAS VEGAS, NV
1226 AM PST SAT DEC 16 2017


...................................

...THE KINGMAN AZ CLIMATE SUMMARY FOR DECEMBER 15 2017...

CLIMATE NORMAL PERIOD 1981 TO 2010
CLIMATE RECORD PERIOD 1901 TO 2017


WEATHER ITEM   OBSERVED TIME   RECORD YEAR NORMAL DEPARTURE LAST
                VALUE   (LST)  VALUE       VALUE  FROM      YEAR
                                                  NORMAL
..................................................................
TEMPERATURE (F)
 YESTERDAY
  MAXIMUM         65    302 PM  71    1969  54     11       69
  MINIMUM         27    749 AM  19    2005  31     -4       44
  AVERAGE         46                        42      4       57

PRECIPITATION (IN)
  YESTERDAY        0.00          1.45 1938   0.02  -0.02      T
  MONTH TO DATE    0.00                      0.36  -0.36      T
  SINCE OCT 1      T                         1.72  -1.72     0.93
  SINCE JAN 1      7.97                      8.01  -0.04     8.36

DEGREE DAYS
 HEATING
  YESTERDAY       19                        22     -3        8
  MONTH TO DATE  265                       318    -53      259
  SINCE DEC 1    265                       318    -53      259
  SINCE JUL 1    556                       884   -328      581

 COOLING
  YESTERDAY        0                         0      0        0
  MONTH TO DATE    0                         0      0        0
  SINCE DEC 1      0                         0      0        0
  SINCE JAN 1   2183                      2093     90     2244
..................................................................


WIND (MPH)
  RESULTANT WIND SPEED   2   RESULTANT WIND DIRECTION  SE (140)
  HIGHEST WIND SPEED    17   HIGHEST WIND DIRECTION    SW (220)
  HIGHEST GUST SPEED    21   HIGHEST GUST DIRECTION    SW (230)
  AVERAGE WIND SPEED     7.0


SKY COVER
  POSSIBLE SUNSHINE  MM
  AVERAGE SKY COVER 0.0


WEATHER CONDITIONS
 THE FOLLOWING WEATHER WAS RECORDED YESTERDAY.
  NO SIGNIFICANT WEATHER WAS OBSERVED.


RELATIVE HUMIDITY (PERCENT)
 HIGHEST    50           700 AM
 LOWEST      8           300 PM
 AVERAGE    29

..........................................................


THE KINGMAN AZ CLIMATE NORMALS FOR TODAY
                         NORMAL    RECORD    YEAR
 MAXIMUM TEMPERATURE (F)   54        70      1980
 MINIMUM TEMPERATURE (F)   31        11      2005


SUNRISE AND SUNSET
DECEMBER 16 2017......SUNRISE   738 AM MST   SUNSET   525 PM MST
DECEMBER 17 2017......SUNRISE   739 AM MST   SUNSET   526 PM MST


-  INDICATES NEGATIVE NUMBERS.
R  INDICATES RECORD WAS SET OR TIED.
MM INDICATES DATA IS MISSING.
T  INDICATES TRACE AMOUNT.




$$
