000
CDUS45 KIGM 270829
CLIIGM


CLIMATE REPORT
NATIONAL WEATHER SERVICE LAS VEGAS, NV
129 AM PDT WED AUG 27 2014


...................................

...THE KINGMAN AZ CLIMATE SUMMARY FOR AUGUST 26 2014...

CLIMATE NORMAL PERIOD 1981 TO 2010
CLIMATE RECORD PERIOD 1901 TO 2014


WEATHER ITEM   OBSERVED TIME   RECORD YEAR NORMAL DEPARTURE LAST
                VALUE   (LST)  VALUE       VALUE  FROM      YEAR
                                                  NORMAL
..................................................................
TEMPERATURE (F)
 YESTERDAY
  MAXIMUM         84    527 PM 107    1924  95    -11       85
  MINIMUM         68   1159 PM  49    1940  68      0       65
  AVERAGE         76                        81     -5       75

PRECIPITATION (IN)
  YESTERDAY        0.12          1.21 1953   0.05   0.07     0.07
  MONTH TO DATE    2.05                      0.71   1.34     0.86
  SINCE OCT 1      4.97                      7.11  -2.14     4.70
  SINCE JAN 1      4.09                      5.01  -0.92     3.53

DEGREE DAYS
 HEATING
  YESTERDAY        0                         0      0        0
  MONTH TO DATE    0                         0      0        0
  SINCE JUN 1      0                         3     -3        0
  SINCE JUL 1      0                         0      0        0

 COOLING
  YESTERDAY       11                        16     -5       10
  MONTH TO DATE  353                       464   -111      451
  SINCE JUN 1   1378                      1425    -47     1583
  SINCE JAN 1   1603                      1623    -20     1805
..................................................................


WIND (MPH)
  RESULTANT WIND SPEED   5   RESULTANT WIND DIRECTION   S (180)
  HIGHEST WIND SPEED    20   HIGHEST WIND DIRECTION    SW (220)
  HIGHEST GUST SPEED    24   HIGHEST GUST DIRECTION    SW (220)
  AVERAGE WIND SPEED     7.4


SKY COVER
  POSSIBLE SUNSHINE  MM
  AVERAGE SKY COVER 0.2


WEATHER CONDITIONS
 THE FOLLOWING WEATHER WAS RECORDED YESTERDAY.
  THUNDERSTORM
  HEAVY RAIN
  RAIN
  LIGHT RAIN


RELATIVE HUMIDITY (PERCENT)
 HIGHEST    68          1000 AM
 LOWEST     32           500 PM
 AVERAGE    50

..........................................................


THE KINGMAN AZ CLIMATE NORMALS FOR TODAY
                         NORMAL    RECORD    YEAR
 MAXIMUM TEMPERATURE (F)   95       103      2009
 MINIMUM TEMPERATURE (F)   68        49      1921


SUNRISE AND SUNSET
AUGUST 27 2014........SUNRISE   605 AM MST   SUNSET   709 PM MST
AUGUST 28 2014........SUNRISE   605 AM MST   SUNSET   708 PM MST


-  INDICATES NEGATIVE NUMBERS.
R  INDICATES RECORD WAS SET OR TIED.
MM INDICATES DATA IS MISSING.
T  INDICATES TRACE AMOUNT.




$$
